I20260709 14:50:58.004745 12770 master_service.cc:502] Signed X509 certificate for tserver {username='slave'} at 127.0.0.1:45958
I20260709 14:50:58.005977 12242 fs_manager.cc:696] Time spent creating directory manager: real 0.005s	user 0.000s	sys 0.004s
I20260709 14:50:58.009408 12909 log_block_manager.cc:4127] Time spent loading block containers with low live blocks: real 0.000s	user 0.000s	sys 0.000s
I20260709 14:50:58.010185 12242 fs_manager.cc:730] Time spent opening block manager: real 0.002s	user 0.002s	sys 0.000s
I20260709 14:50:58.010509 12242 fs_manager.cc:647] Opened local filesystem: /tmp/dist-test-taskyNEvfp/test-tmp/auto_leader_rebalancer-test.0.LeaderRebalancerTest.FunctionalTestForNotDivided.1783608644460455-12242-0/minicluster-data/ts-1-root
uuid: "dfe4c81d382f4284a3f350e96aef3594"
format_stamp: "Formatted at 2026-07-09 14:50:57 on dist-test-slave-rp0t"
I20260709 14:50:58.010792 12242 fs_report.cc:389] FS layout report
--------------------
wal directory: /tmp/dist-test-taskyNEvfp/test-tmp/auto_leader_rebalancer-test.0.LeaderRebalancerTest.FunctionalTestForNotDivided.1783608644460455-12242-0/minicluster-data/ts-1-root
metadata directory: /tmp/dist-test-taskyNEvfp/test-tmp/auto_leader_rebalancer-test.0.LeaderRebalancerTest.FunctionalTestForNotDivided.1783608644460455-12242-0/minicluster-data/ts-1-root
1 data directories: /tmp/dist-test-taskyNEvfp/test-tmp/auto_leader_rebalancer-test.0.LeaderRebalancerTest.FunctionalTestForNotDivided.1783608644460455-12242-0/minicluster-data/ts-1-root/data
Total live blocks: 0
Total live bytes: 0
Total live bytes (after alignment): 0
Total number of LBM containers: 0 (0 full)
Did not check for missing blocks
Did not check for orphaned blocks
Total full LBM containers with extra space: 0 (0 repaired)
Total full LBM container extra space in bytes: 0 (0 repaired)
Total incomplete LBM containers: 0 (0 repaired)
Total LBM partial records: 0 (0 repaired)
Total corrupted LBM metadata records in RocksDB: 0 (0 repaired)
I20260709 14:50:58.020107 12242 rpc_server.cc:225] running with OpenSSL 1.1.1  11 Sep 2018
I20260709 14:50:58.021313 12242 kserver.cc:163] Server-wide thread pool size limit: 3276
I20260709 14:50:58.022809 12242 txn_system_client.cc:432] TxnSystemClient initialization is disabled...
I20260709 14:50:58.025067 12242 ts_tablet_manager.cc:585] Loaded tablet metadata (0 total tablets, 0 live tablets)
I20260709 14:50:58.025245 12242 ts_tablet_manager.cc:531] Time spent load tablet metadata: real 0.000s	user 0.000s	sys 0.000s
I20260709 14:50:58.025552 12242 ts_tablet_manager.cc:616] Registered 0 tablets
I20260709 14:50:58.025728 12242 ts_tablet_manager.cc:595] Time spent register tablets: real 0.000s	user 0.000s	sys 0.000s
I20260709 14:50:58.064390 12242 rpc_server.cc:307] RPC server started. Bound to: 127.11.244.130:35205
I20260709 14:50:58.064489 12971 acceptor_pool.cc:272] collecting diagnostics on the listening RPC socket 127.11.244.130:35205 every 8 connection(s)
I20260709 14:50:58.068976 12242 file_cache.cc:504] Constructed file cache file cache with capacity 419430
W20260709 14:50:58.075837 12975 instance_detector.cc:116] could not retrieve AWS instance metadata: Network error: curl error: HTTP response code said error: The requested URL returned error: 404
W20260709 14:50:58.077682 12976 instance_detector.cc:116] could not retrieve Azure instance metadata: Network error: curl error: HTTP response code said error: The requested URL returned error: 404
W20260709 14:50:58.079253 12978 instance_detector.cc:116] could not retrieve OpenStack instance metadata: Network error: curl error: HTTP response code said error: The requested URL returned error: 404
I20260709 14:50:58.079295 12242 server_base.cc:1061] running on GCE node
I20260709 14:50:58.080550 12242 hybrid_clock.cc:584] initializing the hybrid clock with 'system_unsync' time source
W20260709 14:50:58.080814 12242 system_unsync_time.cc:38] NTP support is disabled. Clock error bounds will not be accurate. This configuration is not suitable for distributed clusters.
I20260709 14:50:58.081017 12242 hybrid_clock.cc:648] HybridClock initialized: now 1783608658080997 us; error 0 us; skew 500 ppm
I20260709 14:50:58.081477 12242 server_base.cc:861] Flag tcmalloc_max_total_thread_cache_bytes is not working since tcmalloc is not enabled.
I20260709 14:50:58.081853 12972 heartbeater.cc:344] Connected to a master server at 127.11.244.190:44273
I20260709 14:50:58.082226 12972 heartbeater.cc:461] Registering TS with master...
I20260709 14:50:58.083115 12972 heartbeater.cc:507] Master 127.11.244.190:44273 requested a full tablet report, sending...
I20260709 14:50:58.084151 12242 webserver.cc:533] Webserver started at http://127.11.244.131:44557/ using document root <none> and password file <none>
I20260709 14:50:58.084653 12242 fs_manager.cc:362] Metadata directory not provided
I20260709 14:50:58.084865 12242 fs_manager.cc:368] Using write-ahead log directory (fs_wal_dir) as metadata directory
I20260709 14:50:58.085130 12242 server_base.cc:909] This appears to be a new deployment of Kudu; creating new FS layout
I20260709 14:50:58.085244 12770 ts_manager.cc:194] Registered new tserver with Master: dfe4c81d382f4284a3f350e96aef3594 (127.11.244.130:35205)
I20260709 14:50:58.086257 12242 fs_manager.cc:1068] Generated new instance metadata in path /tmp/dist-test-taskyNEvfp/test-tmp/auto_leader_rebalancer-test.0.LeaderRebalancerTest.FunctionalTestForNotDivided.1783608644460455-12242-0/minicluster-data/ts-2-root/instance:
uuid: "f78496c3142e4555a888a07601ace627"
format_stamp: "Formatted at 2026-07-09 14:50:58 on dist-test-slave-rp0t"
I20260709 14:50:58.086614 12770 master_service.cc:502] Signed X509 certificate for tserver {username='slave'} at 127.0.0.1:45966
I20260709 14:50:58.091007 12242 fs_manager.cc:696] Time spent creating directory manager: real 0.004s	user 0.004s	sys 0.002s
I20260709 14:50:58.094105 12983 log_block_manager.cc:4127] Time spent loading block containers with low live blocks: real 0.000s	user 0.000s	sys 0.000s
I20260709 14:50:58.094760 12242 fs_manager.cc:730] Time spent opening block manager: real 0.002s	user 0.000s	sys 0.002s
I20260709 14:50:58.095052 12242 fs_manager.cc:647] Opened local filesystem: /tmp/dist-test-taskyNEvfp/test-tmp/auto_leader_rebalancer-test.0.LeaderRebalancerTest.FunctionalTestForNotDivided.1783608644460455-12242-0/minicluster-data/ts-2-root
uuid: "f78496c3142e4555a888a07601ace627"
format_stamp: "Formatted at 2026-07-09 14:50:58 on dist-test-slave-rp0t"
I20260709 14:50:58.095321 12242 fs_report.cc:389] FS layout report
--------------------
wal directory: /tmp/dist-test-taskyNEvfp/test-tmp/auto_leader_rebalancer-test.0.LeaderRebalancerTest.FunctionalTestForNotDivided.1783608644460455-12242-0/minicluster-data/ts-2-root
metadata directory: /tmp/dist-test-taskyNEvfp/test-tmp/auto_leader_rebalancer-test.0.LeaderRebalancerTest.FunctionalTestForNotDivided.1783608644460455-12242-0/minicluster-data/ts-2-root
1 data directories: /tmp/dist-test-taskyNEvfp/test-tmp/auto_leader_rebalancer-test.0.LeaderRebalancerTest.FunctionalTestForNotDivided.1783608644460455-12242-0/minicluster-data/ts-2-root/data
Total live blocks: 0
Total live bytes: 0
Total live bytes (after alignment): 0
Total number of LBM containers: 0 (0 full)
Did not check for missing blocks
Did not check for orphaned blocks
Total full LBM containers with extra space: 0 (0 repaired)
Total full LBM container extra space in bytes: 0 (0 repaired)
Total incomplete LBM containers: 0 (0 repaired)
Total LBM partial records: 0 (0 repaired)
Total corrupted LBM metadata records in RocksDB: 0 (0 repaired)
I20260709 14:50:58.126334 12242 rpc_server.cc:225] running with OpenSSL 1.1.1  11 Sep 2018
I20260709 14:50:58.127678 12242 kserver.cc:163] Server-wide thread pool size limit: 3276
I20260709 14:50:58.129142 12242 txn_system_client.cc:432] TxnSystemClient initialization is disabled...
I20260709 14:50:58.131565 12242 ts_tablet_manager.cc:585] Loaded tablet metadata (0 total tablets, 0 live tablets)
I20260709 14:50:58.131815 12242 ts_tablet_manager.cc:531] Time spent load tablet metadata: real 0.000s	user 0.000s	sys 0.000s
I20260709 14:50:58.132086 12242 ts_tablet_manager.cc:616] Registered 0 tablets
I20260709 14:50:58.132279 12242 ts_tablet_manager.cc:595] Time spent register tablets: real 0.000s	user 0.000s	sys 0.000s
I20260709 14:50:58.173157 12242 rpc_server.cc:307] RPC server started. Bound to: 127.11.244.131:41411
I20260709 14:50:58.173249 13045 acceptor_pool.cc:272] collecting diagnostics on the listening RPC socket 127.11.244.131:41411 every 8 connection(s)
I20260709 14:50:58.187317 13046 heartbeater.cc:344] Connected to a master server at 127.11.244.190:44273
I20260709 14:50:58.187758 13046 heartbeater.cc:461] Registering TS with master...
I20260709 14:50:58.188570 13046 heartbeater.cc:507] Master 127.11.244.190:44273 requested a full tablet report, sending...
I20260709 14:50:58.190598 12770 ts_manager.cc:194] Registered new tserver with Master: f78496c3142e4555a888a07601ace627 (127.11.244.131:41411)
I20260709 14:50:58.190752 12242 internal_mini_cluster.cc:371] 3 TS(s) registered with all masters after 0.014428339s
I20260709 14:50:58.191998 12770 master_service.cc:502] Signed X509 certificate for tserver {username='slave'} at 127.0.0.1:45970
I20260709 14:50:58.218098 12770 catalog_manager.cc:2283] Servicing CreateTable request from {username='slave'} at 127.0.0.1:45986:
name: "test-workload"
schema {
  columns {
    name: "key"
    type: INT32
    is_key: true
    is_nullable: false
    encoding: AUTO_ENCODING
    compression: DEFAULT_COMPRESSION
    cfile_block_size: 0
    immutable: false
  }
  columns {
    name: "int_val"
    type: INT32
    is_key: false
    is_nullable: false
    encoding: AUTO_ENCODING
    compression: DEFAULT_COMPRESSION
    cfile_block_size: 0
    immutable: false
  }
  columns {
    name: "string_val"
    type: STRING
    is_key: false
    is_nullable: true
    encoding: AUTO_ENCODING
    compression: DEFAULT_COMPRESSION
    cfile_block_size: 0
    immutable: false
  }
}
num_replicas: 3
split_rows_range_bounds {
  rows: "\004\001\000\314\314\314\014\004\001\000\230\231\231\031\004\001\000dff&\004\001\0000333\004\001\000\374\377\377?\004\001\000\310\314\314L\004\001\000\224\231\231Y\004\001\000`fff\004\001\000,33s""\004\001\000\314\314\314\014\004\001\000\230\231\231\031\004\001\000dff&\004\001\0000333\004\001\000\374\377\377?\004\001\000\310\314\314L\004\001\000\224\231\231Y\004\001\000`fff\004\001\000,33s"
  indirect_data: """"
}
partition_schema {
  range_schema {
    columns {
      name: "key"
    }
  }
}
W20260709 14:50:58.221387 12770 catalog_manager.cc:7077] The number of live tablet servers is not enough to re-replicate a tablet replica of the newly created table test-workload in case of a server failure: 4 tablet servers would be needed, 3 are available. Consider bringing up more tablet servers.
I20260709 14:50:58.293691 12937 tablet_service.cc:1511] Processing CreateTablet for tablet 58f3084dc2ba413bad7c6378ef0b661b (DEFAULT_TABLE table=test-workload [id=51208204125b470aadea8b2789ef2f3f]), partition=RANGE (key) PARTITION VALUES < 214748364
I20260709 14:50:58.297765 12935 tablet_service.cc:1511] Processing CreateTablet for tablet ce5fc5510e0c481ba89cbd10888716ce (DEFAULT_TABLE table=test-workload [id=51208204125b470aadea8b2789ef2f3f]), partition=RANGE (key) PARTITION 429496728 <= VALUES < 644245092
I20260709 14:50:58.300304 12862 tablet_service.cc:1511] Processing CreateTablet for tablet 58f3084dc2ba413bad7c6378ef0b661b (DEFAULT_TABLE table=test-workload [id=51208204125b470aadea8b2789ef2f3f]), partition=RANGE (key) PARTITION VALUES < 214748364
I20260709 14:50:58.300390 12936 tablet_service.cc:1511] Processing CreateTablet for tablet ee21e5faf36a44919285a18648cfc45f (DEFAULT_TABLE table=test-workload [id=51208204125b470aadea8b2789ef2f3f]), partition=RANGE (key) PARTITION 214748364 <= VALUES < 429496728
I20260709 14:50:58.301824 12862 data_dirs.cc:400] Could only allocate 1 dirs of requested 3 for tablet 58f3084dc2ba413bad7c6378ef0b661b. 1 dirs total, 0 dirs full, 0 dirs failed
I20260709 14:50:58.301431 12861 tablet_service.cc:1511] Processing CreateTablet for tablet ee21e5faf36a44919285a18648cfc45f (DEFAULT_TABLE table=test-workload [id=51208204125b470aadea8b2789ef2f3f]), partition=RANGE (key) PARTITION 214748364 <= VALUES < 429496728
I20260709 14:50:58.302767 12861 data_dirs.cc:400] Could only allocate 1 dirs of requested 3 for tablet ee21e5faf36a44919285a18648cfc45f. 1 dirs total, 0 dirs full, 0 dirs failed
I20260709 14:50:58.305544 12859 tablet_service.cc:1511] Processing CreateTablet for tablet 5001a77848934bd2a049fc7278f7ccb4 (DEFAULT_TABLE table=test-workload [id=51208204125b470aadea8b2789ef2f3f]), partition=RANGE (key) PARTITION 644245092 <= VALUES < 858993456
I20260709 14:50:58.311285 12859 data_dirs.cc:400] Could only allocate 1 dirs of requested 3 for tablet 5001a77848934bd2a049fc7278f7ccb4. 1 dirs total, 0 dirs full, 0 dirs failed
I20260709 14:50:58.295285 12937 data_dirs.cc:400] Could only allocate 1 dirs of requested 3 for tablet 58f3084dc2ba413bad7c6378ef0b661b. 1 dirs total, 0 dirs full, 0 dirs failed
I20260709 14:50:58.308522 12860 tablet_service.cc:1511] Processing CreateTablet for tablet ce5fc5510e0c481ba89cbd10888716ce (DEFAULT_TABLE table=test-workload [id=51208204125b470aadea8b2789ef2f3f]), partition=RANGE (key) PARTITION 429496728 <= VALUES < 644245092
I20260709 14:50:58.315150 12935 data_dirs.cc:400] Could only allocate 1 dirs of requested 3 for tablet ce5fc5510e0c481ba89cbd10888716ce. 1 dirs total, 0 dirs full, 0 dirs failed
I20260709 14:50:58.315580 12860 data_dirs.cc:400] Could only allocate 1 dirs of requested 3 for tablet ce5fc5510e0c481ba89cbd10888716ce. 1 dirs total, 0 dirs full, 0 dirs failed
I20260709 14:50:58.316380 12936 data_dirs.cc:400] Could only allocate 1 dirs of requested 3 for tablet ee21e5faf36a44919285a18648cfc45f. 1 dirs total, 0 dirs full, 0 dirs failed
I20260709 14:50:58.327041 12934 tablet_service.cc:1511] Processing CreateTablet for tablet 5001a77848934bd2a049fc7278f7ccb4 (DEFAULT_TABLE table=test-workload [id=51208204125b470aadea8b2789ef2f3f]), partition=RANGE (key) PARTITION 644245092 <= VALUES < 858993456
I20260709 14:50:58.328476 12934 data_dirs.cc:400] Could only allocate 1 dirs of requested 3 for tablet 5001a77848934bd2a049fc7278f7ccb4. 1 dirs total, 0 dirs full, 0 dirs failed
I20260709 14:50:58.334120 12858 tablet_service.cc:1511] Processing CreateTablet for tablet bcf0f78faacb4f4aae2b886492d2632b (DEFAULT_TABLE table=test-workload [id=51208204125b470aadea8b2789ef2f3f]), partition=RANGE (key) PARTITION 858993456 <= VALUES < 1073741820
I20260709 14:50:58.336066 12858 data_dirs.cc:400] Could only allocate 1 dirs of requested 3 for tablet bcf0f78faacb4f4aae2b886492d2632b. 1 dirs total, 0 dirs full, 0 dirs failed
I20260709 14:50:58.339879 12933 tablet_service.cc:1511] Processing CreateTablet for tablet bcf0f78faacb4f4aae2b886492d2632b (DEFAULT_TABLE table=test-workload [id=51208204125b470aadea8b2789ef2f3f]), partition=RANGE (key) PARTITION 858993456 <= VALUES < 1073741820
I20260709 14:50:58.341267 12933 data_dirs.cc:400] Could only allocate 1 dirs of requested 3 for tablet bcf0f78faacb4f4aae2b886492d2632b. 1 dirs total, 0 dirs full, 0 dirs failed
I20260709 14:50:58.363515 13010 tablet_service.cc:1511] Processing CreateTablet for tablet ee21e5faf36a44919285a18648cfc45f (DEFAULT_TABLE table=test-workload [id=51208204125b470aadea8b2789ef2f3f]), partition=RANGE (key) PARTITION 214748364 <= VALUES < 429496728
I20260709 14:50:58.364954 13010 data_dirs.cc:400] Could only allocate 1 dirs of requested 3 for tablet ee21e5faf36a44919285a18648cfc45f. 1 dirs total, 0 dirs full, 0 dirs failed
I20260709 14:50:58.368649 13011 tablet_service.cc:1511] Processing CreateTablet for tablet 58f3084dc2ba413bad7c6378ef0b661b (DEFAULT_TABLE table=test-workload [id=51208204125b470aadea8b2789ef2f3f]), partition=RANGE (key) PARTITION VALUES < 214748364
I20260709 14:50:58.373896 13009 tablet_service.cc:1511] Processing CreateTablet for tablet ce5fc5510e0c481ba89cbd10888716ce (DEFAULT_TABLE table=test-workload [id=51208204125b470aadea8b2789ef2f3f]), partition=RANGE (key) PARTITION 429496728 <= VALUES < 644245092
I20260709 14:50:58.376453 13007 tablet_service.cc:1511] Processing CreateTablet for tablet bcf0f78faacb4f4aae2b886492d2632b (DEFAULT_TABLE table=test-workload [id=51208204125b470aadea8b2789ef2f3f]), partition=RANGE (key) PARTITION 858993456 <= VALUES < 1073741820
I20260709 14:50:58.377934 13008 tablet_service.cc:1511] Processing CreateTablet for tablet 5001a77848934bd2a049fc7278f7ccb4 (DEFAULT_TABLE table=test-workload [id=51208204125b470aadea8b2789ef2f3f]), partition=RANGE (key) PARTITION 644245092 <= VALUES < 858993456
I20260709 14:50:58.378675 13011 data_dirs.cc:400] Could only allocate 1 dirs of requested 3 for tablet 58f3084dc2ba413bad7c6378ef0b661b. 1 dirs total, 0 dirs full, 0 dirs failed
I20260709 14:50:58.379419 13008 data_dirs.cc:400] Could only allocate 1 dirs of requested 3 for tablet 5001a77848934bd2a049fc7278f7ccb4. 1 dirs total, 0 dirs full, 0 dirs failed
I20260709 14:50:58.381222 13007 data_dirs.cc:400] Could only allocate 1 dirs of requested 3 for tablet bcf0f78faacb4f4aae2b886492d2632b. 1 dirs total, 0 dirs full, 0 dirs failed
I20260709 14:50:58.387876 13009 data_dirs.cc:400] Could only allocate 1 dirs of requested 3 for tablet ce5fc5510e0c481ba89cbd10888716ce. 1 dirs total, 0 dirs full, 0 dirs failed
I20260709 14:50:58.395913 12860 tablet_service.cc:1511] Processing CreateTablet for tablet 6beba169b9e4430db64dd6391ab0c539 (DEFAULT_TABLE table=test-workload [id=51208204125b470aadea8b2789ef2f3f]), partition=RANGE (key) PARTITION 1073741820 <= VALUES < 1288490184
I20260709 14:50:58.397449 12860 data_dirs.cc:400] Could only allocate 1 dirs of requested 3 for tablet 6beba169b9e4430db64dd6391ab0c539. 1 dirs total, 0 dirs full, 0 dirs failed
I20260709 14:50:58.405655 12936 tablet_service.cc:1511] Processing CreateTablet for tablet 6beba169b9e4430db64dd6391ab0c539 (DEFAULT_TABLE table=test-workload [id=51208204125b470aadea8b2789ef2f3f]), partition=RANGE (key) PARTITION 1073741820 <= VALUES < 1288490184
I20260709 14:50:58.407039 12936 data_dirs.cc:400] Could only allocate 1 dirs of requested 3 for tablet 6beba169b9e4430db64dd6391ab0c539. 1 dirs total, 0 dirs full, 0 dirs failed
I20260709 14:50:58.413864 12862 tablet_service.cc:1511] Processing CreateTablet for tablet 0dd77f644eb94690bd44f413f6b449dc (DEFAULT_TABLE table=test-workload [id=51208204125b470aadea8b2789ef2f3f]), partition=RANGE (key) PARTITION 1288490184 <= VALUES < 1503238548
I20260709 14:50:58.415838 12862 data_dirs.cc:400] Could only allocate 1 dirs of requested 3 for tablet 0dd77f644eb94690bd44f413f6b449dc. 1 dirs total, 0 dirs full, 0 dirs failed
I20260709 14:50:58.424973 13062 tablet_bootstrap.cc:492] T ee21e5faf36a44919285a18648cfc45f P dfe4c81d382f4284a3f350e96aef3594: Bootstrap starting.
I20260709 14:50:58.425073 13061 tablet_bootstrap.cc:492] T 58f3084dc2ba413bad7c6378ef0b661b P ebc4365844d945569695c39e01aca1ad: Bootstrap starting.
I20260709 14:50:58.428251 13063 tablet_bootstrap.cc:492] T bcf0f78faacb4f4aae2b886492d2632b P f78496c3142e4555a888a07601ace627: Bootstrap starting.
I20260709 14:50:58.429287 12933 tablet_service.cc:1511] Processing CreateTablet for tablet 0dd77f644eb94690bd44f413f6b449dc (DEFAULT_TABLE table=test-workload [id=51208204125b470aadea8b2789ef2f3f]), partition=RANGE (key) PARTITION 1288490184 <= VALUES < 1503238548
I20260709 14:50:58.430598 12933 data_dirs.cc:400] Could only allocate 1 dirs of requested 3 for tablet 0dd77f644eb94690bd44f413f6b449dc. 1 dirs total, 0 dirs full, 0 dirs failed
I20260709 14:50:58.432479 13011 tablet_service.cc:1511] Processing CreateTablet for tablet 6beba169b9e4430db64dd6391ab0c539 (DEFAULT_TABLE table=test-workload [id=51208204125b470aadea8b2789ef2f3f]), partition=RANGE (key) PARTITION 1073741820 <= VALUES < 1288490184
I20260709 14:50:58.433775 13011 data_dirs.cc:400] Could only allocate 1 dirs of requested 3 for tablet 6beba169b9e4430db64dd6391ab0c539. 1 dirs total, 0 dirs full, 0 dirs failed
I20260709 14:50:58.433594 13009 tablet_service.cc:1511] Processing CreateTablet for tablet 0dd77f644eb94690bd44f413f6b449dc (DEFAULT_TABLE table=test-workload [id=51208204125b470aadea8b2789ef2f3f]), partition=RANGE (key) PARTITION 1288490184 <= VALUES < 1503238548
I20260709 14:50:58.434847 13009 data_dirs.cc:400] Could only allocate 1 dirs of requested 3 for tablet 0dd77f644eb94690bd44f413f6b449dc. 1 dirs total, 0 dirs full, 0 dirs failed
I20260709 14:50:58.435045 12858 tablet_service.cc:1511] Processing CreateTablet for tablet 15690eb5cffa471e8ab55dcc40a6e517 (DEFAULT_TABLE table=test-workload [id=51208204125b470aadea8b2789ef2f3f]), partition=RANGE (key) PARTITION 1503238548 <= VALUES < 1717986912
I20260709 14:50:58.436293 12858 data_dirs.cc:400] Could only allocate 1 dirs of requested 3 for tablet 15690eb5cffa471e8ab55dcc40a6e517. 1 dirs total, 0 dirs full, 0 dirs failed
I20260709 14:50:58.437245 12934 tablet_service.cc:1511] Processing CreateTablet for tablet 15690eb5cffa471e8ab55dcc40a6e517 (DEFAULT_TABLE table=test-workload [id=51208204125b470aadea8b2789ef2f3f]), partition=RANGE (key) PARTITION 1503238548 <= VALUES < 1717986912
I20260709 14:50:58.438468 12934 data_dirs.cc:400] Could only allocate 1 dirs of requested 3 for tablet 15690eb5cffa471e8ab55dcc40a6e517. 1 dirs total, 0 dirs full, 0 dirs failed
I20260709 14:50:58.443461 12859 tablet_service.cc:1511] Processing CreateTablet for tablet 3f2d9681e09748b2b85ec857672eef3e (DEFAULT_TABLE table=test-workload [id=51208204125b470aadea8b2789ef2f3f]), partition=RANGE (key) PARTITION 1932735276 <= VALUES
I20260709 14:50:58.450851 12937 tablet_service.cc:1511] Processing CreateTablet for tablet 47effaa6d9a444adbd873fe67469da4e (DEFAULT_TABLE table=test-workload [id=51208204125b470aadea8b2789ef2f3f]), partition=RANGE (key) PARTITION 1717986912 <= VALUES < 1932735276
I20260709 14:50:58.450795 13007 tablet_service.cc:1511] Processing CreateTablet for tablet 15690eb5cffa471e8ab55dcc40a6e517 (DEFAULT_TABLE table=test-workload [id=51208204125b470aadea8b2789ef2f3f]), partition=RANGE (key) PARTITION 1503238548 <= VALUES < 1717986912
I20260709 14:50:58.453810 13063 tablet_bootstrap.cc:654] T bcf0f78faacb4f4aae2b886492d2632b P f78496c3142e4555a888a07601ace627: Neither blocks nor log segments found. Creating new log.
I20260709 14:50:58.454077 13062 tablet_bootstrap.cc:654] T ee21e5faf36a44919285a18648cfc45f P dfe4c81d382f4284a3f350e96aef3594: Neither blocks nor log segments found. Creating new log.
I20260709 14:50:58.454432 13007 data_dirs.cc:400] Could only allocate 1 dirs of requested 3 for tablet 15690eb5cffa471e8ab55dcc40a6e517. 1 dirs total, 0 dirs full, 0 dirs failed
I20260709 14:50:58.452548 13061 tablet_bootstrap.cc:654] T 58f3084dc2ba413bad7c6378ef0b661b P ebc4365844d945569695c39e01aca1ad: Neither blocks nor log segments found. Creating new log.
I20260709 14:50:58.458199 12859 data_dirs.cc:400] Could only allocate 1 dirs of requested 3 for tablet 3f2d9681e09748b2b85ec857672eef3e. 1 dirs total, 0 dirs full, 0 dirs failed
I20260709 14:50:58.453658 12860 tablet_service.cc:1511] Processing CreateTablet for tablet 47effaa6d9a444adbd873fe67469da4e (DEFAULT_TABLE table=test-workload [id=51208204125b470aadea8b2789ef2f3f]), partition=RANGE (key) PARTITION 1717986912 <= VALUES < 1932735276
I20260709 14:50:58.459465 12860 data_dirs.cc:400] Could only allocate 1 dirs of requested 3 for tablet 47effaa6d9a444adbd873fe67469da4e. 1 dirs total, 0 dirs full, 0 dirs failed
I20260709 14:50:58.463867 12937 data_dirs.cc:400] Could only allocate 1 dirs of requested 3 for tablet 47effaa6d9a444adbd873fe67469da4e. 1 dirs total, 0 dirs full, 0 dirs failed
I20260709 14:50:58.466605 12936 tablet_service.cc:1511] Processing CreateTablet for tablet 3f2d9681e09748b2b85ec857672eef3e (DEFAULT_TABLE table=test-workload [id=51208204125b470aadea8b2789ef2f3f]), partition=RANGE (key) PARTITION 1932735276 <= VALUES
I20260709 14:50:58.468014 12936 data_dirs.cc:400] Could only allocate 1 dirs of requested 3 for tablet 3f2d9681e09748b2b85ec857672eef3e. 1 dirs total, 0 dirs full, 0 dirs failed
I20260709 14:50:58.467754 13008 tablet_service.cc:1511] Processing CreateTablet for tablet 3f2d9681e09748b2b85ec857672eef3e (DEFAULT_TABLE table=test-workload [id=51208204125b470aadea8b2789ef2f3f]), partition=RANGE (key) PARTITION 1932735276 <= VALUES
I20260709 14:50:58.469147 13008 data_dirs.cc:400] Could only allocate 1 dirs of requested 3 for tablet 3f2d9681e09748b2b85ec857672eef3e. 1 dirs total, 0 dirs full, 0 dirs failed
I20260709 14:50:58.478400 13010 tablet_service.cc:1511] Processing CreateTablet for tablet 47effaa6d9a444adbd873fe67469da4e (DEFAULT_TABLE table=test-workload [id=51208204125b470aadea8b2789ef2f3f]), partition=RANGE (key) PARTITION 1717986912 <= VALUES < 1932735276
I20260709 14:50:58.479816 13010 data_dirs.cc:400] Could only allocate 1 dirs of requested 3 for tablet 47effaa6d9a444adbd873fe67469da4e. 1 dirs total, 0 dirs full, 0 dirs failed
I20260709 14:50:58.486253 13061 tablet_bootstrap.cc:492] T 58f3084dc2ba413bad7c6378ef0b661b P ebc4365844d945569695c39e01aca1ad: No bootstrap required, opened a new log
I20260709 14:50:58.486882 13061 ts_tablet_manager.cc:1403] T 58f3084dc2ba413bad7c6378ef0b661b P ebc4365844d945569695c39e01aca1ad: Time spent bootstrapping tablet: real 0.062s	user 0.010s	sys 0.006s
I20260709 14:50:58.504570 13062 tablet_bootstrap.cc:492] T ee21e5faf36a44919285a18648cfc45f P dfe4c81d382f4284a3f350e96aef3594: No bootstrap required, opened a new log
I20260709 14:50:58.505074 13062 ts_tablet_manager.cc:1403] T ee21e5faf36a44919285a18648cfc45f P dfe4c81d382f4284a3f350e96aef3594: Time spent bootstrapping tablet: real 0.080s	user 0.011s	sys 0.005s
I20260709 14:50:58.514204 13061 raft_consensus.cc:359] T 58f3084dc2ba413bad7c6378ef0b661b P ebc4365844d945569695c39e01aca1ad [term 0 FOLLOWER]: Replica starting. Triggering 0 pending ops. Active config: opid_index: -1 OBSOLETE_local: false peers { permanent_uuid: "dfe4c81d382f4284a3f350e96aef3594" member_type: VOTER last_known_addr { host: "127.11.244.130" port: 35205 } } peers { permanent_uuid: "ebc4365844d945569695c39e01aca1ad" member_type: VOTER last_known_addr { host: "127.11.244.129" port: 43081 } } peers { permanent_uuid: "f78496c3142e4555a888a07601ace627" member_type: VOTER last_known_addr { host: "127.11.244.131" port: 41411 } }
I20260709 14:50:58.514999 13061 raft_consensus.cc:385] T 58f3084dc2ba413bad7c6378ef0b661b P ebc4365844d945569695c39e01aca1ad [term 0 FOLLOWER]: Consensus starting up: Expiring failure detector timer to make a prompt election more likely
I20260709 14:50:58.515307 13061 raft_consensus.cc:740] T 58f3084dc2ba413bad7c6378ef0b661b P ebc4365844d945569695c39e01aca1ad [term 0 FOLLOWER]: Becoming Follower/Learner. State: Replica: ebc4365844d945569695c39e01aca1ad, State: Initialized, Role: FOLLOWER
I20260709 14:50:58.514120 13063 tablet_bootstrap.cc:492] T bcf0f78faacb4f4aae2b886492d2632b P f78496c3142e4555a888a07601ace627: No bootstrap required, opened a new log
I20260709 14:50:58.516705 13063 ts_tablet_manager.cc:1403] T bcf0f78faacb4f4aae2b886492d2632b P f78496c3142e4555a888a07601ace627: Time spent bootstrapping tablet: real 0.089s	user 0.018s	sys 0.008s
I20260709 14:50:58.518889 13063 raft_consensus.cc:359] T bcf0f78faacb4f4aae2b886492d2632b P f78496c3142e4555a888a07601ace627 [term 0 FOLLOWER]: Replica starting. Triggering 0 pending ops. Active config: opid_index: -1 OBSOLETE_local: false peers { permanent_uuid: "ebc4365844d945569695c39e01aca1ad" member_type: VOTER last_known_addr { host: "127.11.244.129" port: 43081 } } peers { permanent_uuid: "dfe4c81d382f4284a3f350e96aef3594" member_type: VOTER last_known_addr { host: "127.11.244.130" port: 35205 } } peers { permanent_uuid: "f78496c3142e4555a888a07601ace627" member_type: VOTER last_known_addr { host: "127.11.244.131" port: 41411 } }
I20260709 14:50:58.519358 13063 raft_consensus.cc:385] T bcf0f78faacb4f4aae2b886492d2632b P f78496c3142e4555a888a07601ace627 [term 0 FOLLOWER]: Consensus starting up: Expiring failure detector timer to make a prompt election more likely
I20260709 14:50:58.519706 13063 raft_consensus.cc:740] T bcf0f78faacb4f4aae2b886492d2632b P f78496c3142e4555a888a07601ace627 [term 0 FOLLOWER]: Becoming Follower/Learner. State: Replica: f78496c3142e4555a888a07601ace627, State: Initialized, Role: FOLLOWER
I20260709 14:50:58.520579 13063 consensus_queue.cc:260] T bcf0f78faacb4f4aae2b886492d2632b P f78496c3142e4555a888a07601ace627 [NON_LEADER]: Queue going to NON_LEADER mode. State: All replicated index: 0, Majority replicated index: 0, Committed index: 0, Last appended: 0.0, Last appended by leader: 0, Current term: 0, Majority size: -1, State: 0, Mode: NON_LEADER, active raft config: opid_index: -1 OBSOLETE_local: false peers { permanent_uuid: "ebc4365844d945569695c39e01aca1ad" member_type: VOTER last_known_addr { host: "127.11.244.129" port: 43081 } } peers { permanent_uuid: "dfe4c81d382f4284a3f350e96aef3594" member_type: VOTER last_known_addr { host: "127.11.244.130" port: 35205 } } peers { permanent_uuid: "f78496c3142e4555a888a07601ace627" member_type: VOTER last_known_addr { host: "127.11.244.131" port: 41411 } }
I20260709 14:50:58.524603 13062 raft_consensus.cc:359] T ee21e5faf36a44919285a18648cfc45f P dfe4c81d382f4284a3f350e96aef3594 [term 0 FOLLOWER]: Replica starting. Triggering 0 pending ops. Active config: opid_index: -1 OBSOLETE_local: false peers { permanent_uuid: "ebc4365844d945569695c39e01aca1ad" member_type: VOTER last_known_addr { host: "127.11.244.129" port: 43081 } } peers { permanent_uuid: "dfe4c81d382f4284a3f350e96aef3594" member_type: VOTER last_known_addr { host: "127.11.244.130" port: 35205 } } peers { permanent_uuid: "f78496c3142e4555a888a07601ace627" member_type: VOTER last_known_addr { host: "127.11.244.131" port: 41411 } }
I20260709 14:50:58.525161 13046 heartbeater.cc:499] Master 127.11.244.190:44273 was elected leader, sending a full tablet report...
I20260709 14:50:58.525369 13062 raft_consensus.cc:385] T ee21e5faf36a44919285a18648cfc45f P dfe4c81d382f4284a3f350e96aef3594 [term 0 FOLLOWER]: Consensus starting up: Expiring failure detector timer to make a prompt election more likely
I20260709 14:50:58.525665 13063 ts_tablet_manager.cc:1434] T bcf0f78faacb4f4aae2b886492d2632b P f78496c3142e4555a888a07601ace627: Time spent starting tablet: real 0.009s	user 0.004s	sys 0.004s
I20260709 14:50:58.525748 13062 raft_consensus.cc:740] T ee21e5faf36a44919285a18648cfc45f P dfe4c81d382f4284a3f350e96aef3594 [term 0 FOLLOWER]: Becoming Follower/Learner. State: Replica: dfe4c81d382f4284a3f350e96aef3594, State: Initialized, Role: FOLLOWER
I20260709 14:50:58.526755 13063 tablet_bootstrap.cc:492] T 5001a77848934bd2a049fc7278f7ccb4 P f78496c3142e4555a888a07601ace627: Bootstrap starting.
I20260709 14:50:58.526526 13062 consensus_queue.cc:260] T ee21e5faf36a44919285a18648cfc45f P dfe4c81d382f4284a3f350e96aef3594 [NON_LEADER]: Queue going to NON_LEADER mode. State: All replicated index: 0, Majority replicated index: 0, Committed index: 0, Last appended: 0.0, Last appended by leader: 0, Current term: 0, Majority size: -1, State: 0, Mode: NON_LEADER, active raft config: opid_index: -1 OBSOLETE_local: false peers { permanent_uuid: "ebc4365844d945569695c39e01aca1ad" member_type: VOTER last_known_addr { host: "127.11.244.129" port: 43081 } } peers { permanent_uuid: "dfe4c81d382f4284a3f350e96aef3594" member_type: VOTER last_known_addr { host: "127.11.244.130" port: 35205 } } peers { permanent_uuid: "f78496c3142e4555a888a07601ace627" member_type: VOTER last_known_addr { host: "127.11.244.131" port: 41411 } }
I20260709 14:50:58.524206 13061 consensus_queue.cc:260] T 58f3084dc2ba413bad7c6378ef0b661b P ebc4365844d945569695c39e01aca1ad [NON_LEADER]: Queue going to NON_LEADER mode. State: All replicated index: 0, Majority replicated index: 0, Committed index: 0, Last appended: 0.0, Last appended by leader: 0, Current term: 0, Majority size: -1, State: 0, Mode: NON_LEADER, active raft config: opid_index: -1 OBSOLETE_local: false peers { permanent_uuid: "dfe4c81d382f4284a3f350e96aef3594" member_type: VOTER last_known_addr { host: "127.11.244.130" port: 35205 } } peers { permanent_uuid: "ebc4365844d945569695c39e01aca1ad" member_type: VOTER last_known_addr { host: "127.11.244.129" port: 43081 } } peers { permanent_uuid: "f78496c3142e4555a888a07601ace627" member_type: VOTER last_known_addr { host: "127.11.244.131" port: 41411 } }
I20260709 14:50:58.529543 12972 heartbeater.cc:499] Master 127.11.244.190:44273 was elected leader, sending a full tablet report...
I20260709 14:50:58.530905 13068 raft_consensus.cc:493] T ee21e5faf36a44919285a18648cfc45f P dfe4c81d382f4284a3f350e96aef3594 [term 0 FOLLOWER]: Starting pre-election (no leader contacted us within the election timeout)
I20260709 14:50:58.531407 13068 raft_consensus.cc:515] T ee21e5faf36a44919285a18648cfc45f P dfe4c81d382f4284a3f350e96aef3594 [term 0 FOLLOWER]: Starting pre-election with config: opid_index: -1 OBSOLETE_local: false peers { permanent_uuid: "ebc4365844d945569695c39e01aca1ad" member_type: VOTER last_known_addr { host: "127.11.244.129" port: 43081 } } peers { permanent_uuid: "dfe4c81d382f4284a3f350e96aef3594" member_type: VOTER last_known_addr { host: "127.11.244.130" port: 35205 } } peers { permanent_uuid: "f78496c3142e4555a888a07601ace627" member_type: VOTER last_known_addr { host: "127.11.244.131" port: 41411 } }
I20260709 14:50:58.533583 13062 ts_tablet_manager.cc:1434] T ee21e5faf36a44919285a18648cfc45f P dfe4c81d382f4284a3f350e96aef3594: Time spent starting tablet: real 0.028s	user 0.005s	sys 0.003s
I20260709 14:50:58.534281 13068 leader_election.cc:290] T ee21e5faf36a44919285a18648cfc45f P dfe4c81d382f4284a3f350e96aef3594 [CANDIDATE]: Term 1 pre-election: Requested pre-vote from peers ebc4365844d945569695c39e01aca1ad (127.11.244.129:43081), f78496c3142e4555a888a07601ace627 (127.11.244.131:41411)
I20260709 14:50:58.534544 13062 tablet_bootstrap.cc:492] T ce5fc5510e0c481ba89cbd10888716ce P dfe4c81d382f4284a3f350e96aef3594: Bootstrap starting.
I20260709 14:50:58.538431 13063 tablet_bootstrap.cc:654] T 5001a77848934bd2a049fc7278f7ccb4 P f78496c3142e4555a888a07601ace627: Neither blocks nor log segments found. Creating new log.
I20260709 14:50:58.556231 13062 tablet_bootstrap.cc:654] T ce5fc5510e0c481ba89cbd10888716ce P dfe4c81d382f4284a3f350e96aef3594: Neither blocks nor log segments found. Creating new log.
I20260709 14:50:58.554319 13021 tablet_service.cc:1917] Received RequestConsensusVote() RPC: tablet_id: "ee21e5faf36a44919285a18648cfc45f" candidate_uuid: "dfe4c81d382f4284a3f350e96aef3594" candidate_term: 1 candidate_status { last_received { term: 0 index: 0 } } ignore_live_leader: false dest_uuid: "f78496c3142e4555a888a07601ace627" is_pre_election: true
I20260709 14:50:58.561789 13061 ts_tablet_manager.cc:1434] T 58f3084dc2ba413bad7c6378ef0b661b P ebc4365844d945569695c39e01aca1ad: Time spent starting tablet: real 0.075s	user 0.003s	sys 0.012s
I20260709 14:50:58.563318 13061 tablet_bootstrap.cc:492] T ee21e5faf36a44919285a18648cfc45f P ebc4365844d945569695c39e01aca1ad: Bootstrap starting.
I20260709 14:50:58.565487 13063 tablet_bootstrap.cc:492] T 5001a77848934bd2a049fc7278f7ccb4 P f78496c3142e4555a888a07601ace627: No bootstrap required, opened a new log
I20260709 14:50:58.566051 13063 ts_tablet_manager.cc:1403] T 5001a77848934bd2a049fc7278f7ccb4 P f78496c3142e4555a888a07601ace627: Time spent bootstrapping tablet: real 0.040s	user 0.011s	sys 0.009s
I20260709 14:50:58.568912 13063 raft_consensus.cc:359] T 5001a77848934bd2a049fc7278f7ccb4 P f78496c3142e4555a888a07601ace627 [term 0 FOLLOWER]: Replica starting. Triggering 0 pending ops. Active config: opid_index: -1 OBSOLETE_local: false peers { permanent_uuid: "ebc4365844d945569695c39e01aca1ad" member_type: VOTER last_known_addr { host: "127.11.244.129" port: 43081 } } peers { permanent_uuid: "dfe4c81d382f4284a3f350e96aef3594" member_type: VOTER last_known_addr { host: "127.11.244.130" port: 35205 } } peers { permanent_uuid: "f78496c3142e4555a888a07601ace627" member_type: VOTER last_known_addr { host: "127.11.244.131" port: 41411 } }
I20260709 14:50:58.569674 13063 raft_consensus.cc:385] T 5001a77848934bd2a049fc7278f7ccb4 P f78496c3142e4555a888a07601ace627 [term 0 FOLLOWER]: Consensus starting up: Expiring failure detector timer to make a prompt election more likely
I20260709 14:50:58.570007 13063 raft_consensus.cc:740] T 5001a77848934bd2a049fc7278f7ccb4 P f78496c3142e4555a888a07601ace627 [term 0 FOLLOWER]: Becoming Follower/Learner. State: Replica: f78496c3142e4555a888a07601ace627, State: Initialized, Role: FOLLOWER
I20260709 14:50:58.570760 13063 consensus_queue.cc:260] T 5001a77848934bd2a049fc7278f7ccb4 P f78496c3142e4555a888a07601ace627 [NON_LEADER]: Queue going to NON_LEADER mode. State: All replicated index: 0, Majority replicated index: 0, Committed index: 0, Last appended: 0.0, Last appended by leader: 0, Current term: 0, Majority size: -1, State: 0, Mode: NON_LEADER, active raft config: opid_index: -1 OBSOLETE_local: false peers { permanent_uuid: "ebc4365844d945569695c39e01aca1ad" member_type: VOTER last_known_addr { host: "127.11.244.129" port: 43081 } } peers { permanent_uuid: "dfe4c81d382f4284a3f350e96aef3594" member_type: VOTER last_known_addr { host: "127.11.244.130" port: 35205 } } peers { permanent_uuid: "f78496c3142e4555a888a07601ace627" member_type: VOTER last_known_addr { host: "127.11.244.131" port: 41411 } }
I20260709 14:50:58.571686 12897 heartbeater.cc:499] Master 127.11.244.190:44273 was elected leader, sending a full tablet report...
I20260709 14:50:58.572422 13061 tablet_bootstrap.cc:654] T ee21e5faf36a44919285a18648cfc45f P ebc4365844d945569695c39e01aca1ad: Neither blocks nor log segments found. Creating new log.
I20260709 14:50:58.573760 13063 ts_tablet_manager.cc:1434] T 5001a77848934bd2a049fc7278f7ccb4 P f78496c3142e4555a888a07601ace627: Time spent starting tablet: real 0.007s	user 0.004s	sys 0.002s
I20260709 14:50:58.574716 13063 tablet_bootstrap.cc:492] T ce5fc5510e0c481ba89cbd10888716ce P f78496c3142e4555a888a07601ace627: Bootstrap starting.
W20260709 14:50:58.576208 12911 leader_election.cc:343] T ee21e5faf36a44919285a18648cfc45f P dfe4c81d382f4284a3f350e96aef3594 [CANDIDATE]: Term 1 pre-election: Tablet error from VoteRequest() call to peer f78496c3142e4555a888a07601ace627 (127.11.244.131:41411): Illegal state: must be running to vote when last-logged opid is not known
I20260709 14:50:58.580776 12872 tablet_service.cc:1917] Received RequestConsensusVote() RPC: tablet_id: "ee21e5faf36a44919285a18648cfc45f" candidate_uuid: "dfe4c81d382f4284a3f350e96aef3594" candidate_term: 1 candidate_status { last_received { term: 0 index: 0 } } ignore_live_leader: false dest_uuid: "ebc4365844d945569695c39e01aca1ad" is_pre_election: true
W20260709 14:50:58.582201 12913 leader_election.cc:343] T ee21e5faf36a44919285a18648cfc45f P dfe4c81d382f4284a3f350e96aef3594 [CANDIDATE]: Term 1 pre-election: Tablet error from VoteRequest() call to peer ebc4365844d945569695c39e01aca1ad (127.11.244.129:43081): Illegal state: must be running to vote when last-logged opid is not known
I20260709 14:50:58.582687 12913 leader_election.cc:304] T ee21e5faf36a44919285a18648cfc45f P dfe4c81d382f4284a3f350e96aef3594 [CANDIDATE]: Term 1 pre-election: Election decided. Result: candidate lost. Election summary: received 3 responses out of 3 voters: 1 yes votes; 2 no votes. yes voters: dfe4c81d382f4284a3f350e96aef3594; no voters: ebc4365844d945569695c39e01aca1ad, f78496c3142e4555a888a07601ace627
I20260709 14:50:58.583611 13068 raft_consensus.cc:2749] T ee21e5faf36a44919285a18648cfc45f P dfe4c81d382f4284a3f350e96aef3594 [term 0 FOLLOWER]: Leader pre-election lost for term 1. Reason: could not achieve majority
I20260709 14:50:58.583882 13063 tablet_bootstrap.cc:654] T ce5fc5510e0c481ba89cbd10888716ce P f78496c3142e4555a888a07601ace627: Neither blocks nor log segments found. Creating new log.
I20260709 14:50:58.591322 13062 tablet_bootstrap.cc:492] T ce5fc5510e0c481ba89cbd10888716ce P dfe4c81d382f4284a3f350e96aef3594: No bootstrap required, opened a new log
I20260709 14:50:58.591854 13062 ts_tablet_manager.cc:1403] T ce5fc5510e0c481ba89cbd10888716ce P dfe4c81d382f4284a3f350e96aef3594: Time spent bootstrapping tablet: real 0.058s	user 0.012s	sys 0.027s
I20260709 14:50:58.594122 13062 raft_consensus.cc:359] T ce5fc5510e0c481ba89cbd10888716ce P dfe4c81d382f4284a3f350e96aef3594 [term 0 FOLLOWER]: Replica starting. Triggering 0 pending ops. Active config: opid_index: -1 OBSOLETE_local: false peers { permanent_uuid: "ebc4365844d945569695c39e01aca1ad" member_type: VOTER last_known_addr { host: "127.11.244.129" port: 43081 } } peers { permanent_uuid: "dfe4c81d382f4284a3f350e96aef3594" member_type: VOTER last_known_addr { host: "127.11.244.130" port: 35205 } } peers { permanent_uuid: "f78496c3142e4555a888a07601ace627" member_type: VOTER last_known_addr { host: "127.11.244.131" port: 41411 } }
I20260709 14:50:58.594758 13062 raft_consensus.cc:385] T ce5fc5510e0c481ba89cbd10888716ce P dfe4c81d382f4284a3f350e96aef3594 [term 0 FOLLOWER]: Consensus starting up: Expiring failure detector timer to make a prompt election more likely
I20260709 14:50:58.594969 13062 raft_consensus.cc:740] T ce5fc5510e0c481ba89cbd10888716ce P dfe4c81d382f4284a3f350e96aef3594 [term 0 FOLLOWER]: Becoming Follower/Learner. State: Replica: dfe4c81d382f4284a3f350e96aef3594, State: Initialized, Role: FOLLOWER
I20260709 14:50:58.595626 13062 consensus_queue.cc:260] T ce5fc5510e0c481ba89cbd10888716ce P dfe4c81d382f4284a3f350e96aef3594 [NON_LEADER]: Queue going to NON_LEADER mode. State: All replicated index: 0, Majority replicated index: 0, Committed index: 0, Last appended: 0.0, Last appended by leader: 0, Current term: 0, Majority size: -1, State: 0, Mode: NON_LEADER, active raft config: opid_index: -1 OBSOLETE_local: false peers { permanent_uuid: "ebc4365844d945569695c39e01aca1ad" member_type: VOTER last_known_addr { host: "127.11.244.129" port: 43081 } } peers { permanent_uuid: "dfe4c81d382f4284a3f350e96aef3594" member_type: VOTER last_known_addr { host: "127.11.244.130" port: 35205 } } peers { permanent_uuid: "f78496c3142e4555a888a07601ace627" member_type: VOTER last_known_addr { host: "127.11.244.131" port: 41411 } }
I20260709 14:50:58.597888 13062 ts_tablet_manager.cc:1434] T ce5fc5510e0c481ba89cbd10888716ce P dfe4c81d382f4284a3f350e96aef3594: Time spent starting tablet: real 0.006s	user 0.002s	sys 0.003s
I20260709 14:50:58.598786 13062 tablet_bootstrap.cc:492] T 5001a77848934bd2a049fc7278f7ccb4 P dfe4c81d382f4284a3f350e96aef3594: Bootstrap starting.
I20260709 14:50:58.599308 13061 tablet_bootstrap.cc:492] T ee21e5faf36a44919285a18648cfc45f P ebc4365844d945569695c39e01aca1ad: No bootstrap required, opened a new log
I20260709 14:50:58.600051 13061 ts_tablet_manager.cc:1403] T ee21e5faf36a44919285a18648cfc45f P ebc4365844d945569695c39e01aca1ad: Time spent bootstrapping tablet: real 0.037s	user 0.013s	sys 0.001s
I20260709 14:50:58.603925 13061 raft_consensus.cc:359] T ee21e5faf36a44919285a18648cfc45f P ebc4365844d945569695c39e01aca1ad [term 0 FOLLOWER]: Replica starting. Triggering 0 pending ops. Active config: opid_index: -1 OBSOLETE_local: false peers { permanent_uuid: "ebc4365844d945569695c39e01aca1ad" member_type: VOTER last_known_addr { host: "127.11.244.129" port: 43081 } } peers { permanent_uuid: "dfe4c81d382f4284a3f350e96aef3594" member_type: VOTER last_known_addr { host: "127.11.244.130" port: 35205 } } peers { permanent_uuid: "f78496c3142e4555a888a07601ace627" member_type: VOTER last_known_addr { host: "127.11.244.131" port: 41411 } }
I20260709 14:50:58.604960 13061 raft_consensus.cc:385] T ee21e5faf36a44919285a18648cfc45f P ebc4365844d945569695c39e01aca1ad [term 0 FOLLOWER]: Consensus starting up: Expiring failure detector timer to make a prompt election more likely
I20260709 14:50:58.605311 13062 tablet_bootstrap.cc:654] T 5001a77848934bd2a049fc7278f7ccb4 P dfe4c81d382f4284a3f350e96aef3594: Neither blocks nor log segments found. Creating new log.
I20260709 14:50:58.605351 13061 raft_consensus.cc:740] T ee21e5faf36a44919285a18648cfc45f P ebc4365844d945569695c39e01aca1ad [term 0 FOLLOWER]: Becoming Follower/Learner. State: Replica: ebc4365844d945569695c39e01aca1ad, State: Initialized, Role: FOLLOWER
I20260709 14:50:58.606493 13061 consensus_queue.cc:260] T ee21e5faf36a44919285a18648cfc45f P ebc4365844d945569695c39e01aca1ad [NON_LEADER]: Queue going to NON_LEADER mode. State: All replicated index: 0, Majority replicated index: 0, Committed index: 0, Last appended: 0.0, Last appended by leader: 0, Current term: 0, Majority size: -1, State: 0, Mode: NON_LEADER, active raft config: opid_index: -1 OBSOLETE_local: false peers { permanent_uuid: "ebc4365844d945569695c39e01aca1ad" member_type: VOTER last_known_addr { host: "127.11.244.129" port: 43081 } } peers { permanent_uuid: "dfe4c81d382f4284a3f350e96aef3594" member_type: VOTER last_known_addr { host: "127.11.244.130" port: 35205 } } peers { permanent_uuid: "f78496c3142e4555a888a07601ace627" member_type: VOTER last_known_addr { host: "127.11.244.131" port: 41411 } }
I20260709 14:50:58.611141 13061 ts_tablet_manager.cc:1434] T ee21e5faf36a44919285a18648cfc45f P ebc4365844d945569695c39e01aca1ad: Time spent starting tablet: real 0.011s	user 0.005s	sys 0.004s
I20260709 14:50:58.612490 13061 tablet_bootstrap.cc:492] T 5001a77848934bd2a049fc7278f7ccb4 P ebc4365844d945569695c39e01aca1ad: Bootstrap starting.
I20260709 14:50:58.615633 13063 tablet_bootstrap.cc:492] T ce5fc5510e0c481ba89cbd10888716ce P f78496c3142e4555a888a07601ace627: No bootstrap required, opened a new log
I20260709 14:50:58.616181 13063 ts_tablet_manager.cc:1403] T ce5fc5510e0c481ba89cbd10888716ce P f78496c3142e4555a888a07601ace627: Time spent bootstrapping tablet: real 0.042s	user 0.010s	sys 0.028s
I20260709 14:50:58.616847 13062 tablet_bootstrap.cc:492] T 5001a77848934bd2a049fc7278f7ccb4 P dfe4c81d382f4284a3f350e96aef3594: No bootstrap required, opened a new log
I20260709 14:50:58.617493 13062 ts_tablet_manager.cc:1403] T 5001a77848934bd2a049fc7278f7ccb4 P dfe4c81d382f4284a3f350e96aef3594: Time spent bootstrapping tablet: real 0.019s	user 0.010s	sys 0.008s
I20260709 14:50:58.619365 13063 raft_consensus.cc:359] T ce5fc5510e0c481ba89cbd10888716ce P f78496c3142e4555a888a07601ace627 [term 0 FOLLOWER]: Replica starting. Triggering 0 pending ops. Active config: opid_index: -1 OBSOLETE_local: false peers { permanent_uuid: "ebc4365844d945569695c39e01aca1ad" member_type: VOTER last_known_addr { host: "127.11.244.129" port: 43081 } } peers { permanent_uuid: "dfe4c81d382f4284a3f350e96aef3594" member_type: VOTER last_known_addr { host: "127.11.244.130" port: 35205 } } peers { permanent_uuid: "f78496c3142e4555a888a07601ace627" member_type: VOTER last_known_addr { host: "127.11.244.131" port: 41411 } }
I20260709 14:50:58.620185 13063 raft_consensus.cc:385] T ce5fc5510e0c481ba89cbd10888716ce P f78496c3142e4555a888a07601ace627 [term 0 FOLLOWER]: Consensus starting up: Expiring failure detector timer to make a prompt election more likely
I20260709 14:50:58.620514 13063 raft_consensus.cc:740] T ce5fc5510e0c481ba89cbd10888716ce P f78496c3142e4555a888a07601ace627 [term 0 FOLLOWER]: Becoming Follower/Learner. State: Replica: f78496c3142e4555a888a07601ace627, State: Initialized, Role: FOLLOWER
I20260709 14:50:58.620680 13061 tablet_bootstrap.cc:654] T 5001a77848934bd2a049fc7278f7ccb4 P ebc4365844d945569695c39e01aca1ad: Neither blocks nor log segments found. Creating new log.
I20260709 14:50:58.620576 13062 raft_consensus.cc:359] T 5001a77848934bd2a049fc7278f7ccb4 P dfe4c81d382f4284a3f350e96aef3594 [term 0 FOLLOWER]: Replica starting. Triggering 0 pending ops. Active config: opid_index: -1 OBSOLETE_local: false peers { permanent_uuid: "ebc4365844d945569695c39e01aca1ad" member_type: VOTER last_known_addr { host: "127.11.244.129" port: 43081 } } peers { permanent_uuid: "dfe4c81d382f4284a3f350e96aef3594" member_type: VOTER last_known_addr { host: "127.11.244.130" port: 35205 } } peers { permanent_uuid: "f78496c3142e4555a888a07601ace627" member_type: VOTER last_known_addr { host: "127.11.244.131" port: 41411 } }
I20260709 14:50:58.621507 13062 raft_consensus.cc:385] T 5001a77848934bd2a049fc7278f7ccb4 P dfe4c81d382f4284a3f350e96aef3594 [term 0 FOLLOWER]: Consensus starting up: Expiring failure detector timer to make a prompt election more likely
I20260709 14:50:58.621889 13062 raft_consensus.cc:740] T 5001a77848934bd2a049fc7278f7ccb4 P dfe4c81d382f4284a3f350e96aef3594 [term 0 FOLLOWER]: Becoming Follower/Learner. State: Replica: dfe4c81d382f4284a3f350e96aef3594, State: Initialized, Role: FOLLOWER
I20260709 14:50:58.621392 13063 consensus_queue.cc:260] T ce5fc5510e0c481ba89cbd10888716ce P f78496c3142e4555a888a07601ace627 [NON_LEADER]: Queue going to NON_LEADER mode. State: All replicated index: 0, Majority replicated index: 0, Committed index: 0, Last appended: 0.0, Last appended by leader: 0, Current term: 0, Majority size: -1, State: 0, Mode: NON_LEADER, active raft config: opid_index: -1 OBSOLETE_local: false peers { permanent_uuid: "ebc4365844d945569695c39e01aca1ad" member_type: VOTER last_known_addr { host: "127.11.244.129" port: 43081 } } peers { permanent_uuid: "dfe4c81d382f4284a3f350e96aef3594" member_type: VOTER last_known_addr { host: "127.11.244.130" port: 35205 } } peers { permanent_uuid: "f78496c3142e4555a888a07601ace627" member_type: VOTER last_known_addr { host: "127.11.244.131" port: 41411 } }
