I20260709 14:51:27.723752  1059 raft_consensus.cc:2468] T 79fbb3e32e7c4833bb40afcc6dde69d1 P 155a64eeaf974e49a62d7b3da543633a [term 2 FOLLOWER]: Leader election vote request: Granting yes vote for candidate 1dcba512228147a4b1a546401a1df68a in term 2.
I20260709 14:51:27.724901  1057 tablet_service.cc:2044] Received Run Leader Election RPC: tablet_id: "e9a15db2e078461a9dd5354d55f8e078"
dest_uuid: "155a64eeaf974e49a62d7b3da543633a"
 from {username='slave'} at 127.0.0.1:47982
I20260709 14:51:27.725176  1099 leader_election.cc:304] T 79fbb3e32e7c4833bb40afcc6dde69d1 P 1dcba512228147a4b1a546401a1df68a [CANDIDATE]: Term 2 election: Election decided. Result: candidate won. Election summary: received 2 responses out of 3 voters: 2 yes votes; 0 no votes. yes voters: 155a64eeaf974e49a62d7b3da543633a, 1dcba512228147a4b1a546401a1df68a; no voters: 
I20260709 14:51:27.725417  1057 raft_consensus.cc:493] T e9a15db2e078461a9dd5354d55f8e078 P 155a64eeaf974e49a62d7b3da543633a [term 1 FOLLOWER]: Starting forced leader election (received explicit request)
I20260709 14:51:27.725775  1057 raft_consensus.cc:3060] T e9a15db2e078461a9dd5354d55f8e078 P 155a64eeaf974e49a62d7b3da543633a [term 1 FOLLOWER]: Advancing to term 2
I20260709 14:51:27.726020  1326 raft_consensus.cc:2804] T 79fbb3e32e7c4833bb40afcc6dde69d1 P 1dcba512228147a4b1a546401a1df68a [term 2 FOLLOWER]: Leader election won for term 2
I20260709 14:51:27.726460  1326 raft_consensus.cc:697] T 79fbb3e32e7c4833bb40afcc6dde69d1 P 1dcba512228147a4b1a546401a1df68a [term 2 LEADER]: Becoming Leader. State: Replica: 1dcba512228147a4b1a546401a1df68a, State: Running, Role: LEADER
I20260709 14:51:27.727221  1326 consensus_queue.cc:237] T 79fbb3e32e7c4833bb40afcc6dde69d1 P 1dcba512228147a4b1a546401a1df68a [LEADER]: Queue going to LEADER mode. State: All replicated index: 0, Majority replicated index: 1, Committed index: 1, Last appended: 1.1, Last appended by leader: 1, Current term: 2, Majority size: 2, State: 0, Mode: LEADER, active raft config: opid_index: -1 OBSOLETE_local: false peers { permanent_uuid: "155a64eeaf974e49a62d7b3da543633a" member_type: VOTER last_known_addr { host: "127.0.107.193" port: 33957 } } peers { permanent_uuid: "1dcba512228147a4b1a546401a1df68a" member_type: VOTER last_known_addr { host: "127.0.107.194" port: 43815 } } peers { permanent_uuid: "0cbf05f950ef4a48a2368f7c0c89f810" member_type: VOTER last_known_addr { host: "127.0.107.195" port: 41267 } }
I20260709 14:51:27.733520  1208 raft_consensus.cc:2468] T 79fbb3e32e7c4833bb40afcc6dde69d1 P 0cbf05f950ef4a48a2368f7c0c89f810 [term 2 FOLLOWER]: Leader election vote request: Granting yes vote for candidate 1dcba512228147a4b1a546401a1df68a in term 2.
I20260709 14:51:27.733532   955 catalog_manager.cc:5697] T 79fbb3e32e7c4833bb40afcc6dde69d1 P 1dcba512228147a4b1a546401a1df68a reported cstate change: term changed from 1 to 2, leader changed from 0cbf05f950ef4a48a2368f7c0c89f810 (127.0.107.195) to 1dcba512228147a4b1a546401a1df68a (127.0.107.194). New cstate: current_term: 2 leader_uuid: "1dcba512228147a4b1a546401a1df68a" committed_config { opid_index: -1 OBSOLETE_local: false peers { permanent_uuid: "155a64eeaf974e49a62d7b3da543633a" member_type: VOTER last_known_addr { host: "127.0.107.193" port: 33957 } health_report { overall_health: UNKNOWN } } peers { permanent_uuid: "1dcba512228147a4b1a546401a1df68a" member_type: VOTER last_known_addr { host: "127.0.107.194" port: 43815 } health_report { overall_health: HEALTHY } } peers { permanent_uuid: "0cbf05f950ef4a48a2368f7c0c89f810" member_type: VOTER last_known_addr { host: "127.0.107.195" port: 41267 } health_report { overall_health: UNKNOWN } } }
I20260709 14:51:27.735314  1057 raft_consensus.cc:515] T e9a15db2e078461a9dd5354d55f8e078 P 155a64eeaf974e49a62d7b3da543633a [term 2 FOLLOWER]: Starting forced leader election with config: opid_index: -1 OBSOLETE_local: false peers { permanent_uuid: "155a64eeaf974e49a62d7b3da543633a" member_type: VOTER last_known_addr { host: "127.0.107.193" port: 33957 } } peers { permanent_uuid: "1dcba512228147a4b1a546401a1df68a" member_type: VOTER last_known_addr { host: "127.0.107.194" port: 43815 } } peers { permanent_uuid: "0cbf05f950ef4a48a2368f7c0c89f810" member_type: VOTER last_known_addr { host: "127.0.107.195" port: 41267 } }
I20260709 14:51:27.737016  1057 leader_election.cc:290] T e9a15db2e078461a9dd5354d55f8e078 P 155a64eeaf974e49a62d7b3da543633a [CANDIDATE]: Term 2 election: Requested vote from peers 1dcba512228147a4b1a546401a1df68a (127.0.107.194:43815), 0cbf05f950ef4a48a2368f7c0c89f810 (127.0.107.195:41267)
I20260709 14:51:27.737527  1133 tablet_service.cc:1917] Received RequestConsensusVote() RPC: tablet_id: "e9a15db2e078461a9dd5354d55f8e078" candidate_uuid: "155a64eeaf974e49a62d7b3da543633a" candidate_term: 2 candidate_status { last_received { term: 1 index: 1 } } ignore_live_leader: true dest_uuid: "1dcba512228147a4b1a546401a1df68a"
I20260709 14:51:27.738062  1133 raft_consensus.cc:3060] T e9a15db2e078461a9dd5354d55f8e078 P 1dcba512228147a4b1a546401a1df68a [term 1 FOLLOWER]: Advancing to term 2
I20260709 14:51:27.738045  1208 tablet_service.cc:1917] Received RequestConsensusVote() RPC: tablet_id: "e9a15db2e078461a9dd5354d55f8e078" candidate_uuid: "155a64eeaf974e49a62d7b3da543633a" candidate_term: 2 candidate_status { last_received { term: 1 index: 1 } } ignore_live_leader: true dest_uuid: "0cbf05f950ef4a48a2368f7c0c89f810"
I20260709 14:51:27.738690  1208 raft_consensus.cc:3055] T e9a15db2e078461a9dd5354d55f8e078 P 0cbf05f950ef4a48a2368f7c0c89f810 [term 1 LEADER]: Stepping down as leader of term 1
I20260709 14:51:27.738996  1208 raft_consensus.cc:740] T e9a15db2e078461a9dd5354d55f8e078 P 0cbf05f950ef4a48a2368f7c0c89f810 [term 1 LEADER]: Becoming Follower/Learner. State: Replica: 0cbf05f950ef4a48a2368f7c0c89f810, State: Running, Role: LEADER
I20260709 14:51:27.739823  1208 consensus_queue.cc:260] T e9a15db2e078461a9dd5354d55f8e078 P 0cbf05f950ef4a48a2368f7c0c89f810 [NON_LEADER]: Queue going to NON_LEADER mode. State: All replicated index: 0, Majority replicated index: 1, Committed index: 1, Last appended: 1.1, Last appended by leader: 1, Current term: 1, Majority size: -1, State: 0, Mode: NON_LEADER, active raft config: opid_index: -1 OBSOLETE_local: false peers { permanent_uuid: "155a64eeaf974e49a62d7b3da543633a" member_type: VOTER last_known_addr { host: "127.0.107.193" port: 33957 } } peers { permanent_uuid: "1dcba512228147a4b1a546401a1df68a" member_type: VOTER last_known_addr { host: "127.0.107.194" port: 43815 } } peers { permanent_uuid: "0cbf05f950ef4a48a2368f7c0c89f810" member_type: VOTER last_known_addr { host: "127.0.107.195" port: 41267 } }
I20260709 14:51:27.741065  1208 raft_consensus.cc:3060] T e9a15db2e078461a9dd5354d55f8e078 P 0cbf05f950ef4a48a2368f7c0c89f810 [term 1 FOLLOWER]: Advancing to term 2
I20260709 14:51:27.747000  1208 raft_consensus.cc:2468] T e9a15db2e078461a9dd5354d55f8e078 P 0cbf05f950ef4a48a2368f7c0c89f810 [term 2 FOLLOWER]: Leader election vote request: Granting yes vote for candidate 155a64eeaf974e49a62d7b3da543633a in term 2.
I20260709 14:51:27.746997  1133 raft_consensus.cc:2468] T e9a15db2e078461a9dd5354d55f8e078 P 1dcba512228147a4b1a546401a1df68a [term 2 FOLLOWER]: Leader election vote request: Granting yes vote for candidate 155a64eeaf974e49a62d7b3da543633a in term 2.
I20260709 14:51:27.748103  1023 leader_election.cc:304] T e9a15db2e078461a9dd5354d55f8e078 P 155a64eeaf974e49a62d7b3da543633a [CANDIDATE]: Term 2 election: Election decided. Result: candidate won. Election summary: received 2 responses out of 3 voters: 2 yes votes; 0 no votes. yes voters: 0cbf05f950ef4a48a2368f7c0c89f810, 155a64eeaf974e49a62d7b3da543633a; no voters: 
I20260709 14:51:27.748696  1290 raft_consensus.cc:2804] T e9a15db2e078461a9dd5354d55f8e078 P 155a64eeaf974e49a62d7b3da543633a [term 2 FOLLOWER]: Leader election won for term 2
I20260709 14:51:27.749140  1290 raft_consensus.cc:697] T e9a15db2e078461a9dd5354d55f8e078 P 155a64eeaf974e49a62d7b3da543633a [term 2 LEADER]: Becoming Leader. State: Replica: 155a64eeaf974e49a62d7b3da543633a, State: Running, Role: LEADER
I20260709 14:51:27.749887  1290 consensus_queue.cc:237] T e9a15db2e078461a9dd5354d55f8e078 P 155a64eeaf974e49a62d7b3da543633a [LEADER]: Queue going to LEADER mode. State: All replicated index: 0, Majority replicated index: 1, Committed index: 1, Last appended: 1.1, Last appended by leader: 1, Current term: 2, Majority size: 2, State: 0, Mode: LEADER, active raft config: opid_index: -1 OBSOLETE_local: false peers { permanent_uuid: "155a64eeaf974e49a62d7b3da543633a" member_type: VOTER last_known_addr { host: "127.0.107.193" port: 33957 } } peers { permanent_uuid: "1dcba512228147a4b1a546401a1df68a" member_type: VOTER last_known_addr { host: "127.0.107.194" port: 43815 } } peers { permanent_uuid: "0cbf05f950ef4a48a2368f7c0c89f810" member_type: VOTER last_known_addr { host: "127.0.107.195" port: 41267 } }
I20260709 14:51:27.755473   955 catalog_manager.cc:5697] T e9a15db2e078461a9dd5354d55f8e078 P 155a64eeaf974e49a62d7b3da543633a reported cstate change: term changed from 1 to 2, leader changed from 0cbf05f950ef4a48a2368f7c0c89f810 (127.0.107.195) to 155a64eeaf974e49a62d7b3da543633a (127.0.107.193). New cstate: current_term: 2 leader_uuid: "155a64eeaf974e49a62d7b3da543633a" committed_config { opid_index: -1 OBSOLETE_local: false peers { permanent_uuid: "155a64eeaf974e49a62d7b3da543633a" member_type: VOTER last_known_addr { host: "127.0.107.193" port: 33957 } health_report { overall_health: HEALTHY } } peers { permanent_uuid: "1dcba512228147a4b1a546401a1df68a" member_type: VOTER last_known_addr { host: "127.0.107.194" port: 43815 } health_report { overall_health: UNKNOWN } } peers { permanent_uuid: "0cbf05f950ef4a48a2368f7c0c89f810" member_type: VOTER last_known_addr { host: "127.0.107.195" port: 41267 } health_report { overall_health: UNKNOWN } } }
I20260709 14:51:27.873781  1057 raft_consensus.cc:1275] T c6159db802144c6ab5b2002454adb8db P 155a64eeaf974e49a62d7b3da543633a [term 2 FOLLOWER]: Refusing update from remote peer 1dcba512228147a4b1a546401a1df68a: Log matching property violated. Preceding OpId in replica: term: 1 index: 1. Preceding OpId from leader: term: 2 index: 2. (index mismatch)
I20260709 14:51:27.875046  1326 consensus_queue.cc:1048] T c6159db802144c6ab5b2002454adb8db P 1dcba512228147a4b1a546401a1df68a [LEADER]: Connected to new peer: Peer: permanent_uuid: "155a64eeaf974e49a62d7b3da543633a" member_type: VOTER last_known_addr { host: "127.0.107.193" port: 33957 }, Status: LMP_MISMATCH, Last received: 0.0, Next index: 2, Last known committed idx: 1, Time since last communication: 0.000s
I20260709 14:51:27.882874  1059 raft_consensus.cc:3060] T d734b5ab00bb468889d255615a35d69f P 155a64eeaf974e49a62d7b3da543633a [term 1 FOLLOWER]: Advancing to term 2
I20260709 14:51:27.882866  1208 raft_consensus.cc:1275] T c6159db802144c6ab5b2002454adb8db P 0cbf05f950ef4a48a2368f7c0c89f810 [term 2 FOLLOWER]: Refusing update from remote peer 1dcba512228147a4b1a546401a1df68a: Log matching property violated. Preceding OpId in replica: term: 1 index: 1. Preceding OpId from leader: term: 2 index: 2. (index mismatch)
I20260709 14:51:27.884783  1291 consensus_queue.cc:1048] T c6159db802144c6ab5b2002454adb8db P 1dcba512228147a4b1a546401a1df68a [LEADER]: Connected to new peer: Peer: permanent_uuid: "0cbf05f950ef4a48a2368f7c0c89f810" member_type: VOTER last_known_addr { host: "127.0.107.195" port: 41267 }, Status: LMP_MISMATCH, Last received: 0.0, Next index: 2, Last known committed idx: 1, Time since last communication: 0.000s
I20260709 14:51:27.891705  1059 raft_consensus.cc:1275] T d734b5ab00bb468889d255615a35d69f P 155a64eeaf974e49a62d7b3da543633a [term 2 FOLLOWER]: Refusing update from remote peer 1dcba512228147a4b1a546401a1df68a: Log matching property violated. Preceding OpId in replica: term: 1 index: 1. Preceding OpId from leader: term: 2 index: 2. (index mismatch)
I20260709 14:51:27.892997  1291 consensus_queue.cc:1048] T d734b5ab00bb468889d255615a35d69f P 1dcba512228147a4b1a546401a1df68a [LEADER]: Connected to new peer: Peer: permanent_uuid: "155a64eeaf974e49a62d7b3da543633a" member_type: VOTER last_known_addr { host: "127.0.107.193" port: 33957 }, Status: LMP_MISMATCH, Last received: 0.0, Next index: 2, Last known committed idx: 1, Time since last communication: 0.000s
I20260709 14:51:27.900816  1208 raft_consensus.cc:1275] T d734b5ab00bb468889d255615a35d69f P 0cbf05f950ef4a48a2368f7c0c89f810 [term 2 FOLLOWER]: Refusing update from remote peer 1dcba512228147a4b1a546401a1df68a: Log matching property violated. Preceding OpId in replica: term: 1 index: 1. Preceding OpId from leader: term: 2 index: 2. (index mismatch)
I20260709 14:51:27.902074  1291 consensus_queue.cc:1048] T d734b5ab00bb468889d255615a35d69f P 1dcba512228147a4b1a546401a1df68a [LEADER]: Connected to new peer: Peer: permanent_uuid: "0cbf05f950ef4a48a2368f7c0c89f810" member_type: VOTER last_known_addr { host: "127.0.107.195" port: 41267 }, Status: LMP_MISMATCH, Last received: 0.0, Next index: 2, Last known committed idx: 1, Time since last communication: 0.000s
I20260709 14:51:27.952551  1208 raft_consensus.cc:1275] T 5760d4aebf4747e1a0b2309bceac4526 P 0cbf05f950ef4a48a2368f7c0c89f810 [term 2 FOLLOWER]: Refusing update from remote peer 155a64eeaf974e49a62d7b3da543633a: Log matching property violated. Preceding OpId in replica: term: 0 index: 0. Preceding OpId from leader: term: 2 index: 2. (index mismatch)
I20260709 14:51:27.953583  1290 consensus_queue.cc:1048] T 5760d4aebf4747e1a0b2309bceac4526 P 155a64eeaf974e49a62d7b3da543633a [LEADER]: Connected to new peer: Peer: permanent_uuid: "0cbf05f950ef4a48a2368f7c0c89f810" member_type: VOTER last_known_addr { host: "127.0.107.195" port: 41267 }, Status: LMP_MISMATCH, Last received: 0.0, Next index: 2, Last known committed idx: 0, Time since last communication: 0.000s
I20260709 14:51:27.963133  1133 raft_consensus.cc:1275] T 5760d4aebf4747e1a0b2309bceac4526 P 1dcba512228147a4b1a546401a1df68a [term 2 FOLLOWER]: Refusing update from remote peer 155a64eeaf974e49a62d7b3da543633a: Log matching property violated. Preceding OpId in replica: term: 1 index: 1. Preceding OpId from leader: term: 2 index: 2. (index mismatch)
I20260709 14:51:27.964432  1290 consensus_queue.cc:1048] T 5760d4aebf4747e1a0b2309bceac4526 P 155a64eeaf974e49a62d7b3da543633a [LEADER]: Connected to new peer: Peer: permanent_uuid: "1dcba512228147a4b1a546401a1df68a" member_type: VOTER last_known_addr { host: "127.0.107.194" port: 43815 }, Status: LMP_MISMATCH, Last received: 0.0, Next index: 2, Last known committed idx: 1, Time since last communication: 0.000s
I20260709 14:51:28.002175  1059 raft_consensus.cc:1275] T ff323afb0d2e4c1d9d5f93e48ae91a3b P 155a64eeaf974e49a62d7b3da543633a [term 2 FOLLOWER]: Refusing update from remote peer 1dcba512228147a4b1a546401a1df68a: Log matching property violated. Preceding OpId in replica: term: 1 index: 1. Preceding OpId from leader: term: 2 index: 2. (index mismatch)
I20260709 14:51:28.003243  1291 consensus_queue.cc:1048] T ff323afb0d2e4c1d9d5f93e48ae91a3b P 1dcba512228147a4b1a546401a1df68a [LEADER]: Connected to new peer: Peer: permanent_uuid: "155a64eeaf974e49a62d7b3da543633a" member_type: VOTER last_known_addr { host: "127.0.107.193" port: 33957 }, Status: LMP_MISMATCH, Last received: 0.0, Next index: 2, Last known committed idx: 1, Time since last communication: 0.000s
I20260709 14:51:28.009821  1208 raft_consensus.cc:1275] T ff323afb0d2e4c1d9d5f93e48ae91a3b P 0cbf05f950ef4a48a2368f7c0c89f810 [term 2 FOLLOWER]: Refusing update from remote peer 1dcba512228147a4b1a546401a1df68a: Log matching property violated. Preceding OpId in replica: term: 1 index: 1. Preceding OpId from leader: term: 2 index: 2. (index mismatch)
I20260709 14:51:28.011286  1325 consensus_queue.cc:1048] T ff323afb0d2e4c1d9d5f93e48ae91a3b P 1dcba512228147a4b1a546401a1df68a [LEADER]: Connected to new peer: Peer: permanent_uuid: "0cbf05f950ef4a48a2368f7c0c89f810" member_type: VOTER last_known_addr { host: "127.0.107.195" port: 41267 }, Status: LMP_MISMATCH, Last received: 0.0, Next index: 2, Last known committed idx: 1, Time since last communication: 0.000s
I20260709 14:51:28.012303  1208 raft_consensus.cc:1275] T 36f6fa6e47ea446fa17e1e041e4bd077 P 0cbf05f950ef4a48a2368f7c0c89f810 [term 2 FOLLOWER]: Refusing update from remote peer 155a64eeaf974e49a62d7b3da543633a: Log matching property violated. Preceding OpId in replica: term: 1 index: 1. Preceding OpId from leader: term: 2 index: 2. (index mismatch)
I20260709 14:51:28.013765  1290 consensus_queue.cc:1048] T 36f6fa6e47ea446fa17e1e041e4bd077 P 155a64eeaf974e49a62d7b3da543633a [LEADER]: Connected to new peer: Peer: permanent_uuid: "0cbf05f950ef4a48a2368f7c0c89f810" member_type: VOTER last_known_addr { host: "127.0.107.195" port: 41267 }, Status: LMP_MISMATCH, Last received: 0.0, Next index: 2, Last known committed idx: 1, Time since last communication: 0.000s
I20260709 14:51:28.022442  1133 raft_consensus.cc:1275] T 36f6fa6e47ea446fa17e1e041e4bd077 P 1dcba512228147a4b1a546401a1df68a [term 2 FOLLOWER]: Refusing update from remote peer 155a64eeaf974e49a62d7b3da543633a: Log matching property violated. Preceding OpId in replica: term: 1 index: 1. Preceding OpId from leader: term: 2 index: 2. (index mismatch)
I20260709 14:51:28.024020  1288 consensus_queue.cc:1048] T 36f6fa6e47ea446fa17e1e041e4bd077 P 155a64eeaf974e49a62d7b3da543633a [LEADER]: Connected to new peer: Peer: permanent_uuid: "1dcba512228147a4b1a546401a1df68a" member_type: VOTER last_known_addr { host: "127.0.107.194" port: 43815 }, Status: LMP_MISMATCH, Last received: 0.0, Next index: 2, Last known committed idx: 1, Time since last communication: 0.000s
I20260709 14:51:28.080619  1059 raft_consensus.cc:1275] T c10ee56979574bc4b8b9086a9500cb51 P 155a64eeaf974e49a62d7b3da543633a [term 2 FOLLOWER]: Refusing update from remote peer 0cbf05f950ef4a48a2368f7c0c89f810: Log matching property violated. Preceding OpId in replica: term: 1 index: 1. Preceding OpId from leader: term: 2 index: 2. (index mismatch)
I20260709 14:51:28.081724  1276 consensus_queue.cc:1048] T c10ee56979574bc4b8b9086a9500cb51 P 0cbf05f950ef4a48a2368f7c0c89f810 [LEADER]: Connected to new peer: Peer: permanent_uuid: "155a64eeaf974e49a62d7b3da543633a" member_type: VOTER last_known_addr { host: "127.0.107.193" port: 33957 }, Status: LMP_MISMATCH, Last received: 0.0, Next index: 2, Last known committed idx: 1, Time since last communication: 0.000s
I20260709 14:51:28.088748  1133 raft_consensus.cc:1275] T c10ee56979574bc4b8b9086a9500cb51 P 1dcba512228147a4b1a546401a1df68a [term 2 FOLLOWER]: Refusing update from remote peer 0cbf05f950ef4a48a2368f7c0c89f810: Log matching property violated. Preceding OpId in replica: term: 1 index: 1. Preceding OpId from leader: term: 2 index: 2. (index mismatch)
I20260709 14:51:28.090745  1275 consensus_queue.cc:1048] T c10ee56979574bc4b8b9086a9500cb51 P 0cbf05f950ef4a48a2368f7c0c89f810 [LEADER]: Connected to new peer: Peer: permanent_uuid: "1dcba512228147a4b1a546401a1df68a" member_type: VOTER last_known_addr { host: "127.0.107.194" port: 43815 }, Status: LMP_MISMATCH, Last received: 0.0, Next index: 2, Last known committed idx: 1, Time since last communication: 0.000s
I20260709 14:51:28.222011  1208 raft_consensus.cc:1275] T e9a15db2e078461a9dd5354d55f8e078 P 0cbf05f950ef4a48a2368f7c0c89f810 [term 2 FOLLOWER]: Refusing update from remote peer 155a64eeaf974e49a62d7b3da543633a: Log matching property violated. Preceding OpId in replica: term: 1 index: 1. Preceding OpId from leader: term: 2 index: 2. (index mismatch)
I20260709 14:51:28.223099  1288 consensus_queue.cc:1048] T e9a15db2e078461a9dd5354d55f8e078 P 155a64eeaf974e49a62d7b3da543633a [LEADER]: Connected to new peer: Peer: permanent_uuid: "0cbf05f950ef4a48a2368f7c0c89f810" member_type: VOTER last_known_addr { host: "127.0.107.195" port: 41267 }, Status: LMP_MISMATCH, Last received: 0.0, Next index: 2, Last known committed idx: 1, Time since last communication: 0.000s
I20260709 14:51:28.230950  1059 raft_consensus.cc:1275] T 79fbb3e32e7c4833bb40afcc6dde69d1 P 155a64eeaf974e49a62d7b3da543633a [term 2 FOLLOWER]: Refusing update from remote peer 1dcba512228147a4b1a546401a1df68a: Log matching property violated. Preceding OpId in replica: term: 1 index: 1. Preceding OpId from leader: term: 2 index: 2. (index mismatch)
I20260709 14:51:28.232008  1133 raft_consensus.cc:1275] T e9a15db2e078461a9dd5354d55f8e078 P 1dcba512228147a4b1a546401a1df68a [term 2 FOLLOWER]: Refusing update from remote peer 155a64eeaf974e49a62d7b3da543633a: Log matching property violated. Preceding OpId in replica: term: 1 index: 1. Preceding OpId from leader: term: 2 index: 2. (index mismatch)
I20260709 14:51:28.232355  1325 consensus_queue.cc:1048] T 79fbb3e32e7c4833bb40afcc6dde69d1 P 1dcba512228147a4b1a546401a1df68a [LEADER]: Connected to new peer: Peer: permanent_uuid: "155a64eeaf974e49a62d7b3da543633a" member_type: VOTER last_known_addr { host: "127.0.107.193" port: 33957 }, Status: LMP_MISMATCH, Last received: 0.0, Next index: 2, Last known committed idx: 1, Time since last communication: 0.000s
I20260709 14:51:28.233443  1294 consensus_queue.cc:1048] T e9a15db2e078461a9dd5354d55f8e078 P 155a64eeaf974e49a62d7b3da543633a [LEADER]: Connected to new peer: Peer: permanent_uuid: "1dcba512228147a4b1a546401a1df68a" member_type: VOTER last_known_addr { host: "127.0.107.194" port: 43815 }, Status: LMP_MISMATCH, Last received: 0.0, Next index: 2, Last known committed idx: 1, Time since last communication: 0.000s
I20260709 14:51:28.243037  1208 raft_consensus.cc:1275] T 79fbb3e32e7c4833bb40afcc6dde69d1 P 0cbf05f950ef4a48a2368f7c0c89f810 [term 2 FOLLOWER]: Refusing update from remote peer 1dcba512228147a4b1a546401a1df68a: Log matching property violated. Preceding OpId in replica: term: 1 index: 1. Preceding OpId from leader: term: 2 index: 2. (index mismatch)
I20260709 14:51:28.244170  1255 consensus_queue.cc:1048] T 79fbb3e32e7c4833bb40afcc6dde69d1 P 1dcba512228147a4b1a546401a1df68a [LEADER]: Connected to new peer: Peer: permanent_uuid: "0cbf05f950ef4a48a2368f7c0c89f810" member_type: VOTER last_known_addr { host: "127.0.107.195" port: 41267 }, Status: LMP_MISMATCH, Last received: 0.0, Next index: 2, Last known committed idx: 1, Time since last communication: 0.000s
I20260709 14:51:30.329378   431 auto_leader_rebalancer-test.cc:410] The leader distribution is 
I20260709 14:51:30.330145   431 auto_leader_rebalancer.cc:141] leader rebalance for table test-workload
I20260709 14:51:30.344960  1059 tablet_service.cc:2072] Received LeaderStepDown RPC: tablet_id: "b78bb331bc734dac8f8ea952995e5cc8"
dest_uuid: "155a64eeaf974e49a62d7b3da543633a"
mode: GRACEFUL
new_leader_uuid: "0cbf05f950ef4a48a2368f7c0c89f810"
 from {username='slave'} at 127.0.0.1:47994
I20260709 14:51:30.345431  1059 raft_consensus.cc:606] T b78bb331bc734dac8f8ea952995e5cc8 P 155a64eeaf974e49a62d7b3da543633a [term 1 LEADER]: Received request to transfer leadership to TS 0cbf05f950ef4a48a2368f7c0c89f810
I20260709 14:51:30.347529  1059 tablet_service.cc:2072] Received LeaderStepDown RPC: tablet_id: "e9a15db2e078461a9dd5354d55f8e078"
dest_uuid: "155a64eeaf974e49a62d7b3da543633a"
mode: GRACEFUL
new_leader_uuid: "0cbf05f950ef4a48a2368f7c0c89f810"
 from {username='slave'} at 127.0.0.1:47994
I20260709 14:51:30.348059  1059 raft_consensus.cc:606] T e9a15db2e078461a9dd5354d55f8e078 P 155a64eeaf974e49a62d7b3da543633a [term 2 LEADER]: Received request to transfer leadership to TS 0cbf05f950ef4a48a2368f7c0c89f810
I20260709 14:51:30.349004   431 auto_leader_rebalancer.cc:452] table: test-workload, leader rebalance finish, leader transfer count: 2
I20260709 14:51:30.349387   431 auto_leader_rebalancer.cc:527] All tables' leader rebalancing finished this round
I20260709 14:51:30.654842  1296 raft_consensus.cc:993] T b78bb331bc734dac8f8ea952995e5cc8 P 155a64eeaf974e49a62d7b3da543633a: : Instructing follower 0cbf05f950ef4a48a2368f7c0c89f810 to start an election
I20260709 14:51:30.655210  1343 raft_consensus.cc:1081] T b78bb331bc734dac8f8ea952995e5cc8 P 155a64eeaf974e49a62d7b3da543633a [term 1 LEADER]: Signalling peer 0cbf05f950ef4a48a2368f7c0c89f810 to start an election
I20260709 14:51:30.656454  1208 tablet_service.cc:2044] Received Run Leader Election RPC: tablet_id: "b78bb331bc734dac8f8ea952995e5cc8"
dest_uuid: "0cbf05f950ef4a48a2368f7c0c89f810"
 from {username='slave'} at 127.0.0.1:52236
I20260709 14:51:30.656828  1208 raft_consensus.cc:493] T b78bb331bc734dac8f8ea952995e5cc8 P 0cbf05f950ef4a48a2368f7c0c89f810 [term 1 FOLLOWER]: Starting forced leader election (received explicit request)
I20260709 14:51:30.657039  1208 raft_consensus.cc:3060] T b78bb331bc734dac8f8ea952995e5cc8 P 0cbf05f950ef4a48a2368f7c0c89f810 [term 1 FOLLOWER]: Advancing to term 2
I20260709 14:51:30.660686  1208 raft_consensus.cc:515] T b78bb331bc734dac8f8ea952995e5cc8 P 0cbf05f950ef4a48a2368f7c0c89f810 [term 2 FOLLOWER]: Starting forced leader election with config: opid_index: -1 OBSOLETE_local: false peers { permanent_uuid: "0cbf05f950ef4a48a2368f7c0c89f810" member_type: VOTER last_known_addr { host: "127.0.107.195" port: 41267 } } peers { permanent_uuid: "1dcba512228147a4b1a546401a1df68a" member_type: VOTER last_known_addr { host: "127.0.107.194" port: 43815 } } peers { permanent_uuid: "155a64eeaf974e49a62d7b3da543633a" member_type: VOTER last_known_addr { host: "127.0.107.193" port: 33957 } }
I20260709 14:51:30.661881  1208 leader_election.cc:290] T b78bb331bc734dac8f8ea952995e5cc8 P 0cbf05f950ef4a48a2368f7c0c89f810 [CANDIDATE]: Term 2 election: Requested vote from peers 1dcba512228147a4b1a546401a1df68a (127.0.107.194:43815), 155a64eeaf974e49a62d7b3da543633a (127.0.107.193:33957)
I20260709 14:51:30.662576  1134 tablet_service.cc:1917] Received RequestConsensusVote() RPC: tablet_id: "b78bb331bc734dac8f8ea952995e5cc8" candidate_uuid: "0cbf05f950ef4a48a2368f7c0c89f810" candidate_term: 2 candidate_status { last_received { term: 1 index: 1 } } ignore_live_leader: true dest_uuid: "1dcba512228147a4b1a546401a1df68a"
I20260709 14:51:30.662855  1059 tablet_service.cc:1917] Received RequestConsensusVote() RPC: tablet_id: "b78bb331bc734dac8f8ea952995e5cc8" candidate_uuid: "0cbf05f950ef4a48a2368f7c0c89f810" candidate_term: 2 candidate_status { last_received { term: 1 index: 1 } } ignore_live_leader: true dest_uuid: "155a64eeaf974e49a62d7b3da543633a"
I20260709 14:51:30.663022  1134 raft_consensus.cc:3060] T b78bb331bc734dac8f8ea952995e5cc8 P 1dcba512228147a4b1a546401a1df68a [term 1 FOLLOWER]: Advancing to term 2
I20260709 14:51:30.663328  1059 raft_consensus.cc:3055] T b78bb331bc734dac8f8ea952995e5cc8 P 155a64eeaf974e49a62d7b3da543633a [term 1 LEADER]: Stepping down as leader of term 1
I20260709 14:51:30.663583  1059 raft_consensus.cc:740] T b78bb331bc734dac8f8ea952995e5cc8 P 155a64eeaf974e49a62d7b3da543633a [term 1 LEADER]: Becoming Follower/Learner. State: Replica: 155a64eeaf974e49a62d7b3da543633a, State: Running, Role: LEADER
I20260709 14:51:30.664139  1059 consensus_queue.cc:260] T b78bb331bc734dac8f8ea952995e5cc8 P 155a64eeaf974e49a62d7b3da543633a [NON_LEADER]: Queue going to NON_LEADER mode. State: All replicated index: 0, Majority replicated index: 1, Committed index: 1, Last appended: 1.1, Last appended by leader: 1, Current term: 1, Majority size: -1, State: 0, Mode: NON_LEADER, active raft config: opid_index: -1 OBSOLETE_local: false peers { permanent_uuid: "0cbf05f950ef4a48a2368f7c0c89f810" member_type: VOTER last_known_addr { host: "127.0.107.195" port: 41267 } } peers { permanent_uuid: "1dcba512228147a4b1a546401a1df68a" member_type: VOTER last_known_addr { host: "127.0.107.194" port: 43815 } } peers { permanent_uuid: "155a64eeaf974e49a62d7b3da543633a" member_type: VOTER last_known_addr { host: "127.0.107.193" port: 33957 } }
I20260709 14:51:30.664933  1059 raft_consensus.cc:3060] T b78bb331bc734dac8f8ea952995e5cc8 P 155a64eeaf974e49a62d7b3da543633a [term 1 FOLLOWER]: Advancing to term 2
I20260709 14:51:30.667843  1134 raft_consensus.cc:2468] T b78bb331bc734dac8f8ea952995e5cc8 P 1dcba512228147a4b1a546401a1df68a [term 2 FOLLOWER]: Leader election vote request: Granting yes vote for candidate 0cbf05f950ef4a48a2368f7c0c89f810 in term 2.
I20260709 14:51:30.668902  1173 leader_election.cc:304] T b78bb331bc734dac8f8ea952995e5cc8 P 0cbf05f950ef4a48a2368f7c0c89f810 [CANDIDATE]: Term 2 election: Election decided. Result: candidate won. Election summary: received 2 responses out of 3 voters: 2 yes votes; 0 no votes. yes voters: 0cbf05f950ef4a48a2368f7c0c89f810, 1dcba512228147a4b1a546401a1df68a; no voters: 
I20260709 14:51:30.669302  1059 raft_consensus.cc:2468] T b78bb331bc734dac8f8ea952995e5cc8 P 155a64eeaf974e49a62d7b3da543633a [term 2 FOLLOWER]: Leader election vote request: Granting yes vote for candidate 0cbf05f950ef4a48a2368f7c0c89f810 in term 2.
I20260709 14:51:30.669602  1342 raft_consensus.cc:2804] T b78bb331bc734dac8f8ea952995e5cc8 P 0cbf05f950ef4a48a2368f7c0c89f810 [term 2 FOLLOWER]: Leader election won for term 2
I20260709 14:51:30.670674  1342 raft_consensus.cc:697] T b78bb331bc734dac8f8ea952995e5cc8 P 0cbf05f950ef4a48a2368f7c0c89f810 [term 2 LEADER]: Becoming Leader. State: Replica: 0cbf05f950ef4a48a2368f7c0c89f810, State: Running, Role: LEADER
I20260709 14:51:30.671257  1342 consensus_queue.cc:237] T b78bb331bc734dac8f8ea952995e5cc8 P 0cbf05f950ef4a48a2368f7c0c89f810 [LEADER]: Queue going to LEADER mode. State: All replicated index: 0, Majority replicated index: 1, Committed index: 1, Last appended: 1.1, Last appended by leader: 1, Current term: 2, Majority size: 2, State: 0, Mode: LEADER, active raft config: opid_index: -1 OBSOLETE_local: false peers { permanent_uuid: "0cbf05f950ef4a48a2368f7c0c89f810" member_type: VOTER last_known_addr { host: "127.0.107.195" port: 41267 } } peers { permanent_uuid: "1dcba512228147a4b1a546401a1df68a" member_type: VOTER last_known_addr { host: "127.0.107.194" port: 43815 } } peers { permanent_uuid: "155a64eeaf974e49a62d7b3da543633a" member_type: VOTER last_known_addr { host: "127.0.107.193" port: 33957 } }
I20260709 14:51:30.677894   954 catalog_manager.cc:5697] T b78bb331bc734dac8f8ea952995e5cc8 P 0cbf05f950ef4a48a2368f7c0c89f810 reported cstate change: term changed from 1 to 2, leader changed from 155a64eeaf974e49a62d7b3da543633a (127.0.107.193) to 0cbf05f950ef4a48a2368f7c0c89f810 (127.0.107.195). New cstate: current_term: 2 leader_uuid: "0cbf05f950ef4a48a2368f7c0c89f810" committed_config { opid_index: -1 OBSOLETE_local: false peers { permanent_uuid: "0cbf05f950ef4a48a2368f7c0c89f810" member_type: VOTER last_known_addr { host: "127.0.107.195" port: 41267 } health_report { overall_health: HEALTHY } } peers { permanent_uuid: "1dcba512228147a4b1a546401a1df68a" member_type: VOTER last_known_addr { host: "127.0.107.194" port: 43815 } health_report { overall_health: UNKNOWN } } peers { permanent_uuid: "155a64eeaf974e49a62d7b3da543633a" member_type: VOTER last_known_addr { host: "127.0.107.193" port: 33957 } health_report { overall_health: UNKNOWN } } }
I20260709 14:51:30.772145  1296 raft_consensus.cc:993] T e9a15db2e078461a9dd5354d55f8e078 P 155a64eeaf974e49a62d7b3da543633a: : Instructing follower 0cbf05f950ef4a48a2368f7c0c89f810 to start an election
I20260709 14:51:30.772526  1343 raft_consensus.cc:1081] T e9a15db2e078461a9dd5354d55f8e078 P 155a64eeaf974e49a62d7b3da543633a [term 2 LEADER]: Signalling peer 0cbf05f950ef4a48a2368f7c0c89f810 to start an election
I20260709 14:51:30.773681  1208 tablet_service.cc:2044] Received Run Leader Election RPC: tablet_id: "e9a15db2e078461a9dd5354d55f8e078"
dest_uuid: "0cbf05f950ef4a48a2368f7c0c89f810"
 from {username='slave'} at 127.0.0.1:52236
I20260709 14:51:30.774055  1208 raft_consensus.cc:493] T e9a15db2e078461a9dd5354d55f8e078 P 0cbf05f950ef4a48a2368f7c0c89f810 [term 2 FOLLOWER]: Starting forced leader election (received explicit request)
I20260709 14:51:30.774272  1208 raft_consensus.cc:3060] T e9a15db2e078461a9dd5354d55f8e078 P 0cbf05f950ef4a48a2368f7c0c89f810 [term 2 FOLLOWER]: Advancing to term 3
I20260709 14:51:30.779070  1208 raft_consensus.cc:515] T e9a15db2e078461a9dd5354d55f8e078 P 0cbf05f950ef4a48a2368f7c0c89f810 [term 3 FOLLOWER]: Starting forced leader election with config: opid_index: -1 OBSOLETE_local: false peers { permanent_uuid: "155a64eeaf974e49a62d7b3da543633a" member_type: VOTER last_known_addr { host: "127.0.107.193" port: 33957 } } peers { permanent_uuid: "1dcba512228147a4b1a546401a1df68a" member_type: VOTER last_known_addr { host: "127.0.107.194" port: 43815 } } peers { permanent_uuid: "0cbf05f950ef4a48a2368f7c0c89f810" member_type: VOTER last_known_addr { host: "127.0.107.195" port: 41267 } }
I20260709 14:51:30.780501  1208 leader_election.cc:290] T e9a15db2e078461a9dd5354d55f8e078 P 0cbf05f950ef4a48a2368f7c0c89f810 [CANDIDATE]: Term 3 election: Requested vote from peers 155a64eeaf974e49a62d7b3da543633a (127.0.107.193:33957), 1dcba512228147a4b1a546401a1df68a (127.0.107.194:43815)
I20260709 14:51:30.781200  1059 tablet_service.cc:1917] Received RequestConsensusVote() RPC: tablet_id: "e9a15db2e078461a9dd5354d55f8e078" candidate_uuid: "0cbf05f950ef4a48a2368f7c0c89f810" candidate_term: 3 candidate_status { last_received { term: 2 index: 2 } } ignore_live_leader: true dest_uuid: "155a64eeaf974e49a62d7b3da543633a"
I20260709 14:51:30.781579  1134 tablet_service.cc:1917] Received RequestConsensusVote() RPC: tablet_id: "e9a15db2e078461a9dd5354d55f8e078" candidate_uuid: "0cbf05f950ef4a48a2368f7c0c89f810" candidate_term: 3 candidate_status { last_received { term: 2 index: 2 } } ignore_live_leader: true dest_uuid: "1dcba512228147a4b1a546401a1df68a"
I20260709 14:51:30.781728  1059 raft_consensus.cc:3055] T e9a15db2e078461a9dd5354d55f8e078 P 155a64eeaf974e49a62d7b3da543633a [term 2 LEADER]: Stepping down as leader of term 2
I20260709 14:51:30.782088  1134 raft_consensus.cc:3060] T e9a15db2e078461a9dd5354d55f8e078 P 1dcba512228147a4b1a546401a1df68a [term 2 FOLLOWER]: Advancing to term 3
I20260709 14:51:30.782115  1059 raft_consensus.cc:740] T e9a15db2e078461a9dd5354d55f8e078 P 155a64eeaf974e49a62d7b3da543633a [term 2 LEADER]: Becoming Follower/Learner. State: Replica: 155a64eeaf974e49a62d7b3da543633a, State: Running, Role: LEADER
I20260709 14:51:30.782972  1059 consensus_queue.cc:260] T e9a15db2e078461a9dd5354d55f8e078 P 155a64eeaf974e49a62d7b3da543633a [NON_LEADER]: Queue going to NON_LEADER mode. State: All replicated index: 0, Majority replicated index: 2, Committed index: 2, Last appended: 2.2, Last appended by leader: 2, Current term: 2, Majority size: -1, State: 0, Mode: NON_LEADER, active raft config: opid_index: -1 OBSOLETE_local: false peers { permanent_uuid: "155a64eeaf974e49a62d7b3da543633a" member_type: VOTER last_known_addr { host: "127.0.107.193" port: 33957 } } peers { permanent_uuid: "1dcba512228147a4b1a546401a1df68a" member_type: VOTER last_known_addr { host: "127.0.107.194" port: 43815 } } peers { permanent_uuid: "0cbf05f950ef4a48a2368f7c0c89f810" member_type: VOTER last_known_addr { host: "127.0.107.195" port: 41267 } }
I20260709 14:51:30.783742  1059 raft_consensus.cc:3060] T e9a15db2e078461a9dd5354d55f8e078 P 155a64eeaf974e49a62d7b3da543633a [term 2 FOLLOWER]: Advancing to term 3
I20260709 14:51:30.786603  1134 raft_consensus.cc:2468] T e9a15db2e078461a9dd5354d55f8e078 P 1dcba512228147a4b1a546401a1df68a [term 3 FOLLOWER]: Leader election vote request: Granting yes vote for candidate 0cbf05f950ef4a48a2368f7c0c89f810 in term 3.
I20260709 14:51:30.787401  1059 raft_consensus.cc:2468] T e9a15db2e078461a9dd5354d55f8e078 P 155a64eeaf974e49a62d7b3da543633a [term 3 FOLLOWER]: Leader election vote request: Granting yes vote for candidate 0cbf05f950ef4a48a2368f7c0c89f810 in term 3.
I20260709 14:51:30.787427  1173 leader_election.cc:304] T e9a15db2e078461a9dd5354d55f8e078 P 0cbf05f950ef4a48a2368f7c0c89f810 [CANDIDATE]: Term 3 election: Election decided. Result: candidate won. Election summary: received 2 responses out of 3 voters: 2 yes votes; 0 no votes. yes voters: 0cbf05f950ef4a48a2368f7c0c89f810, 1dcba512228147a4b1a546401a1df68a; no voters: 
I20260709 14:51:30.788280  1342 raft_consensus.cc:2804] T e9a15db2e078461a9dd5354d55f8e078 P 0cbf05f950ef4a48a2368f7c0c89f810 [term 3 FOLLOWER]: Leader election won for term 3
I20260709 14:51:30.788651  1342 raft_consensus.cc:697] T e9a15db2e078461a9dd5354d55f8e078 P 0cbf05f950ef4a48a2368f7c0c89f810 [term 3 LEADER]: Becoming Leader. State: Replica: 0cbf05f950ef4a48a2368f7c0c89f810, State: Running, Role: LEADER
I20260709 14:51:30.789304  1342 consensus_queue.cc:237] T e9a15db2e078461a9dd5354d55f8e078 P 0cbf05f950ef4a48a2368f7c0c89f810 [LEADER]: Queue going to LEADER mode. State: All replicated index: 0, Majority replicated index: 2, Committed index: 2, Last appended: 2.2, Last appended by leader: 2, Current term: 3, Majority size: 2, State: 0, Mode: LEADER, active raft config: opid_index: -1 OBSOLETE_local: false peers { permanent_uuid: "155a64eeaf974e49a62d7b3da543633a" member_type: VOTER last_known_addr { host: "127.0.107.193" port: 33957 } } peers { permanent_uuid: "1dcba512228147a4b1a546401a1df68a" member_type: VOTER last_known_addr { host: "127.0.107.194" port: 43815 } } peers { permanent_uuid: "0cbf05f950ef4a48a2368f7c0c89f810" member_type: VOTER last_known_addr { host: "127.0.107.195" port: 41267 } }
I20260709 14:51:30.794636   954 catalog_manager.cc:5697] T e9a15db2e078461a9dd5354d55f8e078 P 0cbf05f950ef4a48a2368f7c0c89f810 reported cstate change: term changed from 2 to 3, leader changed from 155a64eeaf974e49a62d7b3da543633a (127.0.107.193) to 0cbf05f950ef4a48a2368f7c0c89f810 (127.0.107.195). New cstate: current_term: 3 leader_uuid: "0cbf05f950ef4a48a2368f7c0c89f810" committed_config { opid_index: -1 OBSOLETE_local: false peers { permanent_uuid: "155a64eeaf974e49a62d7b3da543633a" member_type: VOTER last_known_addr { host: "127.0.107.193" port: 33957 } health_report { overall_health: UNKNOWN } } peers { permanent_uuid: "1dcba512228147a4b1a546401a1df68a" member_type: VOTER last_known_addr { host: "127.0.107.194" port: 43815 } health_report { overall_health: UNKNOWN } } peers { permanent_uuid: "0cbf05f950ef4a48a2368f7c0c89f810" member_type: VOTER last_known_addr { host: "127.0.107.195" port: 41267 } health_report { overall_health: HEALTHY } } }
I20260709 14:51:31.087807  1059 raft_consensus.cc:1275] T b78bb331bc734dac8f8ea952995e5cc8 P 155a64eeaf974e49a62d7b3da543633a [term 2 FOLLOWER]: Refusing update from remote peer 0cbf05f950ef4a48a2368f7c0c89f810: Log matching property violated. Preceding OpId in replica: term: 1 index: 1. Preceding OpId from leader: term: 2 index: 2. (index mismatch)
I20260709 14:51:31.088871  1342 consensus_queue.cc:1048] T b78bb331bc734dac8f8ea952995e5cc8 P 0cbf05f950ef4a48a2368f7c0c89f810 [LEADER]: Connected to new peer: Peer: permanent_uuid: "155a64eeaf974e49a62d7b3da543633a" member_type: VOTER last_known_addr { host: "127.0.107.193" port: 33957 }, Status: LMP_MISMATCH, Last received: 0.0, Next index: 2, Last known committed idx: 1, Time since last communication: 0.000s
I20260709 14:51:31.091146  1134 raft_consensus.cc:1275] T b78bb331bc734dac8f8ea952995e5cc8 P 1dcba512228147a4b1a546401a1df68a [term 2 FOLLOWER]: Refusing update from remote peer 0cbf05f950ef4a48a2368f7c0c89f810: Log matching property violated. Preceding OpId in replica: term: 1 index: 1. Preceding OpId from leader: term: 2 index: 2. (index mismatch)
I20260709 14:51:31.092461  1342 consensus_queue.cc:1048] T b78bb331bc734dac8f8ea952995e5cc8 P 0cbf05f950ef4a48a2368f7c0c89f810 [LEADER]: Connected to new peer: Peer: permanent_uuid: "1dcba512228147a4b1a546401a1df68a" member_type: VOTER last_known_addr { host: "127.0.107.194" port: 43815 }, Status: LMP_MISMATCH, Last received: 0.0, Next index: 2, Last known committed idx: 1, Time since last communication: 0.000s
I20260709 14:51:31.286767  1134 raft_consensus.cc:1275] T e9a15db2e078461a9dd5354d55f8e078 P 1dcba512228147a4b1a546401a1df68a [term 3 FOLLOWER]: Refusing update from remote peer 0cbf05f950ef4a48a2368f7c0c89f810: Log matching property violated. Preceding OpId in replica: term: 2 index: 2. Preceding OpId from leader: term: 3 index: 3. (index mismatch)
I20260709 14:51:31.288220  1344 consensus_queue.cc:1048] T e9a15db2e078461a9dd5354d55f8e078 P 0cbf05f950ef4a48a2368f7c0c89f810 [LEADER]: Connected to new peer: Peer: permanent_uuid: "1dcba512228147a4b1a546401a1df68a" member_type: VOTER last_known_addr { host: "127.0.107.194" port: 43815 }, Status: LMP_MISMATCH, Last received: 0.0, Next index: 3, Last known committed idx: 2, Time since last communication: 0.000s
I20260709 14:51:31.288615  1059 raft_consensus.cc:1275] T e9a15db2e078461a9dd5354d55f8e078 P 155a64eeaf974e49a62d7b3da543633a [term 3 FOLLOWER]: Refusing update from remote peer 0cbf05f950ef4a48a2368f7c0c89f810: Log matching property violated. Preceding OpId in replica: term: 2 index: 2. Preceding OpId from leader: term: 3 index: 3. (index mismatch)
I20260709 14:51:31.290089  1344 consensus_queue.cc:1048] T e9a15db2e078461a9dd5354d55f8e078 P 0cbf05f950ef4a48a2368f7c0c89f810 [LEADER]: Connected to new peer: Peer: permanent_uuid: "155a64eeaf974e49a62d7b3da543633a" member_type: VOTER last_known_addr { host: "127.0.107.193" port: 33957 }, Status: LMP_MISMATCH, Last received: 0.0, Next index: 3, Last known committed idx: 2, Time since last communication: 0.000s
I20260709 14:51:31.350096   431 auto_leader_rebalancer.cc:141] leader rebalance for table test-workload
I20260709 14:51:31.359697  1208 tablet_service.cc:2072] Received LeaderStepDown RPC: tablet_id: "b78bb331bc734dac8f8ea952995e5cc8"
dest_uuid: "0cbf05f950ef4a48a2368f7c0c89f810"
mode: GRACEFUL
new_leader_uuid: "155a64eeaf974e49a62d7b3da543633a"
 from {username='slave'} at 127.0.0.1:52246
I20260709 14:51:31.360199  1208 raft_consensus.cc:606] T b78bb331bc734dac8f8ea952995e5cc8 P 0cbf05f950ef4a48a2368f7c0c89f810 [term 2 LEADER]: Received request to transfer leadership to TS 155a64eeaf974e49a62d7b3da543633a
I20260709 14:51:31.364084  1208 tablet_service.cc:2072] Received LeaderStepDown RPC: tablet_id: "e9a15db2e078461a9dd5354d55f8e078"
dest_uuid: "0cbf05f950ef4a48a2368f7c0c89f810"
mode: GRACEFUL
new_leader_uuid: "155a64eeaf974e49a62d7b3da543633a"
 from {username='slave'} at 127.0.0.1:52246
I20260709 14:51:31.364468  1208 raft_consensus.cc:606] T e9a15db2e078461a9dd5354d55f8e078 P 0cbf05f950ef4a48a2368f7c0c89f810 [term 3 LEADER]: Received request to transfer leadership to TS 155a64eeaf974e49a62d7b3da543633a
I20260709 14:51:31.374662  1134 tablet_service.cc:2072] Received LeaderStepDown RPC: tablet_id: "d734b5ab00bb468889d255615a35d69f"
dest_uuid: "1dcba512228147a4b1a546401a1df68a"
mode: GRACEFUL
new_leader_uuid: "155a64eeaf974e49a62d7b3da543633a"
 from {username='slave'} at 127.0.0.1:35288
I20260709 14:51:31.375089  1134 raft_consensus.cc:606] T d734b5ab00bb468889d255615a35d69f P 1dcba512228147a4b1a546401a1df68a [term 2 LEADER]: Received request to transfer leadership to TS 155a64eeaf974e49a62d7b3da543633a
I20260709 14:51:31.378895  1134 tablet_service.cc:2072] Received LeaderStepDown RPC: tablet_id: "ff323afb0d2e4c1d9d5f93e48ae91a3b"
dest_uuid: "1dcba512228147a4b1a546401a1df68a"
mode: GRACEFUL
new_leader_uuid: "155a64eeaf974e49a62d7b3da543633a"
 from {username='slave'} at 127.0.0.1:35288
I20260709 14:51:31.379307  1134 raft_consensus.cc:606] T ff323afb0d2e4c1d9d5f93e48ae91a3b P 1dcba512228147a4b1a546401a1df68a [term 2 LEADER]: Received request to transfer leadership to TS 155a64eeaf974e49a62d7b3da543633a
I20260709 14:51:31.383406  1134 tablet_service.cc:2072] Received LeaderStepDown RPC: tablet_id: "c6159db802144c6ab5b2002454adb8db"
dest_uuid: "1dcba512228147a4b1a546401a1df68a"
mode: GRACEFUL
new_leader_uuid: "155a64eeaf974e49a62d7b3da543633a"
 from {username='slave'} at 127.0.0.1:35288
I20260709 14:51:31.383824  1134 raft_consensus.cc:606] T c6159db802144c6ab5b2002454adb8db P 1dcba512228147a4b1a546401a1df68a [term 2 LEADER]: Received request to transfer leadership to TS 155a64eeaf974e49a62d7b3da543633a
I20260709 14:51:31.385775  1351 raft_consensus.cc:993] T c6159db802144c6ab5b2002454adb8db P 1dcba512228147a4b1a546401a1df68a: : Instructing follower 155a64eeaf974e49a62d7b3da543633a to start an election
I20260709 14:51:31.386206  1339 raft_consensus.cc:1081] T c6159db802144c6ab5b2002454adb8db P 1dcba512228147a4b1a546401a1df68a [term 2 LEADER]: Signalling peer 155a64eeaf974e49a62d7b3da543633a to start an election
I20260709 14:51:31.387466  1059 tablet_service.cc:2044] Received Run Leader Election RPC: tablet_id: "c6159db802144c6ab5b2002454adb8db"
dest_uuid: "155a64eeaf974e49a62d7b3da543633a"
 from {username='slave'} at 127.0.0.1:47986
I20260709 14:51:31.387840  1059 raft_consensus.cc:493] T c6159db802144c6ab5b2002454adb8db P 155a64eeaf974e49a62d7b3da543633a [term 2 FOLLOWER]: Starting forced leader election (received explicit request)
I20260709 14:51:31.388173  1059 raft_consensus.cc:3060] T c6159db802144c6ab5b2002454adb8db P 155a64eeaf974e49a62d7b3da543633a [term 2 FOLLOWER]: Advancing to term 3
I20260709 14:51:31.392092  1059 raft_consensus.cc:515] T c6159db802144c6ab5b2002454adb8db P 155a64eeaf974e49a62d7b3da543633a [term 3 FOLLOWER]: Starting forced leader election with config: opid_index: -1 OBSOLETE_local: false peers { permanent_uuid: "155a64eeaf974e49a62d7b3da543633a" member_type: VOTER last_known_addr { host: "127.0.107.193" port: 33957 } } peers { permanent_uuid: "1dcba512228147a4b1a546401a1df68a" member_type: VOTER last_known_addr { host: "127.0.107.194" port: 43815 } } peers { permanent_uuid: "0cbf05f950ef4a48a2368f7c0c89f810" member_type: VOTER last_known_addr { host: "127.0.107.195" port: 41267 } }
I20260709 14:51:31.393307  1059 leader_election.cc:290] T c6159db802144c6ab5b2002454adb8db P 155a64eeaf974e49a62d7b3da543633a [CANDIDATE]: Term 3 election: Requested vote from peers 1dcba512228147a4b1a546401a1df68a (127.0.107.194:43815), 0cbf05f950ef4a48a2368f7c0c89f810 (127.0.107.195:41267)
I20260709 14:51:31.394057  1134 tablet_service.cc:1917] Received RequestConsensusVote() RPC: tablet_id: "c6159db802144c6ab5b2002454adb8db" candidate_uuid: "155a64eeaf974e49a62d7b3da543633a" candidate_term: 3 candidate_status { last_received { term: 2 index: 2 } } ignore_live_leader: true dest_uuid: "1dcba512228147a4b1a546401a1df68a"
I20260709 14:51:31.394256  1208 tablet_service.cc:1917] Received RequestConsensusVote() RPC: tablet_id: "c6159db802144c6ab5b2002454adb8db" candidate_uuid: "155a64eeaf974e49a62d7b3da543633a" candidate_term: 3 candidate_status { last_received { term: 2 index: 2 } } ignore_live_leader: true dest_uuid: "0cbf05f950ef4a48a2368f7c0c89f810"
I20260709 14:51:31.394591  1134 raft_consensus.cc:3055] T c6159db802144c6ab5b2002454adb8db P 1dcba512228147a4b1a546401a1df68a [term 2 LEADER]: Stepping down as leader of term 2
I20260709 14:51:31.394706  1208 raft_consensus.cc:3060] T c6159db802144c6ab5b2002454adb8db P 0cbf05f950ef4a48a2368f7c0c89f810 [term 2 FOLLOWER]: Advancing to term 3
I20260709 14:51:31.394913  1134 raft_consensus.cc:740] T c6159db802144c6ab5b2002454adb8db P 1dcba512228147a4b1a546401a1df68a [term 2 LEADER]: Becoming Follower/Learner. State: Replica: 1dcba512228147a4b1a546401a1df68a, State: Running, Role: LEADER
I20260709 14:51:31.395669  1134 consensus_queue.cc:260] T c6159db802144c6ab5b2002454adb8db P 1dcba512228147a4b1a546401a1df68a [NON_LEADER]: Queue going to NON_LEADER mode. State: All replicated index: 0, Majority replicated index: 2, Committed index: 2, Last appended: 2.2, Last appended by leader: 2, Current term: 2, Majority size: -1, State: 0, Mode: NON_LEADER, active raft config: opid_index: -1 OBSOLETE_local: false peers { permanent_uuid: "155a64eeaf974e49a62d7b3da543633a" member_type: VOTER last_known_addr { host: "127.0.107.193" port: 33957 } } peers { permanent_uuid: "1dcba512228147a4b1a546401a1df68a" member_type: VOTER last_known_addr { host: "127.0.107.194" port: 43815 } } peers { permanent_uuid: "0cbf05f950ef4a48a2368f7c0c89f810" member_type: VOTER last_known_addr { host: "127.0.107.195" port: 41267 } }
I20260709 14:51:31.396836  1134 raft_consensus.cc:3060] T c6159db802144c6ab5b2002454adb8db P 1dcba512228147a4b1a546401a1df68a [term 2 FOLLOWER]: Advancing to term 3
I20260709 14:51:31.400602  1208 raft_consensus.cc:2468] T c6159db802144c6ab5b2002454adb8db P 0cbf05f950ef4a48a2368f7c0c89f810 [term 3 FOLLOWER]: Leader election vote request: Granting yes vote for candidate 155a64eeaf974e49a62d7b3da543633a in term 3.
I20260709 14:51:31.401629  1023 leader_election.cc:304] T c6159db802144c6ab5b2002454adb8db P 155a64eeaf974e49a62d7b3da543633a [CANDIDATE]: Term 3 election: Election decided. Result: candidate won. Election summary: received 2 responses out of 3 voters: 2 yes votes; 0 no votes. yes voters: 0cbf05f950ef4a48a2368f7c0c89f810, 155a64eeaf974e49a62d7b3da543633a; no voters: 
I20260709 14:51:31.402228  1343 raft_consensus.cc:2804] T c6159db802144c6ab5b2002454adb8db P 155a64eeaf974e49a62d7b3da543633a [term 3 FOLLOWER]: Leader election won for term 3
I20260709 14:51:31.402654  1134 raft_consensus.cc:2468] T c6159db802144c6ab5b2002454adb8db P 1dcba512228147a4b1a546401a1df68a [term 3 FOLLOWER]: Leader election vote request: Granting yes vote for candidate 155a64eeaf974e49a62d7b3da543633a in term 3.
I20260709 14:51:31.403138  1343 raft_consensus.cc:697] T c6159db802144c6ab5b2002454adb8db P 155a64eeaf974e49a62d7b3da543633a [term 3 LEADER]: Becoming Leader. State: Replica: 155a64eeaf974e49a62d7b3da543633a, State: Running, Role: LEADER
