I20260709 14:51:37.247758  1727 raft_consensus.cc:359] T e0de32720c3a46d18a49eda9ed06f8f0 P 5169b9bd62354f2a9d9f3ea5487ff0ae [term 0 FOLLOWER]: Replica starting. Triggering 0 pending ops. Active config: opid_index: -1 OBSOLETE_local: false peers { permanent_uuid: "961c184817f148c091caccb8ef8917e0" member_type: VOTER last_known_addr { host: "127.0.107.193" port: 33075 } } peers { permanent_uuid: "5169b9bd62354f2a9d9f3ea5487ff0ae" member_type: VOTER last_known_addr { host: "127.0.107.194" port: 45149 } } peers { permanent_uuid: "60278616b99c48a590b1c3cab2319a0a" member_type: VOTER last_known_addr { host: "127.0.107.195" port: 38875 } }
I20260709 14:51:37.248425  1727 raft_consensus.cc:385] T e0de32720c3a46d18a49eda9ed06f8f0 P 5169b9bd62354f2a9d9f3ea5487ff0ae [term 0 FOLLOWER]: Consensus starting up: Expiring failure detector timer to make a prompt election more likely
I20260709 14:51:37.248325  1522 tablet_service.cc:1511] Processing CreateTablet for tablet 7ef907d28dec44b4bd7f95f53a829a2d (DEFAULT_TABLE table=test-workload [id=de4bcef54ce6481f8cbeb07b247fd8ea]), partition=RANGE (key) PARTITION 1383125026 <= VALUES < 1419523053
I20260709 14:51:37.248761  1727 raft_consensus.cc:740] T e0de32720c3a46d18a49eda9ed06f8f0 P 5169b9bd62354f2a9d9f3ea5487ff0ae [term 0 FOLLOWER]: Becoming Follower/Learner. State: Replica: 5169b9bd62354f2a9d9f3ea5487ff0ae, State: Initialized, Role: FOLLOWER
I20260709 14:51:37.249783  1602 tablet_service.cc:1511] Processing CreateTablet for tablet 7ef907d28dec44b4bd7f95f53a829a2d (DEFAULT_TABLE table=test-workload [id=de4bcef54ce6481f8cbeb07b247fd8ea]), partition=RANGE (key) PARTITION 1383125026 <= VALUES < 1419523053
I20260709 14:51:37.250988  1602 data_dirs.cc:400] Could only allocate 1 dirs of requested 3 for tablet 7ef907d28dec44b4bd7f95f53a829a2d. 1 dirs total, 0 dirs full, 0 dirs failed
I20260709 14:51:37.251114  1675 tablet_service.cc:1511] Processing CreateTablet for tablet 7ef907d28dec44b4bd7f95f53a829a2d (DEFAULT_TABLE table=test-workload [id=de4bcef54ce6481f8cbeb07b247fd8ea]), partition=RANGE (key) PARTITION 1383125026 <= VALUES < 1419523053
I20260709 14:51:37.251394  1736 leader_election.cc:290] T e4e66340e2ba4184af9405448bb2e302 P 961c184817f148c091caccb8ef8917e0 [CANDIDATE]: Term 1 pre-election: Requested pre-vote from peers 5169b9bd62354f2a9d9f3ea5487ff0ae (127.0.107.194:45149), 60278616b99c48a590b1c3cab2319a0a (127.0.107.195:38875)
I20260709 14:51:37.249428  1727 consensus_queue.cc:260] T e0de32720c3a46d18a49eda9ed06f8f0 P 5169b9bd62354f2a9d9f3ea5487ff0ae [NON_LEADER]: Queue going to NON_LEADER mode. State: All replicated index: 0, Majority replicated index: 0, Committed index: 0, Last appended: 0.0, Last appended by leader: 0, Current term: 0, Majority size: -1, State: 0, Mode: NON_LEADER, active raft config: opid_index: -1 OBSOLETE_local: false peers { permanent_uuid: "961c184817f148c091caccb8ef8917e0" member_type: VOTER last_known_addr { host: "127.0.107.193" port: 33075 } } peers { permanent_uuid: "5169b9bd62354f2a9d9f3ea5487ff0ae" member_type: VOTER last_known_addr { host: "127.0.107.194" port: 45149 } } peers { permanent_uuid: "60278616b99c48a590b1c3cab2319a0a" member_type: VOTER last_known_addr { host: "127.0.107.195" port: 38875 } }
I20260709 14:51:37.249697  1729 consensus_queue.cc:260] T afbd1b1e666f40c0a7a1ed478822d6d9 P 961c184817f148c091caccb8ef8917e0 [NON_LEADER]: Queue going to NON_LEADER mode. State: All replicated index: 0, Majority replicated index: 0, Committed index: 0, Last appended: 0.0, Last appended by leader: 0, Current term: 0, Majority size: -1, State: 0, Mode: NON_LEADER, active raft config: opid_index: -1 OBSOLETE_local: false peers { permanent_uuid: "961c184817f148c091caccb8ef8917e0" member_type: VOTER last_known_addr { host: "127.0.107.193" port: 33075 } } peers { permanent_uuid: "5169b9bd62354f2a9d9f3ea5487ff0ae" member_type: VOTER last_known_addr { host: "127.0.107.194" port: 45149 } } peers { permanent_uuid: "60278616b99c48a590b1c3cab2319a0a" member_type: VOTER last_known_addr { host: "127.0.107.195" port: 38875 } }
I20260709 14:51:37.271514  1522 data_dirs.cc:400] Could only allocate 1 dirs of requested 3 for tablet 7ef907d28dec44b4bd7f95f53a829a2d. 1 dirs total, 0 dirs full, 0 dirs failed
I20260709 14:51:37.272897  1727 ts_tablet_manager.cc:1434] T e0de32720c3a46d18a49eda9ed06f8f0 P 5169b9bd62354f2a9d9f3ea5487ff0ae: Time spent starting tablet: real 0.030s	user 0.001s	sys 0.005s
I20260709 14:51:37.273874  1727 tablet_bootstrap.cc:492] T afbd1b1e666f40c0a7a1ed478822d6d9 P 5169b9bd62354f2a9d9f3ea5487ff0ae: Bootstrap starting.
I20260709 14:51:37.258148  1597 tablet_service.cc:1511] Processing CreateTablet for tablet 50ae565042764c56b720cb1491f5a135 (DEFAULT_TABLE table=test-workload [id=de4bcef54ce6481f8cbeb07b247fd8ea]), partition=RANGE (key) PARTITION 1419523053 <= VALUES < 1455921080
I20260709 14:51:37.278959  1597 data_dirs.cc:400] Could only allocate 1 dirs of requested 3 for tablet 50ae565042764c56b720cb1491f5a135. 1 dirs total, 0 dirs full, 0 dirs failed
I20260709 14:51:37.288372  1538 tablet_service.cc:1917] Received RequestConsensusVote() RPC: tablet_id: "afbd1b1e666f40c0a7a1ed478822d6d9" candidate_uuid: "60278616b99c48a590b1c3cab2319a0a" candidate_term: 1 candidate_status { last_received { term: 0 index: 0 } } ignore_live_leader: false dest_uuid: "961c184817f148c091caccb8ef8917e0" is_pre_election: true
I20260709 14:51:37.289565  1537 tablet_service.cc:1917] Received RequestConsensusVote() RPC: tablet_id: "e4e66340e2ba4184af9405448bb2e302" candidate_uuid: "60278616b99c48a590b1c3cab2319a0a" candidate_term: 1 candidate_status { last_received { term: 0 index: 0 } } ignore_live_leader: false dest_uuid: "961c184817f148c091caccb8ef8917e0" is_pre_election: true
I20260709 14:51:37.290257  1537 raft_consensus.cc:2468] T e4e66340e2ba4184af9405448bb2e302 P 961c184817f148c091caccb8ef8917e0 [term 0 FOLLOWER]: Leader pre-election vote request: Granting yes vote for candidate 60278616b99c48a590b1c3cab2319a0a in term 0.
I20260709 14:51:37.291679  1652 leader_election.cc:304] T e4e66340e2ba4184af9405448bb2e302 P 60278616b99c48a590b1c3cab2319a0a [CANDIDATE]: Term 1 pre-election: Election decided. Result: candidate won. Election summary: received 2 responses out of 3 voters: 2 yes votes; 0 no votes. yes voters: 60278616b99c48a590b1c3cab2319a0a, 961c184817f148c091caccb8ef8917e0; no voters: 
I20260709 14:51:37.292603  1734 raft_consensus.cc:2804] T e4e66340e2ba4184af9405448bb2e302 P 60278616b99c48a590b1c3cab2319a0a [term 0 FOLLOWER]: Leader pre-election won for term 1
I20260709 14:51:37.292953  1734 raft_consensus.cc:493] T e4e66340e2ba4184af9405448bb2e302 P 60278616b99c48a590b1c3cab2319a0a [term 0 FOLLOWER]: Starting leader election (no leader contacted us within the election timeout)
I20260709 14:51:37.293287  1734 raft_consensus.cc:3060] T e4e66340e2ba4184af9405448bb2e302 P 60278616b99c48a590b1c3cab2319a0a [term 0 FOLLOWER]: Advancing to term 1
I20260709 14:51:37.294608  1671 tablet_service.cc:1511] Processing CreateTablet for tablet ac08a307631f49d18a116e02535cec0e (DEFAULT_TABLE table=test-workload [id=de4bcef54ce6481f8cbeb07b247fd8ea]), partition=RANGE (key) PARTITION 1346726999 <= VALUES < 1383125026
I20260709 14:51:37.301192  1734 raft_consensus.cc:515] T e4e66340e2ba4184af9405448bb2e302 P 60278616b99c48a590b1c3cab2319a0a [term 1 FOLLOWER]: Starting leader election with config: opid_index: -1 OBSOLETE_local: false peers { permanent_uuid: "5169b9bd62354f2a9d9f3ea5487ff0ae" member_type: VOTER last_known_addr { host: "127.0.107.194" port: 45149 } } peers { permanent_uuid: "60278616b99c48a590b1c3cab2319a0a" member_type: VOTER last_known_addr { host: "127.0.107.195" port: 38875 } } peers { permanent_uuid: "961c184817f148c091caccb8ef8917e0" member_type: VOTER last_known_addr { host: "127.0.107.193" port: 33075 } }
I20260709 14:51:37.303624  1728 tablet_bootstrap.cc:492] T e0de32720c3a46d18a49eda9ed06f8f0 P 60278616b99c48a590b1c3cab2319a0a: Bootstrap starting.
I20260709 14:51:37.310550  1537 tablet_service.cc:1917] Received RequestConsensusVote() RPC: tablet_id: "e4e66340e2ba4184af9405448bb2e302" candidate_uuid: "60278616b99c48a590b1c3cab2319a0a" candidate_term: 1 candidate_status { last_received { term: 0 index: 0 } } ignore_live_leader: false dest_uuid: "961c184817f148c091caccb8ef8917e0"
I20260709 14:51:37.311160  1537 raft_consensus.cc:3060] T e4e66340e2ba4184af9405448bb2e302 P 961c184817f148c091caccb8ef8917e0 [term 0 FOLLOWER]: Advancing to term 1
I20260709 14:51:37.279937  1727 tablet_bootstrap.cc:654] T afbd1b1e666f40c0a7a1ed478822d6d9 P 5169b9bd62354f2a9d9f3ea5487ff0ae: Neither blocks nor log segments found. Creating new log.
I20260709 14:51:37.320483  1527 tablet_service.cc:1511] Processing CreateTablet for tablet 50ae565042764c56b720cb1491f5a135 (DEFAULT_TABLE table=test-workload [id=de4bcef54ce6481f8cbeb07b247fd8ea]), partition=RANGE (key) PARTITION 1419523053 <= VALUES < 1455921080
I20260709 14:51:37.320739  1594 tablet_service.cc:1511] Processing CreateTablet for tablet b5a7543bdb2a4717b14ca5015492b51f (DEFAULT_TABLE table=test-workload [id=de4bcef54ce6481f8cbeb07b247fd8ea]), partition=RANGE (key) PARTITION 1455921080 <= VALUES < 1492319107
I20260709 14:51:37.321802  1527 data_dirs.cc:400] Could only allocate 1 dirs of requested 3 for tablet 50ae565042764c56b720cb1491f5a135. 1 dirs total, 0 dirs full, 0 dirs failed
I20260709 14:51:37.321934  1594 data_dirs.cc:400] Could only allocate 1 dirs of requested 3 for tablet b5a7543bdb2a4717b14ca5015492b51f. 1 dirs total, 0 dirs full, 0 dirs failed
I20260709 14:51:37.315598  1538 raft_consensus.cc:2468] T afbd1b1e666f40c0a7a1ed478822d6d9 P 961c184817f148c091caccb8ef8917e0 [term 0 FOLLOWER]: Leader pre-election vote request: Granting yes vote for candidate 60278616b99c48a590b1c3cab2319a0a in term 0.
I20260709 14:51:37.322026  1672 tablet_service.cc:1511] Processing CreateTablet for tablet 50ae565042764c56b720cb1491f5a135 (DEFAULT_TABLE table=test-workload [id=de4bcef54ce6481f8cbeb07b247fd8ea]), partition=RANGE (key) PARTITION 1419523053 <= VALUES < 1455921080
I20260709 14:51:37.327466  1537 raft_consensus.cc:2468] T e4e66340e2ba4184af9405448bb2e302 P 961c184817f148c091caccb8ef8917e0 [term 1 FOLLOWER]: Leader election vote request: Granting yes vote for candidate 60278616b99c48a590b1c3cab2319a0a in term 1.
I20260709 14:51:37.328779  1524 tablet_service.cc:1511] Processing CreateTablet for tablet b5a7543bdb2a4717b14ca5015492b51f (DEFAULT_TABLE table=test-workload [id=de4bcef54ce6481f8cbeb07b247fd8ea]), partition=RANGE (key) PARTITION 1455921080 <= VALUES < 1492319107
I20260709 14:51:37.329926  1524 data_dirs.cc:400] Could only allocate 1 dirs of requested 3 for tablet b5a7543bdb2a4717b14ca5015492b51f. 1 dirs total, 0 dirs full, 0 dirs failed
I20260709 14:51:37.329874  1652 leader_election.cc:304] T e4e66340e2ba4184af9405448bb2e302 P 60278616b99c48a590b1c3cab2319a0a [CANDIDATE]: Term 1 election: Election decided. Result: candidate won. Election summary: received 2 responses out of 3 voters: 2 yes votes; 0 no votes. yes voters: 60278616b99c48a590b1c3cab2319a0a, 961c184817f148c091caccb8ef8917e0; no voters: 
I20260709 14:51:37.348011  1675 data_dirs.cc:400] Could only allocate 1 dirs of requested 3 for tablet 7ef907d28dec44b4bd7f95f53a829a2d. 1 dirs total, 0 dirs full, 0 dirs failed
I20260709 14:51:37.347813  1674 tablet_service.cc:1511] Processing CreateTablet for tablet b5a7543bdb2a4717b14ca5015492b51f (DEFAULT_TABLE table=test-workload [id=de4bcef54ce6481f8cbeb07b247fd8ea]), partition=RANGE (key) PARTITION 1455921080 <= VALUES < 1492319107
I20260709 14:51:37.349006  1674 data_dirs.cc:400] Could only allocate 1 dirs of requested 3 for tablet b5a7543bdb2a4717b14ca5015492b51f. 1 dirs total, 0 dirs full, 0 dirs failed
I20260709 14:51:37.354539  1672 data_dirs.cc:400] Could only allocate 1 dirs of requested 3 for tablet 50ae565042764c56b720cb1491f5a135. 1 dirs total, 0 dirs full, 0 dirs failed
I20260709 14:51:37.358352  1671 data_dirs.cc:400] Could only allocate 1 dirs of requested 3 for tablet ac08a307631f49d18a116e02535cec0e. 1 dirs total, 0 dirs full, 0 dirs failed
I20260709 14:51:37.361586  1729 ts_tablet_manager.cc:1434] T afbd1b1e666f40c0a7a1ed478822d6d9 P 961c184817f148c091caccb8ef8917e0: Time spent starting tablet: real 0.124s	user 0.006s	sys 0.000s
I20260709 14:51:37.316957  1521 tablet_service.cc:1511] Processing CreateTablet for tablet fcc9607b90c84b5296b49e8c87bf0550 (DEFAULT_TABLE table=test-workload [id=de4bcef54ce6481f8cbeb07b247fd8ea]), partition=RANGE (key) PARTITION 1201134891 <= VALUES < 1237532918
I20260709 14:51:37.363073  1521 data_dirs.cc:400] Could only allocate 1 dirs of requested 3 for tablet fcc9607b90c84b5296b49e8c87bf0550. 1 dirs total, 0 dirs full, 0 dirs failed
I20260709 14:51:37.365481  1728 tablet_bootstrap.cc:654] T e0de32720c3a46d18a49eda9ed06f8f0 P 60278616b99c48a590b1c3cab2319a0a: Neither blocks nor log segments found. Creating new log.
I20260709 14:51:37.313828  1734 leader_election.cc:290] T e4e66340e2ba4184af9405448bb2e302 P 60278616b99c48a590b1c3cab2319a0a [CANDIDATE]: Term 1 election: Requested vote from peers 5169b9bd62354f2a9d9f3ea5487ff0ae (127.0.107.194:45149), 961c184817f148c091caccb8ef8917e0 (127.0.107.193:33075)
I20260709 14:51:37.382380  1734 raft_consensus.cc:2804] T e4e66340e2ba4184af9405448bb2e302 P 60278616b99c48a590b1c3cab2319a0a [term 1 FOLLOWER]: Leader election won for term 1
I20260709 14:51:37.382807  1734 raft_consensus.cc:697] T e4e66340e2ba4184af9405448bb2e302 P 60278616b99c48a590b1c3cab2319a0a [term 1 LEADER]: Becoming Leader. State: Replica: 60278616b99c48a590b1c3cab2319a0a, State: Running, Role: LEADER
I20260709 14:51:37.383548  1734 consensus_queue.cc:237] T e4e66340e2ba4184af9405448bb2e302 P 60278616b99c48a590b1c3cab2319a0a [LEADER]: Queue going to LEADER mode. State: All replicated index: 0, Majority replicated index: 0, Committed index: 0, Last appended: 0.0, Last appended by leader: 0, Current term: 1, Majority size: 2, State: 0, Mode: LEADER, active raft config: opid_index: -1 OBSOLETE_local: false peers { permanent_uuid: "5169b9bd62354f2a9d9f3ea5487ff0ae" member_type: VOTER last_known_addr { host: "127.0.107.194" port: 45149 } } peers { permanent_uuid: "60278616b99c48a590b1c3cab2319a0a" member_type: VOTER last_known_addr { host: "127.0.107.195" port: 38875 } } peers { permanent_uuid: "961c184817f148c091caccb8ef8917e0" member_type: VOTER last_known_addr { host: "127.0.107.193" port: 33075 } }
W20260709 14:51:37.390281  1421 outbound_call.cc:321] RPC callback for RPC call kudu.tserver.TabletServerAdminService.CreateTablet -> {remote=127.0.107.194:45149, user_credentials={real_user=slave}} blocked reactor thread for 57778.5us
W20260709 14:51:37.390456  1422 outbound_call.cc:321] RPC callback for RPC call kudu.tserver.TabletServerAdminService.CreateTablet -> {remote=127.0.107.193:33075, user_credentials={real_user=slave}} blocked reactor thread for 52149.7us
I20260709 14:51:37.392382  1729 tablet_bootstrap.cc:492] T e0de32720c3a46d18a49eda9ed06f8f0 P 961c184817f148c091caccb8ef8917e0: Bootstrap starting.
I20260709 14:51:37.407639  1527 tablet_service.cc:1511] Processing CreateTablet for tablet 7cdf75f905504ff684a5617d5544927a (DEFAULT_TABLE table=test-workload [id=de4bcef54ce6481f8cbeb07b247fd8ea]), partition=RANGE (key) PARTITION 1492319107 <= VALUES < 1528717134
I20260709 14:51:37.435099  1676 data_dirs.cc:400] Could only allocate 1 dirs of requested 3 for tablet 6ff88ecf6988462a8cd28de272a5d484. 1 dirs total, 0 dirs full, 0 dirs failed
I20260709 14:51:37.446929  1527 data_dirs.cc:400] Could only allocate 1 dirs of requested 3 for tablet 7cdf75f905504ff684a5617d5544927a. 1 dirs total, 0 dirs full, 0 dirs failed
W20260709 14:51:37.448635  1652 outbound_call.cc:321] RPC callback for RPC call kudu.consensus.ConsensusService.RequestConsensusVote -> {remote=127.0.107.193:33075, user_credentials={real_user=slave}} blocked reactor thread for 105952us
I20260709 14:51:37.450177  1652 leader_election.cc:304] T afbd1b1e666f40c0a7a1ed478822d6d9 P 60278616b99c48a590b1c3cab2319a0a [CANDIDATE]: Term 1 pre-election: Election decided. Result: candidate won. Election summary: received 2 responses out of 3 voters: 2 yes votes; 0 no votes. yes voters: 60278616b99c48a590b1c3cab2319a0a, 961c184817f148c091caccb8ef8917e0; no voters: 
I20260709 14:51:37.450232  1687 tablet_service.cc:1917] Received RequestConsensusVote() RPC: tablet_id: "e4e66340e2ba4184af9405448bb2e302" candidate_uuid: "5169b9bd62354f2a9d9f3ea5487ff0ae" candidate_term: 1 candidate_status { last_received { term: 0 index: 0 } } ignore_live_leader: false dest_uuid: "60278616b99c48a590b1c3cab2319a0a" is_pre_election: true
I20260709 14:51:37.454622  1686 tablet_service.cc:1917] Received RequestConsensusVote() RPC: tablet_id: "6bc19cf78ca54d6e8dc48647aff29f9b" candidate_uuid: "5169b9bd62354f2a9d9f3ea5487ff0ae" candidate_term: 1 candidate_status { last_received { term: 0 index: 0 } } ignore_live_leader: false dest_uuid: "60278616b99c48a590b1c3cab2319a0a" is_pre_election: true
I20260709 14:51:37.460796  1538 tablet_service.cc:1917] Received RequestConsensusVote() RPC: tablet_id: "e4e66340e2ba4184af9405448bb2e302" candidate_uuid: "5169b9bd62354f2a9d9f3ea5487ff0ae" candidate_term: 1 candidate_status { last_received { term: 0 index: 0 } } ignore_live_leader: false dest_uuid: "961c184817f148c091caccb8ef8917e0" is_pre_election: true
I20260709 14:51:37.461625  1538 raft_consensus.cc:2393] T e4e66340e2ba4184af9405448bb2e302 P 961c184817f148c091caccb8ef8917e0 [term 1 FOLLOWER]: Leader pre-election vote request: Denying vote to candidate 5169b9bd62354f2a9d9f3ea5487ff0ae in current term 1: Already voted for candidate 60278616b99c48a590b1c3cab2319a0a in this term.
I20260709 14:51:37.462849  1537 tablet_service.cc:1917] Received RequestConsensusVote() RPC: tablet_id: "6bc19cf78ca54d6e8dc48647aff29f9b" candidate_uuid: "5169b9bd62354f2a9d9f3ea5487ff0ae" candidate_term: 1 candidate_status { last_received { term: 0 index: 0 } } ignore_live_leader: false dest_uuid: "961c184817f148c091caccb8ef8917e0" is_pre_election: true
I20260709 14:51:37.466480  1751 raft_consensus.cc:2804] T afbd1b1e666f40c0a7a1ed478822d6d9 P 60278616b99c48a590b1c3cab2319a0a [term 0 FOLLOWER]: Leader pre-election won for term 1
I20260709 14:51:37.466863  1751 raft_consensus.cc:493] T afbd1b1e666f40c0a7a1ed478822d6d9 P 60278616b99c48a590b1c3cab2319a0a [term 0 FOLLOWER]: Starting leader election (no leader contacted us within the election timeout)
I20260709 14:51:37.467190  1751 raft_consensus.cc:3060] T afbd1b1e666f40c0a7a1ed478822d6d9 P 60278616b99c48a590b1c3cab2319a0a [term 0 FOLLOWER]: Advancing to term 1
I20260709 14:51:37.469338  1729 tablet_bootstrap.cc:654] T e0de32720c3a46d18a49eda9ed06f8f0 P 961c184817f148c091caccb8ef8917e0: Neither blocks nor log segments found. Creating new log.
I20260709 14:51:37.472033  1686 tablet_service.cc:1917] Received RequestConsensusVote() RPC: tablet_id: "e4e66340e2ba4184af9405448bb2e302" candidate_uuid: "961c184817f148c091caccb8ef8917e0" candidate_term: 1 candidate_status { last_received { term: 0 index: 0 } } ignore_live_leader: false dest_uuid: "60278616b99c48a590b1c3cab2319a0a" is_pre_election: true
I20260709 14:51:37.472765  1601 tablet_service.cc:1511] Processing CreateTablet for tablet 7cdf75f905504ff684a5617d5544927a (DEFAULT_TABLE table=test-workload [id=de4bcef54ce6481f8cbeb07b247fd8ea]), partition=RANGE (key) PARTITION 1492319107 <= VALUES < 1528717134
I20260709 14:51:37.474649  1522 tablet_service.cc:1511] Processing CreateTablet for tablet 19eb0c85c77d449c99d3f9fb89f22af1 (DEFAULT_TABLE table=test-workload [id=de4bcef54ce6481f8cbeb07b247fd8ea]), partition=RANGE (key) PARTITION 1528717134 <= VALUES < 1565115161
I20260709 14:51:37.476332  1522 data_dirs.cc:400] Could only allocate 1 dirs of requested 3 for tablet 19eb0c85c77d449c99d3f9fb89f22af1. 1 dirs total, 0 dirs full, 0 dirs failed
I20260709 14:51:37.477999  1751 raft_consensus.cc:515] T afbd1b1e666f40c0a7a1ed478822d6d9 P 60278616b99c48a590b1c3cab2319a0a [term 1 FOLLOWER]: Starting leader election with config: opid_index: -1 OBSOLETE_local: false peers { permanent_uuid: "961c184817f148c091caccb8ef8917e0" member_type: VOTER last_known_addr { host: "127.0.107.193" port: 33075 } } peers { permanent_uuid: "5169b9bd62354f2a9d9f3ea5487ff0ae" member_type: VOTER last_known_addr { host: "127.0.107.194" port: 45149 } } peers { permanent_uuid: "60278616b99c48a590b1c3cab2319a0a" member_type: VOTER last_known_addr { host: "127.0.107.195" port: 38875 } }
I20260709 14:51:37.475049  1601 data_dirs.cc:400] Could only allocate 1 dirs of requested 3 for tablet 7cdf75f905504ff684a5617d5544927a. 1 dirs total, 0 dirs full, 0 dirs failed
I20260709 14:51:37.482844  1727 tablet_bootstrap.cc:492] T afbd1b1e666f40c0a7a1ed478822d6d9 P 5169b9bd62354f2a9d9f3ea5487ff0ae: No bootstrap required, opened a new log
I20260709 14:51:37.483283  1727 ts_tablet_manager.cc:1403] T afbd1b1e666f40c0a7a1ed478822d6d9 P 5169b9bd62354f2a9d9f3ea5487ff0ae: Time spent bootstrapping tablet: real 0.210s	user 0.007s	sys 0.006s
I20260709 14:51:37.485028  1751 leader_election.cc:290] T afbd1b1e666f40c0a7a1ed478822d6d9 P 60278616b99c48a590b1c3cab2319a0a [CANDIDATE]: Term 1 election: Requested vote from peers 961c184817f148c091caccb8ef8917e0 (127.0.107.193:33075), 5169b9bd62354f2a9d9f3ea5487ff0ae (127.0.107.194:45149)
I20260709 14:51:37.486562  1728 tablet_bootstrap.cc:492] T e0de32720c3a46d18a49eda9ed06f8f0 P 60278616b99c48a590b1c3cab2319a0a: No bootstrap required, opened a new log
I20260709 14:51:37.487003  1728 ts_tablet_manager.cc:1403] T e0de32720c3a46d18a49eda9ed06f8f0 P 60278616b99c48a590b1c3cab2319a0a: Time spent bootstrapping tablet: real 0.184s	user 0.008s	sys 0.005s
I20260709 14:51:37.486676  1727 raft_consensus.cc:359] T afbd1b1e666f40c0a7a1ed478822d6d9 P 5169b9bd62354f2a9d9f3ea5487ff0ae [term 0 FOLLOWER]: Replica starting. Triggering 0 pending ops. Active config: opid_index: -1 OBSOLETE_local: false peers { permanent_uuid: "961c184817f148c091caccb8ef8917e0" member_type: VOTER last_known_addr { host: "127.0.107.193" port: 33075 } } peers { permanent_uuid: "5169b9bd62354f2a9d9f3ea5487ff0ae" member_type: VOTER last_known_addr { host: "127.0.107.194" port: 45149 } } peers { permanent_uuid: "60278616b99c48a590b1c3cab2319a0a" member_type: VOTER last_known_addr { host: "127.0.107.195" port: 38875 } }
I20260709 14:51:37.487365  1727 raft_consensus.cc:385] T afbd1b1e666f40c0a7a1ed478822d6d9 P 5169b9bd62354f2a9d9f3ea5487ff0ae [term 0 FOLLOWER]: Consensus starting up: Expiring failure detector timer to make a prompt election more likely
I20260709 14:51:37.487649  1727 raft_consensus.cc:740] T afbd1b1e666f40c0a7a1ed478822d6d9 P 5169b9bd62354f2a9d9f3ea5487ff0ae [term 0 FOLLOWER]: Becoming Follower/Learner. State: Replica: 5169b9bd62354f2a9d9f3ea5487ff0ae, State: Initialized, Role: FOLLOWER
I20260709 14:51:37.488426  1727 consensus_queue.cc:260] T afbd1b1e666f40c0a7a1ed478822d6d9 P 5169b9bd62354f2a9d9f3ea5487ff0ae [NON_LEADER]: Queue going to NON_LEADER mode. State: All replicated index: 0, Majority replicated index: 0, Committed index: 0, Last appended: 0.0, Last appended by leader: 0, Current term: 0, Majority size: -1, State: 0, Mode: NON_LEADER, active raft config: opid_index: -1 OBSOLETE_local: false peers { permanent_uuid: "961c184817f148c091caccb8ef8917e0" member_type: VOTER last_known_addr { host: "127.0.107.193" port: 33075 } } peers { permanent_uuid: "5169b9bd62354f2a9d9f3ea5487ff0ae" member_type: VOTER last_known_addr { host: "127.0.107.194" port: 45149 } } peers { permanent_uuid: "60278616b99c48a590b1c3cab2319a0a" member_type: VOTER last_known_addr { host: "127.0.107.195" port: 38875 } }
W20260709 14:51:37.489363  1578 leader_election.cc:343] T 6bc19cf78ca54d6e8dc48647aff29f9b P 5169b9bd62354f2a9d9f3ea5487ff0ae [CANDIDATE]: Term 1 pre-election: Tablet error from VoteRequest() call to peer 961c184817f148c091caccb8ef8917e0 (127.0.107.193:33075): Illegal state: must be running to vote when last-logged opid is not known
I20260709 14:51:37.493448  1600 tablet_service.cc:1511] Processing CreateTablet for tablet 19eb0c85c77d449c99d3f9fb89f22af1 (DEFAULT_TABLE table=test-workload [id=de4bcef54ce6481f8cbeb07b247fd8ea]), partition=RANGE (key) PARTITION 1528717134 <= VALUES < 1565115161
I20260709 14:51:37.490808  1435 catalog_manager.cc:5697] T e4e66340e2ba4184af9405448bb2e302 P 60278616b99c48a590b1c3cab2319a0a reported cstate change: term changed from 0 to 1, leader changed from <none> to 60278616b99c48a590b1c3cab2319a0a (127.0.107.195). New cstate: current_term: 1 leader_uuid: "60278616b99c48a590b1c3cab2319a0a" committed_config { opid_index: -1 OBSOLETE_local: false peers { permanent_uuid: "5169b9bd62354f2a9d9f3ea5487ff0ae" member_type: VOTER last_known_addr { host: "127.0.107.194" port: 45149 } health_report { overall_health: UNKNOWN } } peers { permanent_uuid: "60278616b99c48a590b1c3cab2319a0a" member_type: VOTER last_known_addr { host: "127.0.107.195" port: 38875 } health_report { overall_health: HEALTHY } } peers { permanent_uuid: "961c184817f148c091caccb8ef8917e0" member_type: VOTER last_known_addr { host: "127.0.107.193" port: 33075 } health_report { overall_health: UNKNOWN } } }
I20260709 14:51:37.497545  1600 data_dirs.cc:400] Could only allocate 1 dirs of requested 3 for tablet 19eb0c85c77d449c99d3f9fb89f22af1. 1 dirs total, 0 dirs full, 0 dirs failed
I20260709 14:51:37.498600  1527 tablet_service.cc:1511] Processing CreateTablet for tablet 0fed24782a414ee7a664074d590ecf8e (DEFAULT_TABLE table=test-workload [id=de4bcef54ce6481f8cbeb07b247fd8ea]), partition=RANGE (key) PARTITION 1565115161 <= VALUES < 1601513188
I20260709 14:51:37.499805  1527 data_dirs.cc:400] Could only allocate 1 dirs of requested 3 for tablet 0fed24782a414ee7a664074d590ecf8e. 1 dirs total, 0 dirs full, 0 dirs failed
I20260709 14:51:37.500137  1676 tablet_service.cc:1511] Processing CreateTablet for tablet 19eb0c85c77d449c99d3f9fb89f22af1 (DEFAULT_TABLE table=test-workload [id=de4bcef54ce6481f8cbeb07b247fd8ea]), partition=RANGE (key) PARTITION 1528717134 <= VALUES < 1565115161
I20260709 14:51:37.500872  1668 tablet_service.cc:1511] Processing CreateTablet for tablet 7cdf75f905504ff684a5617d5544927a (DEFAULT_TABLE table=test-workload [id=de4bcef54ce6481f8cbeb07b247fd8ea]), partition=RANGE (key) PARTITION 1492319107 <= VALUES < 1528717134
I20260709 14:51:37.501243  1676 data_dirs.cc:400] Could only allocate 1 dirs of requested 3 for tablet 19eb0c85c77d449c99d3f9fb89f22af1. 1 dirs total, 0 dirs full, 0 dirs failed
W20260709 14:51:37.514137  1652 outbound_call.cc:321] RPC callback for RPC call kudu.consensus.ConsensusService.RequestConsensusVote -> {remote=127.0.107.193:33075, user_credentials={real_user=slave}} blocked reactor thread for 64054.9us
I20260709 14:51:37.515203  1576 leader_election.cc:304] T e4e66340e2ba4184af9405448bb2e302 P 5169b9bd62354f2a9d9f3ea5487ff0ae [CANDIDATE]: Term 1 pre-election: Election decided. Result: candidate lost. Election summary: received 3 responses out of 3 voters: 1 yes votes; 2 no votes. yes voters: 5169b9bd62354f2a9d9f3ea5487ff0ae; no voters: 60278616b99c48a590b1c3cab2319a0a, 961c184817f148c091caccb8ef8917e0
I20260709 14:51:37.516024  1732 raft_consensus.cc:3060] T e4e66340e2ba4184af9405448bb2e302 P 5169b9bd62354f2a9d9f3ea5487ff0ae [term 0 FOLLOWER]: Advancing to term 1
W20260709 14:51:37.516623  1576 leader_election.cc:343] T 6bc19cf78ca54d6e8dc48647aff29f9b P 5169b9bd62354f2a9d9f3ea5487ff0ae [CANDIDATE]: Term 1 pre-election: Tablet error from VoteRequest() call to peer 60278616b99c48a590b1c3cab2319a0a (127.0.107.195:38875): Illegal state: must be running to vote when last-logged opid is not known
I20260709 14:51:37.517076  1576 leader_election.cc:304] T 6bc19cf78ca54d6e8dc48647aff29f9b P 5169b9bd62354f2a9d9f3ea5487ff0ae [CANDIDATE]: Term 1 pre-election: Election decided. Result: candidate lost. Election summary: received 3 responses out of 3 voters: 1 yes votes; 2 no votes. yes voters: 5169b9bd62354f2a9d9f3ea5487ff0ae; no voters: 60278616b99c48a590b1c3cab2319a0a, 961c184817f148c091caccb8ef8917e0
I20260709 14:51:37.498911  1727 ts_tablet_manager.cc:1434] T afbd1b1e666f40c0a7a1ed478822d6d9 P 5169b9bd62354f2a9d9f3ea5487ff0ae: Time spent starting tablet: real 0.015s	user 0.007s	sys 0.000s
I20260709 14:51:37.505327  1597 tablet_service.cc:1511] Processing CreateTablet for tablet 0fed24782a414ee7a664074d590ecf8e (DEFAULT_TABLE table=test-workload [id=de4bcef54ce6481f8cbeb07b247fd8ea]), partition=RANGE (key) PARTITION 1565115161 <= VALUES < 1601513188
I20260709 14:51:37.522303  1537 tablet_service.cc:1917] Received RequestConsensusVote() RPC: tablet_id: "afbd1b1e666f40c0a7a1ed478822d6d9" candidate_uuid: "60278616b99c48a590b1c3cab2319a0a" candidate_term: 1 candidate_status { last_received { term: 0 index: 0 } } ignore_live_leader: false dest_uuid: "961c184817f148c091caccb8ef8917e0"
I20260709 14:51:37.522769  1597 data_dirs.cc:400] Could only allocate 1 dirs of requested 3 for tablet 0fed24782a414ee7a664074d590ecf8e. 1 dirs total, 0 dirs full, 0 dirs failed
I20260709 14:51:37.522888  1537 raft_consensus.cc:3060] T afbd1b1e666f40c0a7a1ed478822d6d9 P 961c184817f148c091caccb8ef8917e0 [term 0 FOLLOWER]: Advancing to term 1
I20260709 14:51:37.489647  1728 raft_consensus.cc:359] T e0de32720c3a46d18a49eda9ed06f8f0 P 60278616b99c48a590b1c3cab2319a0a [term 0 FOLLOWER]: Replica starting. Triggering 0 pending ops. Active config: opid_index: -1 OBSOLETE_local: false peers { permanent_uuid: "961c184817f148c091caccb8ef8917e0" member_type: VOTER last_known_addr { host: "127.0.107.193" port: 33075 } } peers { permanent_uuid: "5169b9bd62354f2a9d9f3ea5487ff0ae" member_type: VOTER last_known_addr { host: "127.0.107.194" port: 45149 } } peers { permanent_uuid: "60278616b99c48a590b1c3cab2319a0a" member_type: VOTER last_known_addr { host: "127.0.107.195" port: 38875 } }
I20260709 14:51:37.512732  1670 tablet_service.cc:1511] Processing CreateTablet for tablet 0fed24782a414ee7a664074d590ecf8e (DEFAULT_TABLE table=test-workload [id=de4bcef54ce6481f8cbeb07b247fd8ea]), partition=RANGE (key) PARTITION 1565115161 <= VALUES < 1601513188
I20260709 14:51:37.524544  1670 data_dirs.cc:400] Could only allocate 1 dirs of requested 3 for tablet 0fed24782a414ee7a664074d590ecf8e. 1 dirs total, 0 dirs full, 0 dirs failed
I20260709 14:51:37.528956  1537 raft_consensus.cc:2468] T afbd1b1e666f40c0a7a1ed478822d6d9 P 961c184817f148c091caccb8ef8917e0 [term 1 FOLLOWER]: Leader election vote request: Granting yes vote for candidate 60278616b99c48a590b1c3cab2319a0a in term 1.
I20260709 14:51:37.522308  1732 raft_consensus.cc:2749] T e4e66340e2ba4184af9405448bb2e302 P 5169b9bd62354f2a9d9f3ea5487ff0ae [term 1 FOLLOWER]: Leader pre-election lost for term 1. Reason: could not achieve majority
I20260709 14:51:37.530136  1728 raft_consensus.cc:385] T e0de32720c3a46d18a49eda9ed06f8f0 P 60278616b99c48a590b1c3cab2319a0a [term 0 FOLLOWER]: Consensus starting up: Expiring failure detector timer to make a prompt election more likely
I20260709 14:51:37.530539  1728 raft_consensus.cc:740] T e0de32720c3a46d18a49eda9ed06f8f0 P 60278616b99c48a590b1c3cab2319a0a [term 0 FOLLOWER]: Becoming Follower/Learner. State: Replica: 60278616b99c48a590b1c3cab2319a0a, State: Initialized, Role: FOLLOWER
I20260709 14:51:37.530606  1732 raft_consensus.cc:2749] T 6bc19cf78ca54d6e8dc48647aff29f9b P 5169b9bd62354f2a9d9f3ea5487ff0ae [term 0 FOLLOWER]: Leader pre-election lost for term 1. Reason: could not achieve majority
I20260709 14:51:37.531558  1652 leader_election.cc:304] T afbd1b1e666f40c0a7a1ed478822d6d9 P 60278616b99c48a590b1c3cab2319a0a [CANDIDATE]: Term 1 election: Election decided. Result: candidate won. Election summary: received 2 responses out of 3 voters: 2 yes votes; 0 no votes. yes voters: 60278616b99c48a590b1c3cab2319a0a, 961c184817f148c091caccb8ef8917e0; no voters: 
I20260709 14:51:37.531339  1728 consensus_queue.cc:260] T e0de32720c3a46d18a49eda9ed06f8f0 P 60278616b99c48a590b1c3cab2319a0a [NON_LEADER]: Queue going to NON_LEADER mode. State: All replicated index: 0, Majority replicated index: 0, Committed index: 0, Last appended: 0.0, Last appended by leader: 0, Current term: 0, Majority size: -1, State: 0, Mode: NON_LEADER, active raft config: opid_index: -1 OBSOLETE_local: false peers { permanent_uuid: "961c184817f148c091caccb8ef8917e0" member_type: VOTER last_known_addr { host: "127.0.107.193" port: 33075 } } peers { permanent_uuid: "5169b9bd62354f2a9d9f3ea5487ff0ae" member_type: VOTER last_known_addr { host: "127.0.107.194" port: 45149 } } peers { permanent_uuid: "60278616b99c48a590b1c3cab2319a0a" member_type: VOTER last_known_addr { host: "127.0.107.195" port: 38875 } }
I20260709 14:51:37.536197  1521 tablet_service.cc:1511] Processing CreateTablet for tablet ffeaee3b378d41d4b7c00296dd4bc1d6 (DEFAULT_TABLE table=test-workload [id=de4bcef54ce6481f8cbeb07b247fd8ea]), partition=RANGE (key) PARTITION 1601513188 <= VALUES < 1637911215
I20260709 14:51:37.537577  1521 data_dirs.cc:400] Could only allocate 1 dirs of requested 3 for tablet ffeaee3b378d41d4b7c00296dd4bc1d6. 1 dirs total, 0 dirs full, 0 dirs failed
I20260709 14:51:37.544296  1729 tablet_bootstrap.cc:492] T e0de32720c3a46d18a49eda9ed06f8f0 P 961c184817f148c091caccb8ef8917e0: No bootstrap required, opened a new log
I20260709 14:51:37.544736  1729 ts_tablet_manager.cc:1403] T e0de32720c3a46d18a49eda9ed06f8f0 P 961c184817f148c091caccb8ef8917e0: Time spent bootstrapping tablet: real 0.153s	user 0.024s	sys 0.023s
I20260709 14:51:37.548348  1729 raft_consensus.cc:359] T e0de32720c3a46d18a49eda9ed06f8f0 P 961c184817f148c091caccb8ef8917e0 [term 0 FOLLOWER]: Replica starting. Triggering 0 pending ops. Active config: opid_index: -1 OBSOLETE_local: false peers { permanent_uuid: "961c184817f148c091caccb8ef8917e0" member_type: VOTER last_known_addr { host: "127.0.107.193" port: 33075 } } peers { permanent_uuid: "5169b9bd62354f2a9d9f3ea5487ff0ae" member_type: VOTER last_known_addr { host: "127.0.107.194" port: 45149 } } peers { permanent_uuid: "60278616b99c48a590b1c3cab2319a0a" member_type: VOTER last_known_addr { host: "127.0.107.195" port: 38875 } }
I20260709 14:51:37.549010  1729 raft_consensus.cc:385] T e0de32720c3a46d18a49eda9ed06f8f0 P 961c184817f148c091caccb8ef8917e0 [term 0 FOLLOWER]: Consensus starting up: Expiring failure detector timer to make a prompt election more likely
I20260709 14:51:37.549302  1729 raft_consensus.cc:740] T e0de32720c3a46d18a49eda9ed06f8f0 P 961c184817f148c091caccb8ef8917e0 [term 0 FOLLOWER]: Becoming Follower/Learner. State: Replica: 961c184817f148c091caccb8ef8917e0, State: Initialized, Role: FOLLOWER
I20260709 14:51:37.549980  1729 consensus_queue.cc:260] T e0de32720c3a46d18a49eda9ed06f8f0 P 961c184817f148c091caccb8ef8917e0 [NON_LEADER]: Queue going to NON_LEADER mode. State: All replicated index: 0, Majority replicated index: 0, Committed index: 0, Last appended: 0.0, Last appended by leader: 0, Current term: 0, Majority size: -1, State: 0, Mode: NON_LEADER, active raft config: opid_index: -1 OBSOLETE_local: false peers { permanent_uuid: "961c184817f148c091caccb8ef8917e0" member_type: VOTER last_known_addr { host: "127.0.107.193" port: 33075 } } peers { permanent_uuid: "5169b9bd62354f2a9d9f3ea5487ff0ae" member_type: VOTER last_known_addr { host: "127.0.107.194" port: 45149 } } peers { permanent_uuid: "60278616b99c48a590b1c3cab2319a0a" member_type: VOTER last_known_addr { host: "127.0.107.195" port: 38875 } }
I20260709 14:51:37.550484  1734 raft_consensus.cc:2804] T afbd1b1e666f40c0a7a1ed478822d6d9 P 60278616b99c48a590b1c3cab2319a0a [term 1 FOLLOWER]: Leader election won for term 1
I20260709 14:51:37.537540  1668 data_dirs.cc:400] Could only allocate 1 dirs of requested 3 for tablet 7cdf75f905504ff684a5617d5544927a. 1 dirs total, 0 dirs full, 0 dirs failed
I20260709 14:51:37.550964  1734 raft_consensus.cc:697] T afbd1b1e666f40c0a7a1ed478822d6d9 P 60278616b99c48a590b1c3cab2319a0a [term 1 LEADER]: Becoming Leader. State: Replica: 60278616b99c48a590b1c3cab2319a0a, State: Running, Role: LEADER
I20260709 14:51:37.551735  1734 consensus_queue.cc:237] T afbd1b1e666f40c0a7a1ed478822d6d9 P 60278616b99c48a590b1c3cab2319a0a [LEADER]: Queue going to LEADER mode. State: All replicated index: 0, Majority replicated index: 0, Committed index: 0, Last appended: 0.0, Last appended by leader: 0, Current term: 1, Majority size: 2, State: 0, Mode: LEADER, active raft config: opid_index: -1 OBSOLETE_local: false peers { permanent_uuid: "961c184817f148c091caccb8ef8917e0" member_type: VOTER last_known_addr { host: "127.0.107.193" port: 33075 } } peers { permanent_uuid: "5169b9bd62354f2a9d9f3ea5487ff0ae" member_type: VOTER last_known_addr { host: "127.0.107.194" port: 45149 } } peers { permanent_uuid: "60278616b99c48a590b1c3cab2319a0a" member_type: VOTER last_known_addr { host: "127.0.107.195" port: 38875 } }
I20260709 14:51:37.552750  1613 tablet_service.cc:1917] Received RequestConsensusVote() RPC: tablet_id: "afbd1b1e666f40c0a7a1ed478822d6d9" candidate_uuid: "60278616b99c48a590b1c3cab2319a0a" candidate_term: 1 candidate_status { last_received { term: 0 index: 0 } } ignore_live_leader: false dest_uuid: "5169b9bd62354f2a9d9f3ea5487ff0ae" is_pre_election: true
I20260709 14:51:37.553433  1613 raft_consensus.cc:2468] T afbd1b1e666f40c0a7a1ed478822d6d9 P 5169b9bd62354f2a9d9f3ea5487ff0ae [term 0 FOLLOWER]: Leader pre-election vote request: Granting yes vote for candidate 60278616b99c48a590b1c3cab2319a0a in term 0.
I20260709 14:51:37.554458  1612 tablet_service.cc:1917] Received RequestConsensusVote() RPC: tablet_id: "e4e66340e2ba4184af9405448bb2e302" candidate_uuid: "60278616b99c48a590b1c3cab2319a0a" candidate_term: 1 candidate_status { last_received { term: 0 index: 0 } } ignore_live_leader: false dest_uuid: "5169b9bd62354f2a9d9f3ea5487ff0ae" is_pre_election: true
I20260709 14:51:37.555104  1612 raft_consensus.cc:2468] T e4e66340e2ba4184af9405448bb2e302 P 5169b9bd62354f2a9d9f3ea5487ff0ae [term 1 FOLLOWER]: Leader pre-election vote request: Granting yes vote for candidate 60278616b99c48a590b1c3cab2319a0a in term 1.
I20260709 14:51:37.555928  1611 tablet_service.cc:1917] Received RequestConsensusVote() RPC: tablet_id: "e4e66340e2ba4184af9405448bb2e302" candidate_uuid: "60278616b99c48a590b1c3cab2319a0a" candidate_term: 1 candidate_status { last_received { term: 0 index: 0 } } ignore_live_leader: false dest_uuid: "5169b9bd62354f2a9d9f3ea5487ff0ae"
I20260709 14:51:37.558234  1610 tablet_service.cc:1917] Received RequestConsensusVote() RPC: tablet_id: "afbd1b1e666f40c0a7a1ed478822d6d9" candidate_uuid: "60278616b99c48a590b1c3cab2319a0a" candidate_term: 1 candidate_status { last_received { term: 0 index: 0 } } ignore_live_leader: false dest_uuid: "5169b9bd62354f2a9d9f3ea5487ff0ae"
I20260709 14:51:37.558524  1729 ts_tablet_manager.cc:1434] T e0de32720c3a46d18a49eda9ed06f8f0 P 961c184817f148c091caccb8ef8917e0: Time spent starting tablet: real 0.014s	user 0.008s	sys 0.000s
I20260709 14:51:37.558868  1610 raft_consensus.cc:3060] T afbd1b1e666f40c0a7a1ed478822d6d9 P 5169b9bd62354f2a9d9f3ea5487ff0ae [term 0 FOLLOWER]: Advancing to term 1
I20260709 14:51:37.563541  1671 tablet_service.cc:1511] Processing CreateTablet for tablet ffeaee3b378d41d4b7c00296dd4bc1d6 (DEFAULT_TABLE table=test-workload [id=de4bcef54ce6481f8cbeb07b247fd8ea]), partition=RANGE (key) PARTITION 1601513188 <= VALUES < 1637911215
I20260709 14:51:37.564716  1671 data_dirs.cc:400] Could only allocate 1 dirs of requested 3 for tablet ffeaee3b378d41d4b7c00296dd4bc1d6. 1 dirs total, 0 dirs full, 0 dirs failed
I20260709 14:51:37.567677  1610 raft_consensus.cc:2468] T afbd1b1e666f40c0a7a1ed478822d6d9 P 5169b9bd62354f2a9d9f3ea5487ff0ae [term 1 FOLLOWER]: Leader election vote request: Granting yes vote for candidate 60278616b99c48a590b1c3cab2319a0a in term 1.
I20260709 14:51:37.572120  1611 raft_consensus.cc:2468] T e4e66340e2ba4184af9405448bb2e302 P 5169b9bd62354f2a9d9f3ea5487ff0ae [term 1 FOLLOWER]: Leader election vote request: Granting yes vote for candidate 60278616b99c48a590b1c3cab2319a0a in term 1.
I20260709 14:51:37.573731  1522 tablet_service.cc:1511] Processing CreateTablet for tablet 7805fb0bf9314117b2ef14f45114ef7a (DEFAULT_TABLE table=test-workload [id=de4bcef54ce6481f8cbeb07b247fd8ea]), partition=RANGE (key) PARTITION 1637911215 <= VALUES < 1674309242
I20260709 14:51:37.574908  1522 data_dirs.cc:400] Could only allocate 1 dirs of requested 3 for tablet 7805fb0bf9314117b2ef14f45114ef7a. 1 dirs total, 0 dirs full, 0 dirs failed
I20260709 14:51:37.574870  1601 tablet_service.cc:1511] Processing CreateTablet for tablet ffeaee3b378d41d4b7c00296dd4bc1d6 (DEFAULT_TABLE table=test-workload [id=de4bcef54ce6481f8cbeb07b247fd8ea]), partition=RANGE (key) PARTITION 1601513188 <= VALUES < 1637911215
I20260709 14:51:37.576094  1601 data_dirs.cc:400] Could only allocate 1 dirs of requested 3 for tablet ffeaee3b378d41d4b7c00296dd4bc1d6. 1 dirs total, 0 dirs full, 0 dirs failed
I20260709 14:51:37.558231  1728 ts_tablet_manager.cc:1434] T e0de32720c3a46d18a49eda9ed06f8f0 P 60278616b99c48a590b1c3cab2319a0a: Time spent starting tablet: real 0.071s	user 0.005s	sys 0.003s
I20260709 14:51:37.577553  1728 tablet_bootstrap.cc:492] T bcc791eb74344f9a9abd391af59b0fbe P 60278616b99c48a590b1c3cab2319a0a: Bootstrap starting.
I20260709 14:51:37.582554  1727 tablet_bootstrap.cc:492] T 9fb94e7446fb4c518638b5f8704018c1 P 5169b9bd62354f2a9d9f3ea5487ff0ae: Bootstrap starting.
I20260709 14:51:37.588960  1611 tablet_service.cc:1917] Received RequestConsensusVote() RPC: tablet_id: "e4e66340e2ba4184af9405448bb2e302" candidate_uuid: "961c184817f148c091caccb8ef8917e0" candidate_term: 1 candidate_status { last_received { term: 0 index: 0 } } ignore_live_leader: false dest_uuid: "5169b9bd62354f2a9d9f3ea5487ff0ae" is_pre_election: true
I20260709 14:51:37.589691  1611 raft_consensus.cc:2393] T e4e66340e2ba4184af9405448bb2e302 P 5169b9bd62354f2a9d9f3ea5487ff0ae [term 1 FOLLOWER]: Leader pre-election vote request: Denying vote to candidate 961c184817f148c091caccb8ef8917e0 in current term 1: Already voted for candidate 60278616b99c48a590b1c3cab2319a0a in this term.
I20260709 14:51:37.590608  1729 tablet_bootstrap.cc:492] T 738abb22dc494eec8fcf9ecac80714d1 P 961c184817f148c091caccb8ef8917e0: Bootstrap starting.
I20260709 14:51:37.590888  1502 leader_election.cc:304] T e4e66340e2ba4184af9405448bb2e302 P 961c184817f148c091caccb8ef8917e0 [CANDIDATE]: Term 1 pre-election: Election decided. Result: candidate lost. Election summary: received 3 responses out of 3 voters: 1 yes votes; 2 no votes. yes voters: 961c184817f148c091caccb8ef8917e0; no voters: 5169b9bd62354f2a9d9f3ea5487ff0ae, 60278616b99c48a590b1c3cab2319a0a
I20260709 14:51:37.591970  1736 raft_consensus.cc:2749] T e4e66340e2ba4184af9405448bb2e302 P 961c184817f148c091caccb8ef8917e0 [term 1 FOLLOWER]: Leader pre-election lost for term 1. Reason: could not achieve majority
I20260709 14:51:37.593883  1597 tablet_service.cc:1511] Processing CreateTablet for tablet 7805fb0bf9314117b2ef14f45114ef7a (DEFAULT_TABLE table=test-workload [id=de4bcef54ce6481f8cbeb07b247fd8ea]), partition=RANGE (key) PARTITION 1637911215 <= VALUES < 1674309242
I20260709 14:51:37.595126  1597 data_dirs.cc:400] Could only allocate 1 dirs of requested 3 for tablet 7805fb0bf9314117b2ef14f45114ef7a. 1 dirs total, 0 dirs full, 0 dirs failed
I20260709 14:51:37.588454  1727 tablet_bootstrap.cc:654] T 9fb94e7446fb4c518638b5f8704018c1 P 5169b9bd62354f2a9d9f3ea5487ff0ae: Neither blocks nor log segments found. Creating new log.
I20260709 14:51:37.601171  1728 tablet_bootstrap.cc:654] T bcc791eb74344f9a9abd391af59b0fbe P 60278616b99c48a590b1c3cab2319a0a: Neither blocks nor log segments found. Creating new log.
I20260709 14:51:37.602629  1668 tablet_service.cc:1511] Processing CreateTablet for tablet 7805fb0bf9314117b2ef14f45114ef7a (DEFAULT_TABLE table=test-workload [id=de4bcef54ce6481f8cbeb07b247fd8ea]), partition=RANGE (key) PARTITION 1637911215 <= VALUES < 1674309242
I20260709 14:51:37.603842  1668 data_dirs.cc:400] Could only allocate 1 dirs of requested 3 for tablet 7805fb0bf9314117b2ef14f45114ef7a. 1 dirs total, 0 dirs full, 0 dirs failed
I20260709 14:51:37.610507  1525 tablet_service.cc:1511] Processing CreateTablet for tablet 5b7455e95c80429faaf4f926c8163096 (DEFAULT_TABLE table=test-workload [id=de4bcef54ce6481f8cbeb07b247fd8ea]), partition=RANGE (key) PARTITION 1674309242 <= VALUES < 1710707269
I20260709 14:51:37.611683  1525 data_dirs.cc:400] Could only allocate 1 dirs of requested 3 for tablet 5b7455e95c80429faaf4f926c8163096. 1 dirs total, 0 dirs full, 0 dirs failed
I20260709 14:51:37.616370  1729 tablet_bootstrap.cc:654] T 738abb22dc494eec8fcf9ecac80714d1 P 961c184817f148c091caccb8ef8917e0: Neither blocks nor log segments found. Creating new log.
I20260709 14:51:37.616591  1434 catalog_manager.cc:5697] T afbd1b1e666f40c0a7a1ed478822d6d9 P 60278616b99c48a590b1c3cab2319a0a reported cstate change: term changed from 0 to 1, leader changed from <none> to 60278616b99c48a590b1c3cab2319a0a (127.0.107.195). New cstate: current_term: 1 leader_uuid: "60278616b99c48a590b1c3cab2319a0a" committed_config { opid_index: -1 OBSOLETE_local: false peers { permanent_uuid: "961c184817f148c091caccb8ef8917e0" member_type: VOTER last_known_addr { host: "127.0.107.193" port: 33075 } health_report { overall_health: UNKNOWN } } peers { permanent_uuid: "5169b9bd62354f2a9d9f3ea5487ff0ae" member_type: VOTER last_known_addr { host: "127.0.107.194" port: 45149 } health_report { overall_health: UNKNOWN } } peers { permanent_uuid: "60278616b99c48a590b1c3cab2319a0a" member_type: VOTER last_known_addr { host: "127.0.107.195" port: 38875 } health_report { overall_health: HEALTHY } } }
I20260709 14:51:37.617060  1600 tablet_service.cc:1511] Processing CreateTablet for tablet 5b7455e95c80429faaf4f926c8163096 (DEFAULT_TABLE table=test-workload [id=de4bcef54ce6481f8cbeb07b247fd8ea]), partition=RANGE (key) PARTITION 1674309242 <= VALUES < 1710707269
I20260709 14:51:37.620249  1600 data_dirs.cc:400] Could only allocate 1 dirs of requested 3 for tablet 5b7455e95c80429faaf4f926c8163096. 1 dirs total, 0 dirs full, 0 dirs failed
I20260709 14:51:37.631426  1729 tablet_bootstrap.cc:492] T 738abb22dc494eec8fcf9ecac80714d1 P 961c184817f148c091caccb8ef8917e0: No bootstrap required, opened a new log
I20260709 14:51:37.631880  1729 ts_tablet_manager.cc:1403] T 738abb22dc494eec8fcf9ecac80714d1 P 961c184817f148c091caccb8ef8917e0: Time spent bootstrapping tablet: real 0.041s	user 0.008s	sys 0.001s
I20260709 14:51:37.631793  1671 tablet_service.cc:1511] Processing CreateTablet for tablet 5b7455e95c80429faaf4f926c8163096 (DEFAULT_TABLE table=test-workload [id=de4bcef54ce6481f8cbeb07b247fd8ea]), partition=RANGE (key) PARTITION 1674309242 <= VALUES < 1710707269
I20260709 14:51:37.633004  1671 data_dirs.cc:400] Could only allocate 1 dirs of requested 3 for tablet 5b7455e95c80429faaf4f926c8163096. 1 dirs total, 0 dirs full, 0 dirs failed
I20260709 14:51:37.636770  1729 raft_consensus.cc:359] T 738abb22dc494eec8fcf9ecac80714d1 P 961c184817f148c091caccb8ef8917e0 [term 0 FOLLOWER]: Replica starting. Triggering 0 pending ops. Active config: opid_index: -1 OBSOLETE_local: false peers { permanent_uuid: "961c184817f148c091caccb8ef8917e0" member_type: VOTER last_known_addr { host: "127.0.107.193" port: 33075 } } peers { permanent_uuid: "5169b9bd62354f2a9d9f3ea5487ff0ae" member_type: VOTER last_known_addr { host: "127.0.107.194" port: 45149 } } peers { permanent_uuid: "60278616b99c48a590b1c3cab2319a0a" member_type: VOTER last_known_addr { host: "127.0.107.195" port: 38875 } }
I20260709 14:51:37.637529  1729 raft_consensus.cc:385] T 738abb22dc494eec8fcf9ecac80714d1 P 961c184817f148c091caccb8ef8917e0 [term 0 FOLLOWER]: Consensus starting up: Expiring failure detector timer to make a prompt election more likely
I20260709 14:51:37.637801  1729 raft_consensus.cc:740] T 738abb22dc494eec8fcf9ecac80714d1 P 961c184817f148c091caccb8ef8917e0 [term 0 FOLLOWER]: Becoming Follower/Learner. State: Replica: 961c184817f148c091caccb8ef8917e0, State: Initialized, Role: FOLLOWER
I20260709 14:51:37.638559  1729 consensus_queue.cc:260] T 738abb22dc494eec8fcf9ecac80714d1 P 961c184817f148c091caccb8ef8917e0 [NON_LEADER]: Queue going to NON_LEADER mode. State: All replicated index: 0, Majority replicated index: 0, Committed index: 0, Last appended: 0.0, Last appended by leader: 0, Current term: 0, Majority size: -1, State: 0, Mode: NON_LEADER, active raft config: opid_index: -1 OBSOLETE_local: false peers { permanent_uuid: "961c184817f148c091caccb8ef8917e0" member_type: VOTER last_known_addr { host: "127.0.107.193" port: 33075 } } peers { permanent_uuid: "5169b9bd62354f2a9d9f3ea5487ff0ae" member_type: VOTER last_known_addr { host: "127.0.107.194" port: 45149 } } peers { permanent_uuid: "60278616b99c48a590b1c3cab2319a0a" member_type: VOTER last_known_addr { host: "127.0.107.195" port: 38875 } }
I20260709 14:51:37.646792  1729 ts_tablet_manager.cc:1434] T 738abb22dc494eec8fcf9ecac80714d1 P 961c184817f148c091caccb8ef8917e0: Time spent starting tablet: real 0.015s	user 0.007s	sys 0.000s
I20260709 14:51:37.649470  1727 tablet_bootstrap.cc:492] T 9fb94e7446fb4c518638b5f8704018c1 P 5169b9bd62354f2a9d9f3ea5487ff0ae: No bootstrap required, opened a new log
I20260709 14:51:37.650794  1527 tablet_service.cc:1511] Processing CreateTablet for tablet 208d5e73ce7644e994a600be6f7d206f (DEFAULT_TABLE table=test-workload [id=de4bcef54ce6481f8cbeb07b247fd8ea]), partition=RANGE (key) PARTITION 1710707269 <= VALUES < 1747105296
I20260709 14:51:37.651026  1597 tablet_service.cc:1511] Processing CreateTablet for tablet 208d5e73ce7644e994a600be6f7d206f (DEFAULT_TABLE table=test-workload [id=de4bcef54ce6481f8cbeb07b247fd8ea]), partition=RANGE (key) PARTITION 1710707269 <= VALUES < 1747105296
I20260709 14:51:37.651842  1527 data_dirs.cc:400] Could only allocate 1 dirs of requested 3 for tablet 208d5e73ce7644e994a600be6f7d206f. 1 dirs total, 0 dirs full, 0 dirs failed
