I20260709 14:51:04.132210 13719 leader_election.cc:290] T 453c09fc4f314345bed1e3f2bae1c6e7 P ccdcb84c815c43a48c30a219c6e821e9 [CANDIDATE]: Term 1 pre-election: Requested pre-vote from peers f7d2b5ffc62a48de91e8fe33c71abfac (127.11.235.194:36071), 05a0612abbdd4540a8fd66c29e1971c9 (127.11.235.195:36219)
I20260709 14:51:04.133502 13685 raft_consensus.cc:493] T 5b3483cd63324fb18e80cab540a3caab P 05a0612abbdd4540a8fd66c29e1971c9 [term 0 FOLLOWER]: Starting pre-election (no leader contacted us within the election timeout)
I20260709 14:51:04.133953 13685 raft_consensus.cc:515] T 5b3483cd63324fb18e80cab540a3caab P 05a0612abbdd4540a8fd66c29e1971c9 [term 0 FOLLOWER]: Starting pre-election with config: opid_index: -1 OBSOLETE_local: false peers { permanent_uuid: "ccdcb84c815c43a48c30a219c6e821e9" member_type: VOTER last_known_addr { host: "127.11.235.193" port: 34623 } } peers { permanent_uuid: "f7d2b5ffc62a48de91e8fe33c71abfac" member_type: VOTER last_known_addr { host: "127.11.235.194" port: 36071 } } peers { permanent_uuid: "05a0612abbdd4540a8fd66c29e1971c9" member_type: VOTER last_known_addr { host: "127.11.235.195" port: 36219 } }
I20260709 14:51:04.134497 13322 raft_consensus.cc:2468] T 633800330cae4d9e92d052343ade0de3 P ccdcb84c815c43a48c30a219c6e821e9 [term 2 FOLLOWER]: Leader election vote request: Granting yes vote for candidate 05a0612abbdd4540a8fd66c29e1971c9 in term 2.
I20260709 14:51:04.136083 13685 leader_election.cc:290] T 5b3483cd63324fb18e80cab540a3caab P 05a0612abbdd4540a8fd66c29e1971c9 [CANDIDATE]: Term 1 pre-election: Requested pre-vote from peers ccdcb84c815c43a48c30a219c6e821e9 (127.11.235.193:34623), f7d2b5ffc62a48de91e8fe33c71abfac (127.11.235.194:36071)
W20260709 14:51:04.131466 13841 log.cc:927] Time spent T 3e4d5b154ec84365a191cea432e65ae5 P 05a0612abbdd4540a8fd66c29e1971c9: Append to log took a long time: real 0.112s	user 0.000s	sys 0.001s
I20260709 14:51:04.137568 13396 tablet_service.cc:1917] Received RequestConsensusVote() RPC: tablet_id: "453c09fc4f314345bed1e3f2bae1c6e7" candidate_uuid: "ccdcb84c815c43a48c30a219c6e821e9" candidate_term: 1 candidate_status { last_received { term: 0 index: 0 } } ignore_live_leader: false dest_uuid: "f7d2b5ffc62a48de91e8fe33c71abfac" is_pre_election: true
I20260709 14:51:04.140369 13512 raft_consensus.cc:359] T 5b3483cd63324fb18e80cab540a3caab P f7d2b5ffc62a48de91e8fe33c71abfac [term 0 FOLLOWER]: Replica starting. Triggering 0 pending ops. Active config: opid_index: -1 OBSOLETE_local: false peers { permanent_uuid: "ccdcb84c815c43a48c30a219c6e821e9" member_type: VOTER last_known_addr { host: "127.11.235.193" port: 34623 } } peers { permanent_uuid: "f7d2b5ffc62a48de91e8fe33c71abfac" member_type: VOTER last_known_addr { host: "127.11.235.194" port: 36071 } } peers { permanent_uuid: "05a0612abbdd4540a8fd66c29e1971c9" member_type: VOTER last_known_addr { host: "127.11.235.195" port: 36219 } }
I20260709 14:51:04.141112 13512 raft_consensus.cc:385] T 5b3483cd63324fb18e80cab540a3caab P f7d2b5ffc62a48de91e8fe33c71abfac [term 0 FOLLOWER]: Consensus starting up: Expiring failure detector timer to make a prompt election more likely
I20260709 14:51:04.141398 13512 raft_consensus.cc:740] T 5b3483cd63324fb18e80cab540a3caab P f7d2b5ffc62a48de91e8fe33c71abfac [term 0 FOLLOWER]: Becoming Follower/Learner. State: Replica: f7d2b5ffc62a48de91e8fe33c71abfac, State: Initialized, Role: FOLLOWER
I20260709 14:51:04.144179 13512 consensus_queue.cc:260] T 5b3483cd63324fb18e80cab540a3caab P f7d2b5ffc62a48de91e8fe33c71abfac [NON_LEADER]: Queue going to NON_LEADER mode. State: All replicated index: 0, Majority replicated index: 0, Committed index: 0, Last appended: 0.0, Last appended by leader: 0, Current term: 0, Majority size: -1, State: 0, Mode: NON_LEADER, active raft config: opid_index: -1 OBSOLETE_local: false peers { permanent_uuid: "ccdcb84c815c43a48c30a219c6e821e9" member_type: VOTER last_known_addr { host: "127.11.235.193" port: 34623 } } peers { permanent_uuid: "f7d2b5ffc62a48de91e8fe33c71abfac" member_type: VOTER last_known_addr { host: "127.11.235.194" port: 36071 } } peers { permanent_uuid: "05a0612abbdd4540a8fd66c29e1971c9" member_type: VOTER last_known_addr { host: "127.11.235.195" port: 36219 } }
W20260709 14:51:04.148583 13288 outbound_call.cc:321] RPC callback for RPC call kudu.consensus.ConsensusService.UpdateConsensus -> {remote=127.11.235.195:36219, user_credentials={real_user=slave}} blocked reactor thread for 48639.6us
W20260709 14:51:04.148911 13286 leader_election.cc:343] T 453c09fc4f314345bed1e3f2bae1c6e7 P ccdcb84c815c43a48c30a219c6e821e9 [CANDIDATE]: Term 1 pre-election: Tablet error from VoteRequest() call to peer f7d2b5ffc62a48de91e8fe33c71abfac (127.11.235.194:36071): Illegal state: must be running to vote when last-logged opid is not known
I20260709 14:51:04.151320 13436 leader_election.cc:304] T 633800330cae4d9e92d052343ade0de3 P 05a0612abbdd4540a8fd66c29e1971c9 [CANDIDATE]: Term 2 election: Election decided. Result: candidate won. Election summary: received 2 responses out of 3 voters: 2 yes votes; 0 no votes. yes voters: 05a0612abbdd4540a8fd66c29e1971c9, ccdcb84c815c43a48c30a219c6e821e9; no voters: 
I20260709 14:51:04.157505 13322 tablet_service.cc:1917] Received RequestConsensusVote() RPC: tablet_id: "5b3483cd63324fb18e80cab540a3caab" candidate_uuid: "05a0612abbdd4540a8fd66c29e1971c9" candidate_term: 1 candidate_status { last_received { term: 0 index: 0 } } ignore_live_leader: false dest_uuid: "ccdcb84c815c43a48c30a219c6e821e9" is_pre_election: true
I20260709 14:51:04.158524 13756 raft_consensus.cc:515] T 6cc7de2dc55546d3a3f5d5b4f3247289 P 05a0612abbdd4540a8fd66c29e1971c9 [term 1 FOLLOWER]: Starting leader election with config: opid_index: -1 OBSOLETE_local: false peers { permanent_uuid: "ccdcb84c815c43a48c30a219c6e821e9" member_type: VOTER last_known_addr { host: "127.11.235.193" port: 34623 } } peers { permanent_uuid: "f7d2b5ffc62a48de91e8fe33c71abfac" member_type: VOTER last_known_addr { host: "127.11.235.194" port: 36071 } } peers { permanent_uuid: "05a0612abbdd4540a8fd66c29e1971c9" member_type: VOTER last_known_addr { host: "127.11.235.195" port: 36219 } }
I20260709 14:51:04.160542 13756 leader_election.cc:290] T 6cc7de2dc55546d3a3f5d5b4f3247289 P 05a0612abbdd4540a8fd66c29e1971c9 [CANDIDATE]: Term 1 election: Requested vote from peers ccdcb84c815c43a48c30a219c6e821e9 (127.11.235.193:34623), f7d2b5ffc62a48de91e8fe33c71abfac (127.11.235.194:36071)
W20260709 14:51:04.161851 13436 leader_election.cc:343] T 5b3483cd63324fb18e80cab540a3caab P 05a0612abbdd4540a8fd66c29e1971c9 [CANDIDATE]: Term 1 pre-election: Tablet error from VoteRequest() call to peer ccdcb84c815c43a48c30a219c6e821e9 (127.11.235.193:34623): Illegal state: must be running to vote when last-logged opid is not known
I20260709 14:51:04.165501 13513 tablet_bootstrap.cc:492] T 6cc7de2dc55546d3a3f5d5b4f3247289 P ccdcb84c815c43a48c30a219c6e821e9: No bootstrap required, opened a new log
I20260709 14:51:04.165961 13513 ts_tablet_manager.cc:1403] T 6cc7de2dc55546d3a3f5d5b4f3247289 P ccdcb84c815c43a48c30a219c6e821e9: Time spent bootstrapping tablet: real 0.172s	user 0.008s	sys 0.014s
I20260709 14:51:04.166827 13322 tablet_service.cc:1917] Received RequestConsensusVote() RPC: tablet_id: "6cc7de2dc55546d3a3f5d5b4f3247289" candidate_uuid: "05a0612abbdd4540a8fd66c29e1971c9" candidate_term: 1 candidate_status { last_received { term: 0 index: 0 } } ignore_live_leader: false dest_uuid: "ccdcb84c815c43a48c30a219c6e821e9"
I20260709 14:51:04.170778 13514 ts_tablet_manager.cc:1434] T 529ce114ecbf47049f83bf4c092cbd64 P 05a0612abbdd4540a8fd66c29e1971c9: Time spent starting tablet: real 0.123s	user 0.015s	sys 0.003s
I20260709 14:51:04.201797 13512 ts_tablet_manager.cc:1434] T 5b3483cd63324fb18e80cab540a3caab P f7d2b5ffc62a48de91e8fe33c71abfac: Time spent starting tablet: real 0.142s	user 0.005s	sys 0.016s
W20260709 14:51:04.235368 13363 outbound_call.cc:321] RPC callback for RPC call kudu.consensus.ConsensusService.UpdateConsensus -> {remote=127.11.235.195:36219, user_credentials={real_user=slave}} blocked reactor thread for 65905.8us
I20260709 14:51:04.237244 13512 tablet_bootstrap.cc:492] T 453c09fc4f314345bed1e3f2bae1c6e7 P f7d2b5ffc62a48de91e8fe33c71abfac: Bootstrap starting.
I20260709 14:51:04.243625 13668 raft_consensus.cc:493] T 185b5c280d2c4c1daa0bd68e376fb577 P f7d2b5ffc62a48de91e8fe33c71abfac [term 0 FOLLOWER]: Starting pre-election (no leader contacted us within the election timeout)
I20260709 14:51:04.244251 13395 tablet_service.cc:1917] Received RequestConsensusVote() RPC: tablet_id: "5b3483cd63324fb18e80cab540a3caab" candidate_uuid: "05a0612abbdd4540a8fd66c29e1971c9" candidate_term: 1 candidate_status { last_received { term: 0 index: 0 } } ignore_live_leader: false dest_uuid: "f7d2b5ffc62a48de91e8fe33c71abfac" is_pre_election: true
I20260709 14:51:04.244167 13668 raft_consensus.cc:515] T 185b5c280d2c4c1daa0bd68e376fb577 P f7d2b5ffc62a48de91e8fe33c71abfac [term 0 FOLLOWER]: Starting pre-election with config: opid_index: -1 OBSOLETE_local: false peers { permanent_uuid: "ccdcb84c815c43a48c30a219c6e821e9" member_type: VOTER last_known_addr { host: "127.11.235.193" port: 34623 } } peers { permanent_uuid: "f7d2b5ffc62a48de91e8fe33c71abfac" member_type: VOTER last_known_addr { host: "127.11.235.194" port: 36071 } } peers { permanent_uuid: "05a0612abbdd4540a8fd66c29e1971c9" member_type: VOTER last_known_addr { host: "127.11.235.195" port: 36219 } }
I20260709 14:51:04.244899 13395 raft_consensus.cc:2468] T 5b3483cd63324fb18e80cab540a3caab P f7d2b5ffc62a48de91e8fe33c71abfac [term 0 FOLLOWER]: Leader pre-election vote request: Granting yes vote for candidate 05a0612abbdd4540a8fd66c29e1971c9 in term 0.
I20260709 14:51:04.251114 13395 tablet_service.cc:1917] Received RequestConsensusVote() RPC: tablet_id: "6cc7de2dc55546d3a3f5d5b4f3247289" candidate_uuid: "05a0612abbdd4540a8fd66c29e1971c9" candidate_term: 1 candidate_status { last_received { term: 0 index: 0 } } ignore_live_leader: false dest_uuid: "f7d2b5ffc62a48de91e8fe33c71abfac"
I20260709 14:51:04.251730 13395 raft_consensus.cc:3060] T 6cc7de2dc55546d3a3f5d5b4f3247289 P f7d2b5ffc62a48de91e8fe33c71abfac [term 0 FOLLOWER]: Advancing to term 1
I20260709 14:51:04.252022 13820 consensus_queue.cc:1048] T e6e53d00a11247e78f7633fe8c5d0f22 P f7d2b5ffc62a48de91e8fe33c71abfac [LEADER]: Connected to new peer: Peer: permanent_uuid: "ccdcb84c815c43a48c30a219c6e821e9" member_type: VOTER last_known_addr { host: "127.11.235.193" port: 34623 }, Status: LMP_MISMATCH, Last received: 0.0, Next index: 1, Last known committed idx: 0, Time since last communication: 0.000s
I20260709 14:51:04.257244 13323 tablet_service.cc:1917] Received RequestConsensusVote() RPC: tablet_id: "185b5c280d2c4c1daa0bd68e376fb577" candidate_uuid: "f7d2b5ffc62a48de91e8fe33c71abfac" candidate_term: 1 candidate_status { last_received { term: 0 index: 0 } } ignore_live_leader: false dest_uuid: "ccdcb84c815c43a48c30a219c6e821e9" is_pre_election: true
I20260709 14:51:04.257742 13435 leader_election.cc:304] T 5b3483cd63324fb18e80cab540a3caab P 05a0612abbdd4540a8fd66c29e1971c9 [CANDIDATE]: Term 1 pre-election: Election decided. Result: candidate won. Election summary: received 3 responses out of 3 voters: 2 yes votes; 1 no votes. yes voters: 05a0612abbdd4540a8fd66c29e1971c9, f7d2b5ffc62a48de91e8fe33c71abfac; no voters: ccdcb84c815c43a48c30a219c6e821e9
I20260709 14:51:04.258034 13323 raft_consensus.cc:2393] T 185b5c280d2c4c1daa0bd68e376fb577 P ccdcb84c815c43a48c30a219c6e821e9 [term 1 FOLLOWER]: Leader pre-election vote request: Denying vote to candidate f7d2b5ffc62a48de91e8fe33c71abfac in current term 1: Already voted for candidate 05a0612abbdd4540a8fd66c29e1971c9 in this term.
I20260709 14:51:04.266240 13732 raft_consensus.cc:2804] T 5b3483cd63324fb18e80cab540a3caab P 05a0612abbdd4540a8fd66c29e1971c9 [term 0 FOLLOWER]: Leader pre-election won for term 1
I20260709 14:51:04.266656 13732 raft_consensus.cc:493] T 5b3483cd63324fb18e80cab540a3caab P 05a0612abbdd4540a8fd66c29e1971c9 [term 0 FOLLOWER]: Starting leader election (no leader contacted us within the election timeout)
I20260709 14:51:04.267002 13732 raft_consensus.cc:3060] T 5b3483cd63324fb18e80cab540a3caab P 05a0612abbdd4540a8fd66c29e1971c9 [term 0 FOLLOWER]: Advancing to term 1
I20260709 14:51:04.267105 13394 raft_consensus.cc:3060] T 185b5c280d2c4c1daa0bd68e376fb577 P f7d2b5ffc62a48de91e8fe33c71abfac [term 0 FOLLOWER]: Advancing to term 1
I20260709 14:51:04.269706 13514 tablet_bootstrap.cc:492] T 4835db75299949e1830b045126a38956 P 05a0612abbdd4540a8fd66c29e1971c9: Bootstrap starting.
I20260709 14:51:04.272239 13395 raft_consensus.cc:2468] T 6cc7de2dc55546d3a3f5d5b4f3247289 P f7d2b5ffc62a48de91e8fe33c71abfac [term 1 FOLLOWER]: Leader election vote request: Granting yes vote for candidate 05a0612abbdd4540a8fd66c29e1971c9 in term 1.
I20260709 14:51:04.155457 13684 raft_consensus.cc:2804] T 633800330cae4d9e92d052343ade0de3 P 05a0612abbdd4540a8fd66c29e1971c9 [term 2 FOLLOWER]: Leader election won for term 2
I20260709 14:51:04.169760 13756 consensus_queue.cc:1048] T 5709008681b143388968da3dce1fc4cb P 05a0612abbdd4540a8fd66c29e1971c9 [LEADER]: Connected to new peer: Peer: permanent_uuid: "ccdcb84c815c43a48c30a219c6e821e9" member_type: VOTER last_known_addr { host: "127.11.235.193" port: 34623 }, Status: LMP_MISMATCH, Last received: 0.0, Next index: 1, Last known committed idx: 0, Time since last communication: 0.113s
I20260709 14:51:04.286303 13469 tablet_service.cc:1917] Received RequestConsensusVote() RPC: tablet_id: "453c09fc4f314345bed1e3f2bae1c6e7" candidate_uuid: "ccdcb84c815c43a48c30a219c6e821e9" candidate_term: 1 candidate_status { last_received { term: 0 index: 0 } } ignore_live_leader: false dest_uuid: "05a0612abbdd4540a8fd66c29e1971c9" is_pre_election: true
I20260709 14:51:04.291756 13761 raft_consensus.cc:515] T 3607e5c0cdac4ad08fa20f3420494f26 P f7d2b5ffc62a48de91e8fe33c71abfac [term 2 FOLLOWER]: Starting leader election with config: opid_index: -1 OBSOLETE_local: false peers { permanent_uuid: "ccdcb84c815c43a48c30a219c6e821e9" member_type: VOTER last_known_addr { host: "127.11.235.193" port: 34623 } } peers { permanent_uuid: "f7d2b5ffc62a48de91e8fe33c71abfac" member_type: VOTER last_known_addr { host: "127.11.235.194" port: 36071 } } peers { permanent_uuid: "05a0612abbdd4540a8fd66c29e1971c9" member_type: VOTER last_known_addr { host: "127.11.235.195" port: 36219 } }
I20260709 14:51:04.293047 13732 raft_consensus.cc:515] T 5b3483cd63324fb18e80cab540a3caab P 05a0612abbdd4540a8fd66c29e1971c9 [term 1 FOLLOWER]: Starting leader election with config: opid_index: -1 OBSOLETE_local: false peers { permanent_uuid: "ccdcb84c815c43a48c30a219c6e821e9" member_type: VOTER last_known_addr { host: "127.11.235.193" port: 34623 } } peers { permanent_uuid: "f7d2b5ffc62a48de91e8fe33c71abfac" member_type: VOTER last_known_addr { host: "127.11.235.194" port: 36071 } } peers { permanent_uuid: "05a0612abbdd4540a8fd66c29e1971c9" member_type: VOTER last_known_addr { host: "127.11.235.195" port: 36219 } }
I20260709 14:51:04.297310 13732 leader_election.cc:290] T 5b3483cd63324fb18e80cab540a3caab P 05a0612abbdd4540a8fd66c29e1971c9 [CANDIDATE]: Term 1 election: Requested vote from peers ccdcb84c815c43a48c30a219c6e821e9 (127.11.235.193:34623), f7d2b5ffc62a48de91e8fe33c71abfac (127.11.235.194:36071)
I20260709 14:51:04.296577 13775 raft_consensus.cc:515] T 3607e5c0cdac4ad08fa20f3420494f26 P 05a0612abbdd4540a8fd66c29e1971c9 [term 3 FOLLOWER]: Starting leader election with config: opid_index: -1 OBSOLETE_local: false peers { permanent_uuid: "ccdcb84c815c43a48c30a219c6e821e9" member_type: VOTER last_known_addr { host: "127.11.235.193" port: 34623 } } peers { permanent_uuid: "f7d2b5ffc62a48de91e8fe33c71abfac" member_type: VOTER last_known_addr { host: "127.11.235.194" port: 36071 } } peers { permanent_uuid: "05a0612abbdd4540a8fd66c29e1971c9" member_type: VOTER last_known_addr { host: "127.11.235.195" port: 36219 } }
I20260709 14:51:04.299450 13775 leader_election.cc:290] T 3607e5c0cdac4ad08fa20f3420494f26 P 05a0612abbdd4540a8fd66c29e1971c9 [CANDIDATE]: Term 3 election: Requested vote from peers ccdcb84c815c43a48c30a219c6e821e9 (127.11.235.193:34623), f7d2b5ffc62a48de91e8fe33c71abfac (127.11.235.194:36071)
I20260709 14:51:04.295650 13514 tablet_bootstrap.cc:654] T 4835db75299949e1830b045126a38956 P 05a0612abbdd4540a8fd66c29e1971c9: Neither blocks nor log segments found. Creating new log.
I20260709 14:51:04.301311 13668 leader_election.cc:290] T 185b5c280d2c4c1daa0bd68e376fb577 P f7d2b5ffc62a48de91e8fe33c71abfac [CANDIDATE]: Term 1 pre-election: Requested pre-vote from peers ccdcb84c815c43a48c30a219c6e821e9 (127.11.235.193:34623), 05a0612abbdd4540a8fd66c29e1971c9 (127.11.235.195:36219)
I20260709 14:51:04.307355 13513 raft_consensus.cc:359] T 6cc7de2dc55546d3a3f5d5b4f3247289 P ccdcb84c815c43a48c30a219c6e821e9 [term 0 FOLLOWER]: Replica starting. Triggering 0 pending ops. Active config: opid_index: -1 OBSOLETE_local: false peers { permanent_uuid: "ccdcb84c815c43a48c30a219c6e821e9" member_type: VOTER last_known_addr { host: "127.11.235.193" port: 34623 } } peers { permanent_uuid: "f7d2b5ffc62a48de91e8fe33c71abfac" member_type: VOTER last_known_addr { host: "127.11.235.194" port: 36071 } } peers { permanent_uuid: "05a0612abbdd4540a8fd66c29e1971c9" member_type: VOTER last_known_addr { host: "127.11.235.195" port: 36219 } }
I20260709 14:51:04.307827 13761 leader_election.cc:290] T 3607e5c0cdac4ad08fa20f3420494f26 P f7d2b5ffc62a48de91e8fe33c71abfac [CANDIDATE]: Term 2 election: Requested vote from peers ccdcb84c815c43a48c30a219c6e821e9 (127.11.235.193:34623), 05a0612abbdd4540a8fd66c29e1971c9 (127.11.235.195:36219)
I20260709 14:51:04.308063 13513 raft_consensus.cc:385] T 6cc7de2dc55546d3a3f5d5b4f3247289 P ccdcb84c815c43a48c30a219c6e821e9 [term 0 FOLLOWER]: Consensus starting up: Expiring failure detector timer to make a prompt election more likely
I20260709 14:51:04.308398 13513 raft_consensus.cc:740] T 6cc7de2dc55546d3a3f5d5b4f3247289 P ccdcb84c815c43a48c30a219c6e821e9 [term 0 FOLLOWER]: Becoming Follower/Learner. State: Replica: ccdcb84c815c43a48c30a219c6e821e9, State: Initialized, Role: FOLLOWER
I20260709 14:51:04.301467 13469 raft_consensus.cc:2468] T 453c09fc4f314345bed1e3f2bae1c6e7 P 05a0612abbdd4540a8fd66c29e1971c9 [term 0 FOLLOWER]: Leader pre-election vote request: Granting yes vote for candidate ccdcb84c815c43a48c30a219c6e821e9 in term 0.
I20260709 14:51:04.309481 13513 consensus_queue.cc:260] T 6cc7de2dc55546d3a3f5d5b4f3247289 P ccdcb84c815c43a48c30a219c6e821e9 [NON_LEADER]: Queue going to NON_LEADER mode. State: All replicated index: 0, Majority replicated index: 0, Committed index: 0, Last appended: 0.0, Last appended by leader: 0, Current term: 0, Majority size: -1, State: 0, Mode: NON_LEADER, active raft config: opid_index: -1 OBSOLETE_local: false peers { permanent_uuid: "ccdcb84c815c43a48c30a219c6e821e9" member_type: VOTER last_known_addr { host: "127.11.235.193" port: 34623 } } peers { permanent_uuid: "f7d2b5ffc62a48de91e8fe33c71abfac" member_type: VOTER last_known_addr { host: "127.11.235.194" port: 36071 } } peers { permanent_uuid: "05a0612abbdd4540a8fd66c29e1971c9" member_type: VOTER last_known_addr { host: "127.11.235.195" port: 36219 } }
I20260709 14:51:04.301164 13684 raft_consensus.cc:697] T 633800330cae4d9e92d052343ade0de3 P 05a0612abbdd4540a8fd66c29e1971c9 [term 2 LEADER]: Becoming Leader. State: Replica: 05a0612abbdd4540a8fd66c29e1971c9, State: Running, Role: LEADER
W20260709 14:51:04.312182 13436 leader_election.cc:343] T 6cc7de2dc55546d3a3f5d5b4f3247289 P 05a0612abbdd4540a8fd66c29e1971c9 [CANDIDATE]: Term 1 election: Tablet error from VoteRequest() call to peer ccdcb84c815c43a48c30a219c6e821e9 (127.11.235.193:34623): Illegal state: must be running to vote when last-logged opid is not known
I20260709 14:51:04.313305 13321 tablet_service.cc:1917] Received RequestConsensusVote() RPC: tablet_id: "3607e5c0cdac4ad08fa20f3420494f26" candidate_uuid: "f7d2b5ffc62a48de91e8fe33c71abfac" candidate_term: 2 candidate_status { last_received { term: 1 index: 1 } } ignore_live_leader: false dest_uuid: "ccdcb84c815c43a48c30a219c6e821e9"
W20260709 14:51:04.315191 13435 outbound_call.cc:321] RPC callback for RPC call kudu.consensus.ConsensusService.UpdateConsensus -> {remote=127.11.235.194:36071, user_credentials={real_user=slave}} blocked reactor thread for 55535.5us
I20260709 14:51:04.314056 13321 raft_consensus.cc:2393] T 3607e5c0cdac4ad08fa20f3420494f26 P ccdcb84c815c43a48c30a219c6e821e9 [term 2 FOLLOWER]: Leader election vote request: Denying vote to candidate f7d2b5ffc62a48de91e8fe33c71abfac in current term 2: Already voted for candidate ccdcb84c815c43a48c30a219c6e821e9 in this term.
I20260709 14:51:04.321549 13470 tablet_service.cc:1917] Received RequestConsensusVote() RPC: tablet_id: "185b5c280d2c4c1daa0bd68e376fb577" candidate_uuid: "f7d2b5ffc62a48de91e8fe33c71abfac" candidate_term: 1 candidate_status { last_received { term: 0 index: 0 } } ignore_live_leader: false dest_uuid: "05a0612abbdd4540a8fd66c29e1971c9" is_pre_election: true
I20260709 14:51:04.339674 13851 raft_consensus.cc:493] T 529ce114ecbf47049f83bf4c092cbd64 P 05a0612abbdd4540a8fd66c29e1971c9 [term 0 FOLLOWER]: Starting pre-election (no leader contacted us within the election timeout)
I20260709 14:51:04.339751 13684 consensus_queue.cc:237] T 633800330cae4d9e92d052343ade0de3 P 05a0612abbdd4540a8fd66c29e1971c9 [LEADER]: Queue going to LEADER mode. State: All replicated index: 0, Majority replicated index: 0, Committed index: 0, Last appended: 0.0, Last appended by leader: 0, Current term: 2, Majority size: 2, State: 0, Mode: LEADER, active raft config: opid_index: -1 OBSOLETE_local: false peers { permanent_uuid: "ccdcb84c815c43a48c30a219c6e821e9" member_type: VOTER last_known_addr { host: "127.11.235.193" port: 34623 } } peers { permanent_uuid: "f7d2b5ffc62a48de91e8fe33c71abfac" member_type: VOTER last_known_addr { host: "127.11.235.194" port: 36071 } } peers { permanent_uuid: "05a0612abbdd4540a8fd66c29e1971c9" member_type: VOTER last_known_addr { host: "127.11.235.195" port: 36219 } }
I20260709 14:51:04.340312 13851 raft_consensus.cc:515] T 529ce114ecbf47049f83bf4c092cbd64 P 05a0612abbdd4540a8fd66c29e1971c9 [term 0 FOLLOWER]: Starting pre-election with config: opid_index: -1 OBSOLETE_local: false peers { permanent_uuid: "ccdcb84c815c43a48c30a219c6e821e9" member_type: VOTER last_known_addr { host: "127.11.235.193" port: 34623 } } peers { permanent_uuid: "f7d2b5ffc62a48de91e8fe33c71abfac" member_type: VOTER last_known_addr { host: "127.11.235.194" port: 36071 } } peers { permanent_uuid: "05a0612abbdd4540a8fd66c29e1971c9" member_type: VOTER last_known_addr { host: "127.11.235.195" port: 36219 } }
I20260709 14:51:04.341781 13322 tablet_service.cc:1917] Received RequestConsensusVote() RPC: tablet_id: "5b3483cd63324fb18e80cab540a3caab" candidate_uuid: "05a0612abbdd4540a8fd66c29e1971c9" candidate_term: 1 candidate_status { last_received { term: 0 index: 0 } } ignore_live_leader: false dest_uuid: "ccdcb84c815c43a48c30a219c6e821e9"
I20260709 14:51:04.342401 13851 leader_election.cc:290] T 529ce114ecbf47049f83bf4c092cbd64 P 05a0612abbdd4540a8fd66c29e1971c9 [CANDIDATE]: Term 1 pre-election: Requested pre-vote from peers ccdcb84c815c43a48c30a219c6e821e9 (127.11.235.193:34623), f7d2b5ffc62a48de91e8fe33c71abfac (127.11.235.194:36071)
I20260709 14:51:04.342868 13320 tablet_service.cc:1917] Received RequestConsensusVote() RPC: tablet_id: "3607e5c0cdac4ad08fa20f3420494f26" candidate_uuid: "05a0612abbdd4540a8fd66c29e1971c9" candidate_term: 3 candidate_status { last_received { term: 1 index: 1 } } ignore_live_leader: false dest_uuid: "ccdcb84c815c43a48c30a219c6e821e9"
I20260709 14:51:04.343487 13320 raft_consensus.cc:3060] T 3607e5c0cdac4ad08fa20f3420494f26 P ccdcb84c815c43a48c30a219c6e821e9 [term 2 FOLLOWER]: Advancing to term 3
I20260709 14:51:04.357446 13398 tablet_service.cc:1917] Received RequestConsensusVote() RPC: tablet_id: "5b3483cd63324fb18e80cab540a3caab" candidate_uuid: "05a0612abbdd4540a8fd66c29e1971c9" candidate_term: 1 candidate_status { last_received { term: 0 index: 0 } } ignore_live_leader: false dest_uuid: "f7d2b5ffc62a48de91e8fe33c71abfac"
I20260709 14:51:04.316201 13732 consensus_queue.cc:1048] T 185b5c280d2c4c1daa0bd68e376fb577 P 05a0612abbdd4540a8fd66c29e1971c9 [LEADER]: Connected to new peer: Peer: permanent_uuid: "ccdcb84c815c43a48c30a219c6e821e9" member_type: VOTER last_known_addr { host: "127.11.235.193" port: 34623 }, Status: LMP_MISMATCH, Last received: 0.0, Next index: 1, Last known committed idx: 0, Time since last communication: 0.032s
I20260709 14:51:04.358125 13398 raft_consensus.cc:3060] T 5b3483cd63324fb18e80cab540a3caab P f7d2b5ffc62a48de91e8fe33c71abfac [term 0 FOLLOWER]: Advancing to term 1
I20260709 14:51:04.366112 13513 ts_tablet_manager.cc:1434] T 6cc7de2dc55546d3a3f5d5b4f3247289 P ccdcb84c815c43a48c30a219c6e821e9: Time spent starting tablet: real 0.200s	user 0.009s	sys 0.001s
I20260709 14:51:04.367807 13513 tablet_bootstrap.cc:492] T 5b3483cd63324fb18e80cab540a3caab P ccdcb84c815c43a48c30a219c6e821e9: Bootstrap starting.
I20260709 14:51:04.367908 13435 leader_election.cc:304] T 6cc7de2dc55546d3a3f5d5b4f3247289 P 05a0612abbdd4540a8fd66c29e1971c9 [CANDIDATE]: Term 1 election: Election decided. Result: candidate won. Election summary: received 3 responses out of 3 voters: 2 yes votes; 1 no votes. yes voters: 05a0612abbdd4540a8fd66c29e1971c9, f7d2b5ffc62a48de91e8fe33c71abfac; no voters: ccdcb84c815c43a48c30a219c6e821e9
I20260709 14:51:04.372665 13363 leader_election.cc:304] T 185b5c280d2c4c1daa0bd68e376fb577 P f7d2b5ffc62a48de91e8fe33c71abfac [CANDIDATE]: Term 1 pre-election: Election decided. Result: candidate lost. Election summary: received 3 responses out of 3 voters: 1 yes votes; 2 no votes. yes voters: f7d2b5ffc62a48de91e8fe33c71abfac; no voters: 05a0612abbdd4540a8fd66c29e1971c9, ccdcb84c815c43a48c30a219c6e821e9
I20260709 14:51:04.372879 13775 raft_consensus.cc:2804] T 6cc7de2dc55546d3a3f5d5b4f3247289 P 05a0612abbdd4540a8fd66c29e1971c9 [term 1 FOLLOWER]: Leader election won for term 1
I20260709 14:51:04.374691 13512 tablet_bootstrap.cc:654] T 453c09fc4f314345bed1e3f2bae1c6e7 P f7d2b5ffc62a48de91e8fe33c71abfac: Neither blocks nor log segments found. Creating new log.
I20260709 14:51:04.374615 13775 raft_consensus.cc:697] T 6cc7de2dc55546d3a3f5d5b4f3247289 P 05a0612abbdd4540a8fd66c29e1971c9 [term 1 LEADER]: Becoming Leader. State: Replica: 05a0612abbdd4540a8fd66c29e1971c9, State: Running, Role: LEADER
W20260709 14:51:04.375929 13436 leader_election.cc:343] T 5b3483cd63324fb18e80cab540a3caab P 05a0612abbdd4540a8fd66c29e1971c9 [CANDIDATE]: Term 1 election: Tablet error from VoteRequest() call to peer ccdcb84c815c43a48c30a219c6e821e9 (127.11.235.193:34623): Illegal state: must be running to vote when last-logged opid is not known
I20260709 14:51:04.362535 13392 tablet_service.cc:1917] Received RequestConsensusVote() RPC: tablet_id: "3607e5c0cdac4ad08fa20f3420494f26" candidate_uuid: "05a0612abbdd4540a8fd66c29e1971c9" candidate_term: 3 candidate_status { last_received { term: 1 index: 1 } } ignore_live_leader: false dest_uuid: "f7d2b5ffc62a48de91e8fe33c71abfac"
I20260709 14:51:04.358105 13472 tablet_service.cc:1917] Received RequestConsensusVote() RPC: tablet_id: "3607e5c0cdac4ad08fa20f3420494f26" candidate_uuid: "f7d2b5ffc62a48de91e8fe33c71abfac" candidate_term: 2 candidate_status { last_received { term: 1 index: 1 } } ignore_live_leader: false dest_uuid: "05a0612abbdd4540a8fd66c29e1971c9"
I20260709 14:51:04.389753 13852 consensus_queue.cc:1048] T 185b5c280d2c4c1daa0bd68e376fb577 P 05a0612abbdd4540a8fd66c29e1971c9 [LEADER]: Connected to new peer: Peer: permanent_uuid: "f7d2b5ffc62a48de91e8fe33c71abfac" member_type: VOTER last_known_addr { host: "127.11.235.194" port: 36071 }, Status: LMP_MISMATCH, Last received: 0.0, Next index: 1, Last known committed idx: 0, Time since last communication: 0.013s
I20260709 14:51:04.366781 13761 consensus_queue.cc:1048] T 21bd45a7c4ff45bbb4afa312df5e3666 P f7d2b5ffc62a48de91e8fe33c71abfac [LEADER]: Connected to new peer: Peer: permanent_uuid: "ccdcb84c815c43a48c30a219c6e821e9" member_type: VOTER last_known_addr { host: "127.11.235.193" port: 34623 }, Status: LMP_MISMATCH, Last received: 0.0, Next index: 1, Last known committed idx: 0, Time since last communication: 0.024s
I20260709 14:51:04.376104 13849 consensus_queue.cc:1048] T 62358d2a5f3b40cda676878e4cabe0af P ccdcb84c815c43a48c30a219c6e821e9 [LEADER]: Connected to new peer: Peer: permanent_uuid: "f7d2b5ffc62a48de91e8fe33c71abfac" member_type: VOTER last_known_addr { host: "127.11.235.194" port: 36071 }, Status: LMP_MISMATCH, Last received: 0.0, Next index: 1, Last known committed idx: 0, Time since last communication: 0.025s
I20260709 14:51:04.395188 13394 tablet_service.cc:1917] Received RequestConsensusVote() RPC: tablet_id: "529ce114ecbf47049f83bf4c092cbd64" candidate_uuid: "05a0612abbdd4540a8fd66c29e1971c9" candidate_term: 1 candidate_status { last_received { term: 0 index: 0 } } ignore_live_leader: false dest_uuid: "f7d2b5ffc62a48de91e8fe33c71abfac" is_pre_election: true
W20260709 14:51:04.418524 13288 outbound_call.cc:321] RPC callback for RPC call kudu.consensus.ConsensusService.UpdateConsensus -> {remote=127.11.235.195:36219, user_credentials={real_user=slave}} blocked reactor thread for 71036.6us
I20260709 14:51:04.423765 13398 raft_consensus.cc:2468] T 5b3483cd63324fb18e80cab540a3caab P f7d2b5ffc62a48de91e8fe33c71abfac [term 1 FOLLOWER]: Leader election vote request: Granting yes vote for candidate 05a0612abbdd4540a8fd66c29e1971c9 in term 1.
I20260709 14:51:04.430977 13847 raft_consensus.cc:2749] T 185b5c280d2c4c1daa0bd68e376fb577 P f7d2b5ffc62a48de91e8fe33c71abfac [term 1 FOLLOWER]: Leader pre-election lost for term 1. Reason: could not achieve majority
I20260709 14:51:04.382203 13392 raft_consensus.cc:3060] T 3607e5c0cdac4ad08fa20f3420494f26 P f7d2b5ffc62a48de91e8fe33c71abfac [term 2 FOLLOWER]: Advancing to term 3
I20260709 14:51:04.434291 13472 raft_consensus.cc:2368] T 3607e5c0cdac4ad08fa20f3420494f26 P 05a0612abbdd4540a8fd66c29e1971c9 [term 3 FOLLOWER]: Leader election vote request: Denying vote to candidate f7d2b5ffc62a48de91e8fe33c71abfac for earlier term 2. Current term is 3.
I20260709 14:51:04.361593 13684 consensus_queue.cc:1048] T 5709008681b143388968da3dce1fc4cb P 05a0612abbdd4540a8fd66c29e1971c9 [LEADER]: Connected to new peer: Peer: permanent_uuid: "f7d2b5ffc62a48de91e8fe33c71abfac" member_type: VOTER last_known_addr { host: "127.11.235.194" port: 36071 }, Status: LMP_MISMATCH, Last received: 0.0, Next index: 1, Last known committed idx: 0, Time since last communication: 0.019s
I20260709 14:51:04.452621 13846 raft_consensus.cc:493] T 6da42749138e4a75848c36d489022161 P 05a0612abbdd4540a8fd66c29e1971c9 [term 0 FOLLOWER]: Starting pre-election (no leader contacted us within the election timeout)
I20260709 14:51:04.375532 13775 consensus_queue.cc:237] T 6cc7de2dc55546d3a3f5d5b4f3247289 P 05a0612abbdd4540a8fd66c29e1971c9 [LEADER]: Queue going to LEADER mode. State: All replicated index: 0, Majority replicated index: 0, Committed index: 0, Last appended: 0.0, Last appended by leader: 0, Current term: 1, Majority size: 2, State: 0, Mode: LEADER, active raft config: opid_index: -1 OBSOLETE_local: false peers { permanent_uuid: "ccdcb84c815c43a48c30a219c6e821e9" member_type: VOTER last_known_addr { host: "127.11.235.193" port: 34623 } } peers { permanent_uuid: "f7d2b5ffc62a48de91e8fe33c71abfac" member_type: VOTER last_known_addr { host: "127.11.235.194" port: 36071 } } peers { permanent_uuid: "05a0612abbdd4540a8fd66c29e1971c9" member_type: VOTER last_known_addr { host: "127.11.235.195" port: 36219 } }
I20260709 14:51:04.439368 13288 leader_election.cc:304] T 453c09fc4f314345bed1e3f2bae1c6e7 P ccdcb84c815c43a48c30a219c6e821e9 [CANDIDATE]: Term 1 pre-election: Election decided. Result: candidate won. Election summary: received 3 responses out of 3 voters: 2 yes votes; 1 no votes. yes voters: 05a0612abbdd4540a8fd66c29e1971c9, ccdcb84c815c43a48c30a219c6e821e9; no voters: f7d2b5ffc62a48de91e8fe33c71abfac
I20260709 14:51:04.454790 13219 catalog_manager.cc:5697] T 633800330cae4d9e92d052343ade0de3 P 05a0612abbdd4540a8fd66c29e1971c9 reported cstate change: term changed from 0 to 2, leader changed from <none> to 05a0612abbdd4540a8fd66c29e1971c9 (127.11.235.195). New cstate: current_term: 2 leader_uuid: "05a0612abbdd4540a8fd66c29e1971c9" committed_config { opid_index: -1 OBSOLETE_local: false peers { permanent_uuid: "ccdcb84c815c43a48c30a219c6e821e9" member_type: VOTER last_known_addr { host: "127.11.235.193" port: 34623 } health_report { overall_health: UNKNOWN } } peers { permanent_uuid: "f7d2b5ffc62a48de91e8fe33c71abfac" member_type: VOTER last_known_addr { host: "127.11.235.194" port: 36071 } health_report { overall_health: UNKNOWN } } peers { permanent_uuid: "05a0612abbdd4540a8fd66c29e1971c9" member_type: VOTER last_known_addr { host: "127.11.235.195" port: 36219 } health_report { overall_health: HEALTHY } } }
I20260709 14:51:04.516286 13322 tablet_service.cc:1917] Received RequestConsensusVote() RPC: tablet_id: "529ce114ecbf47049f83bf4c092cbd64" candidate_uuid: "05a0612abbdd4540a8fd66c29e1971c9" candidate_term: 1 candidate_status { last_received { term: 0 index: 0 } } ignore_live_leader: false dest_uuid: "ccdcb84c815c43a48c30a219c6e821e9" is_pre_election: true
I20260709 14:51:04.514093 13846 raft_consensus.cc:515] T 6da42749138e4a75848c36d489022161 P 05a0612abbdd4540a8fd66c29e1971c9 [term 0 FOLLOWER]: Starting pre-election with config: opid_index: -1 OBSOLETE_local: false peers { permanent_uuid: "ccdcb84c815c43a48c30a219c6e821e9" member_type: VOTER last_known_addr { host: "127.11.235.193" port: 34623 } } peers { permanent_uuid: "f7d2b5ffc62a48de91e8fe33c71abfac" member_type: VOTER last_known_addr { host: "127.11.235.194" port: 36071 } } peers { permanent_uuid: "05a0612abbdd4540a8fd66c29e1971c9" member_type: VOTER last_known_addr { host: "127.11.235.195" port: 36219 } }
W20260709 14:51:04.528210 13288 outbound_call.cc:321] RPC callback for RPC call kudu.consensus.ConsensusService.RequestConsensusVote -> {remote=127.11.235.195:36219, user_credentials={real_user=slave}} blocked reactor thread for 88944.5us
W20260709 14:51:04.538432 13435 leader_election.cc:343] T 529ce114ecbf47049f83bf4c092cbd64 P 05a0612abbdd4540a8fd66c29e1971c9 [CANDIDATE]: Term 1 pre-election: Tablet error from VoteRequest() call to peer f7d2b5ffc62a48de91e8fe33c71abfac (127.11.235.194:36071): Illegal state: must be running to vote when last-logged opid is not known
I20260709 14:51:04.539397 13435 leader_election.cc:304] T 5b3483cd63324fb18e80cab540a3caab P 05a0612abbdd4540a8fd66c29e1971c9 [CANDIDATE]: Term 1 election: Election decided. Result: candidate won. Election summary: received 3 responses out of 3 voters: 2 yes votes; 1 no votes. yes voters: 05a0612abbdd4540a8fd66c29e1971c9, f7d2b5ffc62a48de91e8fe33c71abfac; no voters: ccdcb84c815c43a48c30a219c6e821e9
I20260709 14:51:04.541098 13845 raft_consensus.cc:2804] T 453c09fc4f314345bed1e3f2bae1c6e7 P ccdcb84c815c43a48c30a219c6e821e9 [term 0 FOLLOWER]: Leader pre-election won for term 1
I20260709 14:51:04.541481 13845 raft_consensus.cc:493] T 453c09fc4f314345bed1e3f2bae1c6e7 P ccdcb84c815c43a48c30a219c6e821e9 [term 0 FOLLOWER]: Starting leader election (no leader contacted us within the election timeout)
I20260709 14:51:04.541821 13845 raft_consensus.cc:3060] T 453c09fc4f314345bed1e3f2bae1c6e7 P ccdcb84c815c43a48c30a219c6e821e9 [term 0 FOLLOWER]: Advancing to term 1
I20260709 14:51:04.558439 13514 tablet_bootstrap.cc:492] T 4835db75299949e1830b045126a38956 P 05a0612abbdd4540a8fd66c29e1971c9: No bootstrap required, opened a new log
I20260709 14:51:04.558965 13514 ts_tablet_manager.cc:1403] T 4835db75299949e1830b045126a38956 P 05a0612abbdd4540a8fd66c29e1971c9: Time spent bootstrapping tablet: real 0.325s	user 0.018s	sys 0.024s
W20260709 14:51:04.563877 13436 leader_election.cc:343] T 529ce114ecbf47049f83bf4c092cbd64 P 05a0612abbdd4540a8fd66c29e1971c9 [CANDIDATE]: Term 1 pre-election: Tablet error from VoteRequest() call to peer ccdcb84c815c43a48c30a219c6e821e9 (127.11.235.193:34623): Illegal state: must be running to vote when last-logged opid is not known
I20260709 14:51:04.564335 13436 leader_election.cc:304] T 529ce114ecbf47049f83bf4c092cbd64 P 05a0612abbdd4540a8fd66c29e1971c9 [CANDIDATE]: Term 1 pre-election: Election decided. Result: candidate lost. Election summary: received 3 responses out of 3 voters: 1 yes votes; 2 no votes. yes voters: 05a0612abbdd4540a8fd66c29e1971c9; no voters: ccdcb84c815c43a48c30a219c6e821e9, f7d2b5ffc62a48de91e8fe33c71abfac
I20260709 14:51:04.562039 13684 raft_consensus.cc:2804] T 5b3483cd63324fb18e80cab540a3caab P 05a0612abbdd4540a8fd66c29e1971c9 [term 1 FOLLOWER]: Leader election won for term 1
I20260709 14:51:04.568868 13685 raft_consensus.cc:2749] T 529ce114ecbf47049f83bf4c092cbd64 P 05a0612abbdd4540a8fd66c29e1971c9 [term 0 FOLLOWER]: Leader pre-election lost for term 1. Reason: could not achieve majority
I20260709 14:51:04.591418 13363 leader_election.cc:400] T 3607e5c0cdac4ad08fa20f3420494f26 P f7d2b5ffc62a48de91e8fe33c71abfac [CANDIDATE]: Term 2 election: Vote denied by peer 05a0612abbdd4540a8fd66c29e1971c9 (127.11.235.195:36219) with higher term. Message: Invalid argument: T 3607e5c0cdac4ad08fa20f3420494f26 P 05a0612abbdd4540a8fd66c29e1971c9 [term 3 FOLLOWER]: Leader election vote request: Denying vote to candidate f7d2b5ffc62a48de91e8fe33c71abfac for earlier term 2. Current term is 3.
I20260709 14:51:04.591858 13363 leader_election.cc:403] T 3607e5c0cdac4ad08fa20f3420494f26 P f7d2b5ffc62a48de91e8fe33c71abfac [CANDIDATE]: Term 2 election: Cancelling election due to peer responding with higher term
I20260709 14:51:04.592751 13514 raft_consensus.cc:359] T 4835db75299949e1830b045126a38956 P 05a0612abbdd4540a8fd66c29e1971c9 [term 0 FOLLOWER]: Replica starting. Triggering 0 pending ops. Active config: opid_index: -1 OBSOLETE_local: false peers { permanent_uuid: "ccdcb84c815c43a48c30a219c6e821e9" member_type: VOTER last_known_addr { host: "127.11.235.193" port: 34623 } } peers { permanent_uuid: "f7d2b5ffc62a48de91e8fe33c71abfac" member_type: VOTER last_known_addr { host: "127.11.235.194" port: 36071 } } peers { permanent_uuid: "05a0612abbdd4540a8fd66c29e1971c9" member_type: VOTER last_known_addr { host: "127.11.235.195" port: 36219 } }
I20260709 14:51:04.593472 13514 raft_consensus.cc:385] T 4835db75299949e1830b045126a38956 P 05a0612abbdd4540a8fd66c29e1971c9 [term 0 FOLLOWER]: Consensus starting up: Expiring failure detector timer to make a prompt election more likely
I20260709 14:51:04.593736 13514 raft_consensus.cc:740] T 4835db75299949e1830b045126a38956 P 05a0612abbdd4540a8fd66c29e1971c9 [term 0 FOLLOWER]: Becoming Follower/Learner. State: Replica: 05a0612abbdd4540a8fd66c29e1971c9, State: Initialized, Role: FOLLOWER
I20260709 14:51:04.584803 13684 raft_consensus.cc:697] T 5b3483cd63324fb18e80cab540a3caab P 05a0612abbdd4540a8fd66c29e1971c9 [term 1 LEADER]: Becoming Leader. State: Replica: 05a0612abbdd4540a8fd66c29e1971c9, State: Running, Role: LEADER
I20260709 14:51:04.602567 13668 consensus_queue.cc:1048] T e6e53d00a11247e78f7633fe8c5d0f22 P f7d2b5ffc62a48de91e8fe33c71abfac [LEADER]: Connected to new peer: Peer: permanent_uuid: "05a0612abbdd4540a8fd66c29e1971c9" member_type: VOTER last_known_addr { host: "127.11.235.195" port: 36219 }, Status: LMP_MISMATCH, Last received: 0.0, Next index: 1, Last known committed idx: 0, Time since last communication: 0.001s
I20260709 14:51:04.625701 13846 leader_election.cc:290] T 6da42749138e4a75848c36d489022161 P 05a0612abbdd4540a8fd66c29e1971c9 [CANDIDATE]: Term 1 pre-election: Requested pre-vote from peers ccdcb84c815c43a48c30a219c6e821e9 (127.11.235.193:34623), f7d2b5ffc62a48de91e8fe33c71abfac (127.11.235.194:36071)
I20260709 14:51:04.634935 13857 raft_consensus.cc:493] T 6cc7de2dc55546d3a3f5d5b4f3247289 P ccdcb84c815c43a48c30a219c6e821e9 [term 0 FOLLOWER]: Starting pre-election (no leader contacted us within the election timeout)
I20260709 14:51:04.635087 13317 tablet_service.cc:1917] Received RequestConsensusVote() RPC: tablet_id: "6da42749138e4a75848c36d489022161" candidate_uuid: "05a0612abbdd4540a8fd66c29e1971c9" candidate_term: 1 candidate_status { last_received { term: 0 index: 0 } } ignore_live_leader: false dest_uuid: "ccdcb84c815c43a48c30a219c6e821e9" is_pre_election: true
I20260709 14:51:04.635602 13857 raft_consensus.cc:515] T 6cc7de2dc55546d3a3f5d5b4f3247289 P ccdcb84c815c43a48c30a219c6e821e9 [term 0 FOLLOWER]: Starting pre-election with config: opid_index: -1 OBSOLETE_local: false peers { permanent_uuid: "ccdcb84c815c43a48c30a219c6e821e9" member_type: VOTER last_known_addr { host: "127.11.235.193" port: 34623 } } peers { permanent_uuid: "f7d2b5ffc62a48de91e8fe33c71abfac" member_type: VOTER last_known_addr { host: "127.11.235.194" port: 36071 } } peers { permanent_uuid: "05a0612abbdd4540a8fd66c29e1971c9" member_type: VOTER last_known_addr { host: "127.11.235.195" port: 36219 } }
I20260709 14:51:04.640417 13514 consensus_queue.cc:260] T 4835db75299949e1830b045126a38956 P 05a0612abbdd4540a8fd66c29e1971c9 [NON_LEADER]: Queue going to NON_LEADER mode. State: All replicated index: 0, Majority replicated index: 0, Committed index: 0, Last appended: 0.0, Last appended by leader: 0, Current term: 0, Majority size: -1, State: 0, Mode: NON_LEADER, active raft config: opid_index: -1 OBSOLETE_local: false peers { permanent_uuid: "ccdcb84c815c43a48c30a219c6e821e9" member_type: VOTER last_known_addr { host: "127.11.235.193" port: 34623 } } peers { permanent_uuid: "f7d2b5ffc62a48de91e8fe33c71abfac" member_type: VOTER last_known_addr { host: "127.11.235.194" port: 36071 } } peers { permanent_uuid: "05a0612abbdd4540a8fd66c29e1971c9" member_type: VOTER last_known_addr { host: "127.11.235.195" port: 36219 } }
I20260709 14:51:04.669520 13684 consensus_queue.cc:237] T 5b3483cd63324fb18e80cab540a3caab P 05a0612abbdd4540a8fd66c29e1971c9 [LEADER]: Queue going to LEADER mode. State: All replicated index: 0, Majority replicated index: 0, Committed index: 0, Last appended: 0.0, Last appended by leader: 0, Current term: 1, Majority size: 2, State: 0, Mode: LEADER, active raft config: opid_index: -1 OBSOLETE_local: false peers { permanent_uuid: "ccdcb84c815c43a48c30a219c6e821e9" member_type: VOTER last_known_addr { host: "127.11.235.193" port: 34623 } } peers { permanent_uuid: "f7d2b5ffc62a48de91e8fe33c71abfac" member_type: VOTER last_known_addr { host: "127.11.235.194" port: 36071 } } peers { permanent_uuid: "05a0612abbdd4540a8fd66c29e1971c9" member_type: VOTER last_known_addr { host: "127.11.235.195" port: 36219 } }
I20260709 14:51:04.670763 13320 raft_consensus.cc:2468] T 3607e5c0cdac4ad08fa20f3420494f26 P ccdcb84c815c43a48c30a219c6e821e9 [term 3 FOLLOWER]: Leader election vote request: Granting yes vote for candidate 05a0612abbdd4540a8fd66c29e1971c9 in term 3.
I20260709 14:51:04.711145 13857 leader_election.cc:290] T 6cc7de2dc55546d3a3f5d5b4f3247289 P ccdcb84c815c43a48c30a219c6e821e9 [CANDIDATE]: Term 1 pre-election: Requested pre-vote from peers f7d2b5ffc62a48de91e8fe33c71abfac (127.11.235.194:36071), 05a0612abbdd4540a8fd66c29e1971c9 (127.11.235.195:36219)
W20260709 14:51:04.730111 13363 outbound_call.cc:321] RPC callback for RPC call kudu.consensus.ConsensusService.UpdateConsensus -> {remote=127.11.235.195:36219, user_credentials={real_user=slave}} blocked reactor thread for 127667us
I20260709 14:51:04.733335 13743 consensus_queue.cc:1048] T 21bd45a7c4ff45bbb4afa312df5e3666 P f7d2b5ffc62a48de91e8fe33c71abfac [LEADER]: Connected to new peer: Peer: permanent_uuid: "05a0612abbdd4540a8fd66c29e1971c9" member_type: VOTER last_known_addr { host: "127.11.235.195" port: 36219 }, Status: LMP_MISMATCH, Last received: 0.0, Next index: 1, Last known committed idx: 0, Time since last communication: 0.000s
I20260709 14:51:04.735917 13514 ts_tablet_manager.cc:1434] T 4835db75299949e1830b045126a38956 P 05a0612abbdd4540a8fd66c29e1971c9: Time spent starting tablet: real 0.177s	user 0.011s	sys 0.007s
I20260709 14:51:04.742938 13512 tablet_bootstrap.cc:492] T 453c09fc4f314345bed1e3f2bae1c6e7 P f7d2b5ffc62a48de91e8fe33c71abfac: No bootstrap required, opened a new log
I20260709 14:51:04.743639 13512 ts_tablet_manager.cc:1403] T 453c09fc4f314345bed1e3f2bae1c6e7 P f7d2b5ffc62a48de91e8fe33c71abfac: Time spent bootstrapping tablet: real 0.509s	user 0.016s	sys 0.012s
I20260709 14:51:04.830122 13514 tablet_bootstrap.cc:492] T fb343f89203344c699ce794538717f9f P 05a0612abbdd4540a8fd66c29e1971c9: Bootstrap starting.
W20260709 14:51:04.837496 13870 log.cc:927] Time spent T 21bd45a7c4ff45bbb4afa312df5e3666 P ccdcb84c815c43a48c30a219c6e821e9: Append to log took a long time: real 0.094s	user 0.000s	sys 0.000s
I20260709 14:51:04.739702 13845 raft_consensus.cc:515] T 453c09fc4f314345bed1e3f2bae1c6e7 P ccdcb84c815c43a48c30a219c6e821e9 [term 1 FOLLOWER]: Starting leader election with config: opid_index: -1 OBSOLETE_local: false peers { permanent_uuid: "ccdcb84c815c43a48c30a219c6e821e9" member_type: VOTER last_known_addr { host: "127.11.235.193" port: 34623 } } peers { permanent_uuid: "f7d2b5ffc62a48de91e8fe33c71abfac" member_type: VOTER last_known_addr { host: "127.11.235.194" port: 36071 } } peers { permanent_uuid: "05a0612abbdd4540a8fd66c29e1971c9" member_type: VOTER last_known_addr { host: "127.11.235.195" port: 36219 } }
W20260709 14:51:04.874645 13871 log.cc:927] Time spent T 185b5c280d2c4c1daa0bd68e376fb577 P ccdcb84c815c43a48c30a219c6e821e9: Append to log took a long time: real 0.071s	user 0.001s	sys 0.000s
I20260709 14:51:04.875908 13512 raft_consensus.cc:359] T 453c09fc4f314345bed1e3f2bae1c6e7 P f7d2b5ffc62a48de91e8fe33c71abfac [term 0 FOLLOWER]: Replica starting. Triggering 0 pending ops. Active config: opid_index: -1 OBSOLETE_local: false peers { permanent_uuid: "ccdcb84c815c43a48c30a219c6e821e9" member_type: VOTER last_known_addr { host: "127.11.235.193" port: 34623 } } peers { permanent_uuid: "f7d2b5ffc62a48de91e8fe33c71abfac" member_type: VOTER last_known_addr { host: "127.11.235.194" port: 36071 } } peers { permanent_uuid: "05a0612abbdd4540a8fd66c29e1971c9" member_type: VOTER last_known_addr { host: "127.11.235.195" port: 36219 } }
I20260709 14:51:04.876618 13512 raft_consensus.cc:385] T 453c09fc4f314345bed1e3f2bae1c6e7 P f7d2b5ffc62a48de91e8fe33c71abfac [term 0 FOLLOWER]: Consensus starting up: Expiring failure detector timer to make a prompt election more likely
I20260709 14:51:04.876796 13512 raft_consensus.cc:740] T 453c09fc4f314345bed1e3f2bae1c6e7 P f7d2b5ffc62a48de91e8fe33c71abfac [term 0 FOLLOWER]: Becoming Follower/Learner. State: Replica: f7d2b5ffc62a48de91e8fe33c71abfac, State: Initialized, Role: FOLLOWER
I20260709 14:51:04.879030 13512 consensus_queue.cc:260] T 453c09fc4f314345bed1e3f2bae1c6e7 P f7d2b5ffc62a48de91e8fe33c71abfac [NON_LEADER]: Queue going to NON_LEADER mode. State: All replicated index: 0, Majority replicated index: 0, Committed index: 0, Last appended: 0.0, Last appended by leader: 0, Current term: 0, Majority size: -1, State: 0, Mode: NON_LEADER, active raft config: opid_index: -1 OBSOLETE_local: false peers { permanent_uuid: "ccdcb84c815c43a48c30a219c6e821e9" member_type: VOTER last_known_addr { host: "127.11.235.193" port: 34623 } } peers { permanent_uuid: "f7d2b5ffc62a48de91e8fe33c71abfac" member_type: VOTER last_known_addr { host: "127.11.235.194" port: 36071 } } peers { permanent_uuid: "05a0612abbdd4540a8fd66c29e1971c9" member_type: VOTER last_known_addr { host: "127.11.235.195" port: 36219 } }
I20260709 14:51:04.885846 13392 raft_consensus.cc:2468] T 3607e5c0cdac4ad08fa20f3420494f26 P f7d2b5ffc62a48de91e8fe33c71abfac [term 3 FOLLOWER]: Leader election vote request: Granting yes vote for candidate 05a0612abbdd4540a8fd66c29e1971c9 in term 3.
W20260709 14:51:04.889899 13436 leader_election.cc:343] T 6da42749138e4a75848c36d489022161 P 05a0612abbdd4540a8fd66c29e1971c9 [CANDIDATE]: Term 1 pre-election: Tablet error from VoteRequest() call to peer ccdcb84c815c43a48c30a219c6e821e9 (127.11.235.193:34623): Illegal state: must be running to vote when last-logged opid is not known
I20260709 14:51:04.890807 13436 leader_election.cc:304] T 3607e5c0cdac4ad08fa20f3420494f26 P 05a0612abbdd4540a8fd66c29e1971c9 [CANDIDATE]: Term 3 election: Election decided. Result: candidate won. Election summary: received 2 responses out of 3 voters: 2 yes votes; 0 no votes. yes voters: 05a0612abbdd4540a8fd66c29e1971c9, ccdcb84c815c43a48c30a219c6e821e9; no voters: 
I20260709 14:51:04.888128 13551 raft_consensus.cc:2749] T 3607e5c0cdac4ad08fa20f3420494f26 P f7d2b5ffc62a48de91e8fe33c71abfac [term 3 FOLLOWER]: Leader election lost for term 2. Reason: Vote denied by peer 05a0612abbdd4540a8fd66c29e1971c9 (127.11.235.195:36219) with higher term. Message: Invalid argument: T 3607e5c0cdac4ad08fa20f3420494f26 P 05a0612abbdd4540a8fd66c29e1971c9 [term 3 FOLLOWER]: Leader election vote request: Denying vote to candidate f7d2b5ffc62a48de91e8fe33c71abfac for earlier term 2. Current term is 3.
I20260709 14:51:05.076053 13512 ts_tablet_manager.cc:1434] T 453c09fc4f314345bed1e3f2bae1c6e7 P f7d2b5ffc62a48de91e8fe33c71abfac: Time spent starting tablet: real 0.332s	user 0.014s	sys 0.017s
I20260709 14:51:05.113085 13854 raft_consensus.cc:2804] T 3607e5c0cdac4ad08fa20f3420494f26 P 05a0612abbdd4540a8fd66c29e1971c9 [term 3 FOLLOWER]: Leader election won for term 3
I20260709 14:51:05.113853 13854 raft_consensus.cc:697] T 3607e5c0cdac4ad08fa20f3420494f26 P 05a0612abbdd4540a8fd66c29e1971c9 [term 3 LEADER]: Becoming Leader. State: Replica: 05a0612abbdd4540a8fd66c29e1971c9, State: Running, Role: LEADER
