I20260709 14:50:55.903415 12517 fs_manager.cc:647] Opened local filesystem: /tmp/dist-test-tasktrD2pu/test-tmp/auto_leader_rebalancer-test.0.LeaderRebalancerTest.AddTserver.1783608631896357-12517-0/minicluster-data/master-0-root
uuid: "016ed3daae3d43b79e53d9bd266d156d"
format_stamp: "Formatted at 2026-07-09 14:50:55 on dist-test-slave-prpq"
I20260709 14:50:55.903808 12517 fs_report.cc:389] FS layout report
--------------------
wal directory: /tmp/dist-test-tasktrD2pu/test-tmp/auto_leader_rebalancer-test.0.LeaderRebalancerTest.AddTserver.1783608631896357-12517-0/minicluster-data/master-0-root
metadata directory: /tmp/dist-test-tasktrD2pu/test-tmp/auto_leader_rebalancer-test.0.LeaderRebalancerTest.AddTserver.1783608631896357-12517-0/minicluster-data/master-0-root
1 data directories: /tmp/dist-test-tasktrD2pu/test-tmp/auto_leader_rebalancer-test.0.LeaderRebalancerTest.AddTserver.1783608631896357-12517-0/minicluster-data/master-0-root/data
Total live blocks: 0
Total live bytes: 0
Total live bytes (after alignment): 0
Total number of LBM containers: 0 (0 full)
Did not check for missing blocks
Did not check for orphaned blocks
Total full LBM containers with extra space: 0 (0 repaired)
Total full LBM container extra space in bytes: 0 (0 repaired)
Total incomplete LBM containers: 0 (0 repaired)
Total LBM partial records: 0 (0 repaired)
Total corrupted LBM metadata records in RocksDB: 0 (0 repaired)
I20260709 14:50:55.925417 12517 rpc_server.cc:225] running with OpenSSL 1.1.1  11 Sep 2018
I20260709 14:50:55.926805 12517 kserver.cc:163] Server-wide thread pool size limit: 3276
I20260709 14:50:55.969311 12517 rpc_server.cc:307] RPC server started. Bound to: 127.12.57.126:46409
I20260709 14:50:55.969422 13554 acceptor_pool.cc:272] collecting diagnostics on the listening RPC socket 127.12.57.126:46409 every 8 connection(s)
I20260709 14:50:55.973392 13555 data_dirs.cc:400] Could only allocate 1 dirs of requested 3 for tablet 00000000000000000000000000000000. 1 dirs total, 0 dirs full, 0 dirs failed
I20260709 14:50:55.986028 13555 tablet_bootstrap.cc:492] T 00000000000000000000000000000000 P 016ed3daae3d43b79e53d9bd266d156d: Bootstrap starting.
I20260709 14:50:55.990899 13555 tablet_bootstrap.cc:654] T 00000000000000000000000000000000 P 016ed3daae3d43b79e53d9bd266d156d: Neither blocks nor log segments found. Creating new log.
I20260709 14:50:55.995378 13555 tablet_bootstrap.cc:492] T 00000000000000000000000000000000 P 016ed3daae3d43b79e53d9bd266d156d: No bootstrap required, opened a new log
I20260709 14:50:55.998274 13555 raft_consensus.cc:359] T 00000000000000000000000000000000 P 016ed3daae3d43b79e53d9bd266d156d [term 0 FOLLOWER]: Replica starting. Triggering 0 pending ops. Active config: opid_index: -1 OBSOLETE_local: true peers { permanent_uuid: "016ed3daae3d43b79e53d9bd266d156d" member_type: VOTER }
I20260709 14:50:55.998677 13555 raft_consensus.cc:385] T 00000000000000000000000000000000 P 016ed3daae3d43b79e53d9bd266d156d [term 0 FOLLOWER]: Consensus starting up: Expiring failure detector timer to make a prompt election more likely
I20260709 14:50:55.998996 13555 raft_consensus.cc:740] T 00000000000000000000000000000000 P 016ed3daae3d43b79e53d9bd266d156d [term 0 FOLLOWER]: Becoming Follower/Learner. State: Replica: 016ed3daae3d43b79e53d9bd266d156d, State: Initialized, Role: FOLLOWER
I20260709 14:50:55.999645 13555 consensus_queue.cc:260] T 00000000000000000000000000000000 P 016ed3daae3d43b79e53d9bd266d156d [NON_LEADER]: Queue going to NON_LEADER mode. State: All replicated index: 0, Majority replicated index: 0, Committed index: 0, Last appended: 0.0, Last appended by leader: 0, Current term: 0, Majority size: -1, State: 0, Mode: NON_LEADER, active raft config: opid_index: -1 OBSOLETE_local: true peers { permanent_uuid: "016ed3daae3d43b79e53d9bd266d156d" member_type: VOTER }
I20260709 14:50:56.000146 13555 raft_consensus.cc:399] T 00000000000000000000000000000000 P 016ed3daae3d43b79e53d9bd266d156d [term 0 FOLLOWER]: Only one voter in the Raft config. Triggering election immediately
I20260709 14:50:56.000433 13555 raft_consensus.cc:493] T 00000000000000000000000000000000 P 016ed3daae3d43b79e53d9bd266d156d [term 0 FOLLOWER]: Starting leader election (initial election of a single-replica configuration)
I20260709 14:50:56.000737 13555 raft_consensus.cc:3060] T 00000000000000000000000000000000 P 016ed3daae3d43b79e53d9bd266d156d [term 0 FOLLOWER]: Advancing to term 1
I20260709 14:50:56.004951 13555 raft_consensus.cc:515] T 00000000000000000000000000000000 P 016ed3daae3d43b79e53d9bd266d156d [term 1 FOLLOWER]: Starting leader election with config: opid_index: -1 OBSOLETE_local: true peers { permanent_uuid: "016ed3daae3d43b79e53d9bd266d156d" member_type: VOTER }
I20260709 14:50:56.005507 13555 leader_election.cc:304] T 00000000000000000000000000000000 P 016ed3daae3d43b79e53d9bd266d156d [CANDIDATE]: Term 1 election: Election decided. Result: candidate won. Election summary: received 1 responses out of 1 voters: 1 yes votes; 0 no votes. yes voters: 016ed3daae3d43b79e53d9bd266d156d; no voters: 
I20260709 14:50:56.006696 13555 leader_election.cc:290] T 00000000000000000000000000000000 P 016ed3daae3d43b79e53d9bd266d156d [CANDIDATE]: Term 1 election: Requested vote from peers 
I20260709 14:50:56.007174 13558 raft_consensus.cc:2804] T 00000000000000000000000000000000 P 016ed3daae3d43b79e53d9bd266d156d [term 1 FOLLOWER]: Leader election won for term 1
I20260709 14:50:56.008664 13558 raft_consensus.cc:697] T 00000000000000000000000000000000 P 016ed3daae3d43b79e53d9bd266d156d [term 1 LEADER]: Becoming Leader. State: Replica: 016ed3daae3d43b79e53d9bd266d156d, State: Running, Role: LEADER
I20260709 14:50:56.009428 13558 consensus_queue.cc:237] T 00000000000000000000000000000000 P 016ed3daae3d43b79e53d9bd266d156d [LEADER]: Queue going to LEADER mode. State: All replicated index: 0, Majority replicated index: 0, Committed index: 0, Last appended: 0.0, Last appended by leader: 0, Current term: 1, Majority size: 1, State: 0, Mode: LEADER, active raft config: opid_index: -1 OBSOLETE_local: true peers { permanent_uuid: "016ed3daae3d43b79e53d9bd266d156d" member_type: VOTER }
I20260709 14:50:56.009593 13555 sys_catalog.cc:565] T 00000000000000000000000000000000 P 016ed3daae3d43b79e53d9bd266d156d [sys.catalog]: configured and running, proceeding with master startup.
I20260709 14:50:56.014840 13560 sys_catalog.cc:455] T 00000000000000000000000000000000 P 016ed3daae3d43b79e53d9bd266d156d [sys.catalog]: SysCatalogTable state changed. Reason: New leader 016ed3daae3d43b79e53d9bd266d156d. Latest consensus state: current_term: 1 leader_uuid: "016ed3daae3d43b79e53d9bd266d156d" committed_config { opid_index: -1 OBSOLETE_local: true peers { permanent_uuid: "016ed3daae3d43b79e53d9bd266d156d" member_type: VOTER } }
I20260709 14:50:56.015269 13559 sys_catalog.cc:455] T 00000000000000000000000000000000 P 016ed3daae3d43b79e53d9bd266d156d [sys.catalog]: SysCatalogTable state changed. Reason: RaftConsensus started. Latest consensus state: current_term: 1 leader_uuid: "016ed3daae3d43b79e53d9bd266d156d" committed_config { opid_index: -1 OBSOLETE_local: true peers { permanent_uuid: "016ed3daae3d43b79e53d9bd266d156d" member_type: VOTER } }
I20260709 14:50:56.015772 13560 sys_catalog.cc:458] T 00000000000000000000000000000000 P 016ed3daae3d43b79e53d9bd266d156d [sys.catalog]: This master's current role is: LEADER
I20260709 14:50:56.016129 13559 sys_catalog.cc:458] T 00000000000000000000000000000000 P 016ed3daae3d43b79e53d9bd266d156d [sys.catalog]: This master's current role is: LEADER
I20260709 14:50:56.019574 13567 catalog_manager.cc:1511] Loading table and tablet metadata into memory...
I20260709 14:50:56.024533 13567 catalog_manager.cc:1520] Initializing Kudu cluster ID...
I20260709 14:50:56.026329 12517 internal_mini_cluster.cc:184] Waiting to initialize catalog manager on master 0
I20260709 14:50:56.033046 13567 catalog_manager.cc:1383] Generated new cluster ID: e9fbf667b2fe40b19ffdbe7aaafe9c66
I20260709 14:50:56.033344 13567 catalog_manager.cc:1531] Initializing Kudu internal certificate authority...
I20260709 14:50:56.047168 13567 catalog_manager.cc:1406] Generated new certificate authority record
I20260709 14:50:56.048408 13567 catalog_manager.cc:1540] Loading token signing keys...
I20260709 14:50:56.067741 13567 catalog_manager.cc:6070] T 00000000000000000000000000000000 P 016ed3daae3d43b79e53d9bd266d156d: Generated new TSK 0
I20260709 14:50:56.068356 13567 catalog_manager.cc:1550] Initializing in-progress tserver states...
I20260709 14:50:56.092594 12517 file_cache.cc:504] Constructed file cache file cache with capacity 419430
W20260709 14:50:56.098436 13576 instance_detector.cc:116] could not retrieve AWS instance metadata: Network error: curl error: HTTP response code said error: The requested URL returned error: 404
W20260709 14:50:56.099453 13577 instance_detector.cc:116] could not retrieve Azure instance metadata: Network error: curl error: HTTP response code said error: The requested URL returned error: 404
I20260709 14:50:56.101861 12517 server_base.cc:1061] running on GCE node
W20260709 14:50:56.101831 13579 instance_detector.cc:116] could not retrieve OpenStack instance metadata: Network error: curl error: HTTP response code said error: The requested URL returned error: 404
I20260709 14:50:56.102916 12517 hybrid_clock.cc:584] initializing the hybrid clock with 'system_unsync' time source
W20260709 14:50:56.103165 12517 system_unsync_time.cc:38] NTP support is disabled. Clock error bounds will not be accurate. This configuration is not suitable for distributed clusters.
I20260709 14:50:56.103336 12517 hybrid_clock.cc:648] HybridClock initialized: now 1783608656103312 us; error 0 us; skew 500 ppm
I20260709 14:50:56.103829 12517 server_base.cc:861] Flag tcmalloc_max_total_thread_cache_bytes is not working since tcmalloc is not enabled.
I20260709 14:50:56.106189 12517 webserver.cc:533] Webserver started at http://127.12.57.65:34467/ using document root <none> and password file <none>
I20260709 14:50:56.106652 12517 fs_manager.cc:362] Metadata directory not provided
I20260709 14:50:56.106854 12517 fs_manager.cc:368] Using write-ahead log directory (fs_wal_dir) as metadata directory
I20260709 14:50:56.107137 12517 server_base.cc:909] This appears to be a new deployment of Kudu; creating new FS layout
I20260709 14:50:56.108180 12517 fs_manager.cc:1068] Generated new instance metadata in path /tmp/dist-test-tasktrD2pu/test-tmp/auto_leader_rebalancer-test.0.LeaderRebalancerTest.AddTserver.1783608631896357-12517-0/minicluster-data/ts-0-root/instance:
uuid: "7fdd6283a58446f49492edf031095cb3"
format_stamp: "Formatted at 2026-07-09 14:50:56 on dist-test-slave-prpq"
I20260709 14:50:56.112664 12517 fs_manager.cc:696] Time spent creating directory manager: real 0.004s	user 0.003s	sys 0.001s
I20260709 14:50:56.115741 13584 log_block_manager.cc:4127] Time spent loading block containers with low live blocks: real 0.000s	user 0.000s	sys 0.000s
I20260709 14:50:56.116488 12517 fs_manager.cc:730] Time spent opening block manager: real 0.002s	user 0.002s	sys 0.001s
I20260709 14:50:56.116776 12517 fs_manager.cc:647] Opened local filesystem: /tmp/dist-test-tasktrD2pu/test-tmp/auto_leader_rebalancer-test.0.LeaderRebalancerTest.AddTserver.1783608631896357-12517-0/minicluster-data/ts-0-root
uuid: "7fdd6283a58446f49492edf031095cb3"
format_stamp: "Formatted at 2026-07-09 14:50:56 on dist-test-slave-prpq"
I20260709 14:50:56.117069 12517 fs_report.cc:389] FS layout report
--------------------
wal directory: /tmp/dist-test-tasktrD2pu/test-tmp/auto_leader_rebalancer-test.0.LeaderRebalancerTest.AddTserver.1783608631896357-12517-0/minicluster-data/ts-0-root
metadata directory: /tmp/dist-test-tasktrD2pu/test-tmp/auto_leader_rebalancer-test.0.LeaderRebalancerTest.AddTserver.1783608631896357-12517-0/minicluster-data/ts-0-root
1 data directories: /tmp/dist-test-tasktrD2pu/test-tmp/auto_leader_rebalancer-test.0.LeaderRebalancerTest.AddTserver.1783608631896357-12517-0/minicluster-data/ts-0-root/data
Total live blocks: 0
Total live bytes: 0
Total live bytes (after alignment): 0
Total number of LBM containers: 0 (0 full)
Did not check for missing blocks
Did not check for orphaned blocks
Total full LBM containers with extra space: 0 (0 repaired)
Total full LBM container extra space in bytes: 0 (0 repaired)
Total incomplete LBM containers: 0 (0 repaired)
Total LBM partial records: 0 (0 repaired)
Total corrupted LBM metadata records in RocksDB: 0 (0 repaired)
I20260709 14:50:56.139092 12517 rpc_server.cc:225] running with OpenSSL 1.1.1  11 Sep 2018
I20260709 14:50:56.140466 12517 kserver.cc:163] Server-wide thread pool size limit: 3276
I20260709 14:50:56.142078 12517 txn_system_client.cc:432] TxnSystemClient initialization is disabled...
I20260709 14:50:56.144361 12517 ts_tablet_manager.cc:585] Loaded tablet metadata (0 total tablets, 0 live tablets)
I20260709 14:50:56.144577 12517 ts_tablet_manager.cc:531] Time spent load tablet metadata: real 0.000s	user 0.000s	sys 0.000s
I20260709 14:50:56.144841 12517 ts_tablet_manager.cc:616] Registered 0 tablets
I20260709 14:50:56.145052 12517 ts_tablet_manager.cc:595] Time spent register tablets: real 0.000s	user 0.000s	sys 0.000s
I20260709 14:50:56.184343 12517 rpc_server.cc:307] RPC server started. Bound to: 127.12.57.65:41467
I20260709 14:50:56.184445 13646 acceptor_pool.cc:272] collecting diagnostics on the listening RPC socket 127.12.57.65:41467 every 8 connection(s)
I20260709 14:50:56.189128 12517 file_cache.cc:504] Constructed file cache file cache with capacity 419430
W20260709 14:50:56.196957 13652 instance_detector.cc:116] could not retrieve Azure instance metadata: Network error: curl error: HTTP response code said error: The requested URL returned error: 404
W20260709 14:50:56.196887 13651 instance_detector.cc:116] could not retrieve AWS instance metadata: Network error: curl error: HTTP response code said error: The requested URL returned error: 404
W20260709 14:50:56.199915 13654 instance_detector.cc:116] could not retrieve OpenStack instance metadata: Network error: curl error: HTTP response code said error: The requested URL returned error: 404
I20260709 14:50:56.200982 12517 server_base.cc:1061] running on GCE node
I20260709 14:50:56.201777 12517 hybrid_clock.cc:584] initializing the hybrid clock with 'system_unsync' time source
W20260709 14:50:56.201984 12517 system_unsync_time.cc:38] NTP support is disabled. Clock error bounds will not be accurate. This configuration is not suitable for distributed clusters.
I20260709 14:50:56.202217 12517 hybrid_clock.cc:648] HybridClock initialized: now 1783608656202193 us; error 0 us; skew 500 ppm
I20260709 14:50:56.202754 12517 server_base.cc:861] Flag tcmalloc_max_total_thread_cache_bytes is not working since tcmalloc is not enabled.
I20260709 14:50:56.205642 13647 heartbeater.cc:344] Connected to a master server at 127.12.57.126:46409
I20260709 14:50:56.205772 12517 webserver.cc:533] Webserver started at http://127.12.57.66:33959/ using document root <none> and password file <none>
I20260709 14:50:56.206015 13647 heartbeater.cc:461] Registering TS with master...
I20260709 14:50:56.206467 12517 fs_manager.cc:362] Metadata directory not provided
I20260709 14:50:56.206704 12517 fs_manager.cc:368] Using write-ahead log directory (fs_wal_dir) as metadata directory
I20260709 14:50:56.206876 13647 heartbeater.cc:507] Master 127.12.57.126:46409 requested a full tablet report, sending...
I20260709 14:50:56.206970 12517 server_base.cc:909] This appears to be a new deployment of Kudu; creating new FS layout
I20260709 14:50:56.208441 12517 fs_manager.cc:1068] Generated new instance metadata in path /tmp/dist-test-tasktrD2pu/test-tmp/auto_leader_rebalancer-test.0.LeaderRebalancerTest.AddTserver.1783608631896357-12517-0/minicluster-data/ts-1-root/instance:
uuid: "09678173034c4f62a779bbf899477861"
format_stamp: "Formatted at 2026-07-09 14:50:56 on dist-test-slave-prpq"
I20260709 14:50:56.209017 13520 ts_manager.cc:194] Registered new tserver with Master: 7fdd6283a58446f49492edf031095cb3 (127.12.57.65:41467)
I20260709 14:50:56.210701 13520 master_service.cc:502] Signed X509 certificate for tserver {username='slave'} at 127.0.0.1:38802
I20260709 14:50:56.213452 12517 fs_manager.cc:696] Time spent creating directory manager: real 0.004s	user 0.002s	sys 0.003s
I20260709 14:50:56.216882 13659 log_block_manager.cc:4127] Time spent loading block containers with low live blocks: real 0.000s	user 0.000s	sys 0.000s
I20260709 14:50:56.217667 12517 fs_manager.cc:730] Time spent opening block manager: real 0.002s	user 0.002s	sys 0.002s
I20260709 14:50:56.218001 12517 fs_manager.cc:647] Opened local filesystem: /tmp/dist-test-tasktrD2pu/test-tmp/auto_leader_rebalancer-test.0.LeaderRebalancerTest.AddTserver.1783608631896357-12517-0/minicluster-data/ts-1-root
uuid: "09678173034c4f62a779bbf899477861"
format_stamp: "Formatted at 2026-07-09 14:50:56 on dist-test-slave-prpq"
I20260709 14:50:56.218331 12517 fs_report.cc:389] FS layout report
--------------------
wal directory: /tmp/dist-test-tasktrD2pu/test-tmp/auto_leader_rebalancer-test.0.LeaderRebalancerTest.AddTserver.1783608631896357-12517-0/minicluster-data/ts-1-root
metadata directory: /tmp/dist-test-tasktrD2pu/test-tmp/auto_leader_rebalancer-test.0.LeaderRebalancerTest.AddTserver.1783608631896357-12517-0/minicluster-data/ts-1-root
1 data directories: /tmp/dist-test-tasktrD2pu/test-tmp/auto_leader_rebalancer-test.0.LeaderRebalancerTest.AddTserver.1783608631896357-12517-0/minicluster-data/ts-1-root/data
Total live blocks: 0
Total live bytes: 0
Total live bytes (after alignment): 0
Total number of LBM containers: 0 (0 full)
Did not check for missing blocks
Did not check for orphaned blocks
Total full LBM containers with extra space: 0 (0 repaired)
Total full LBM container extra space in bytes: 0 (0 repaired)
Total incomplete LBM containers: 0 (0 repaired)
Total LBM partial records: 0 (0 repaired)
Total corrupted LBM metadata records in RocksDB: 0 (0 repaired)
I20260709 14:50:56.241324 12517 rpc_server.cc:225] running with OpenSSL 1.1.1  11 Sep 2018
I20260709 14:50:56.242702 12517 kserver.cc:163] Server-wide thread pool size limit: 3276
I20260709 14:50:56.244177 12517 txn_system_client.cc:432] TxnSystemClient initialization is disabled...
I20260709 14:50:56.246663 12517 ts_tablet_manager.cc:585] Loaded tablet metadata (0 total tablets, 0 live tablets)
I20260709 14:50:56.246853 12517 ts_tablet_manager.cc:531] Time spent load tablet metadata: real 0.000s	user 0.000s	sys 0.000s
I20260709 14:50:56.247179 12517 ts_tablet_manager.cc:616] Registered 0 tablets
I20260709 14:50:56.247349 12517 ts_tablet_manager.cc:595] Time spent register tablets: real 0.000s	user 0.000s	sys 0.000s
I20260709 14:50:56.289271 12517 rpc_server.cc:307] RPC server started. Bound to: 127.12.57.66:46105
I20260709 14:50:56.289361 13721 acceptor_pool.cc:272] collecting diagnostics on the listening RPC socket 127.12.57.66:46105 every 8 connection(s)
I20260709 14:50:56.294410 12517 file_cache.cc:504] Constructed file cache file cache with capacity 419430
W20260709 14:50:56.301643 13725 instance_detector.cc:116] could not retrieve AWS instance metadata: Network error: curl error: HTTP response code said error: The requested URL returned error: 404
W20260709 14:50:56.303524 13726 instance_detector.cc:116] could not retrieve Azure instance metadata: Network error: curl error: HTTP response code said error: The requested URL returned error: 404
W20260709 14:50:56.305356 13729 instance_detector.cc:116] could not retrieve OpenStack instance metadata: Network error: curl error: HTTP response code said error: The requested URL returned error: 404
I20260709 14:50:56.305487 12517 server_base.cc:1061] running on GCE node
I20260709 14:50:56.306968 12517 hybrid_clock.cc:584] initializing the hybrid clock with 'system_unsync' time source
W20260709 14:50:56.307273 12517 system_unsync_time.cc:38] NTP support is disabled. Clock error bounds will not be accurate. This configuration is not suitable for distributed clusters.
I20260709 14:50:56.307510 12517 hybrid_clock.cc:648] HybridClock initialized: now 1783608656307486 us; error 0 us; skew 500 ppm
I20260709 14:50:56.307560 13722 heartbeater.cc:344] Connected to a master server at 127.12.57.126:46409
I20260709 14:50:56.308029 13722 heartbeater.cc:461] Registering TS with master...
I20260709 14:50:56.308336 12517 server_base.cc:861] Flag tcmalloc_max_total_thread_cache_bytes is not working since tcmalloc is not enabled.
I20260709 14:50:56.308879 13722 heartbeater.cc:507] Master 127.12.57.126:46409 requested a full tablet report, sending...
I20260709 14:50:56.310986 13520 ts_manager.cc:194] Registered new tserver with Master: 09678173034c4f62a779bbf899477861 (127.12.57.66:46105)
I20260709 14:50:56.311618 12517 webserver.cc:533] Webserver started at http://127.12.57.67:37045/ using document root <none> and password file <none>
I20260709 14:50:56.312116 12517 fs_manager.cc:362] Metadata directory not provided
I20260709 14:50:56.312410 12517 fs_manager.cc:368] Using write-ahead log directory (fs_wal_dir) as metadata directory
I20260709 14:50:56.312534 13520 master_service.cc:502] Signed X509 certificate for tserver {username='slave'} at 127.0.0.1:38818
I20260709 14:50:56.312713 12517 server_base.cc:909] This appears to be a new deployment of Kudu; creating new FS layout
I20260709 14:50:56.314193 12517 fs_manager.cc:1068] Generated new instance metadata in path /tmp/dist-test-tasktrD2pu/test-tmp/auto_leader_rebalancer-test.0.LeaderRebalancerTest.AddTserver.1783608631896357-12517-0/minicluster-data/ts-2-root/instance:
uuid: "dcc8b074aa66483a92402c5e38b87445"
format_stamp: "Formatted at 2026-07-09 14:50:56 on dist-test-slave-prpq"
I20260709 14:50:56.319134 12517 fs_manager.cc:696] Time spent creating directory manager: real 0.004s	user 0.006s	sys 0.000s
I20260709 14:50:56.323004 13733 log_block_manager.cc:4127] Time spent loading block containers with low live blocks: real 0.000s	user 0.000s	sys 0.000s
I20260709 14:50:56.323902 12517 fs_manager.cc:730] Time spent opening block manager: real 0.002s	user 0.002s	sys 0.000s
I20260709 14:50:56.324172 12517 fs_manager.cc:647] Opened local filesystem: /tmp/dist-test-tasktrD2pu/test-tmp/auto_leader_rebalancer-test.0.LeaderRebalancerTest.AddTserver.1783608631896357-12517-0/minicluster-data/ts-2-root
uuid: "dcc8b074aa66483a92402c5e38b87445"
format_stamp: "Formatted at 2026-07-09 14:50:56 on dist-test-slave-prpq"
I20260709 14:50:56.324467 12517 fs_report.cc:389] FS layout report
--------------------
wal directory: /tmp/dist-test-tasktrD2pu/test-tmp/auto_leader_rebalancer-test.0.LeaderRebalancerTest.AddTserver.1783608631896357-12517-0/minicluster-data/ts-2-root
metadata directory: /tmp/dist-test-tasktrD2pu/test-tmp/auto_leader_rebalancer-test.0.LeaderRebalancerTest.AddTserver.1783608631896357-12517-0/minicluster-data/ts-2-root
1 data directories: /tmp/dist-test-tasktrD2pu/test-tmp/auto_leader_rebalancer-test.0.LeaderRebalancerTest.AddTserver.1783608631896357-12517-0/minicluster-data/ts-2-root/data
Total live blocks: 0
Total live bytes: 0
Total live bytes (after alignment): 0
Total number of LBM containers: 0 (0 full)
Did not check for missing blocks
Did not check for orphaned blocks
Total full LBM containers with extra space: 0 (0 repaired)
Total full LBM container extra space in bytes: 0 (0 repaired)
Total incomplete LBM containers: 0 (0 repaired)
Total LBM partial records: 0 (0 repaired)
Total corrupted LBM metadata records in RocksDB: 0 (0 repaired)
I20260709 14:50:56.338831 12517 rpc_server.cc:225] running with OpenSSL 1.1.1  11 Sep 2018
I20260709 14:50:56.340082 12517 kserver.cc:163] Server-wide thread pool size limit: 3276
I20260709 14:50:56.341820 12517 txn_system_client.cc:432] TxnSystemClient initialization is disabled...
I20260709 14:50:56.344184 12517 ts_tablet_manager.cc:585] Loaded tablet metadata (0 total tablets, 0 live tablets)
I20260709 14:50:56.344393 12517 ts_tablet_manager.cc:531] Time spent load tablet metadata: real 0.000s	user 0.000s	sys 0.000s
I20260709 14:50:56.344724 12517 ts_tablet_manager.cc:616] Registered 0 tablets
I20260709 14:50:56.344877 12517 ts_tablet_manager.cc:595] Time spent register tablets: real 0.000s	user 0.000s	sys 0.000s
I20260709 14:50:56.385617 12517 rpc_server.cc:307] RPC server started. Bound to: 127.12.57.67:36415
I20260709 14:50:56.385723 13795 acceptor_pool.cc:272] collecting diagnostics on the listening RPC socket 127.12.57.67:36415 every 8 connection(s)
I20260709 14:50:56.398856 13796 heartbeater.cc:344] Connected to a master server at 127.12.57.126:46409
I20260709 14:50:56.399211 13796 heartbeater.cc:461] Registering TS with master...
I20260709 14:50:56.399847 13796 heartbeater.cc:507] Master 127.12.57.126:46409 requested a full tablet report, sending...
I20260709 14:50:56.401860 13520 ts_manager.cc:194] Registered new tserver with Master: dcc8b074aa66483a92402c5e38b87445 (127.12.57.67:36415)
I20260709 14:50:56.402007 12517 internal_mini_cluster.cc:371] 3 TS(s) registered with all masters after 0.013311542s
I20260709 14:50:56.403304 13520 master_service.cc:502] Signed X509 certificate for tserver {username='slave'} at 127.0.0.1:38830
I20260709 14:50:56.427743 13520 catalog_manager.cc:2283] Servicing CreateTable request from {username='slave'} at 127.0.0.1:38840:
name: "test-workload"
schema {
  columns {
    name: "key"
    type: INT32
    is_key: true
    is_nullable: false
    encoding: AUTO_ENCODING
    compression: DEFAULT_COMPRESSION
    cfile_block_size: 0
    immutable: false
  }
  columns {
    name: "int_val"
    type: INT32
    is_key: false
    is_nullable: false
    encoding: AUTO_ENCODING
    compression: DEFAULT_COMPRESSION
    cfile_block_size: 0
    immutable: false
  }
  columns {
    name: "string_val"
    type: STRING
    is_key: false
    is_nullable: true
    encoding: AUTO_ENCODING
    compression: DEFAULT_COMPRESSION
    cfile_block_size: 0
    immutable: false
  }
}
num_replicas: 3
split_rows_range_bounds {
  rows: "\004\001\000\313c+\002\004\001\000\226\307V\004\004\001\000a+\202\006\004\001\000,\217\255\010\004\001\000\367\362\330\n\004\001\000\302V\004\r\004\001\000\215\272/\017\004\001\000X\036[\021\004\001\000#\202\206\023\004\001\000\356\345\261\025\004\001\000\271I\335\027\004\001\000\204\255\010\032\004\001\000O\0214\034\004\001\000\032u_\036\004\001\000\345\330\212 \004\001\000\260<\266\"\004\001\000{\240\341$\004\001\000F\004\r\'\004\001\000\021h8)\004\001\000\334\313c+\004\001\000\247/\217-\004\001\000r\223\272/\004\001\000=\367\3451\004\001\000\010[\0214\004\001\000\323\276<6\004\001\000\236\"h8\004\001\000i\206\223:\004\001\0004\352\276<\004\001\000\377M\352>\004\001\000\312\261\025A\004\001\000\225\025AC\004\001\000`ylE\004\001\000+\335\227G\004\001\000\366@\303I\004\001\000\301\244\356K\004\001\000\214\010\032N\004\001\000WlEP\004\001\000\"\320pR\004\001\000\3553\234T\004\001\000\270\227\307V\004\001\000\203\373\362X\004\001\000N_\036[\004\001\000\031\303I]\004\001\000\344&u_\004\001\000\257\212\240a\004\001\000z\356\313c\004\001\000ER\367e\004\001\000\020\266\"h\004\001\000\333\031Nj\004\001\000\246}yl\004\001\000q\341\244n\004\001\000<E\320p\004\001\000\007\251\373r\004\001\000\322\014\'u\004\001\000\235pRw\004\001\000h\324}y\004\001\00038\251{\004\001\000\376\233\324}""\004\001\000\313c+\002\004\001\000\226\307V\004\004\001\000a+\202\006\004\001\000,\217\255\010\004\001\000\367\362\330\n\004\001\000\302V\004\r\004\001\000\215\272/\017\004\001\000X\036[\021\004\001\000#\202\206\023\004\001\000\356\345\261\025\004\001\000\271I\335\027\004\001\000\204\255\010\032\004\001\000O\0214\034\004\001\000\032u_\036\004\001\000\345\330\212 \004\001\000\260<\266\"\004\001\000{\240\341$\004\001\000F\004\r\'\004\001\000\021h8)\004\001\000\334\313c+\004\001\000\247/\217-\004\001\000r\223\272/\004\001\000=\367\3451\004\001\000\010[\0214\004\001\000\323\276<6\004\001\000\236\"h8\004\001\000i\206\223:\004\001\0004\352\276<\004\001\000\377M\352>\004\001\000\312\261\025A\004\001\000\225\025AC\004\001\000`ylE\004\001\000+\335\227G\004\001\000\366@\303I\004\001\000\301\244\356K\004\001\000\214\010\032N\004\001\000WlEP\004\001\000\"\320pR\004\001\000\3553\234T\004\001\000\270\227\307V\004\001\000\203\373\362X\004\001\000N_\036[\004\001\000\031\303I]\004\001\000\344&u_\004\001\000\257\212\240a\004\001\000z\356\313c\004\001\000ER\367e\004\001\000\020\266\"h\004\001\000\333\031Nj\004\001\000\246}yl\004\001\000q\341\244n\004\001\000<E\320p\004\001\000\007\251\373r\004\001\000\322\014\'u\004\001\000\235pRw\004\001\000h\324}y\004\001\00038\251{\004\001\000\376\233\324}"
  indirect_data: """"
}
partition_schema {
  range_schema {
    columns {
      name: "key"
    }
  }
}
W20260709 14:50:56.433681 13520 catalog_manager.cc:7077] The number of live tablet servers is not enough to re-replicate a tablet replica of the newly created table test-workload in case of a server failure: 4 tablet servers would be needed, 3 are available. Consider bringing up more tablet servers.
I20260709 14:50:56.638048 13761 tablet_service.cc:1511] Processing CreateTablet for tablet 88c562eac2754cfb93d39391bd759110 (DEFAULT_TABLE table=test-workload [id=e1c58095b5b34eb99b65f0d60cdb8eae]), partition=RANGE (key) PARTITION VALUES < 36398027
I20260709 14:50:56.639583 13761 data_dirs.cc:400] Could only allocate 1 dirs of requested 3 for tablet 88c562eac2754cfb93d39391bd759110. 1 dirs total, 0 dirs full, 0 dirs failed
I20260709 14:50:56.639991 13757 tablet_service.cc:1511] Processing CreateTablet for tablet c66e0d4cb0934e518272068be0157dbf (DEFAULT_TABLE table=test-workload [id=e1c58095b5b34eb99b65f0d60cdb8eae]), partition=RANGE (key) PARTITION 145592108 <= VALUES < 181990135
I20260709 14:50:56.641407 13757 data_dirs.cc:400] Could only allocate 1 dirs of requested 3 for tablet c66e0d4cb0934e518272068be0157dbf. 1 dirs total, 0 dirs full, 0 dirs failed
I20260709 14:50:56.641556 13760 tablet_service.cc:1511] Processing CreateTablet for tablet ed4a4ce1277a47dda253fdf1482c2e95 (DEFAULT_TABLE table=test-workload [id=e1c58095b5b34eb99b65f0d60cdb8eae]), partition=RANGE (key) PARTITION 36398027 <= VALUES < 72796054
I20260709 14:50:56.642889 13760 data_dirs.cc:400] Could only allocate 1 dirs of requested 3 for tablet ed4a4ce1277a47dda253fdf1482c2e95. 1 dirs total, 0 dirs full, 0 dirs failed
I20260709 14:50:56.643862 13758 tablet_service.cc:1511] Processing CreateTablet for tablet f6eb55650e174739a28cc59be41627e5 (DEFAULT_TABLE table=test-workload [id=e1c58095b5b34eb99b65f0d60cdb8eae]), partition=RANGE (key) PARTITION 109194081 <= VALUES < 145592108
I20260709 14:50:56.645175 13758 data_dirs.cc:400] Could only allocate 1 dirs of requested 3 for tablet f6eb55650e174739a28cc59be41627e5. 1 dirs total, 0 dirs full, 0 dirs failed
I20260709 14:50:56.653554 13759 tablet_service.cc:1511] Processing CreateTablet for tablet 1a20acab5ef940479758e6a52f66dd4b (DEFAULT_TABLE table=test-workload [id=e1c58095b5b34eb99b65f0d60cdb8eae]), partition=RANGE (key) PARTITION 72796054 <= VALUES < 109194081
I20260709 14:50:56.654991 13759 data_dirs.cc:400] Could only allocate 1 dirs of requested 3 for tablet 1a20acab5ef940479758e6a52f66dd4b. 1 dirs total, 0 dirs full, 0 dirs failed
I20260709 14:50:56.662076 13687 tablet_service.cc:1511] Processing CreateTablet for tablet 88c562eac2754cfb93d39391bd759110 (DEFAULT_TABLE table=test-workload [id=e1c58095b5b34eb99b65f0d60cdb8eae]), partition=RANGE (key) PARTITION VALUES < 36398027
I20260709 14:50:56.663120 13760 tablet_service.cc:1511] Processing CreateTablet for tablet 28747b42d20e419cbe36a6f78ea64f50 (DEFAULT_TABLE table=test-workload [id=e1c58095b5b34eb99b65f0d60cdb8eae]), partition=RANGE (key) PARTITION 181990135 <= VALUES < 218388162
I20260709 14:50:56.663798 13687 data_dirs.cc:400] Could only allocate 1 dirs of requested 3 for tablet 88c562eac2754cfb93d39391bd759110. 1 dirs total, 0 dirs full, 0 dirs failed
I20260709 14:50:56.664415 13760 data_dirs.cc:400] Could only allocate 1 dirs of requested 3 for tablet 28747b42d20e419cbe36a6f78ea64f50. 1 dirs total, 0 dirs full, 0 dirs failed
I20260709 14:50:56.664856 13811 tablet_bootstrap.cc:492] T 88c562eac2754cfb93d39391bd759110 P dcc8b074aa66483a92402c5e38b87445: Bootstrap starting.
I20260709 14:50:56.671335 13811 tablet_bootstrap.cc:654] T 88c562eac2754cfb93d39391bd759110 P dcc8b074aa66483a92402c5e38b87445: Neither blocks nor log segments found. Creating new log.
I20260709 14:50:56.676909 13686 tablet_service.cc:1511] Processing CreateTablet for tablet ed4a4ce1277a47dda253fdf1482c2e95 (DEFAULT_TABLE table=test-workload [id=e1c58095b5b34eb99b65f0d60cdb8eae]), partition=RANGE (key) PARTITION 36398027 <= VALUES < 72796054
I20260709 14:50:56.678270 13686 data_dirs.cc:400] Could only allocate 1 dirs of requested 3 for tablet ed4a4ce1277a47dda253fdf1482c2e95. 1 dirs total, 0 dirs full, 0 dirs failed
I20260709 14:50:56.682072 13685 tablet_service.cc:1511] Processing CreateTablet for tablet 1a20acab5ef940479758e6a52f66dd4b (DEFAULT_TABLE table=test-workload [id=e1c58095b5b34eb99b65f0d60cdb8eae]), partition=RANGE (key) PARTITION 72796054 <= VALUES < 109194081
I20260709 14:50:56.683993 13685 data_dirs.cc:400] Could only allocate 1 dirs of requested 3 for tablet 1a20acab5ef940479758e6a52f66dd4b. 1 dirs total, 0 dirs full, 0 dirs failed
I20260709 14:50:56.685765 13684 tablet_service.cc:1511] Processing CreateTablet for tablet f6eb55650e174739a28cc59be41627e5 (DEFAULT_TABLE table=test-workload [id=e1c58095b5b34eb99b65f0d60cdb8eae]), partition=RANGE (key) PARTITION 109194081 <= VALUES < 145592108
I20260709 14:50:56.699232 13684 data_dirs.cc:400] Could only allocate 1 dirs of requested 3 for tablet f6eb55650e174739a28cc59be41627e5. 1 dirs total, 0 dirs full, 0 dirs failed
I20260709 14:50:56.689769 13682 tablet_service.cc:1511] Processing CreateTablet for tablet 28747b42d20e419cbe36a6f78ea64f50 (DEFAULT_TABLE table=test-workload [id=e1c58095b5b34eb99b65f0d60cdb8eae]), partition=RANGE (key) PARTITION 181990135 <= VALUES < 218388162
I20260709 14:50:56.701504 13682 data_dirs.cc:400] Could only allocate 1 dirs of requested 3 for tablet 28747b42d20e419cbe36a6f78ea64f50. 1 dirs total, 0 dirs full, 0 dirs failed
I20260709 14:50:56.692080 13681 tablet_service.cc:1511] Processing CreateTablet for tablet aaccb23583c64bb789287cdd94f9e9cb (DEFAULT_TABLE table=test-workload [id=e1c58095b5b34eb99b65f0d60cdb8eae]), partition=RANGE (key) PARTITION 218388162 <= VALUES < 254786189
I20260709 14:50:56.703563 13681 data_dirs.cc:400] Could only allocate 1 dirs of requested 3 for tablet aaccb23583c64bb789287cdd94f9e9cb. 1 dirs total, 0 dirs full, 0 dirs failed
I20260709 14:50:56.688153 13683 tablet_service.cc:1511] Processing CreateTablet for tablet c66e0d4cb0934e518272068be0157dbf (DEFAULT_TABLE table=test-workload [id=e1c58095b5b34eb99b65f0d60cdb8eae]), partition=RANGE (key) PARTITION 145592108 <= VALUES < 181990135
I20260709 14:50:56.695696 13757 tablet_service.cc:1511] Processing CreateTablet for tablet ec7e0f57d42a4e52be89255bde595858 (DEFAULT_TABLE table=test-workload [id=e1c58095b5b34eb99b65f0d60cdb8eae]), partition=RANGE (key) PARTITION 254786189 <= VALUES < 291184216
I20260709 14:50:56.705624 13683 data_dirs.cc:400] Could only allocate 1 dirs of requested 3 for tablet c66e0d4cb0934e518272068be0157dbf. 1 dirs total, 0 dirs full, 0 dirs failed
I20260709 14:50:56.705699 13757 data_dirs.cc:400] Could only allocate 1 dirs of requested 3 for tablet ec7e0f57d42a4e52be89255bde595858. 1 dirs total, 0 dirs full, 0 dirs failed
I20260709 14:50:56.697055 13758 tablet_service.cc:1511] Processing CreateTablet for tablet aaccb23583c64bb789287cdd94f9e9cb (DEFAULT_TABLE table=test-workload [id=e1c58095b5b34eb99b65f0d60cdb8eae]), partition=RANGE (key) PARTITION 218388162 <= VALUES < 254786189
I20260709 14:50:56.708441 13758 data_dirs.cc:400] Could only allocate 1 dirs of requested 3 for tablet aaccb23583c64bb789287cdd94f9e9cb. 1 dirs total, 0 dirs full, 0 dirs failed
I20260709 14:50:56.718003 13680 tablet_service.cc:1511] Processing CreateTablet for tablet ec7e0f57d42a4e52be89255bde595858 (DEFAULT_TABLE table=test-workload [id=e1c58095b5b34eb99b65f0d60cdb8eae]), partition=RANGE (key) PARTITION 254786189 <= VALUES < 291184216
I20260709 14:50:56.719462 13680 data_dirs.cc:400] Could only allocate 1 dirs of requested 3 for tablet ec7e0f57d42a4e52be89255bde595858. 1 dirs total, 0 dirs full, 0 dirs failed
I20260709 14:50:56.734812 13679 tablet_service.cc:1511] Processing CreateTablet for tablet 29b85b3a33ac49628e40f623c874d189 (DEFAULT_TABLE table=test-workload [id=e1c58095b5b34eb99b65f0d60cdb8eae]), partition=RANGE (key) PARTITION 291184216 <= VALUES < 327582243
I20260709 14:50:56.735245 13761 tablet_service.cc:1511] Processing CreateTablet for tablet 29b85b3a33ac49628e40f623c874d189 (DEFAULT_TABLE table=test-workload [id=e1c58095b5b34eb99b65f0d60cdb8eae]), partition=RANGE (key) PARTITION 291184216 <= VALUES < 327582243
I20260709 14:50:56.736258 13679 data_dirs.cc:400] Could only allocate 1 dirs of requested 3 for tablet 29b85b3a33ac49628e40f623c874d189. 1 dirs total, 0 dirs full, 0 dirs failed
I20260709 14:50:56.736433 13761 data_dirs.cc:400] Could only allocate 1 dirs of requested 3 for tablet 29b85b3a33ac49628e40f623c874d189. 1 dirs total, 0 dirs full, 0 dirs failed
I20260709 14:50:56.741789 13811 tablet_bootstrap.cc:492] T 88c562eac2754cfb93d39391bd759110 P dcc8b074aa66483a92402c5e38b87445: No bootstrap required, opened a new log
I20260709 14:50:56.742266 13811 ts_tablet_manager.cc:1403] T 88c562eac2754cfb93d39391bd759110 P dcc8b074aa66483a92402c5e38b87445: Time spent bootstrapping tablet: real 0.078s	user 0.023s	sys 0.024s
I20260709 14:50:56.745072 13811 raft_consensus.cc:359] T 88c562eac2754cfb93d39391bd759110 P dcc8b074aa66483a92402c5e38b87445 [term 0 FOLLOWER]: Replica starting. Triggering 0 pending ops. Active config: opid_index: -1 OBSOLETE_local: false peers { permanent_uuid: "dcc8b074aa66483a92402c5e38b87445" member_type: VOTER last_known_addr { host: "127.12.57.67" port: 36415 } } peers { permanent_uuid: "09678173034c4f62a779bbf899477861" member_type: VOTER last_known_addr { host: "127.12.57.66" port: 46105 } } peers { permanent_uuid: "7fdd6283a58446f49492edf031095cb3" member_type: VOTER last_known_addr { host: "127.12.57.65" port: 41467 } }
I20260709 14:50:56.745790 13811 raft_consensus.cc:385] T 88c562eac2754cfb93d39391bd759110 P dcc8b074aa66483a92402c5e38b87445 [term 0 FOLLOWER]: Consensus starting up: Expiring failure detector timer to make a prompt election more likely
I20260709 14:50:56.746098 13811 raft_consensus.cc:740] T 88c562eac2754cfb93d39391bd759110 P dcc8b074aa66483a92402c5e38b87445 [term 0 FOLLOWER]: Becoming Follower/Learner. State: Replica: dcc8b074aa66483a92402c5e38b87445, State: Initialized, Role: FOLLOWER
I20260709 14:50:56.746877 13811 consensus_queue.cc:260] T 88c562eac2754cfb93d39391bd759110 P dcc8b074aa66483a92402c5e38b87445 [NON_LEADER]: Queue going to NON_LEADER mode. State: All replicated index: 0, Majority replicated index: 0, Committed index: 0, Last appended: 0.0, Last appended by leader: 0, Current term: 0, Majority size: -1, State: 0, Mode: NON_LEADER, active raft config: opid_index: -1 OBSOLETE_local: false peers { permanent_uuid: "dcc8b074aa66483a92402c5e38b87445" member_type: VOTER last_known_addr { host: "127.12.57.67" port: 36415 } } peers { permanent_uuid: "09678173034c4f62a779bbf899477861" member_type: VOTER last_known_addr { host: "127.12.57.66" port: 46105 } } peers { permanent_uuid: "7fdd6283a58446f49492edf031095cb3" member_type: VOTER last_known_addr { host: "127.12.57.65" port: 41467 } }
I20260709 14:50:56.755986 13678 tablet_service.cc:1511] Processing CreateTablet for tablet 3ffadf89d4cc4231a8942f91ce0f2ec5 (DEFAULT_TABLE table=test-workload [id=e1c58095b5b34eb99b65f0d60cdb8eae]), partition=RANGE (key) PARTITION 327582243 <= VALUES < 363980270
I20260709 14:50:56.757356 13678 data_dirs.cc:400] Could only allocate 1 dirs of requested 3 for tablet 3ffadf89d4cc4231a8942f91ce0f2ec5. 1 dirs total, 0 dirs full, 0 dirs failed
I20260709 14:50:56.764017 13760 tablet_service.cc:1511] Processing CreateTablet for tablet 3ffadf89d4cc4231a8942f91ce0f2ec5 (DEFAULT_TABLE table=test-workload [id=e1c58095b5b34eb99b65f0d60cdb8eae]), partition=RANGE (key) PARTITION 327582243 <= VALUES < 363980270
I20260709 14:50:56.765348 13760 data_dirs.cc:400] Could only allocate 1 dirs of requested 3 for tablet 3ffadf89d4cc4231a8942f91ce0f2ec5. 1 dirs total, 0 dirs full, 0 dirs failed
I20260709 14:50:56.776857 13796 heartbeater.cc:499] Master 127.12.57.126:46409 was elected leader, sending a full tablet report...
I20260709 14:50:56.776800 13759 tablet_service.cc:1511] Processing CreateTablet for tablet 80cc79cf1f1e4234b7c94f88c3d2882c (DEFAULT_TABLE table=test-workload [id=e1c58095b5b34eb99b65f0d60cdb8eae]), partition=RANGE (key) PARTITION 363980270 <= VALUES < 400378297
I20260709 14:50:56.778151 13759 data_dirs.cc:400] Could only allocate 1 dirs of requested 3 for tablet 80cc79cf1f1e4234b7c94f88c3d2882c. 1 dirs total, 0 dirs full, 0 dirs failed
I20260709 14:50:56.781919 13811 ts_tablet_manager.cc:1434] T 88c562eac2754cfb93d39391bd759110 P dcc8b074aa66483a92402c5e38b87445: Time spent starting tablet: real 0.039s	user 0.010s	sys 0.010s
I20260709 14:50:56.783070 13811 tablet_bootstrap.cc:492] T ed4a4ce1277a47dda253fdf1482c2e95 P dcc8b074aa66483a92402c5e38b87445: Bootstrap starting.
I20260709 14:50:56.784693 13605 tablet_service.cc:1511] Processing CreateTablet for tablet ec7e0f57d42a4e52be89255bde595858 (DEFAULT_TABLE table=test-workload [id=e1c58095b5b34eb99b65f0d60cdb8eae]), partition=RANGE (key) PARTITION 254786189 <= VALUES < 291184216
I20260709 14:50:56.786018 13605 data_dirs.cc:400] Could only allocate 1 dirs of requested 3 for tablet ec7e0f57d42a4e52be89255bde595858. 1 dirs total, 0 dirs full, 0 dirs failed
I20260709 14:50:56.789115 13758 tablet_service.cc:1511] Processing CreateTablet for tablet 87c1aa96f0f6449da35af60fd9db18fa (DEFAULT_TABLE table=test-workload [id=e1c58095b5b34eb99b65f0d60cdb8eae]), partition=RANGE (key) PARTITION 400378297 <= VALUES < 436776324
I20260709 14:50:56.790300 13612 tablet_service.cc:1511] Processing CreateTablet for tablet 88c562eac2754cfb93d39391bd759110 (DEFAULT_TABLE table=test-workload [id=e1c58095b5b34eb99b65f0d60cdb8eae]), partition=RANGE (key) PARTITION VALUES < 36398027
I20260709 14:50:56.791173 13758 data_dirs.cc:400] Could only allocate 1 dirs of requested 3 for tablet 87c1aa96f0f6449da35af60fd9db18fa. 1 dirs total, 0 dirs full, 0 dirs failed
I20260709 14:50:56.791553 13612 data_dirs.cc:400] Could only allocate 1 dirs of requested 3 for tablet 88c562eac2754cfb93d39391bd759110. 1 dirs total, 0 dirs full, 0 dirs failed
I20260709 14:50:56.792353 13686 tablet_service.cc:1511] Processing CreateTablet for tablet 80cc79cf1f1e4234b7c94f88c3d2882c (DEFAULT_TABLE table=test-workload [id=e1c58095b5b34eb99b65f0d60cdb8eae]), partition=RANGE (key) PARTITION 363980270 <= VALUES < 400378297
I20260709 14:50:56.794027 13611 tablet_service.cc:1511] Processing CreateTablet for tablet ed4a4ce1277a47dda253fdf1482c2e95 (DEFAULT_TABLE table=test-workload [id=e1c58095b5b34eb99b65f0d60cdb8eae]), partition=RANGE (key) PARTITION 36398027 <= VALUES < 72796054
I20260709 14:50:56.795140 13686 data_dirs.cc:400] Could only allocate 1 dirs of requested 3 for tablet 80cc79cf1f1e4234b7c94f88c3d2882c. 1 dirs total, 0 dirs full, 0 dirs failed
I20260709 14:50:56.795358 13611 data_dirs.cc:400] Could only allocate 1 dirs of requested 3 for tablet ed4a4ce1277a47dda253fdf1482c2e95. 1 dirs total, 0 dirs full, 0 dirs failed
I20260709 14:50:56.797369 13610 tablet_service.cc:1511] Processing CreateTablet for tablet 1a20acab5ef940479758e6a52f66dd4b (DEFAULT_TABLE table=test-workload [id=e1c58095b5b34eb99b65f0d60cdb8eae]), partition=RANGE (key) PARTITION 72796054 <= VALUES < 109194081
I20260709 14:50:56.799436 13609 tablet_service.cc:1511] Processing CreateTablet for tablet f6eb55650e174739a28cc59be41627e5 (DEFAULT_TABLE table=test-workload [id=e1c58095b5b34eb99b65f0d60cdb8eae]), partition=RANGE (key) PARTITION 109194081 <= VALUES < 145592108
I20260709 14:50:56.801695 13608 tablet_service.cc:1511] Processing CreateTablet for tablet c66e0d4cb0934e518272068be0157dbf (DEFAULT_TABLE table=test-workload [id=e1c58095b5b34eb99b65f0d60cdb8eae]), partition=RANGE (key) PARTITION 145592108 <= VALUES < 181990135
I20260709 14:50:56.804056 13607 tablet_service.cc:1511] Processing CreateTablet for tablet 28747b42d20e419cbe36a6f78ea64f50 (DEFAULT_TABLE table=test-workload [id=e1c58095b5b34eb99b65f0d60cdb8eae]), partition=RANGE (key) PARTITION 181990135 <= VALUES < 218388162
I20260709 14:50:56.806231 13606 tablet_service.cc:1511] Processing CreateTablet for tablet aaccb23583c64bb789287cdd94f9e9cb (DEFAULT_TABLE table=test-workload [id=e1c58095b5b34eb99b65f0d60cdb8eae]), partition=RANGE (key) PARTITION 218388162 <= VALUES < 254786189
I20260709 14:50:56.808733 13604 tablet_service.cc:1511] Processing CreateTablet for tablet 29b85b3a33ac49628e40f623c874d189 (DEFAULT_TABLE table=test-workload [id=e1c58095b5b34eb99b65f0d60cdb8eae]), partition=RANGE (key) PARTITION 291184216 <= VALUES < 327582243
I20260709 14:50:56.811118 13603 tablet_service.cc:1511] Processing CreateTablet for tablet 3ffadf89d4cc4231a8942f91ce0f2ec5 (DEFAULT_TABLE table=test-workload [id=e1c58095b5b34eb99b65f0d60cdb8eae]), partition=RANGE (key) PARTITION 327582243 <= VALUES < 363980270
I20260709 14:50:56.843400 13610 data_dirs.cc:400] Could only allocate 1 dirs of requested 3 for tablet 1a20acab5ef940479758e6a52f66dd4b. 1 dirs total, 0 dirs full, 0 dirs failed
I20260709 14:50:56.859100 13756 tablet_service.cc:1511] Processing CreateTablet for tablet 88d74e15eff0453bbbe18da135457517 (DEFAULT_TABLE table=test-workload [id=e1c58095b5b34eb99b65f0d60cdb8eae]), partition=RANGE (key) PARTITION 436776324 <= VALUES < 473174351
I20260709 14:50:56.860563 13756 data_dirs.cc:400] Could only allocate 1 dirs of requested 3 for tablet 88d74e15eff0453bbbe18da135457517. 1 dirs total, 0 dirs full, 0 dirs failed
I20260709 14:50:56.865430 13755 tablet_service.cc:1511] Processing CreateTablet for tablet bab62bd0d9c543ac9194d443af5c1191 (DEFAULT_TABLE table=test-workload [id=e1c58095b5b34eb99b65f0d60cdb8eae]), partition=RANGE (key) PARTITION 473174351 <= VALUES < 509572378
I20260709 14:50:56.866770 13755 data_dirs.cc:400] Could only allocate 1 dirs of requested 3 for tablet bab62bd0d9c543ac9194d443af5c1191. 1 dirs total, 0 dirs full, 0 dirs failed
I20260709 14:50:56.867481 13811 tablet_bootstrap.cc:654] T ed4a4ce1277a47dda253fdf1482c2e95 P dcc8b074aa66483a92402c5e38b87445: Neither blocks nor log segments found. Creating new log.
I20260709 14:50:56.867622 13682 tablet_service.cc:1511] Processing CreateTablet for tablet 265b62e8f5a549b1977c0ee59f398b64 (DEFAULT_TABLE table=test-workload [id=e1c58095b5b34eb99b65f0d60cdb8eae]), partition=RANGE (key) PARTITION 509572378 <= VALUES < 545970405
I20260709 14:50:56.869024 13682 data_dirs.cc:400] Could only allocate 1 dirs of requested 3 for tablet 265b62e8f5a549b1977c0ee59f398b64. 1 dirs total, 0 dirs full, 0 dirs failed
I20260709 14:50:56.871940 13606 data_dirs.cc:400] Could only allocate 1 dirs of requested 3 for tablet aaccb23583c64bb789287cdd94f9e9cb. 1 dirs total, 0 dirs full, 0 dirs failed
I20260709 14:50:56.873330 13685 tablet_service.cc:1511] Processing CreateTablet for tablet 07c43946d7c74fd4985955f6e70fb780 (DEFAULT_TABLE table=test-workload [id=e1c58095b5b34eb99b65f0d60cdb8eae]), partition=RANGE (key) PARTITION 545970405 <= VALUES < 582368432
I20260709 14:50:56.874588 13685 data_dirs.cc:400] Could only allocate 1 dirs of requested 3 for tablet 07c43946d7c74fd4985955f6e70fb780. 1 dirs total, 0 dirs full, 0 dirs failed
I20260709 14:50:56.877432 13754 tablet_service.cc:1511] Processing CreateTablet for tablet 265b62e8f5a549b1977c0ee59f398b64 (DEFAULT_TABLE table=test-workload [id=e1c58095b5b34eb99b65f0d60cdb8eae]), partition=RANGE (key) PARTITION 509572378 <= VALUES < 545970405
I20260709 14:50:56.878482 13680 tablet_service.cc:1511] Processing CreateTablet for tablet d2aec84842b949fb80f0a0c63c3c4e26 (DEFAULT_TABLE table=test-workload [id=e1c58095b5b34eb99b65f0d60cdb8eae]), partition=RANGE (key) PARTITION 582368432 <= VALUES < 618766459
I20260709 14:50:56.879560 13754 data_dirs.cc:400] Could only allocate 1 dirs of requested 3 for tablet 265b62e8f5a549b1977c0ee59f398b64. 1 dirs total, 0 dirs full, 0 dirs failed
I20260709 14:50:56.879467 13681 tablet_service.cc:1511] Processing CreateTablet for tablet 5e8741db9b044b9db154914e07c745d3 (DEFAULT_TABLE table=test-workload [id=e1c58095b5b34eb99b65f0d60cdb8eae]), partition=RANGE (key) PARTITION 618766459 <= VALUES < 655164486
I20260709 14:50:56.879123 13753 tablet_service.cc:1511] Processing CreateTablet for tablet 07c43946d7c74fd4985955f6e70fb780 (DEFAULT_TABLE table=test-workload [id=e1c58095b5b34eb99b65f0d60cdb8eae]), partition=RANGE (key) PARTITION 545970405 <= VALUES < 582368432
I20260709 14:50:56.880529 13680 data_dirs.cc:400] Could only allocate 1 dirs of requested 3 for tablet d2aec84842b949fb80f0a0c63c3c4e26. 1 dirs total, 0 dirs full, 0 dirs failed
I20260709 14:50:56.881403 13753 data_dirs.cc:400] Could only allocate 1 dirs of requested 3 for tablet 07c43946d7c74fd4985955f6e70fb780. 1 dirs total, 0 dirs full, 0 dirs failed
I20260709 14:50:56.885174 13686 tablet_service.cc:1511] Processing CreateTablet for tablet bab62bd0d9c543ac9194d443af5c1191 (DEFAULT_TABLE table=test-workload [id=e1c58095b5b34eb99b65f0d60cdb8eae]), partition=RANGE (key) PARTITION 473174351 <= VALUES < 509572378
I20260709 14:50:56.885365 13752 tablet_service.cc:1511] Processing CreateTablet for tablet d2aec84842b949fb80f0a0c63c3c4e26 (DEFAULT_TABLE table=test-workload [id=e1c58095b5b34eb99b65f0d60cdb8eae]), partition=RANGE (key) PARTITION 582368432 <= VALUES < 618766459
