I20260709 14:50:50.418248 17204 raft_consensus.cc:515] T 6461526266874cdfb4c7c8bf4e8bdda2 P b75c87b9ac6e4835864386a0b1e4737a [term 0 FOLLOWER]: Starting pre-election with config: opid_index: -1 OBSOLETE_local: false peers { permanent_uuid: "f798b6a2075b445da5fb6b67ad7a6b00" member_type: VOTER last_known_addr { host: "127.15.143.1" port: 40389 } } peers { permanent_uuid: "b75c87b9ac6e4835864386a0b1e4737a" member_type: VOTER last_known_addr { host: "127.15.143.2" port: 39111 } } peers { permanent_uuid: "28873a749b834dd285bf236ae8962a6b" member_type: VOTER last_known_addr { host: "127.15.143.3" port: 46145 } }
I20260709 14:50:50.419157 17086 tablet_service.cc:1917] Received RequestConsensusVote() RPC: tablet_id: "a2b9661f6066497799bffc10adffd2ab" candidate_uuid: "f798b6a2075b445da5fb6b67ad7a6b00" candidate_term: 1 candidate_status { last_received { term: 0 index: 0 } } ignore_live_leader: false dest_uuid: "b75c87b9ac6e4835864386a0b1e4737a"
I20260709 14:50:50.420154 17204 leader_election.cc:290] T 6461526266874cdfb4c7c8bf4e8bdda2 P b75c87b9ac6e4835864386a0b1e4737a [CANDIDATE]: Term 1 pre-election: Requested pre-vote from peers f798b6a2075b445da5fb6b67ad7a6b00 (127.15.143.1:40389), 28873a749b834dd285bf236ae8962a6b (127.15.143.3:46145)
W20260709 14:50:50.420245 16974 leader_election.cc:343] T a2b9661f6066497799bffc10adffd2ab P f798b6a2075b445da5fb6b67ad7a6b00 [CANDIDATE]: Term 1 election: Tablet error from VoteRequest() call to peer b75c87b9ac6e4835864386a0b1e4737a (127.15.143.2:39111): Illegal state: must be running to vote when last-logged opid is not known
I20260709 14:50:50.420466 17237 leader_election.cc:290] T a2b9661f6066497799bffc10adffd2ab P f798b6a2075b445da5fb6b67ad7a6b00 [CANDIDATE]: Term 1 election: Requested vote from peers b75c87b9ac6e4835864386a0b1e4737a (127.15.143.2:39111), 28873a749b834dd285bf236ae8962a6b (127.15.143.3:46145)
I20260709 14:50:50.421103 17201 tablet_bootstrap.cc:654] T 6461526266874cdfb4c7c8bf4e8bdda2 P f798b6a2075b445da5fb6b67ad7a6b00: Neither blocks nor log segments found. Creating new log.
I20260709 14:50:50.421866 17158 tablet_service.cc:1917] Received RequestConsensusVote() RPC: tablet_id: "6461526266874cdfb4c7c8bf4e8bdda2" candidate_uuid: "b75c87b9ac6e4835864386a0b1e4737a" candidate_term: 1 candidate_status { last_received { term: 0 index: 0 } } ignore_live_leader: false dest_uuid: "28873a749b834dd285bf236ae8962a6b" is_pre_election: true
W20260709 14:50:50.423575 17049 leader_election.cc:343] T 6461526266874cdfb4c7c8bf4e8bdda2 P b75c87b9ac6e4835864386a0b1e4737a [CANDIDATE]: Term 1 pre-election: Tablet error from VoteRequest() call to peer 28873a749b834dd285bf236ae8962a6b (127.15.143.3:46145): Illegal state: must be running to vote when last-logged opid is not known
I20260709 14:50:50.424080 17009 tablet_service.cc:1917] Received RequestConsensusVote() RPC: tablet_id: "6461526266874cdfb4c7c8bf4e8bdda2" candidate_uuid: "b75c87b9ac6e4835864386a0b1e4737a" candidate_term: 1 candidate_status { last_received { term: 0 index: 0 } } ignore_live_leader: false dest_uuid: "f798b6a2075b445da5fb6b67ad7a6b00" is_pre_election: true
I20260709 14:50:50.401103 17208 tablet_bootstrap.cc:654] T 6461526266874cdfb4c7c8bf4e8bdda2 P 28873a749b834dd285bf236ae8962a6b: Neither blocks nor log segments found. Creating new log.
I20260709 14:50:50.424319 17158 tablet_service.cc:1917] Received RequestConsensusVote() RPC: tablet_id: "a2b9661f6066497799bffc10adffd2ab" candidate_uuid: "f798b6a2075b445da5fb6b67ad7a6b00" candidate_term: 1 candidate_status { last_received { term: 0 index: 0 } } ignore_live_leader: false dest_uuid: "28873a749b834dd285bf236ae8962a6b"
I20260709 14:50:50.424815 17158 raft_consensus.cc:3060] T a2b9661f6066497799bffc10adffd2ab P 28873a749b834dd285bf236ae8962a6b [term 0 FOLLOWER]: Advancing to term 1
W20260709 14:50:50.425336 17051 leader_election.cc:343] T 6461526266874cdfb4c7c8bf4e8bdda2 P b75c87b9ac6e4835864386a0b1e4737a [CANDIDATE]: Term 1 pre-election: Tablet error from VoteRequest() call to peer f798b6a2075b445da5fb6b67ad7a6b00 (127.15.143.1:40389): Illegal state: must be running to vote when last-logged opid is not known
I20260709 14:50:50.425740 17051 leader_election.cc:304] T 6461526266874cdfb4c7c8bf4e8bdda2 P b75c87b9ac6e4835864386a0b1e4737a [CANDIDATE]: Term 1 pre-election: Election decided. Result: candidate lost. Election summary: received 3 responses out of 3 voters: 1 yes votes; 2 no votes. yes voters: b75c87b9ac6e4835864386a0b1e4737a; no voters: 28873a749b834dd285bf236ae8962a6b, f798b6a2075b445da5fb6b67ad7a6b00
I20260709 14:50:50.426719 17204 raft_consensus.cc:2749] T 6461526266874cdfb4c7c8bf4e8bdda2 P b75c87b9ac6e4835864386a0b1e4737a [term 0 FOLLOWER]: Leader pre-election lost for term 1. Reason: could not achieve majority
I20260709 14:50:50.430959 17204 consensus_queue.cc:1048] T b5ace71630254339860bff3a1e8dc4ab P b75c87b9ac6e4835864386a0b1e4737a [LEADER]: Connected to new peer: Peer: permanent_uuid: "28873a749b834dd285bf236ae8962a6b" member_type: VOTER last_known_addr { host: "127.15.143.3" port: 46145 }, Status: LMP_MISMATCH, Last received: 0.0, Next index: 1, Last known committed idx: 0, Time since last communication: 0.000s
I20260709 14:50:50.443761 17200 tablet_bootstrap.cc:492] T 9ca46b026dce4e8c93893400a1b137b2 P b75c87b9ac6e4835864386a0b1e4737a: No bootstrap required, opened a new log
I20260709 14:50:50.444180 17200 ts_tablet_manager.cc:1403] T 9ca46b026dce4e8c93893400a1b137b2 P b75c87b9ac6e4835864386a0b1e4737a: Time spent bootstrapping tablet: real 0.052s	user 0.011s	sys 0.011s
I20260709 14:50:50.445005 17292 raft_consensus.cc:493] T 99d9b2a388174e04929f1040f9b40c01 P f798b6a2075b445da5fb6b67ad7a6b00 [term 0 FOLLOWER]: Starting pre-election (no leader contacted us within the election timeout)
I20260709 14:50:50.445436 17292 raft_consensus.cc:515] T 99d9b2a388174e04929f1040f9b40c01 P f798b6a2075b445da5fb6b67ad7a6b00 [term 0 FOLLOWER]: Starting pre-election with config: opid_index: -1 OBSOLETE_local: false peers { permanent_uuid: "f798b6a2075b445da5fb6b67ad7a6b00" member_type: VOTER last_known_addr { host: "127.15.143.1" port: 40389 } } peers { permanent_uuid: "b75c87b9ac6e4835864386a0b1e4737a" member_type: VOTER last_known_addr { host: "127.15.143.2" port: 39111 } } peers { permanent_uuid: "28873a749b834dd285bf236ae8962a6b" member_type: VOTER last_known_addr { host: "127.15.143.3" port: 46145 } }
I20260709 14:50:50.448698 17086 tablet_service.cc:1917] Received RequestConsensusVote() RPC: tablet_id: "99d9b2a388174e04929f1040f9b40c01" candidate_uuid: "f798b6a2075b445da5fb6b67ad7a6b00" candidate_term: 1 candidate_status { last_received { term: 0 index: 0 } } ignore_live_leader: false dest_uuid: "b75c87b9ac6e4835864386a0b1e4737a" is_pre_election: true
I20260709 14:50:50.449252 17086 raft_consensus.cc:2468] T 99d9b2a388174e04929f1040f9b40c01 P b75c87b9ac6e4835864386a0b1e4737a [term 0 FOLLOWER]: Leader pre-election vote request: Granting yes vote for candidate f798b6a2075b445da5fb6b67ad7a6b00 in term 0.
I20260709 14:50:50.450179 16974 leader_election.cc:304] T 99d9b2a388174e04929f1040f9b40c01 P f798b6a2075b445da5fb6b67ad7a6b00 [CANDIDATE]: Term 1 pre-election: Election decided. Result: candidate won. Election summary: received 2 responses out of 3 voters: 2 yes votes; 0 no votes. yes voters: b75c87b9ac6e4835864386a0b1e4737a, f798b6a2075b445da5fb6b67ad7a6b00; no voters: 
I20260709 14:50:50.451032 17293 raft_consensus.cc:2804] T 99d9b2a388174e04929f1040f9b40c01 P f798b6a2075b445da5fb6b67ad7a6b00 [term 0 FOLLOWER]: Leader pre-election won for term 1
I20260709 14:50:50.451375 17293 raft_consensus.cc:493] T 99d9b2a388174e04929f1040f9b40c01 P f798b6a2075b445da5fb6b67ad7a6b00 [term 0 FOLLOWER]: Starting leader election (no leader contacted us within the election timeout)
I20260709 14:50:50.451678 17293 raft_consensus.cc:3060] T 99d9b2a388174e04929f1040f9b40c01 P f798b6a2075b445da5fb6b67ad7a6b00 [term 0 FOLLOWER]: Advancing to term 1
I20260709 14:50:50.456298 17158 raft_consensus.cc:2468] T a2b9661f6066497799bffc10adffd2ab P 28873a749b834dd285bf236ae8962a6b [term 1 FOLLOWER]: Leader election vote request: Granting yes vote for candidate f798b6a2075b445da5fb6b67ad7a6b00 in term 1.
I20260709 14:50:50.457042 17299 consensus_queue.cc:1048] T b5ace71630254339860bff3a1e8dc4ab P b75c87b9ac6e4835864386a0b1e4737a [LEADER]: Connected to new peer: Peer: permanent_uuid: "f798b6a2075b445da5fb6b67ad7a6b00" member_type: VOTER last_known_addr { host: "127.15.143.1" port: 40389 }, Status: LMP_MISMATCH, Last received: 0.0, Next index: 1, Last known committed idx: 0, Time since last communication: 0.001s
I20260709 14:50:50.461233 17292 leader_election.cc:290] T 99d9b2a388174e04929f1040f9b40c01 P f798b6a2075b445da5fb6b67ad7a6b00 [CANDIDATE]: Term 1 pre-election: Requested pre-vote from peers b75c87b9ac6e4835864386a0b1e4737a (127.15.143.2:39111), 28873a749b834dd285bf236ae8962a6b (127.15.143.3:46145)
I20260709 14:50:50.462551 17159 tablet_service.cc:1917] Received RequestConsensusVote() RPC: tablet_id: "99d9b2a388174e04929f1040f9b40c01" candidate_uuid: "f798b6a2075b445da5fb6b67ad7a6b00" candidate_term: 1 candidate_status { last_received { term: 0 index: 0 } } ignore_live_leader: false dest_uuid: "28873a749b834dd285bf236ae8962a6b" is_pre_election: true
I20260709 14:50:50.464706 16974 leader_election.cc:304] T a2b9661f6066497799bffc10adffd2ab P f798b6a2075b445da5fb6b67ad7a6b00 [CANDIDATE]: Term 1 election: Election decided. Result: candidate won. Election summary: received 3 responses out of 3 voters: 2 yes votes; 1 no votes. yes voters: 28873a749b834dd285bf236ae8962a6b, f798b6a2075b445da5fb6b67ad7a6b00; no voters: b75c87b9ac6e4835864386a0b1e4737a
W20260709 14:50:50.466035 16974 leader_election.cc:343] T 99d9b2a388174e04929f1040f9b40c01 P f798b6a2075b445da5fb6b67ad7a6b00 [CANDIDATE]: Term 1 pre-election: Tablet error from VoteRequest() call to peer 28873a749b834dd285bf236ae8962a6b (127.15.143.3:46145): Illegal state: must be running to vote when last-logged opid is not known
I20260709 14:50:50.466863 17292 raft_consensus.cc:2804] T a2b9661f6066497799bffc10adffd2ab P f798b6a2075b445da5fb6b67ad7a6b00 [term 1 FOLLOWER]: Leader election won for term 1
I20260709 14:50:50.467494 17292 raft_consensus.cc:697] T a2b9661f6066497799bffc10adffd2ab P f798b6a2075b445da5fb6b67ad7a6b00 [term 1 LEADER]: Becoming Leader. State: Replica: f798b6a2075b445da5fb6b67ad7a6b00, State: Running, Role: LEADER
I20260709 14:50:50.468250 17292 consensus_queue.cc:237] T a2b9661f6066497799bffc10adffd2ab P f798b6a2075b445da5fb6b67ad7a6b00 [LEADER]: Queue going to LEADER mode. State: All replicated index: 0, Majority replicated index: 0, Committed index: 0, Last appended: 0.0, Last appended by leader: 0, Current term: 1, Majority size: 2, State: 0, Mode: LEADER, active raft config: opid_index: -1 OBSOLETE_local: false peers { permanent_uuid: "f798b6a2075b445da5fb6b67ad7a6b00" member_type: VOTER last_known_addr { host: "127.15.143.1" port: 40389 } } peers { permanent_uuid: "b75c87b9ac6e4835864386a0b1e4737a" member_type: VOTER last_known_addr { host: "127.15.143.2" port: 39111 } } peers { permanent_uuid: "28873a749b834dd285bf236ae8962a6b" member_type: VOTER last_known_addr { host: "127.15.143.3" port: 46145 } }
I20260709 14:50:50.462616 17293 raft_consensus.cc:515] T 99d9b2a388174e04929f1040f9b40c01 P f798b6a2075b445da5fb6b67ad7a6b00 [term 1 FOLLOWER]: Starting leader election with config: opid_index: -1 OBSOLETE_local: false peers { permanent_uuid: "f798b6a2075b445da5fb6b67ad7a6b00" member_type: VOTER last_known_addr { host: "127.15.143.1" port: 40389 } } peers { permanent_uuid: "b75c87b9ac6e4835864386a0b1e4737a" member_type: VOTER last_known_addr { host: "127.15.143.2" port: 39111 } } peers { permanent_uuid: "28873a749b834dd285bf236ae8962a6b" member_type: VOTER last_known_addr { host: "127.15.143.3" port: 46145 } }
I20260709 14:50:50.473234 17293 leader_election.cc:290] T 99d9b2a388174e04929f1040f9b40c01 P f798b6a2075b445da5fb6b67ad7a6b00 [CANDIDATE]: Term 1 election: Requested vote from peers b75c87b9ac6e4835864386a0b1e4737a (127.15.143.2:39111), 28873a749b834dd285bf236ae8962a6b (127.15.143.3:46145)
I20260709 14:50:50.473845 17159 tablet_service.cc:1917] Received RequestConsensusVote() RPC: tablet_id: "99d9b2a388174e04929f1040f9b40c01" candidate_uuid: "f798b6a2075b445da5fb6b67ad7a6b00" candidate_term: 1 candidate_status { last_received { term: 0 index: 0 } } ignore_live_leader: false dest_uuid: "28873a749b834dd285bf236ae8962a6b"
W20260709 14:50:50.475126 16974 leader_election.cc:343] T 99d9b2a388174e04929f1040f9b40c01 P f798b6a2075b445da5fb6b67ad7a6b00 [CANDIDATE]: Term 1 election: Tablet error from VoteRequest() call to peer 28873a749b834dd285bf236ae8962a6b (127.15.143.3:46145): Illegal state: must be running to vote when last-logged opid is not known
I20260709 14:50:50.478263 17200 raft_consensus.cc:359] T 9ca46b026dce4e8c93893400a1b137b2 P b75c87b9ac6e4835864386a0b1e4737a [term 0 FOLLOWER]: Replica starting. Triggering 0 pending ops. Active config: opid_index: -1 OBSOLETE_local: false peers { permanent_uuid: "f798b6a2075b445da5fb6b67ad7a6b00" member_type: VOTER last_known_addr { host: "127.15.143.1" port: 40389 } } peers { permanent_uuid: "b75c87b9ac6e4835864386a0b1e4737a" member_type: VOTER last_known_addr { host: "127.15.143.2" port: 39111 } } peers { permanent_uuid: "28873a749b834dd285bf236ae8962a6b" member_type: VOTER last_known_addr { host: "127.15.143.3" port: 46145 } }
I20260709 14:50:50.478740 17086 tablet_service.cc:1917] Received RequestConsensusVote() RPC: tablet_id: "99d9b2a388174e04929f1040f9b40c01" candidate_uuid: "f798b6a2075b445da5fb6b67ad7a6b00" candidate_term: 1 candidate_status { last_received { term: 0 index: 0 } } ignore_live_leader: false dest_uuid: "b75c87b9ac6e4835864386a0b1e4737a"
I20260709 14:50:50.479295 17086 raft_consensus.cc:3060] T 99d9b2a388174e04929f1040f9b40c01 P b75c87b9ac6e4835864386a0b1e4737a [term 0 FOLLOWER]: Advancing to term 1
I20260709 14:50:50.486075 17204 raft_consensus.cc:493] T c649b956f5dc44c887e44d03c75ebd2a P b75c87b9ac6e4835864386a0b1e4737a [term 0 FOLLOWER]: Starting pre-election (no leader contacted us within the election timeout)
I20260709 14:50:50.486608 17204 raft_consensus.cc:515] T c649b956f5dc44c887e44d03c75ebd2a P b75c87b9ac6e4835864386a0b1e4737a [term 0 FOLLOWER]: Starting pre-election with config: opid_index: -1 OBSOLETE_local: false peers { permanent_uuid: "f798b6a2075b445da5fb6b67ad7a6b00" member_type: VOTER last_known_addr { host: "127.15.143.1" port: 40389 } } peers { permanent_uuid: "b75c87b9ac6e4835864386a0b1e4737a" member_type: VOTER last_known_addr { host: "127.15.143.2" port: 39111 } } peers { permanent_uuid: "28873a749b834dd285bf236ae8962a6b" member_type: VOTER last_known_addr { host: "127.15.143.3" port: 46145 } }
I20260709 14:50:50.478904 17200 raft_consensus.cc:385] T 9ca46b026dce4e8c93893400a1b137b2 P b75c87b9ac6e4835864386a0b1e4737a [term 0 FOLLOWER]: Consensus starting up: Expiring failure detector timer to make a prompt election more likely
I20260709 14:50:50.489589 17200 raft_consensus.cc:740] T 9ca46b026dce4e8c93893400a1b137b2 P b75c87b9ac6e4835864386a0b1e4737a [term 0 FOLLOWER]: Becoming Follower/Learner. State: Replica: b75c87b9ac6e4835864386a0b1e4737a, State: Initialized, Role: FOLLOWER
I20260709 14:50:50.489252 17011 tablet_service.cc:1917] Received RequestConsensusVote() RPC: tablet_id: "c649b956f5dc44c887e44d03c75ebd2a" candidate_uuid: "b75c87b9ac6e4835864386a0b1e4737a" candidate_term: 1 candidate_status { last_received { term: 0 index: 0 } } ignore_live_leader: false dest_uuid: "f798b6a2075b445da5fb6b67ad7a6b00" is_pre_election: true
W20260709 14:50:50.491829 17051 leader_election.cc:343] T c649b956f5dc44c887e44d03c75ebd2a P b75c87b9ac6e4835864386a0b1e4737a [CANDIDATE]: Term 1 pre-election: Tablet error from VoteRequest() call to peer f798b6a2075b445da5fb6b67ad7a6b00 (127.15.143.1:40389): Illegal state: must be running to vote when last-logged opid is not known
I20260709 14:50:50.493443 17086 raft_consensus.cc:2468] T 99d9b2a388174e04929f1040f9b40c01 P b75c87b9ac6e4835864386a0b1e4737a [term 1 FOLLOWER]: Leader election vote request: Granting yes vote for candidate f798b6a2075b445da5fb6b67ad7a6b00 in term 1.
I20260709 14:50:50.494207 17204 leader_election.cc:290] T c649b956f5dc44c887e44d03c75ebd2a P b75c87b9ac6e4835864386a0b1e4737a [CANDIDATE]: Term 1 pre-election: Requested pre-vote from peers f798b6a2075b445da5fb6b67ad7a6b00 (127.15.143.1:40389), 28873a749b834dd285bf236ae8962a6b (127.15.143.3:46145)
I20260709 14:50:50.490272 17200 consensus_queue.cc:260] T 9ca46b026dce4e8c93893400a1b137b2 P b75c87b9ac6e4835864386a0b1e4737a [NON_LEADER]: Queue going to NON_LEADER mode. State: All replicated index: 0, Majority replicated index: 0, Committed index: 0, Last appended: 0.0, Last appended by leader: 0, Current term: 0, Majority size: -1, State: 0, Mode: NON_LEADER, active raft config: opid_index: -1 OBSOLETE_local: false peers { permanent_uuid: "f798b6a2075b445da5fb6b67ad7a6b00" member_type: VOTER last_known_addr { host: "127.15.143.1" port: 40389 } } peers { permanent_uuid: "b75c87b9ac6e4835864386a0b1e4737a" member_type: VOTER last_known_addr { host: "127.15.143.2" port: 39111 } } peers { permanent_uuid: "28873a749b834dd285bf236ae8962a6b" member_type: VOTER last_known_addr { host: "127.15.143.3" port: 46145 } }
I20260709 14:50:50.496340 17158 tablet_service.cc:1917] Received RequestConsensusVote() RPC: tablet_id: "c649b956f5dc44c887e44d03c75ebd2a" candidate_uuid: "b75c87b9ac6e4835864386a0b1e4737a" candidate_term: 1 candidate_status { last_received { term: 0 index: 0 } } ignore_live_leader: false dest_uuid: "28873a749b834dd285bf236ae8962a6b" is_pre_election: true
I20260709 14:50:50.497099 16974 leader_election.cc:304] T 99d9b2a388174e04929f1040f9b40c01 P f798b6a2075b445da5fb6b67ad7a6b00 [CANDIDATE]: Term 1 election: Election decided. Result: candidate won. Election summary: received 3 responses out of 3 voters: 2 yes votes; 1 no votes. yes voters: b75c87b9ac6e4835864386a0b1e4737a, f798b6a2075b445da5fb6b67ad7a6b00; no voters: 28873a749b834dd285bf236ae8962a6b
I20260709 14:50:50.506768 17292 raft_consensus.cc:2804] T 99d9b2a388174e04929f1040f9b40c01 P f798b6a2075b445da5fb6b67ad7a6b00 [term 1 FOLLOWER]: Leader election won for term 1
I20260709 14:50:50.507198 17292 raft_consensus.cc:697] T 99d9b2a388174e04929f1040f9b40c01 P f798b6a2075b445da5fb6b67ad7a6b00 [term 1 LEADER]: Becoming Leader. State: Replica: f798b6a2075b445da5fb6b67ad7a6b00, State: Running, Role: LEADER
I20260709 14:50:50.508301 17201 tablet_bootstrap.cc:492] T 6461526266874cdfb4c7c8bf4e8bdda2 P f798b6a2075b445da5fb6b67ad7a6b00: No bootstrap required, opened a new log
I20260709 14:50:50.507937 17292 consensus_queue.cc:237] T 99d9b2a388174e04929f1040f9b40c01 P f798b6a2075b445da5fb6b67ad7a6b00 [LEADER]: Queue going to LEADER mode. State: All replicated index: 0, Majority replicated index: 0, Committed index: 0, Last appended: 0.0, Last appended by leader: 0, Current term: 1, Majority size: 2, State: 0, Mode: LEADER, active raft config: opid_index: -1 OBSOLETE_local: false peers { permanent_uuid: "f798b6a2075b445da5fb6b67ad7a6b00" member_type: VOTER last_known_addr { host: "127.15.143.1" port: 40389 } } peers { permanent_uuid: "b75c87b9ac6e4835864386a0b1e4737a" member_type: VOTER last_known_addr { host: "127.15.143.2" port: 39111 } } peers { permanent_uuid: "28873a749b834dd285bf236ae8962a6b" member_type: VOTER last_known_addr { host: "127.15.143.3" port: 46145 } }
I20260709 14:50:50.509778 17201 ts_tablet_manager.cc:1403] T 6461526266874cdfb4c7c8bf4e8bdda2 P f798b6a2075b445da5fb6b67ad7a6b00: Time spent bootstrapping tablet: real 0.094s	user 0.007s	sys 0.036s
I20260709 14:50:50.510341 17200 ts_tablet_manager.cc:1434] T 9ca46b026dce4e8c93893400a1b137b2 P b75c87b9ac6e4835864386a0b1e4737a: Time spent starting tablet: real 0.066s	user 0.007s	sys 0.000s
W20260709 14:50:50.511044 17049 leader_election.cc:343] T c649b956f5dc44c887e44d03c75ebd2a P b75c87b9ac6e4835864386a0b1e4737a [CANDIDATE]: Term 1 pre-election: Tablet error from VoteRequest() call to peer 28873a749b834dd285bf236ae8962a6b (127.15.143.3:46145): Illegal state: must be running to vote when last-logged opid is not known
I20260709 14:50:50.511173 17200 tablet_bootstrap.cc:492] T a2b9661f6066497799bffc10adffd2ab P b75c87b9ac6e4835864386a0b1e4737a: Bootstrap starting.
I20260709 14:50:50.511471 17049 leader_election.cc:304] T c649b956f5dc44c887e44d03c75ebd2a P b75c87b9ac6e4835864386a0b1e4737a [CANDIDATE]: Term 1 pre-election: Election decided. Result: candidate lost. Election summary: received 3 responses out of 3 voters: 1 yes votes; 2 no votes. yes voters: b75c87b9ac6e4835864386a0b1e4737a; no voters: 28873a749b834dd285bf236ae8962a6b, f798b6a2075b445da5fb6b67ad7a6b00
I20260709 14:50:50.512454 17204 raft_consensus.cc:2749] T c649b956f5dc44c887e44d03c75ebd2a P b75c87b9ac6e4835864386a0b1e4737a [term 0 FOLLOWER]: Leader pre-election lost for term 1. Reason: could not achieve majority
I20260709 14:50:50.512647 17201 raft_consensus.cc:359] T 6461526266874cdfb4c7c8bf4e8bdda2 P f798b6a2075b445da5fb6b67ad7a6b00 [term 0 FOLLOWER]: Replica starting. Triggering 0 pending ops. Active config: opid_index: -1 OBSOLETE_local: false peers { permanent_uuid: "f798b6a2075b445da5fb6b67ad7a6b00" member_type: VOTER last_known_addr { host: "127.15.143.1" port: 40389 } } peers { permanent_uuid: "b75c87b9ac6e4835864386a0b1e4737a" member_type: VOTER last_known_addr { host: "127.15.143.2" port: 39111 } } peers { permanent_uuid: "28873a749b834dd285bf236ae8962a6b" member_type: VOTER last_known_addr { host: "127.15.143.3" port: 46145 } }
I20260709 14:50:50.513399 17201 raft_consensus.cc:385] T 6461526266874cdfb4c7c8bf4e8bdda2 P f798b6a2075b445da5fb6b67ad7a6b00 [term 0 FOLLOWER]: Consensus starting up: Expiring failure detector timer to make a prompt election more likely
I20260709 14:50:50.513705 17201 raft_consensus.cc:740] T 6461526266874cdfb4c7c8bf4e8bdda2 P f798b6a2075b445da5fb6b67ad7a6b00 [term 0 FOLLOWER]: Becoming Follower/Learner. State: Replica: f798b6a2075b445da5fb6b67ad7a6b00, State: Initialized, Role: FOLLOWER
I20260709 14:50:50.514365 17201 consensus_queue.cc:260] T 6461526266874cdfb4c7c8bf4e8bdda2 P f798b6a2075b445da5fb6b67ad7a6b00 [NON_LEADER]: Queue going to NON_LEADER mode. State: All replicated index: 0, Majority replicated index: 0, Committed index: 0, Last appended: 0.0, Last appended by leader: 0, Current term: 0, Majority size: -1, State: 0, Mode: NON_LEADER, active raft config: opid_index: -1 OBSOLETE_local: false peers { permanent_uuid: "f798b6a2075b445da5fb6b67ad7a6b00" member_type: VOTER last_known_addr { host: "127.15.143.1" port: 40389 } } peers { permanent_uuid: "b75c87b9ac6e4835864386a0b1e4737a" member_type: VOTER last_known_addr { host: "127.15.143.2" port: 39111 } } peers { permanent_uuid: "28873a749b834dd285bf236ae8962a6b" member_type: VOTER last_known_addr { host: "127.15.143.3" port: 46145 } }
I20260709 14:50:50.514962 16907 catalog_manager.cc:5697] T a2b9661f6066497799bffc10adffd2ab P f798b6a2075b445da5fb6b67ad7a6b00 reported cstate change: term changed from 0 to 1, leader changed from <none> to f798b6a2075b445da5fb6b67ad7a6b00 (127.15.143.1). New cstate: current_term: 1 leader_uuid: "f798b6a2075b445da5fb6b67ad7a6b00" committed_config { opid_index: -1 OBSOLETE_local: false peers { permanent_uuid: "f798b6a2075b445da5fb6b67ad7a6b00" member_type: VOTER last_known_addr { host: "127.15.143.1" port: 40389 } health_report { overall_health: HEALTHY } } peers { permanent_uuid: "b75c87b9ac6e4835864386a0b1e4737a" member_type: VOTER last_known_addr { host: "127.15.143.2" port: 39111 } health_report { overall_health: UNKNOWN } } peers { permanent_uuid: "28873a749b834dd285bf236ae8962a6b" member_type: VOTER last_known_addr { host: "127.15.143.3" port: 46145 } health_report { overall_health: UNKNOWN } } }
I20260709 14:50:50.532537 17303 raft_consensus.cc:493] T 978bc85afd324d23b2a005da7bf3648f P b75c87b9ac6e4835864386a0b1e4737a [term 0 FOLLOWER]: Starting pre-election (no leader contacted us within the election timeout)
I20260709 14:50:50.533859 17303 raft_consensus.cc:515] T 978bc85afd324d23b2a005da7bf3648f P b75c87b9ac6e4835864386a0b1e4737a [term 0 FOLLOWER]: Starting pre-election with config: opid_index: -1 OBSOLETE_local: false peers { permanent_uuid: "f798b6a2075b445da5fb6b67ad7a6b00" member_type: VOTER last_known_addr { host: "127.15.143.1" port: 40389 } } peers { permanent_uuid: "b75c87b9ac6e4835864386a0b1e4737a" member_type: VOTER last_known_addr { host: "127.15.143.2" port: 39111 } } peers { permanent_uuid: "28873a749b834dd285bf236ae8962a6b" member_type: VOTER last_known_addr { host: "127.15.143.3" port: 46145 } }
I20260709 14:50:50.538118 17009 tablet_service.cc:1917] Received RequestConsensusVote() RPC: tablet_id: "978bc85afd324d23b2a005da7bf3648f" candidate_uuid: "b75c87b9ac6e4835864386a0b1e4737a" candidate_term: 1 candidate_status { last_received { term: 0 index: 0 } } ignore_live_leader: false dest_uuid: "f798b6a2075b445da5fb6b67ad7a6b00" is_pre_election: true
I20260709 14:50:50.541564 17086 raft_consensus.cc:3060] T 978bc85afd324d23b2a005da7bf3648f P b75c87b9ac6e4835864386a0b1e4737a [term 0 FOLLOWER]: Advancing to term 1
I20260709 14:50:50.550354 17293 consensus_queue.cc:1048] T 978bc85afd324d23b2a005da7bf3648f P f798b6a2075b445da5fb6b67ad7a6b00 [LEADER]: Connected to new peer: Peer: permanent_uuid: "b75c87b9ac6e4835864386a0b1e4737a" member_type: VOTER last_known_addr { host: "127.15.143.2" port: 39111 }, Status: LMP_MISMATCH, Last received: 0.0, Next index: 1, Last known committed idx: 0, Time since last communication: 0.000s
I20260709 14:50:50.553951 17201 ts_tablet_manager.cc:1434] T 6461526266874cdfb4c7c8bf4e8bdda2 P f798b6a2075b445da5fb6b67ad7a6b00: Time spent starting tablet: real 0.044s	user 0.020s	sys 0.016s
I20260709 14:50:50.554934 17201 tablet_bootstrap.cc:492] T 5e70c8e16b5645db9ff39f08e120e9e3 P f798b6a2075b445da5fb6b67ad7a6b00: Bootstrap starting.
I20260709 14:50:50.555928 17158 tablet_service.cc:1917] Received RequestConsensusVote() RPC: tablet_id: "978bc85afd324d23b2a005da7bf3648f" candidate_uuid: "b75c87b9ac6e4835864386a0b1e4737a" candidate_term: 1 candidate_status { last_received { term: 0 index: 0 } } ignore_live_leader: false dest_uuid: "28873a749b834dd285bf236ae8962a6b" is_pre_election: true
I20260709 14:50:50.556460 17303 leader_election.cc:290] T 978bc85afd324d23b2a005da7bf3648f P b75c87b9ac6e4835864386a0b1e4737a [CANDIDATE]: Term 1 pre-election: Requested pre-vote from peers f798b6a2075b445da5fb6b67ad7a6b00 (127.15.143.1:40389), 28873a749b834dd285bf236ae8962a6b (127.15.143.3:46145)
I20260709 14:50:50.556730 17158 raft_consensus.cc:2393] T 978bc85afd324d23b2a005da7bf3648f P 28873a749b834dd285bf236ae8962a6b [term 1 FOLLOWER]: Leader pre-election vote request: Denying vote to candidate b75c87b9ac6e4835864386a0b1e4737a in current term 1: Already voted for candidate f798b6a2075b445da5fb6b67ad7a6b00 in this term.
I20260709 14:50:50.557886 17049 leader_election.cc:304] T 978bc85afd324d23b2a005da7bf3648f P b75c87b9ac6e4835864386a0b1e4737a [CANDIDATE]: Term 1 pre-election: Election decided. Result: candidate lost. Election summary: received 3 responses out of 3 voters: 1 yes votes; 2 no votes. yes voters: b75c87b9ac6e4835864386a0b1e4737a; no voters: 28873a749b834dd285bf236ae8962a6b, f798b6a2075b445da5fb6b67ad7a6b00
I20260709 14:50:50.559800 17200 tablet_bootstrap.cc:654] T a2b9661f6066497799bffc10adffd2ab P b75c87b9ac6e4835864386a0b1e4737a: Neither blocks nor log segments found. Creating new log.
I20260709 14:50:50.560408 17201 tablet_bootstrap.cc:654] T 5e70c8e16b5645db9ff39f08e120e9e3 P f798b6a2075b445da5fb6b67ad7a6b00: Neither blocks nor log segments found. Creating new log.
I20260709 14:50:50.564898 17208 tablet_bootstrap.cc:492] T 6461526266874cdfb4c7c8bf4e8bdda2 P 28873a749b834dd285bf236ae8962a6b: No bootstrap required, opened a new log
I20260709 14:50:50.565326 17208 ts_tablet_manager.cc:1403] T 6461526266874cdfb4c7c8bf4e8bdda2 P 28873a749b834dd285bf236ae8962a6b: Time spent bootstrapping tablet: real 0.173s	user 0.023s	sys 0.026s
I20260709 14:50:50.566068 17293 consensus_queue.cc:1048] T 978bc85afd324d23b2a005da7bf3648f P f798b6a2075b445da5fb6b67ad7a6b00 [LEADER]: Connected to new peer: Peer: permanent_uuid: "28873a749b834dd285bf236ae8962a6b" member_type: VOTER last_known_addr { host: "127.15.143.3" port: 46145 }, Status: LMP_MISMATCH, Last received: 0.0, Next index: 1, Last known committed idx: 0, Time since last communication: 0.000s
I20260709 14:50:50.567808 17208 raft_consensus.cc:359] T 6461526266874cdfb4c7c8bf4e8bdda2 P 28873a749b834dd285bf236ae8962a6b [term 0 FOLLOWER]: Replica starting. Triggering 0 pending ops. Active config: opid_index: -1 OBSOLETE_local: false peers { permanent_uuid: "f798b6a2075b445da5fb6b67ad7a6b00" member_type: VOTER last_known_addr { host: "127.15.143.1" port: 40389 } } peers { permanent_uuid: "b75c87b9ac6e4835864386a0b1e4737a" member_type: VOTER last_known_addr { host: "127.15.143.2" port: 39111 } } peers { permanent_uuid: "28873a749b834dd285bf236ae8962a6b" member_type: VOTER last_known_addr { host: "127.15.143.3" port: 46145 } }
I20260709 14:50:50.568428 17208 raft_consensus.cc:385] T 6461526266874cdfb4c7c8bf4e8bdda2 P 28873a749b834dd285bf236ae8962a6b [term 0 FOLLOWER]: Consensus starting up: Expiring failure detector timer to make a prompt election more likely
I20260709 14:50:50.568737 17208 raft_consensus.cc:740] T 6461526266874cdfb4c7c8bf4e8bdda2 P 28873a749b834dd285bf236ae8962a6b [term 0 FOLLOWER]: Becoming Follower/Learner. State: Replica: 28873a749b834dd285bf236ae8962a6b, State: Initialized, Role: FOLLOWER
I20260709 14:50:50.569684 17208 consensus_queue.cc:260] T 6461526266874cdfb4c7c8bf4e8bdda2 P 28873a749b834dd285bf236ae8962a6b [NON_LEADER]: Queue going to NON_LEADER mode. State: All replicated index: 0, Majority replicated index: 0, Committed index: 0, Last appended: 0.0, Last appended by leader: 0, Current term: 0, Majority size: -1, State: 0, Mode: NON_LEADER, active raft config: opid_index: -1 OBSOLETE_local: false peers { permanent_uuid: "f798b6a2075b445da5fb6b67ad7a6b00" member_type: VOTER last_known_addr { host: "127.15.143.1" port: 40389 } } peers { permanent_uuid: "b75c87b9ac6e4835864386a0b1e4737a" member_type: VOTER last_known_addr { host: "127.15.143.2" port: 39111 } } peers { permanent_uuid: "28873a749b834dd285bf236ae8962a6b" member_type: VOTER last_known_addr { host: "127.15.143.3" port: 46145 } }
I20260709 14:50:50.572290 17208 ts_tablet_manager.cc:1434] T 6461526266874cdfb4c7c8bf4e8bdda2 P 28873a749b834dd285bf236ae8962a6b: Time spent starting tablet: real 0.007s	user 0.008s	sys 0.000s
I20260709 14:50:50.573235 17208 tablet_bootstrap.cc:492] T ded2c61e94204193b88b5b905ce6af9c P 28873a749b834dd285bf236ae8962a6b: Bootstrap starting.
I20260709 14:50:50.574982 17293 raft_consensus.cc:493] T d9a589ab58c2484aaade2b480269b268 P f798b6a2075b445da5fb6b67ad7a6b00 [term 0 FOLLOWER]: Starting pre-election (no leader contacted us within the election timeout)
I20260709 14:50:50.575419 17293 raft_consensus.cc:515] T d9a589ab58c2484aaade2b480269b268 P f798b6a2075b445da5fb6b67ad7a6b00 [term 0 FOLLOWER]: Starting pre-election with config: opid_index: -1 OBSOLETE_local: false peers { permanent_uuid: "f798b6a2075b445da5fb6b67ad7a6b00" member_type: VOTER last_known_addr { host: "127.15.143.1" port: 40389 } } peers { permanent_uuid: "b75c87b9ac6e4835864386a0b1e4737a" member_type: VOTER last_known_addr { host: "127.15.143.2" port: 39111 } } peers { permanent_uuid: "28873a749b834dd285bf236ae8962a6b" member_type: VOTER last_known_addr { host: "127.15.143.3" port: 46145 } }
I20260709 14:50:50.578270 17086 tablet_service.cc:1917] Received RequestConsensusVote() RPC: tablet_id: "d9a589ab58c2484aaade2b480269b268" candidate_uuid: "f798b6a2075b445da5fb6b67ad7a6b00" candidate_term: 1 candidate_status { last_received { term: 0 index: 0 } } ignore_live_leader: false dest_uuid: "b75c87b9ac6e4835864386a0b1e4737a" is_pre_election: true
I20260709 14:50:50.577237 17293 leader_election.cc:290] T d9a589ab58c2484aaade2b480269b268 P f798b6a2075b445da5fb6b67ad7a6b00 [CANDIDATE]: Term 1 pre-election: Requested pre-vote from peers b75c87b9ac6e4835864386a0b1e4737a (127.15.143.2:39111), 28873a749b834dd285bf236ae8962a6b (127.15.143.3:46145)
I20260709 14:50:50.578470 17270 consensus_queue.cc:1048] T b2d74b5c129141b6a66d2fc2a303747e P 28873a749b834dd285bf236ae8962a6b [LEADER]: Connected to new peer: Peer: permanent_uuid: "f798b6a2075b445da5fb6b67ad7a6b00" member_type: VOTER last_known_addr { host: "127.15.143.1" port: 40389 }, Status: LMP_MISMATCH, Last received: 0.0, Next index: 1, Last known committed idx: 0, Time since last communication: 0.000s
I20260709 14:50:50.578614 17159 tablet_service.cc:1917] Received RequestConsensusVote() RPC: tablet_id: "d9a589ab58c2484aaade2b480269b268" candidate_uuid: "f798b6a2075b445da5fb6b67ad7a6b00" candidate_term: 1 candidate_status { last_received { term: 0 index: 0 } } ignore_live_leader: false dest_uuid: "28873a749b834dd285bf236ae8962a6b" is_pre_election: true
W20260709 14:50:50.580535 16974 leader_election.cc:343] T d9a589ab58c2484aaade2b480269b268 P f798b6a2075b445da5fb6b67ad7a6b00 [CANDIDATE]: Term 1 pre-election: Tablet error from VoteRequest() call to peer b75c87b9ac6e4835864386a0b1e4737a (127.15.143.2:39111): Illegal state: must be running to vote when last-logged opid is not known
I20260709 14:50:50.580346 16909 catalog_manager.cc:5697] T 99d9b2a388174e04929f1040f9b40c01 P f798b6a2075b445da5fb6b67ad7a6b00 reported cstate change: term changed from 0 to 1, leader changed from <none> to f798b6a2075b445da5fb6b67ad7a6b00 (127.15.143.1). New cstate: current_term: 1 leader_uuid: "f798b6a2075b445da5fb6b67ad7a6b00" committed_config { opid_index: -1 OBSOLETE_local: false peers { permanent_uuid: "f798b6a2075b445da5fb6b67ad7a6b00" member_type: VOTER last_known_addr { host: "127.15.143.1" port: 40389 } health_report { overall_health: HEALTHY } } peers { permanent_uuid: "b75c87b9ac6e4835864386a0b1e4737a" member_type: VOTER last_known_addr { host: "127.15.143.2" port: 39111 } health_report { overall_health: UNKNOWN } } peers { permanent_uuid: "28873a749b834dd285bf236ae8962a6b" member_type: VOTER last_known_addr { host: "127.15.143.3" port: 46145 } health_report { overall_health: UNKNOWN } } }
W20260709 14:50:50.581243 16974 leader_election.cc:343] T d9a589ab58c2484aaade2b480269b268 P f798b6a2075b445da5fb6b67ad7a6b00 [CANDIDATE]: Term 1 pre-election: Tablet error from VoteRequest() call to peer 28873a749b834dd285bf236ae8962a6b (127.15.143.3:46145): Illegal state: must be running to vote when last-logged opid is not known
I20260709 14:50:50.581703 16974 leader_election.cc:304] T d9a589ab58c2484aaade2b480269b268 P f798b6a2075b445da5fb6b67ad7a6b00 [CANDIDATE]: Term 1 pre-election: Election decided. Result: candidate lost. Election summary: received 3 responses out of 3 voters: 1 yes votes; 2 no votes. yes voters: f798b6a2075b445da5fb6b67ad7a6b00; no voters: 28873a749b834dd285bf236ae8962a6b, b75c87b9ac6e4835864386a0b1e4737a
I20260709 14:50:50.582415 17293 raft_consensus.cc:2749] T d9a589ab58c2484aaade2b480269b268 P f798b6a2075b445da5fb6b67ad7a6b00 [term 0 FOLLOWER]: Leader pre-election lost for term 1. Reason: could not achieve majority
I20260709 14:50:50.588732 17303 raft_consensus.cc:2749] T 978bc85afd324d23b2a005da7bf3648f P b75c87b9ac6e4835864386a0b1e4737a [term 1 FOLLOWER]: Leader pre-election lost for term 1. Reason: could not achieve majority
I20260709 14:50:50.593732 17200 tablet_bootstrap.cc:492] T a2b9661f6066497799bffc10adffd2ab P b75c87b9ac6e4835864386a0b1e4737a: No bootstrap required, opened a new log
I20260709 14:50:50.596321 17200 ts_tablet_manager.cc:1403] T a2b9661f6066497799bffc10adffd2ab P b75c87b9ac6e4835864386a0b1e4737a: Time spent bootstrapping tablet: real 0.085s	user 0.013s	sys 0.004s
I20260709 14:50:50.598932 17200 raft_consensus.cc:359] T a2b9661f6066497799bffc10adffd2ab P b75c87b9ac6e4835864386a0b1e4737a [term 0 FOLLOWER]: Replica starting. Triggering 0 pending ops. Active config: opid_index: -1 OBSOLETE_local: false peers { permanent_uuid: "f798b6a2075b445da5fb6b67ad7a6b00" member_type: VOTER last_known_addr { host: "127.15.143.1" port: 40389 } } peers { permanent_uuid: "b75c87b9ac6e4835864386a0b1e4737a" member_type: VOTER last_known_addr { host: "127.15.143.2" port: 39111 } } peers { permanent_uuid: "28873a749b834dd285bf236ae8962a6b" member_type: VOTER last_known_addr { host: "127.15.143.3" port: 46145 } }
I20260709 14:50:50.599665 17200 raft_consensus.cc:385] T a2b9661f6066497799bffc10adffd2ab P b75c87b9ac6e4835864386a0b1e4737a [term 0 FOLLOWER]: Consensus starting up: Expiring failure detector timer to make a prompt election more likely
I20260709 14:50:50.599984 17200 raft_consensus.cc:740] T a2b9661f6066497799bffc10adffd2ab P b75c87b9ac6e4835864386a0b1e4737a [term 0 FOLLOWER]: Becoming Follower/Learner. State: Replica: b75c87b9ac6e4835864386a0b1e4737a, State: Initialized, Role: FOLLOWER
I20260709 14:50:50.601075 17208 tablet_bootstrap.cc:654] T ded2c61e94204193b88b5b905ce6af9c P 28873a749b834dd285bf236ae8962a6b: Neither blocks nor log segments found. Creating new log.
I20260709 14:50:50.600831 17200 consensus_queue.cc:260] T a2b9661f6066497799bffc10adffd2ab P b75c87b9ac6e4835864386a0b1e4737a [NON_LEADER]: Queue going to NON_LEADER mode. State: All replicated index: 0, Majority replicated index: 0, Committed index: 0, Last appended: 0.0, Last appended by leader: 0, Current term: 0, Majority size: -1, State: 0, Mode: NON_LEADER, active raft config: opid_index: -1 OBSOLETE_local: false peers { permanent_uuid: "f798b6a2075b445da5fb6b67ad7a6b00" member_type: VOTER last_known_addr { host: "127.15.143.1" port: 40389 } } peers { permanent_uuid: "b75c87b9ac6e4835864386a0b1e4737a" member_type: VOTER last_known_addr { host: "127.15.143.2" port: 39111 } } peers { permanent_uuid: "28873a749b834dd285bf236ae8962a6b" member_type: VOTER last_known_addr { host: "127.15.143.3" port: 46145 } }
I20260709 14:50:50.603351 17200 ts_tablet_manager.cc:1434] T a2b9661f6066497799bffc10adffd2ab P b75c87b9ac6e4835864386a0b1e4737a: Time spent starting tablet: real 0.007s	user 0.002s	sys 0.004s
I20260709 14:50:50.604907 17200 tablet_bootstrap.cc:492] T 5e70c8e16b5645db9ff39f08e120e9e3 P b75c87b9ac6e4835864386a0b1e4737a: Bootstrap starting.
I20260709 14:50:50.606572 17292 raft_consensus.cc:493] T 09bffb4d94204958841cc5da6f2987ea P f798b6a2075b445da5fb6b67ad7a6b00 [term 0 FOLLOWER]: Starting pre-election (no leader contacted us within the election timeout)
I20260709 14:50:50.607020 17292 raft_consensus.cc:515] T 09bffb4d94204958841cc5da6f2987ea P f798b6a2075b445da5fb6b67ad7a6b00 [term 0 FOLLOWER]: Starting pre-election with config: opid_index: -1 OBSOLETE_local: false peers { permanent_uuid: "f798b6a2075b445da5fb6b67ad7a6b00" member_type: VOTER last_known_addr { host: "127.15.143.1" port: 40389 } } peers { permanent_uuid: "b75c87b9ac6e4835864386a0b1e4737a" member_type: VOTER last_known_addr { host: "127.15.143.2" port: 39111 } } peers { permanent_uuid: "28873a749b834dd285bf236ae8962a6b" member_type: VOTER last_known_addr { host: "127.15.143.3" port: 46145 } }
I20260709 14:50:50.609375 17086 tablet_service.cc:1917] Received RequestConsensusVote() RPC: tablet_id: "09bffb4d94204958841cc5da6f2987ea" candidate_uuid: "f798b6a2075b445da5fb6b67ad7a6b00" candidate_term: 1 candidate_status { last_received { term: 0 index: 0 } } ignore_live_leader: false dest_uuid: "b75c87b9ac6e4835864386a0b1e4737a" is_pre_election: true
I20260709 14:50:50.610477 17292 leader_election.cc:290] T 09bffb4d94204958841cc5da6f2987ea P f798b6a2075b445da5fb6b67ad7a6b00 [CANDIDATE]: Term 1 pre-election: Requested pre-vote from peers b75c87b9ac6e4835864386a0b1e4737a (127.15.143.2:39111), 28873a749b834dd285bf236ae8962a6b (127.15.143.3:46145)
W20260709 14:50:50.610618 16974 leader_election.cc:343] T 09bffb4d94204958841cc5da6f2987ea P f798b6a2075b445da5fb6b67ad7a6b00 [CANDIDATE]: Term 1 pre-election: Tablet error from VoteRequest() call to peer b75c87b9ac6e4835864386a0b1e4737a (127.15.143.2:39111): Illegal state: must be running to vote when last-logged opid is not known
I20260709 14:50:50.611852 17292 consensus_queue.cc:1048] T 83be0e11223d4f989928fd6b476278e9 P f798b6a2075b445da5fb6b67ad7a6b00 [LEADER]: Connected to new peer: Peer: permanent_uuid: "28873a749b834dd285bf236ae8962a6b" member_type: VOTER last_known_addr { host: "127.15.143.3" port: 46145 }, Status: LMP_MISMATCH, Last received: 0.0, Next index: 1, Last known committed idx: 0, Time since last communication: 0.005s
I20260709 14:50:50.612676 17270 consensus_queue.cc:1048] T b2d74b5c129141b6a66d2fc2a303747e P 28873a749b834dd285bf236ae8962a6b [LEADER]: Connected to new peer: Peer: permanent_uuid: "b75c87b9ac6e4835864386a0b1e4737a" member_type: VOTER last_known_addr { host: "127.15.143.2" port: 39111 }, Status: LMP_MISMATCH, Last received: 0.0, Next index: 1, Last known committed idx: 0, Time since last communication: 0.005s
I20260709 14:50:50.617544 17159 tablet_service.cc:1917] Received RequestConsensusVote() RPC: tablet_id: "09bffb4d94204958841cc5da6f2987ea" candidate_uuid: "f798b6a2075b445da5fb6b67ad7a6b00" candidate_term: 1 candidate_status { last_received { term: 0 index: 0 } } ignore_live_leader: false dest_uuid: "28873a749b834dd285bf236ae8962a6b" is_pre_election: true
W20260709 14:50:50.618594 16974 leader_election.cc:343] T 09bffb4d94204958841cc5da6f2987ea P f798b6a2075b445da5fb6b67ad7a6b00 [CANDIDATE]: Term 1 pre-election: Tablet error from VoteRequest() call to peer 28873a749b834dd285bf236ae8962a6b (127.15.143.3:46145): Illegal state: must be running to vote when last-logged opid is not known
I20260709 14:50:50.618992 16974 leader_election.cc:304] T 09bffb4d94204958841cc5da6f2987ea P f798b6a2075b445da5fb6b67ad7a6b00 [CANDIDATE]: Term 1 pre-election: Election decided. Result: candidate lost. Election summary: received 3 responses out of 3 voters: 1 yes votes; 2 no votes. yes voters: f798b6a2075b445da5fb6b67ad7a6b00; no voters: 28873a749b834dd285bf236ae8962a6b, b75c87b9ac6e4835864386a0b1e4737a
I20260709 14:50:50.619830 17228 raft_consensus.cc:2749] T 09bffb4d94204958841cc5da6f2987ea P f798b6a2075b445da5fb6b67ad7a6b00 [term 0 FOLLOWER]: Leader pre-election lost for term 1. Reason: could not achieve majority
I20260709 14:50:50.624471 17200 tablet_bootstrap.cc:654] T 5e70c8e16b5645db9ff39f08e120e9e3 P b75c87b9ac6e4835864386a0b1e4737a: Neither blocks nor log segments found. Creating new log.
I20260709 14:50:50.637966 17201 tablet_bootstrap.cc:492] T 5e70c8e16b5645db9ff39f08e120e9e3 P f798b6a2075b445da5fb6b67ad7a6b00: No bootstrap required, opened a new log
I20260709 14:50:50.638767 17201 ts_tablet_manager.cc:1403] T 5e70c8e16b5645db9ff39f08e120e9e3 P f798b6a2075b445da5fb6b67ad7a6b00: Time spent bootstrapping tablet: real 0.084s	user 0.015s	sys 0.009s
I20260709 14:50:50.642074 17201 raft_consensus.cc:359] T 5e70c8e16b5645db9ff39f08e120e9e3 P f798b6a2075b445da5fb6b67ad7a6b00 [term 0 FOLLOWER]: Replica starting. Triggering 0 pending ops. Active config: opid_index: -1 OBSOLETE_local: false peers { permanent_uuid: "f798b6a2075b445da5fb6b67ad7a6b00" member_type: VOTER last_known_addr { host: "127.15.143.1" port: 40389 } } peers { permanent_uuid: "b75c87b9ac6e4835864386a0b1e4737a" member_type: VOTER last_known_addr { host: "127.15.143.2" port: 39111 } } peers { permanent_uuid: "28873a749b834dd285bf236ae8962a6b" member_type: VOTER last_known_addr { host: "127.15.143.3" port: 46145 } }
I20260709 14:50:50.642786 17201 raft_consensus.cc:385] T 5e70c8e16b5645db9ff39f08e120e9e3 P f798b6a2075b445da5fb6b67ad7a6b00 [term 0 FOLLOWER]: Consensus starting up: Expiring failure detector timer to make a prompt election more likely
I20260709 14:50:50.643139 17201 raft_consensus.cc:740] T 5e70c8e16b5645db9ff39f08e120e9e3 P f798b6a2075b445da5fb6b67ad7a6b00 [term 0 FOLLOWER]: Becoming Follower/Learner. State: Replica: f798b6a2075b445da5fb6b67ad7a6b00, State: Initialized, Role: FOLLOWER
I20260709 14:50:50.644212 17201 consensus_queue.cc:260] T 5e70c8e16b5645db9ff39f08e120e9e3 P f798b6a2075b445da5fb6b67ad7a6b00 [NON_LEADER]: Queue going to NON_LEADER mode. State: All replicated index: 0, Majority replicated index: 0, Committed index: 0, Last appended: 0.0, Last appended by leader: 0, Current term: 0, Majority size: -1, State: 0, Mode: NON_LEADER, active raft config: opid_index: -1 OBSOLETE_local: false peers { permanent_uuid: "f798b6a2075b445da5fb6b67ad7a6b00" member_type: VOTER last_known_addr { host: "127.15.143.1" port: 40389 } } peers { permanent_uuid: "b75c87b9ac6e4835864386a0b1e4737a" member_type: VOTER last_known_addr { host: "127.15.143.2" port: 39111 } } peers { permanent_uuid: "28873a749b834dd285bf236ae8962a6b" member_type: VOTER last_known_addr { host: "127.15.143.3" port: 46145 } }
I20260709 14:50:50.645603 17208 tablet_bootstrap.cc:492] T ded2c61e94204193b88b5b905ce6af9c P 28873a749b834dd285bf236ae8962a6b: No bootstrap required, opened a new log
I20260709 14:50:50.646021 17208 ts_tablet_manager.cc:1403] T ded2c61e94204193b88b5b905ce6af9c P 28873a749b834dd285bf236ae8962a6b: Time spent bootstrapping tablet: real 0.073s	user 0.015s	sys 0.017s
I20260709 14:50:50.646255 17201 ts_tablet_manager.cc:1434] T 5e70c8e16b5645db9ff39f08e120e9e3 P f798b6a2075b445da5fb6b67ad7a6b00: Time spent starting tablet: real 0.007s	user 0.006s	sys 0.000s
I20260709 14:50:50.647535 17201 tablet_bootstrap.cc:492] T c649b956f5dc44c887e44d03c75ebd2a P f798b6a2075b445da5fb6b67ad7a6b00: Bootstrap starting.
I20260709 14:50:50.648294 17208 raft_consensus.cc:359] T ded2c61e94204193b88b5b905ce6af9c P 28873a749b834dd285bf236ae8962a6b [term 0 FOLLOWER]: Replica starting. Triggering 0 pending ops. Active config: opid_index: -1 OBSOLETE_local: false peers { permanent_uuid: "f798b6a2075b445da5fb6b67ad7a6b00" member_type: VOTER last_known_addr { host: "127.15.143.1" port: 40389 } } peers { permanent_uuid: "b75c87b9ac6e4835864386a0b1e4737a" member_type: VOTER last_known_addr { host: "127.15.143.2" port: 39111 } } peers { permanent_uuid: "28873a749b834dd285bf236ae8962a6b" member_type: VOTER last_known_addr { host: "127.15.143.3" port: 46145 } }
I20260709 14:50:50.648911 17208 raft_consensus.cc:385] T ded2c61e94204193b88b5b905ce6af9c P 28873a749b834dd285bf236ae8962a6b [term 0 FOLLOWER]: Consensus starting up: Expiring failure detector timer to make a prompt election more likely
I20260709 14:50:50.649161 17208 raft_consensus.cc:740] T ded2c61e94204193b88b5b905ce6af9c P 28873a749b834dd285bf236ae8962a6b [term 0 FOLLOWER]: Becoming Follower/Learner. State: Replica: 28873a749b834dd285bf236ae8962a6b, State: Initialized, Role: FOLLOWER
I20260709 14:50:50.649780 17208 consensus_queue.cc:260] T ded2c61e94204193b88b5b905ce6af9c P 28873a749b834dd285bf236ae8962a6b [NON_LEADER]: Queue going to NON_LEADER mode. State: All replicated index: 0, Majority replicated index: 0, Committed index: 0, Last appended: 0.0, Last appended by leader: 0, Current term: 0, Majority size: -1, State: 0, Mode: NON_LEADER, active raft config: opid_index: -1 OBSOLETE_local: false peers { permanent_uuid: "f798b6a2075b445da5fb6b67ad7a6b00" member_type: VOTER last_known_addr { host: "127.15.143.1" port: 40389 } } peers { permanent_uuid: "b75c87b9ac6e4835864386a0b1e4737a" member_type: VOTER last_known_addr { host: "127.15.143.2" port: 39111 } } peers { permanent_uuid: "28873a749b834dd285bf236ae8962a6b" member_type: VOTER last_known_addr { host: "127.15.143.3" port: 46145 } }
I20260709 14:50:50.653476 17208 ts_tablet_manager.cc:1434] T ded2c61e94204193b88b5b905ce6af9c P 28873a749b834dd285bf236ae8962a6b: Time spent starting tablet: real 0.007s	user 0.002s	sys 0.002s
I20260709 14:50:50.653740 17201 tablet_bootstrap.cc:654] T c649b956f5dc44c887e44d03c75ebd2a P f798b6a2075b445da5fb6b67ad7a6b00: Neither blocks nor log segments found. Creating new log.
I20260709 14:50:50.654294 17208 tablet_bootstrap.cc:492] T 99d9b2a388174e04929f1040f9b40c01 P 28873a749b834dd285bf236ae8962a6b: Bootstrap starting.
I20260709 14:50:50.654520 17200 tablet_bootstrap.cc:492] T 5e70c8e16b5645db9ff39f08e120e9e3 P b75c87b9ac6e4835864386a0b1e4737a: No bootstrap required, opened a new log
I20260709 14:50:50.654939 17200 ts_tablet_manager.cc:1403] T 5e70c8e16b5645db9ff39f08e120e9e3 P b75c87b9ac6e4835864386a0b1e4737a: Time spent bootstrapping tablet: real 0.050s	user 0.010s	sys 0.000s
I20260709 14:50:50.657327 17200 raft_consensus.cc:359] T 5e70c8e16b5645db9ff39f08e120e9e3 P b75c87b9ac6e4835864386a0b1e4737a [term 0 FOLLOWER]: Replica starting. Triggering 0 pending ops. Active config: opid_index: -1 OBSOLETE_local: false peers { permanent_uuid: "f798b6a2075b445da5fb6b67ad7a6b00" member_type: VOTER last_known_addr { host: "127.15.143.1" port: 40389 } } peers { permanent_uuid: "b75c87b9ac6e4835864386a0b1e4737a" member_type: VOTER last_known_addr { host: "127.15.143.2" port: 39111 } } peers { permanent_uuid: "28873a749b834dd285bf236ae8962a6b" member_type: VOTER last_known_addr { host: "127.15.143.3" port: 46145 } }
I20260709 14:50:50.657915 17200 raft_consensus.cc:385] T 5e70c8e16b5645db9ff39f08e120e9e3 P b75c87b9ac6e4835864386a0b1e4737a [term 0 FOLLOWER]: Consensus starting up: Expiring failure detector timer to make a prompt election more likely
I20260709 14:50:50.658193 17200 raft_consensus.cc:740] T 5e70c8e16b5645db9ff39f08e120e9e3 P b75c87b9ac6e4835864386a0b1e4737a [term 0 FOLLOWER]: Becoming Follower/Learner. State: Replica: b75c87b9ac6e4835864386a0b1e4737a, State: Initialized, Role: FOLLOWER
