I20260709 14:50:50.889899 16813 raft_consensus.cc:515] T 98722c2071744169b01ccac15fc0a8d2 P 7d5b82e2bebc4f6aa42c1c44656c3c6f [term 0 FOLLOWER]: Starting pre-election with config: opid_index: -1 OBSOLETE_local: false peers { permanent_uuid: "7d5b82e2bebc4f6aa42c1c44656c3c6f" member_type: VOTER last_known_addr { host: "127.15.23.1" port: 33787 } } peers { permanent_uuid: "0cd6aa33dc59427080af135435f228c5" member_type: VOTER last_known_addr { host: "127.15.23.2" port: 42209 } } peers { permanent_uuid: "9fd4b98b66c5484b88da4de8da41e5cf" member_type: VOTER last_known_addr { host: "127.15.23.3" port: 45935 } }
W20260709 14:50:50.889324 16662 leader_election.cc:343] T 765c7a2b10ea4038a4f287c576919ad0 P 9fd4b98b66c5484b88da4de8da41e5cf [CANDIDATE]: Term 1 election: Tablet error from VoteRequest() call to peer 7d5b82e2bebc4f6aa42c1c44656c3c6f (127.15.23.1:33787): Illegal state: must be running to vote when last-logged opid is not known
I20260709 14:50:50.892025 16813 leader_election.cc:290] T 98722c2071744169b01ccac15fc0a8d2 P 7d5b82e2bebc4f6aa42c1c44656c3c6f [CANDIDATE]: Term 1 pre-election: Requested pre-vote from peers 0cd6aa33dc59427080af135435f228c5 (127.15.23.2:42209), 9fd4b98b66c5484b88da4de8da41e5cf (127.15.23.3:45935)
I20260709 14:50:50.889644 16740 raft_consensus.cc:359] T 53a425ad67b545218f29ba3020c89e59 P 7d5b82e2bebc4f6aa42c1c44656c3c6f [term 0 FOLLOWER]: Replica starting. Triggering 0 pending ops. Active config: opid_index: -1 OBSOLETE_local: false peers { permanent_uuid: "7d5b82e2bebc4f6aa42c1c44656c3c6f" member_type: VOTER last_known_addr { host: "127.15.23.1" port: 33787 } } peers { permanent_uuid: "0cd6aa33dc59427080af135435f228c5" member_type: VOTER last_known_addr { host: "127.15.23.2" port: 42209 } } peers { permanent_uuid: "9fd4b98b66c5484b88da4de8da41e5cf" member_type: VOTER last_known_addr { host: "127.15.23.3" port: 45935 } }
I20260709 14:50:50.894609 16740 raft_consensus.cc:385] T 53a425ad67b545218f29ba3020c89e59 P 7d5b82e2bebc4f6aa42c1c44656c3c6f [term 0 FOLLOWER]: Consensus starting up: Expiring failure detector timer to make a prompt election more likely
I20260709 14:50:50.894927 16740 raft_consensus.cc:740] T 53a425ad67b545218f29ba3020c89e59 P 7d5b82e2bebc4f6aa42c1c44656c3c6f [term 0 FOLLOWER]: Becoming Follower/Learner. State: Replica: 7d5b82e2bebc4f6aa42c1c44656c3c6f, State: Initialized, Role: FOLLOWER
I20260709 14:50:50.888952 16446 catalog_manager.cc:5697] T c618d68d18424fa290301f37a0341fa0 P 9fd4b98b66c5484b88da4de8da41e5cf reported cstate change: term changed from 0 to 1, leader changed from <none> to 9fd4b98b66c5484b88da4de8da41e5cf (127.15.23.3). New cstate: current_term: 1 leader_uuid: "9fd4b98b66c5484b88da4de8da41e5cf" committed_config { opid_index: -1 OBSOLETE_local: false peers { permanent_uuid: "7d5b82e2bebc4f6aa42c1c44656c3c6f" member_type: VOTER last_known_addr { host: "127.15.23.1" port: 33787 } health_report { overall_health: UNKNOWN } } peers { permanent_uuid: "0cd6aa33dc59427080af135435f228c5" member_type: VOTER last_known_addr { host: "127.15.23.2" port: 42209 } health_report { overall_health: UNKNOWN } } peers { permanent_uuid: "9fd4b98b66c5484b88da4de8da41e5cf" member_type: VOTER last_known_addr { host: "127.15.23.3" port: 45935 } health_report { overall_health: HEALTHY } } }
I20260709 14:50:50.894790 16737 consensus_queue.cc:260] T 98722c2071744169b01ccac15fc0a8d2 P 0cd6aa33dc59427080af135435f228c5 [NON_LEADER]: Queue going to NON_LEADER mode. State: All replicated index: 0, Majority replicated index: 0, Committed index: 0, Last appended: 0.0, Last appended by leader: 0, Current term: 0, Majority size: -1, State: 0, Mode: NON_LEADER, active raft config: opid_index: -1 OBSOLETE_local: false peers { permanent_uuid: "7d5b82e2bebc4f6aa42c1c44656c3c6f" member_type: VOTER last_known_addr { host: "127.15.23.1" port: 33787 } } peers { permanent_uuid: "0cd6aa33dc59427080af135435f228c5" member_type: VOTER last_known_addr { host: "127.15.23.2" port: 42209 } } peers { permanent_uuid: "9fd4b98b66c5484b88da4de8da41e5cf" member_type: VOTER last_known_addr { host: "127.15.23.3" port: 45935 } }
I20260709 14:50:50.893767 16776 consensus_queue.cc:1048] T 11e7a8ddb5dc422aafd86d1d04a5a076 P 0cd6aa33dc59427080af135435f228c5 [LEADER]: Connected to new peer: Peer: permanent_uuid: "7d5b82e2bebc4f6aa42c1c44656c3c6f" member_type: VOTER last_known_addr { host: "127.15.23.1" port: 33787 }, Status: LMP_MISMATCH, Last received: 0.0, Next index: 1, Last known committed idx: 0, Time since last communication: 0.000s
I20260709 14:50:50.897328 16621 tablet_service.cc:1917] Received RequestConsensusVote() RPC: tablet_id: "98722c2071744169b01ccac15fc0a8d2" candidate_uuid: "7d5b82e2bebc4f6aa42c1c44656c3c6f" candidate_term: 1 candidate_status { last_received { term: 0 index: 0 } } ignore_live_leader: false dest_uuid: "0cd6aa33dc59427080af135435f228c5" is_pre_election: true
I20260709 14:50:50.900913 16738 tablet_bootstrap.cc:492] T 3529a9aaa7634cb7b183c03650808ebe P 9fd4b98b66c5484b88da4de8da41e5cf: No bootstrap required, opened a new log
I20260709 14:50:50.900519 16740 consensus_queue.cc:260] T 53a425ad67b545218f29ba3020c89e59 P 7d5b82e2bebc4f6aa42c1c44656c3c6f [NON_LEADER]: Queue going to NON_LEADER mode. State: All replicated index: 0, Majority replicated index: 0, Committed index: 0, Last appended: 0.0, Last appended by leader: 0, Current term: 0, Majority size: -1, State: 0, Mode: NON_LEADER, active raft config: opid_index: -1 OBSOLETE_local: false peers { permanent_uuid: "7d5b82e2bebc4f6aa42c1c44656c3c6f" member_type: VOTER last_known_addr { host: "127.15.23.1" port: 33787 } } peers { permanent_uuid: "0cd6aa33dc59427080af135435f228c5" member_type: VOTER last_known_addr { host: "127.15.23.2" port: 42209 } } peers { permanent_uuid: "9fd4b98b66c5484b88da4de8da41e5cf" member_type: VOTER last_known_addr { host: "127.15.23.3" port: 45935 } }
I20260709 14:50:50.901482 16738 ts_tablet_manager.cc:1403] T 3529a9aaa7634cb7b183c03650808ebe P 9fd4b98b66c5484b88da4de8da41e5cf: Time spent bootstrapping tablet: real 0.212s	user 0.024s	sys 0.006s
I20260709 14:50:50.903236 16694 tablet_service.cc:1917] Received RequestConsensusVote() RPC: tablet_id: "98722c2071744169b01ccac15fc0a8d2" candidate_uuid: "7d5b82e2bebc4f6aa42c1c44656c3c6f" candidate_term: 1 candidate_status { last_received { term: 0 index: 0 } } ignore_live_leader: false dest_uuid: "9fd4b98b66c5484b88da4de8da41e5cf" is_pre_election: true
I20260709 14:50:50.899893 16623 raft_consensus.cc:2468] T 765c7a2b10ea4038a4f287c576919ad0 P 0cd6aa33dc59427080af135435f228c5 [term 1 FOLLOWER]: Leader election vote request: Granting yes vote for candidate 9fd4b98b66c5484b88da4de8da41e5cf in term 1.
I20260709 14:50:50.903998 16621 raft_consensus.cc:2468] T 98722c2071744169b01ccac15fc0a8d2 P 0cd6aa33dc59427080af135435f228c5 [term 0 FOLLOWER]: Leader pre-election vote request: Granting yes vote for candidate 7d5b82e2bebc4f6aa42c1c44656c3c6f in term 0.
W20260709 14:50:50.905997 16514 leader_election.cc:343] T 98722c2071744169b01ccac15fc0a8d2 P 7d5b82e2bebc4f6aa42c1c44656c3c6f [CANDIDATE]: Term 1 pre-election: Tablet error from VoteRequest() call to peer 9fd4b98b66c5484b88da4de8da41e5cf (127.15.23.3:45935): Illegal state: must be running to vote when last-logged opid is not known
I20260709 14:50:50.906692 16740 ts_tablet_manager.cc:1434] T 53a425ad67b545218f29ba3020c89e59 P 7d5b82e2bebc4f6aa42c1c44656c3c6f: Time spent starting tablet: real 0.035s	user 0.010s	sys 0.000s
I20260709 14:50:50.909783 16740 tablet_bootstrap.cc:492] T f3e379eb97c0470ea51aa503647aaee8 P 7d5b82e2bebc4f6aa42c1c44656c3c6f: Bootstrap starting.
I20260709 14:50:50.910372 16738 raft_consensus.cc:359] T 3529a9aaa7634cb7b183c03650808ebe P 9fd4b98b66c5484b88da4de8da41e5cf [term 0 FOLLOWER]: Replica starting. Triggering 0 pending ops. Active config: opid_index: -1 OBSOLETE_local: false peers { permanent_uuid: "7d5b82e2bebc4f6aa42c1c44656c3c6f" member_type: VOTER last_known_addr { host: "127.15.23.1" port: 33787 } } peers { permanent_uuid: "0cd6aa33dc59427080af135435f228c5" member_type: VOTER last_known_addr { host: "127.15.23.2" port: 42209 } } peers { permanent_uuid: "9fd4b98b66c5484b88da4de8da41e5cf" member_type: VOTER last_known_addr { host: "127.15.23.3" port: 45935 } }
I20260709 14:50:50.911023 16738 raft_consensus.cc:385] T 3529a9aaa7634cb7b183c03650808ebe P 9fd4b98b66c5484b88da4de8da41e5cf [term 0 FOLLOWER]: Consensus starting up: Expiring failure detector timer to make a prompt election more likely
I20260709 14:50:50.911283 16738 raft_consensus.cc:740] T 3529a9aaa7634cb7b183c03650808ebe P 9fd4b98b66c5484b88da4de8da41e5cf [term 0 FOLLOWER]: Becoming Follower/Learner. State: Replica: 9fd4b98b66c5484b88da4de8da41e5cf, State: Initialized, Role: FOLLOWER
I20260709 14:50:50.911911 16738 consensus_queue.cc:260] T 3529a9aaa7634cb7b183c03650808ebe P 9fd4b98b66c5484b88da4de8da41e5cf [NON_LEADER]: Queue going to NON_LEADER mode. State: All replicated index: 0, Majority replicated index: 0, Committed index: 0, Last appended: 0.0, Last appended by leader: 0, Current term: 0, Majority size: -1, State: 0, Mode: NON_LEADER, active raft config: opid_index: -1 OBSOLETE_local: false peers { permanent_uuid: "7d5b82e2bebc4f6aa42c1c44656c3c6f" member_type: VOTER last_known_addr { host: "127.15.23.1" port: 33787 } } peers { permanent_uuid: "0cd6aa33dc59427080af135435f228c5" member_type: VOTER last_known_addr { host: "127.15.23.2" port: 42209 } } peers { permanent_uuid: "9fd4b98b66c5484b88da4de8da41e5cf" member_type: VOTER last_known_addr { host: "127.15.23.3" port: 45935 } }
I20260709 14:50:50.914326 16512 leader_election.cc:304] T 98722c2071744169b01ccac15fc0a8d2 P 7d5b82e2bebc4f6aa42c1c44656c3c6f [CANDIDATE]: Term 1 pre-election: Election decided. Result: candidate won. Election summary: received 3 responses out of 3 voters: 2 yes votes; 1 no votes. yes voters: 0cd6aa33dc59427080af135435f228c5, 7d5b82e2bebc4f6aa42c1c44656c3c6f; no voters: 9fd4b98b66c5484b88da4de8da41e5cf
I20260709 14:50:50.915391 16815 raft_consensus.cc:2804] T 98722c2071744169b01ccac15fc0a8d2 P 7d5b82e2bebc4f6aa42c1c44656c3c6f [term 0 FOLLOWER]: Leader pre-election won for term 1
I20260709 14:50:50.915766 16815 raft_consensus.cc:493] T 98722c2071744169b01ccac15fc0a8d2 P 7d5b82e2bebc4f6aa42c1c44656c3c6f [term 0 FOLLOWER]: Starting leader election (no leader contacted us within the election timeout)
I20260709 14:50:50.916088 16815 raft_consensus.cc:3060] T 98722c2071744169b01ccac15fc0a8d2 P 7d5b82e2bebc4f6aa42c1c44656c3c6f [term 0 FOLLOWER]: Advancing to term 1
I20260709 14:50:50.916352 16740 tablet_bootstrap.cc:654] T f3e379eb97c0470ea51aa503647aaee8 P 7d5b82e2bebc4f6aa42c1c44656c3c6f: Neither blocks nor log segments found. Creating new log.
I20260709 14:50:50.916909 16661 leader_election.cc:304] T 765c7a2b10ea4038a4f287c576919ad0 P 9fd4b98b66c5484b88da4de8da41e5cf [CANDIDATE]: Term 1 election: Election decided. Result: candidate won. Election summary: received 3 responses out of 3 voters: 2 yes votes; 1 no votes. yes voters: 0cd6aa33dc59427080af135435f228c5, 9fd4b98b66c5484b88da4de8da41e5cf; no voters: 7d5b82e2bebc4f6aa42c1c44656c3c6f
I20260709 14:50:50.918061 16814 raft_consensus.cc:2804] T 765c7a2b10ea4038a4f287c576919ad0 P 9fd4b98b66c5484b88da4de8da41e5cf [term 1 FOLLOWER]: Leader election won for term 1
I20260709 14:50:50.918519 16814 raft_consensus.cc:697] T 765c7a2b10ea4038a4f287c576919ad0 P 9fd4b98b66c5484b88da4de8da41e5cf [term 1 LEADER]: Becoming Leader. State: Replica: 9fd4b98b66c5484b88da4de8da41e5cf, State: Running, Role: LEADER
I20260709 14:50:50.919291 16814 consensus_queue.cc:237] T 765c7a2b10ea4038a4f287c576919ad0 P 9fd4b98b66c5484b88da4de8da41e5cf [LEADER]: Queue going to LEADER mode. State: All replicated index: 0, Majority replicated index: 0, Committed index: 0, Last appended: 0.0, Last appended by leader: 0, Current term: 1, Majority size: 2, State: 0, Mode: LEADER, active raft config: opid_index: -1 OBSOLETE_local: false peers { permanent_uuid: "7d5b82e2bebc4f6aa42c1c44656c3c6f" member_type: VOTER last_known_addr { host: "127.15.23.1" port: 33787 } } peers { permanent_uuid: "0cd6aa33dc59427080af135435f228c5" member_type: VOTER last_known_addr { host: "127.15.23.2" port: 42209 } } peers { permanent_uuid: "9fd4b98b66c5484b88da4de8da41e5cf" member_type: VOTER last_known_addr { host: "127.15.23.3" port: 45935 } }
I20260709 14:50:50.923877 16738 ts_tablet_manager.cc:1434] T 3529a9aaa7634cb7b183c03650808ebe P 9fd4b98b66c5484b88da4de8da41e5cf: Time spent starting tablet: real 0.022s	user 0.006s	sys 0.000s
I20260709 14:50:50.924573 16816 raft_consensus.cc:493] T 78a095434bd940a8827f577799ff4829 P 7d5b82e2bebc4f6aa42c1c44656c3c6f [term 0 FOLLOWER]: Starting pre-election (no leader contacted us within the election timeout)
I20260709 14:50:50.925042 16816 raft_consensus.cc:515] T 78a095434bd940a8827f577799ff4829 P 7d5b82e2bebc4f6aa42c1c44656c3c6f [term 0 FOLLOWER]: Starting pre-election with config: opid_index: -1 OBSOLETE_local: false peers { permanent_uuid: "7d5b82e2bebc4f6aa42c1c44656c3c6f" member_type: VOTER last_known_addr { host: "127.15.23.1" port: 33787 } } peers { permanent_uuid: "0cd6aa33dc59427080af135435f228c5" member_type: VOTER last_known_addr { host: "127.15.23.2" port: 42209 } } peers { permanent_uuid: "9fd4b98b66c5484b88da4de8da41e5cf" member_type: VOTER last_known_addr { host: "127.15.23.3" port: 45935 } }
I20260709 14:50:50.924794 16738 tablet_bootstrap.cc:492] T d647cef855aa443aa219be7ee9a00bb7 P 9fd4b98b66c5484b88da4de8da41e5cf: Bootstrap starting.
I20260709 14:50:50.927045 16816 leader_election.cc:290] T 78a095434bd940a8827f577799ff4829 P 7d5b82e2bebc4f6aa42c1c44656c3c6f [CANDIDATE]: Term 1 pre-election: Requested pre-vote from peers 0cd6aa33dc59427080af135435f228c5 (127.15.23.2:42209), 9fd4b98b66c5484b88da4de8da41e5cf (127.15.23.3:45935)
I20260709 14:50:50.929199 16623 tablet_service.cc:1917] Received RequestConsensusVote() RPC: tablet_id: "78a095434bd940a8827f577799ff4829" candidate_uuid: "7d5b82e2bebc4f6aa42c1c44656c3c6f" candidate_term: 1 candidate_status { last_received { term: 0 index: 0 } } ignore_live_leader: false dest_uuid: "0cd6aa33dc59427080af135435f228c5" is_pre_election: true
I20260709 14:50:50.929203 16697 tablet_service.cc:1917] Received RequestConsensusVote() RPC: tablet_id: "78a095434bd940a8827f577799ff4829" candidate_uuid: "7d5b82e2bebc4f6aa42c1c44656c3c6f" candidate_term: 1 candidate_status { last_received { term: 0 index: 0 } } ignore_live_leader: false dest_uuid: "9fd4b98b66c5484b88da4de8da41e5cf" is_pre_election: true
I20260709 14:50:50.930909 16697 raft_consensus.cc:2393] T 78a095434bd940a8827f577799ff4829 P 9fd4b98b66c5484b88da4de8da41e5cf [term 1 FOLLOWER]: Leader pre-election vote request: Denying vote to candidate 7d5b82e2bebc4f6aa42c1c44656c3c6f in current term 1: Already voted for candidate 0cd6aa33dc59427080af135435f228c5 in this term.
I20260709 14:50:50.931855 16738 tablet_bootstrap.cc:654] T d647cef855aa443aa219be7ee9a00bb7 P 9fd4b98b66c5484b88da4de8da41e5cf: Neither blocks nor log segments found. Creating new log.
I20260709 14:50:50.932061 16514 leader_election.cc:304] T 78a095434bd940a8827f577799ff4829 P 7d5b82e2bebc4f6aa42c1c44656c3c6f [CANDIDATE]: Term 1 pre-election: Election decided. Result: candidate lost. Election summary: received 3 responses out of 3 voters: 1 yes votes; 2 no votes. yes voters: 7d5b82e2bebc4f6aa42c1c44656c3c6f; no voters: 0cd6aa33dc59427080af135435f228c5, 9fd4b98b66c5484b88da4de8da41e5cf
I20260709 14:50:50.933192 16813 raft_consensus.cc:3060] T 78a095434bd940a8827f577799ff4829 P 7d5b82e2bebc4f6aa42c1c44656c3c6f [term 0 FOLLOWER]: Advancing to term 1
I20260709 14:50:50.944258 16813 raft_consensus.cc:2749] T 78a095434bd940a8827f577799ff4829 P 7d5b82e2bebc4f6aa42c1c44656c3c6f [term 1 FOLLOWER]: Leader pre-election lost for term 1. Reason: could not achieve majority
I20260709 14:50:50.907648 16737 ts_tablet_manager.cc:1434] T 98722c2071744169b01ccac15fc0a8d2 P 0cd6aa33dc59427080af135435f228c5: Time spent starting tablet: real 0.026s	user 0.007s	sys 0.000s
I20260709 14:50:50.946337 16740 tablet_bootstrap.cc:492] T f3e379eb97c0470ea51aa503647aaee8 P 7d5b82e2bebc4f6aa42c1c44656c3c6f: No bootstrap required, opened a new log
I20260709 14:50:50.948354 16737 tablet_bootstrap.cc:492] T 772158d0d0e24389b1124974647d9262 P 0cd6aa33dc59427080af135435f228c5: Bootstrap starting.
I20260709 14:50:50.945411 16445 catalog_manager.cc:5697] T 53a425ad67b545218f29ba3020c89e59 P 0cd6aa33dc59427080af135435f228c5 reported cstate change: term changed from 0 to 1, leader changed from <none> to 0cd6aa33dc59427080af135435f228c5 (127.15.23.2). New cstate: current_term: 1 leader_uuid: "0cd6aa33dc59427080af135435f228c5" committed_config { opid_index: -1 OBSOLETE_local: false peers { permanent_uuid: "7d5b82e2bebc4f6aa42c1c44656c3c6f" member_type: VOTER last_known_addr { host: "127.15.23.1" port: 33787 } health_report { overall_health: UNKNOWN } } peers { permanent_uuid: "0cd6aa33dc59427080af135435f228c5" member_type: VOTER last_known_addr { host: "127.15.23.2" port: 42209 } health_report { overall_health: HEALTHY } } peers { permanent_uuid: "9fd4b98b66c5484b88da4de8da41e5cf" member_type: VOTER last_known_addr { host: "127.15.23.3" port: 45935 } health_report { overall_health: UNKNOWN } } }
I20260709 14:50:50.948727 16740 ts_tablet_manager.cc:1403] T f3e379eb97c0470ea51aa503647aaee8 P 7d5b82e2bebc4f6aa42c1c44656c3c6f: Time spent bootstrapping tablet: real 0.039s	user 0.004s	sys 0.008s
I20260709 14:50:50.946436 16815 raft_consensus.cc:515] T 98722c2071744169b01ccac15fc0a8d2 P 7d5b82e2bebc4f6aa42c1c44656c3c6f [term 1 FOLLOWER]: Starting leader election with config: opid_index: -1 OBSOLETE_local: false peers { permanent_uuid: "7d5b82e2bebc4f6aa42c1c44656c3c6f" member_type: VOTER last_known_addr { host: "127.15.23.1" port: 33787 } } peers { permanent_uuid: "0cd6aa33dc59427080af135435f228c5" member_type: VOTER last_known_addr { host: "127.15.23.2" port: 42209 } } peers { permanent_uuid: "9fd4b98b66c5484b88da4de8da41e5cf" member_type: VOTER last_known_addr { host: "127.15.23.3" port: 45935 } }
I20260709 14:50:50.952705 16740 raft_consensus.cc:359] T f3e379eb97c0470ea51aa503647aaee8 P 7d5b82e2bebc4f6aa42c1c44656c3c6f [term 0 FOLLOWER]: Replica starting. Triggering 0 pending ops. Active config: opid_index: -1 OBSOLETE_local: false peers { permanent_uuid: "7d5b82e2bebc4f6aa42c1c44656c3c6f" member_type: VOTER last_known_addr { host: "127.15.23.1" port: 33787 } } peers { permanent_uuid: "0cd6aa33dc59427080af135435f228c5" member_type: VOTER last_known_addr { host: "127.15.23.2" port: 42209 } } peers { permanent_uuid: "9fd4b98b66c5484b88da4de8da41e5cf" member_type: VOTER last_known_addr { host: "127.15.23.3" port: 45935 } }
I20260709 14:50:50.953140 16697 tablet_service.cc:1917] Received RequestConsensusVote() RPC: tablet_id: "98722c2071744169b01ccac15fc0a8d2" candidate_uuid: "7d5b82e2bebc4f6aa42c1c44656c3c6f" candidate_term: 1 candidate_status { last_received { term: 0 index: 0 } } ignore_live_leader: false dest_uuid: "9fd4b98b66c5484b88da4de8da41e5cf"
I20260709 14:50:50.953435 16740 raft_consensus.cc:385] T f3e379eb97c0470ea51aa503647aaee8 P 7d5b82e2bebc4f6aa42c1c44656c3c6f [term 0 FOLLOWER]: Consensus starting up: Expiring failure detector timer to make a prompt election more likely
I20260709 14:50:50.953744 16740 raft_consensus.cc:740] T f3e379eb97c0470ea51aa503647aaee8 P 7d5b82e2bebc4f6aa42c1c44656c3c6f [term 0 FOLLOWER]: Becoming Follower/Learner. State: Replica: 7d5b82e2bebc4f6aa42c1c44656c3c6f, State: Initialized, Role: FOLLOWER
W20260709 14:50:50.954546 16514 leader_election.cc:343] T 98722c2071744169b01ccac15fc0a8d2 P 7d5b82e2bebc4f6aa42c1c44656c3c6f [CANDIDATE]: Term 1 election: Tablet error from VoteRequest() call to peer 9fd4b98b66c5484b88da4de8da41e5cf (127.15.23.3:45935): Illegal state: must be running to vote when last-logged opid is not known
I20260709 14:50:50.954346 16740 consensus_queue.cc:260] T f3e379eb97c0470ea51aa503647aaee8 P 7d5b82e2bebc4f6aa42c1c44656c3c6f [NON_LEADER]: Queue going to NON_LEADER mode. State: All replicated index: 0, Majority replicated index: 0, Committed index: 0, Last appended: 0.0, Last appended by leader: 0, Current term: 0, Majority size: -1, State: 0, Mode: NON_LEADER, active raft config: opid_index: -1 OBSOLETE_local: false peers { permanent_uuid: "7d5b82e2bebc4f6aa42c1c44656c3c6f" member_type: VOTER last_known_addr { host: "127.15.23.1" port: 33787 } } peers { permanent_uuid: "0cd6aa33dc59427080af135435f228c5" member_type: VOTER last_known_addr { host: "127.15.23.2" port: 42209 } } peers { permanent_uuid: "9fd4b98b66c5484b88da4de8da41e5cf" member_type: VOTER last_known_addr { host: "127.15.23.3" port: 45935 } }
I20260709 14:50:50.955140 16815 leader_election.cc:290] T 98722c2071744169b01ccac15fc0a8d2 P 7d5b82e2bebc4f6aa42c1c44656c3c6f [CANDIDATE]: Term 1 election: Requested vote from peers 0cd6aa33dc59427080af135435f228c5 (127.15.23.2:42209), 9fd4b98b66c5484b88da4de8da41e5cf (127.15.23.3:45935)
I20260709 14:50:50.958439 16623 tablet_service.cc:1917] Received RequestConsensusVote() RPC: tablet_id: "98722c2071744169b01ccac15fc0a8d2" candidate_uuid: "7d5b82e2bebc4f6aa42c1c44656c3c6f" candidate_term: 1 candidate_status { last_received { term: 0 index: 0 } } ignore_live_leader: false dest_uuid: "0cd6aa33dc59427080af135435f228c5"
I20260709 14:50:50.959057 16738 tablet_bootstrap.cc:492] T d647cef855aa443aa219be7ee9a00bb7 P 9fd4b98b66c5484b88da4de8da41e5cf: No bootstrap required, opened a new log
I20260709 14:50:50.959000 16623 raft_consensus.cc:3060] T 98722c2071744169b01ccac15fc0a8d2 P 0cd6aa33dc59427080af135435f228c5 [term 0 FOLLOWER]: Advancing to term 1
I20260709 14:50:50.959522 16738 ts_tablet_manager.cc:1403] T d647cef855aa443aa219be7ee9a00bb7 P 9fd4b98b66c5484b88da4de8da41e5cf: Time spent bootstrapping tablet: real 0.035s	user 0.019s	sys 0.012s
I20260709 14:50:50.961830 16740 ts_tablet_manager.cc:1434] T f3e379eb97c0470ea51aa503647aaee8 P 7d5b82e2bebc4f6aa42c1c44656c3c6f: Time spent starting tablet: real 0.012s	user 0.004s	sys 0.001s
I20260709 14:50:50.962189 16738 raft_consensus.cc:359] T d647cef855aa443aa219be7ee9a00bb7 P 9fd4b98b66c5484b88da4de8da41e5cf [term 0 FOLLOWER]: Replica starting. Triggering 0 pending ops. Active config: opid_index: -1 OBSOLETE_local: false peers { permanent_uuid: "7d5b82e2bebc4f6aa42c1c44656c3c6f" member_type: VOTER last_known_addr { host: "127.15.23.1" port: 33787 } } peers { permanent_uuid: "0cd6aa33dc59427080af135435f228c5" member_type: VOTER last_known_addr { host: "127.15.23.2" port: 42209 } } peers { permanent_uuid: "9fd4b98b66c5484b88da4de8da41e5cf" member_type: VOTER last_known_addr { host: "127.15.23.3" port: 45935 } }
I20260709 14:50:50.962707 16740 tablet_bootstrap.cc:492] T c618d68d18424fa290301f37a0341fa0 P 7d5b82e2bebc4f6aa42c1c44656c3c6f: Bootstrap starting.
I20260709 14:50:50.962821 16738 raft_consensus.cc:385] T d647cef855aa443aa219be7ee9a00bb7 P 9fd4b98b66c5484b88da4de8da41e5cf [term 0 FOLLOWER]: Consensus starting up: Expiring failure detector timer to make a prompt election more likely
I20260709 14:50:50.963099 16738 raft_consensus.cc:740] T d647cef855aa443aa219be7ee9a00bb7 P 9fd4b98b66c5484b88da4de8da41e5cf [term 0 FOLLOWER]: Becoming Follower/Learner. State: Replica: 9fd4b98b66c5484b88da4de8da41e5cf, State: Initialized, Role: FOLLOWER
I20260709 14:50:50.963419 16737 tablet_bootstrap.cc:654] T 772158d0d0e24389b1124974647d9262 P 0cd6aa33dc59427080af135435f228c5: Neither blocks nor log segments found. Creating new log.
I20260709 14:50:50.963807 16738 consensus_queue.cc:260] T d647cef855aa443aa219be7ee9a00bb7 P 9fd4b98b66c5484b88da4de8da41e5cf [NON_LEADER]: Queue going to NON_LEADER mode. State: All replicated index: 0, Majority replicated index: 0, Committed index: 0, Last appended: 0.0, Last appended by leader: 0, Current term: 0, Majority size: -1, State: 0, Mode: NON_LEADER, active raft config: opid_index: -1 OBSOLETE_local: false peers { permanent_uuid: "7d5b82e2bebc4f6aa42c1c44656c3c6f" member_type: VOTER last_known_addr { host: "127.15.23.1" port: 33787 } } peers { permanent_uuid: "0cd6aa33dc59427080af135435f228c5" member_type: VOTER last_known_addr { host: "127.15.23.2" port: 42209 } } peers { permanent_uuid: "9fd4b98b66c5484b88da4de8da41e5cf" member_type: VOTER last_known_addr { host: "127.15.23.3" port: 45935 } }
I20260709 14:50:50.966054 16738 ts_tablet_manager.cc:1434] T d647cef855aa443aa219be7ee9a00bb7 P 9fd4b98b66c5484b88da4de8da41e5cf: Time spent starting tablet: real 0.006s	user 0.006s	sys 0.001s
I20260709 14:50:50.964598 16443 catalog_manager.cc:5697] T 765c7a2b10ea4038a4f287c576919ad0 P 9fd4b98b66c5484b88da4de8da41e5cf reported cstate change: term changed from 0 to 1, leader changed from <none> to 9fd4b98b66c5484b88da4de8da41e5cf (127.15.23.3). New cstate: current_term: 1 leader_uuid: "9fd4b98b66c5484b88da4de8da41e5cf" committed_config { opid_index: -1 OBSOLETE_local: false peers { permanent_uuid: "7d5b82e2bebc4f6aa42c1c44656c3c6f" member_type: VOTER last_known_addr { host: "127.15.23.1" port: 33787 } health_report { overall_health: UNKNOWN } } peers { permanent_uuid: "0cd6aa33dc59427080af135435f228c5" member_type: VOTER last_known_addr { host: "127.15.23.2" port: 42209 } health_report { overall_health: UNKNOWN } } peers { permanent_uuid: "9fd4b98b66c5484b88da4de8da41e5cf" member_type: VOTER last_known_addr { host: "127.15.23.3" port: 45935 } health_report { overall_health: HEALTHY } } }
I20260709 14:50:50.969415 16740 tablet_bootstrap.cc:654] T c618d68d18424fa290301f37a0341fa0 P 7d5b82e2bebc4f6aa42c1c44656c3c6f: Neither blocks nor log segments found. Creating new log.
W20260709 14:50:50.970323 16588 consensus_peers.cc:597] T dbcf43672d184638ade399951d0f0dc4 P 0cd6aa33dc59427080af135435f228c5 -> Peer 7d5b82e2bebc4f6aa42c1c44656c3c6f (127.15.23.1:33787): Couldn't send request to peer 7d5b82e2bebc4f6aa42c1c44656c3c6f. Error code: TABLET_NOT_RUNNING (12). Status: Illegal state: Tablet not RUNNING: INITIALIZED. This is attempt 1: this message will repeat every 5th retry.
I20260709 14:50:50.974645 16740 tablet_bootstrap.cc:492] T c618d68d18424fa290301f37a0341fa0 P 7d5b82e2bebc4f6aa42c1c44656c3c6f: No bootstrap required, opened a new log
I20260709 14:50:50.975109 16740 ts_tablet_manager.cc:1403] T c618d68d18424fa290301f37a0341fa0 P 7d5b82e2bebc4f6aa42c1c44656c3c6f: Time spent bootstrapping tablet: real 0.013s	user 0.010s	sys 0.000s
I20260709 14:50:50.977977 16623 raft_consensus.cc:2468] T 98722c2071744169b01ccac15fc0a8d2 P 0cd6aa33dc59427080af135435f228c5 [term 1 FOLLOWER]: Leader election vote request: Granting yes vote for candidate 7d5b82e2bebc4f6aa42c1c44656c3c6f in term 1.
I20260709 14:50:50.977763 16740 raft_consensus.cc:359] T c618d68d18424fa290301f37a0341fa0 P 7d5b82e2bebc4f6aa42c1c44656c3c6f [term 0 FOLLOWER]: Replica starting. Triggering 0 pending ops. Active config: opid_index: -1 OBSOLETE_local: false peers { permanent_uuid: "7d5b82e2bebc4f6aa42c1c44656c3c6f" member_type: VOTER last_known_addr { host: "127.15.23.1" port: 33787 } } peers { permanent_uuid: "0cd6aa33dc59427080af135435f228c5" member_type: VOTER last_known_addr { host: "127.15.23.2" port: 42209 } } peers { permanent_uuid: "9fd4b98b66c5484b88da4de8da41e5cf" member_type: VOTER last_known_addr { host: "127.15.23.3" port: 45935 } }
I20260709 14:50:50.966943 16738 tablet_bootstrap.cc:492] T cf0c497d95574c829231fd64bc807700 P 9fd4b98b66c5484b88da4de8da41e5cf: Bootstrap starting.
I20260709 14:50:50.980867 16512 leader_election.cc:304] T 98722c2071744169b01ccac15fc0a8d2 P 7d5b82e2bebc4f6aa42c1c44656c3c6f [CANDIDATE]: Term 1 election: Election decided. Result: candidate won. Election summary: received 3 responses out of 3 voters: 2 yes votes; 1 no votes. yes voters: 0cd6aa33dc59427080af135435f228c5, 7d5b82e2bebc4f6aa42c1c44656c3c6f; no voters: 9fd4b98b66c5484b88da4de8da41e5cf
I20260709 14:50:50.979240 16740 raft_consensus.cc:385] T c618d68d18424fa290301f37a0341fa0 P 7d5b82e2bebc4f6aa42c1c44656c3c6f [term 0 FOLLOWER]: Consensus starting up: Expiring failure detector timer to make a prompt election more likely
I20260709 14:50:50.981812 16815 raft_consensus.cc:2804] T 98722c2071744169b01ccac15fc0a8d2 P 7d5b82e2bebc4f6aa42c1c44656c3c6f [term 1 FOLLOWER]: Leader election won for term 1
I20260709 14:50:50.982299 16815 raft_consensus.cc:697] T 98722c2071744169b01ccac15fc0a8d2 P 7d5b82e2bebc4f6aa42c1c44656c3c6f [term 1 LEADER]: Becoming Leader. State: Replica: 7d5b82e2bebc4f6aa42c1c44656c3c6f, State: Running, Role: LEADER
I20260709 14:50:50.983170 16815 consensus_queue.cc:237] T 98722c2071744169b01ccac15fc0a8d2 P 7d5b82e2bebc4f6aa42c1c44656c3c6f [LEADER]: Queue going to LEADER mode. State: All replicated index: 0, Majority replicated index: 0, Committed index: 0, Last appended: 0.0, Last appended by leader: 0, Current term: 1, Majority size: 2, State: 0, Mode: LEADER, active raft config: opid_index: -1 OBSOLETE_local: false peers { permanent_uuid: "7d5b82e2bebc4f6aa42c1c44656c3c6f" member_type: VOTER last_known_addr { host: "127.15.23.1" port: 33787 } } peers { permanent_uuid: "0cd6aa33dc59427080af135435f228c5" member_type: VOTER last_known_addr { host: "127.15.23.2" port: 42209 } } peers { permanent_uuid: "9fd4b98b66c5484b88da4de8da41e5cf" member_type: VOTER last_known_addr { host: "127.15.23.3" port: 45935 } }
I20260709 14:50:50.985554 16737 tablet_bootstrap.cc:492] T 772158d0d0e24389b1124974647d9262 P 0cd6aa33dc59427080af135435f228c5: No bootstrap required, opened a new log
I20260709 14:50:50.986042 16737 ts_tablet_manager.cc:1403] T 772158d0d0e24389b1124974647d9262 P 0cd6aa33dc59427080af135435f228c5: Time spent bootstrapping tablet: real 0.038s	user 0.014s	sys 0.014s
I20260709 14:50:50.987946 16738 tablet_bootstrap.cc:654] T cf0c497d95574c829231fd64bc807700 P 9fd4b98b66c5484b88da4de8da41e5cf: Neither blocks nor log segments found. Creating new log.
I20260709 14:50:50.988611 16775 consensus_queue.cc:1048] T dbcf43672d184638ade399951d0f0dc4 P 0cd6aa33dc59427080af135435f228c5 [LEADER]: Connected to new peer: Peer: permanent_uuid: "9fd4b98b66c5484b88da4de8da41e5cf" member_type: VOTER last_known_addr { host: "127.15.23.3" port: 45935 }, Status: LMP_MISMATCH, Last received: 0.0, Next index: 1, Last known committed idx: 0, Time since last communication: 0.000s
I20260709 14:50:50.981822 16740 raft_consensus.cc:740] T c618d68d18424fa290301f37a0341fa0 P 7d5b82e2bebc4f6aa42c1c44656c3c6f [term 0 FOLLOWER]: Becoming Follower/Learner. State: Replica: 7d5b82e2bebc4f6aa42c1c44656c3c6f, State: Initialized, Role: FOLLOWER
I20260709 14:50:50.998880 16740 consensus_queue.cc:260] T c618d68d18424fa290301f37a0341fa0 P 7d5b82e2bebc4f6aa42c1c44656c3c6f [NON_LEADER]: Queue going to NON_LEADER mode. State: All replicated index: 0, Majority replicated index: 0, Committed index: 0, Last appended: 0.0, Last appended by leader: 0, Current term: 0, Majority size: -1, State: 0, Mode: NON_LEADER, active raft config: opid_index: -1 OBSOLETE_local: false peers { permanent_uuid: "7d5b82e2bebc4f6aa42c1c44656c3c6f" member_type: VOTER last_known_addr { host: "127.15.23.1" port: 33787 } } peers { permanent_uuid: "0cd6aa33dc59427080af135435f228c5" member_type: VOTER last_known_addr { host: "127.15.23.2" port: 42209 } } peers { permanent_uuid: "9fd4b98b66c5484b88da4de8da41e5cf" member_type: VOTER last_known_addr { host: "127.15.23.3" port: 45935 } }
I20260709 14:50:51.003053 16740 ts_tablet_manager.cc:1434] T c618d68d18424fa290301f37a0341fa0 P 7d5b82e2bebc4f6aa42c1c44656c3c6f: Time spent starting tablet: real 0.028s	user 0.006s	sys 0.001s
I20260709 14:50:50.998241 16737 raft_consensus.cc:359] T 772158d0d0e24389b1124974647d9262 P 0cd6aa33dc59427080af135435f228c5 [term 0 FOLLOWER]: Replica starting. Triggering 0 pending ops. Active config: opid_index: -1 OBSOLETE_local: false peers { permanent_uuid: "7d5b82e2bebc4f6aa42c1c44656c3c6f" member_type: VOTER last_known_addr { host: "127.15.23.1" port: 33787 } } peers { permanent_uuid: "0cd6aa33dc59427080af135435f228c5" member_type: VOTER last_known_addr { host: "127.15.23.2" port: 42209 } } peers { permanent_uuid: "9fd4b98b66c5484b88da4de8da41e5cf" member_type: VOTER last_known_addr { host: "127.15.23.3" port: 45935 } }
I20260709 14:50:51.004248 16737 raft_consensus.cc:385] T 772158d0d0e24389b1124974647d9262 P 0cd6aa33dc59427080af135435f228c5 [term 0 FOLLOWER]: Consensus starting up: Expiring failure detector timer to make a prompt election more likely
I20260709 14:50:51.003929 16740 tablet_bootstrap.cc:492] T dbcf43672d184638ade399951d0f0dc4 P 7d5b82e2bebc4f6aa42c1c44656c3c6f: Bootstrap starting.
I20260709 14:50:51.004912 16737 raft_consensus.cc:740] T 772158d0d0e24389b1124974647d9262 P 0cd6aa33dc59427080af135435f228c5 [term 0 FOLLOWER]: Becoming Follower/Learner. State: Replica: 0cd6aa33dc59427080af135435f228c5, State: Initialized, Role: FOLLOWER
I20260709 14:50:51.012357 16737 consensus_queue.cc:260] T 772158d0d0e24389b1124974647d9262 P 0cd6aa33dc59427080af135435f228c5 [NON_LEADER]: Queue going to NON_LEADER mode. State: All replicated index: 0, Majority replicated index: 0, Committed index: 0, Last appended: 0.0, Last appended by leader: 0, Current term: 0, Majority size: -1, State: 0, Mode: NON_LEADER, active raft config: opid_index: -1 OBSOLETE_local: false peers { permanent_uuid: "7d5b82e2bebc4f6aa42c1c44656c3c6f" member_type: VOTER last_known_addr { host: "127.15.23.1" port: 33787 } } peers { permanent_uuid: "0cd6aa33dc59427080af135435f228c5" member_type: VOTER last_known_addr { host: "127.15.23.2" port: 42209 } } peers { permanent_uuid: "9fd4b98b66c5484b88da4de8da41e5cf" member_type: VOTER last_known_addr { host: "127.15.23.3" port: 45935 } }
I20260709 14:50:51.012882 16740 tablet_bootstrap.cc:654] T dbcf43672d184638ade399951d0f0dc4 P 7d5b82e2bebc4f6aa42c1c44656c3c6f: Neither blocks nor log segments found. Creating new log.
I20260709 14:50:51.014612 16737 ts_tablet_manager.cc:1434] T 772158d0d0e24389b1124974647d9262 P 0cd6aa33dc59427080af135435f228c5: Time spent starting tablet: real 0.019s	user 0.005s	sys 0.000s
I20260709 14:50:51.015484 16737 tablet_bootstrap.cc:492] T 3529a9aaa7634cb7b183c03650808ebe P 0cd6aa33dc59427080af135435f228c5: Bootstrap starting.
I20260709 14:50:51.022694 16445 catalog_manager.cc:5697] T 98722c2071744169b01ccac15fc0a8d2 P 7d5b82e2bebc4f6aa42c1c44656c3c6f reported cstate change: term changed from 0 to 1, leader changed from <none> to 7d5b82e2bebc4f6aa42c1c44656c3c6f (127.15.23.1). New cstate: current_term: 1 leader_uuid: "7d5b82e2bebc4f6aa42c1c44656c3c6f" committed_config { opid_index: -1 OBSOLETE_local: false peers { permanent_uuid: "7d5b82e2bebc4f6aa42c1c44656c3c6f" member_type: VOTER last_known_addr { host: "127.15.23.1" port: 33787 } health_report { overall_health: HEALTHY } } peers { permanent_uuid: "0cd6aa33dc59427080af135435f228c5" member_type: VOTER last_known_addr { host: "127.15.23.2" port: 42209 } health_report { overall_health: UNKNOWN } } peers { permanent_uuid: "9fd4b98b66c5484b88da4de8da41e5cf" member_type: VOTER last_known_addr { host: "127.15.23.3" port: 45935 } health_report { overall_health: UNKNOWN } } }
I20260709 14:50:51.023870 16738 tablet_bootstrap.cc:492] T cf0c497d95574c829231fd64bc807700 P 9fd4b98b66c5484b88da4de8da41e5cf: No bootstrap required, opened a new log
I20260709 14:50:51.024312 16738 ts_tablet_manager.cc:1403] T cf0c497d95574c829231fd64bc807700 P 9fd4b98b66c5484b88da4de8da41e5cf: Time spent bootstrapping tablet: real 0.058s	user 0.028s	sys 0.011s
I20260709 14:50:51.025327 16740 tablet_bootstrap.cc:492] T dbcf43672d184638ade399951d0f0dc4 P 7d5b82e2bebc4f6aa42c1c44656c3c6f: No bootstrap required, opened a new log
I20260709 14:50:51.025743 16740 ts_tablet_manager.cc:1403] T dbcf43672d184638ade399951d0f0dc4 P 7d5b82e2bebc4f6aa42c1c44656c3c6f: Time spent bootstrapping tablet: real 0.022s	user 0.011s	sys 0.005s
I20260709 14:50:51.026747 16738 raft_consensus.cc:359] T cf0c497d95574c829231fd64bc807700 P 9fd4b98b66c5484b88da4de8da41e5cf [term 0 FOLLOWER]: Replica starting. Triggering 0 pending ops. Active config: opid_index: -1 OBSOLETE_local: false peers { permanent_uuid: "7d5b82e2bebc4f6aa42c1c44656c3c6f" member_type: VOTER last_known_addr { host: "127.15.23.1" port: 33787 } } peers { permanent_uuid: "0cd6aa33dc59427080af135435f228c5" member_type: VOTER last_known_addr { host: "127.15.23.2" port: 42209 } } peers { permanent_uuid: "9fd4b98b66c5484b88da4de8da41e5cf" member_type: VOTER last_known_addr { host: "127.15.23.3" port: 45935 } }
I20260709 14:50:51.027714 16738 raft_consensus.cc:385] T cf0c497d95574c829231fd64bc807700 P 9fd4b98b66c5484b88da4de8da41e5cf [term 0 FOLLOWER]: Consensus starting up: Expiring failure detector timer to make a prompt election more likely
I20260709 14:50:51.027966 16738 raft_consensus.cc:740] T cf0c497d95574c829231fd64bc807700 P 9fd4b98b66c5484b88da4de8da41e5cf [term 0 FOLLOWER]: Becoming Follower/Learner. State: Replica: 9fd4b98b66c5484b88da4de8da41e5cf, State: Initialized, Role: FOLLOWER
I20260709 14:50:51.028024 16740 raft_consensus.cc:359] T dbcf43672d184638ade399951d0f0dc4 P 7d5b82e2bebc4f6aa42c1c44656c3c6f [term 0 FOLLOWER]: Replica starting. Triggering 0 pending ops. Active config: opid_index: -1 OBSOLETE_local: false peers { permanent_uuid: "7d5b82e2bebc4f6aa42c1c44656c3c6f" member_type: VOTER last_known_addr { host: "127.15.23.1" port: 33787 } } peers { permanent_uuid: "0cd6aa33dc59427080af135435f228c5" member_type: VOTER last_known_addr { host: "127.15.23.2" port: 42209 } } peers { permanent_uuid: "9fd4b98b66c5484b88da4de8da41e5cf" member_type: VOTER last_known_addr { host: "127.15.23.3" port: 45935 } }
I20260709 14:50:51.028653 16740 raft_consensus.cc:385] T dbcf43672d184638ade399951d0f0dc4 P 7d5b82e2bebc4f6aa42c1c44656c3c6f [term 0 FOLLOWER]: Consensus starting up: Expiring failure detector timer to make a prompt election more likely
I20260709 14:50:51.028966 16740 raft_consensus.cc:740] T dbcf43672d184638ade399951d0f0dc4 P 7d5b82e2bebc4f6aa42c1c44656c3c6f [term 0 FOLLOWER]: Becoming Follower/Learner. State: Replica: 7d5b82e2bebc4f6aa42c1c44656c3c6f, State: Initialized, Role: FOLLOWER
I20260709 14:50:51.028718 16738 consensus_queue.cc:260] T cf0c497d95574c829231fd64bc807700 P 9fd4b98b66c5484b88da4de8da41e5cf [NON_LEADER]: Queue going to NON_LEADER mode. State: All replicated index: 0, Majority replicated index: 0, Committed index: 0, Last appended: 0.0, Last appended by leader: 0, Current term: 0, Majority size: -1, State: 0, Mode: NON_LEADER, active raft config: opid_index: -1 OBSOLETE_local: false peers { permanent_uuid: "7d5b82e2bebc4f6aa42c1c44656c3c6f" member_type: VOTER last_known_addr { host: "127.15.23.1" port: 33787 } } peers { permanent_uuid: "0cd6aa33dc59427080af135435f228c5" member_type: VOTER last_known_addr { host: "127.15.23.2" port: 42209 } } peers { permanent_uuid: "9fd4b98b66c5484b88da4de8da41e5cf" member_type: VOTER last_known_addr { host: "127.15.23.3" port: 45935 } }
I20260709 14:50:51.029803 16740 consensus_queue.cc:260] T dbcf43672d184638ade399951d0f0dc4 P 7d5b82e2bebc4f6aa42c1c44656c3c6f [NON_LEADER]: Queue going to NON_LEADER mode. State: All replicated index: 0, Majority replicated index: 0, Committed index: 0, Last appended: 0.0, Last appended by leader: 0, Current term: 0, Majority size: -1, State: 0, Mode: NON_LEADER, active raft config: opid_index: -1 OBSOLETE_local: false peers { permanent_uuid: "7d5b82e2bebc4f6aa42c1c44656c3c6f" member_type: VOTER last_known_addr { host: "127.15.23.1" port: 33787 } } peers { permanent_uuid: "0cd6aa33dc59427080af135435f228c5" member_type: VOTER last_known_addr { host: "127.15.23.2" port: 42209 } } peers { permanent_uuid: "9fd4b98b66c5484b88da4de8da41e5cf" member_type: VOTER last_known_addr { host: "127.15.23.3" port: 45935 } }
I20260709 14:50:51.030714 16738 ts_tablet_manager.cc:1434] T cf0c497d95574c829231fd64bc807700 P 9fd4b98b66c5484b88da4de8da41e5cf: Time spent starting tablet: real 0.006s	user 0.005s	sys 0.000s
I20260709 14:50:51.031505 16738 tablet_bootstrap.cc:492] T 98722c2071744169b01ccac15fc0a8d2 P 9fd4b98b66c5484b88da4de8da41e5cf: Bootstrap starting.
I20260709 14:50:51.031956 16740 ts_tablet_manager.cc:1434] T dbcf43672d184638ade399951d0f0dc4 P 7d5b82e2bebc4f6aa42c1c44656c3c6f: Time spent starting tablet: real 0.006s	user 0.005s	sys 0.000s
I20260709 14:50:51.032780 16740 tablet_bootstrap.cc:492] T 765c7a2b10ea4038a4f287c576919ad0 P 7d5b82e2bebc4f6aa42c1c44656c3c6f: Bootstrap starting.
I20260709 14:50:51.033530 16737 tablet_bootstrap.cc:654] T 3529a9aaa7634cb7b183c03650808ebe P 0cd6aa33dc59427080af135435f228c5: Neither blocks nor log segments found. Creating new log.
I20260709 14:50:51.037946 16740 tablet_bootstrap.cc:654] T 765c7a2b10ea4038a4f287c576919ad0 P 7d5b82e2bebc4f6aa42c1c44656c3c6f: Neither blocks nor log segments found. Creating new log.
I20260709 14:50:51.037946 16738 tablet_bootstrap.cc:654] T 98722c2071744169b01ccac15fc0a8d2 P 9fd4b98b66c5484b88da4de8da41e5cf: Neither blocks nor log segments found. Creating new log.
I20260709 14:50:51.043114 16740 tablet_bootstrap.cc:492] T 765c7a2b10ea4038a4f287c576919ad0 P 7d5b82e2bebc4f6aa42c1c44656c3c6f: No bootstrap required, opened a new log
I20260709 14:50:51.043619 16740 ts_tablet_manager.cc:1403] T 765c7a2b10ea4038a4f287c576919ad0 P 7d5b82e2bebc4f6aa42c1c44656c3c6f: Time spent bootstrapping tablet: real 0.011s	user 0.009s	sys 0.000s
I20260709 14:50:51.046010 16738 tablet_bootstrap.cc:492] T 98722c2071744169b01ccac15fc0a8d2 P 9fd4b98b66c5484b88da4de8da41e5cf: No bootstrap required, opened a new log
I20260709 14:50:51.045787 16740 raft_consensus.cc:359] T 765c7a2b10ea4038a4f287c576919ad0 P 7d5b82e2bebc4f6aa42c1c44656c3c6f [term 0 FOLLOWER]: Replica starting. Triggering 0 pending ops. Active config: opid_index: -1 OBSOLETE_local: false peers { permanent_uuid: "7d5b82e2bebc4f6aa42c1c44656c3c6f" member_type: VOTER last_known_addr { host: "127.15.23.1" port: 33787 } } peers { permanent_uuid: "0cd6aa33dc59427080af135435f228c5" member_type: VOTER last_known_addr { host: "127.15.23.2" port: 42209 } } peers { permanent_uuid: "9fd4b98b66c5484b88da4de8da41e5cf" member_type: VOTER last_known_addr { host: "127.15.23.3" port: 45935 } }
I20260709 14:50:51.046415 16738 ts_tablet_manager.cc:1403] T 98722c2071744169b01ccac15fc0a8d2 P 9fd4b98b66c5484b88da4de8da41e5cf: Time spent bootstrapping tablet: real 0.015s	user 0.011s	sys 0.000s
I20260709 14:50:51.046476 16740 raft_consensus.cc:385] T 765c7a2b10ea4038a4f287c576919ad0 P 7d5b82e2bebc4f6aa42c1c44656c3c6f [term 0 FOLLOWER]: Consensus starting up: Expiring failure detector timer to make a prompt election more likely
I20260709 14:50:51.046867 16740 raft_consensus.cc:740] T 765c7a2b10ea4038a4f287c576919ad0 P 7d5b82e2bebc4f6aa42c1c44656c3c6f [term 0 FOLLOWER]: Becoming Follower/Learner. State: Replica: 7d5b82e2bebc4f6aa42c1c44656c3c6f, State: Initialized, Role: FOLLOWER
I20260709 14:50:51.047926 16740 consensus_queue.cc:260] T 765c7a2b10ea4038a4f287c576919ad0 P 7d5b82e2bebc4f6aa42c1c44656c3c6f [NON_LEADER]: Queue going to NON_LEADER mode. State: All replicated index: 0, Majority replicated index: 0, Committed index: 0, Last appended: 0.0, Last appended by leader: 0, Current term: 0, Majority size: -1, State: 0, Mode: NON_LEADER, active raft config: opid_index: -1 OBSOLETE_local: false peers { permanent_uuid: "7d5b82e2bebc4f6aa42c1c44656c3c6f" member_type: VOTER last_known_addr { host: "127.15.23.1" port: 33787 } } peers { permanent_uuid: "0cd6aa33dc59427080af135435f228c5" member_type: VOTER last_known_addr { host: "127.15.23.2" port: 42209 } } peers { permanent_uuid: "9fd4b98b66c5484b88da4de8da41e5cf" member_type: VOTER last_known_addr { host: "127.15.23.3" port: 45935 } }
I20260709 14:50:51.048921 16738 raft_consensus.cc:359] T 98722c2071744169b01ccac15fc0a8d2 P 9fd4b98b66c5484b88da4de8da41e5cf [term 0 FOLLOWER]: Replica starting. Triggering 0 pending ops. Active config: opid_index: -1 OBSOLETE_local: false peers { permanent_uuid: "7d5b82e2bebc4f6aa42c1c44656c3c6f" member_type: VOTER last_known_addr { host: "127.15.23.1" port: 33787 } } peers { permanent_uuid: "0cd6aa33dc59427080af135435f228c5" member_type: VOTER last_known_addr { host: "127.15.23.2" port: 42209 } } peers { permanent_uuid: "9fd4b98b66c5484b88da4de8da41e5cf" member_type: VOTER last_known_addr { host: "127.15.23.3" port: 45935 } }
I20260709 14:50:51.049602 16738 raft_consensus.cc:385] T 98722c2071744169b01ccac15fc0a8d2 P 9fd4b98b66c5484b88da4de8da41e5cf [term 0 FOLLOWER]: Consensus starting up: Expiring failure detector timer to make a prompt election more likely
I20260709 14:50:51.049839 16738 raft_consensus.cc:740] T 98722c2071744169b01ccac15fc0a8d2 P 9fd4b98b66c5484b88da4de8da41e5cf [term 0 FOLLOWER]: Becoming Follower/Learner. State: Replica: 9fd4b98b66c5484b88da4de8da41e5cf, State: Initialized, Role: FOLLOWER
I20260709 14:50:51.050237 16740 ts_tablet_manager.cc:1434] T 765c7a2b10ea4038a4f287c576919ad0 P 7d5b82e2bebc4f6aa42c1c44656c3c6f: Time spent starting tablet: real 0.006s	user 0.002s	sys 0.002s
I20260709 14:50:51.050402 16738 consensus_queue.cc:260] T 98722c2071744169b01ccac15fc0a8d2 P 9fd4b98b66c5484b88da4de8da41e5cf [NON_LEADER]: Queue going to NON_LEADER mode. State: All replicated index: 0, Majority replicated index: 0, Committed index: 0, Last appended: 0.0, Last appended by leader: 0, Current term: 0, Majority size: -1, State: 0, Mode: NON_LEADER, active raft config: opid_index: -1 OBSOLETE_local: false peers { permanent_uuid: "7d5b82e2bebc4f6aa42c1c44656c3c6f" member_type: VOTER last_known_addr { host: "127.15.23.1" port: 33787 } } peers { permanent_uuid: "0cd6aa33dc59427080af135435f228c5" member_type: VOTER last_known_addr { host: "127.15.23.2" port: 42209 } } peers { permanent_uuid: "9fd4b98b66c5484b88da4de8da41e5cf" member_type: VOTER last_known_addr { host: "127.15.23.3" port: 45935 } }
I20260709 14:50:51.051251 16740 tablet_bootstrap.cc:492] T 772158d0d0e24389b1124974647d9262 P 7d5b82e2bebc4f6aa42c1c44656c3c6f: Bootstrap starting.
I20260709 14:50:51.052345 16738 ts_tablet_manager.cc:1434] T 98722c2071744169b01ccac15fc0a8d2 P 9fd4b98b66c5484b88da4de8da41e5cf: Time spent starting tablet: real 0.006s	user 0.003s	sys 0.003s
I20260709 14:50:51.053202 16738 tablet_bootstrap.cc:492] T 8cfba8f55b57456eb950da6e3fd36dba P 9fd4b98b66c5484b88da4de8da41e5cf: Bootstrap starting.
I20260709 14:50:51.054144 16737 tablet_bootstrap.cc:492] T 3529a9aaa7634cb7b183c03650808ebe P 0cd6aa33dc59427080af135435f228c5: No bootstrap required, opened a new log
I20260709 14:50:51.054603 16737 ts_tablet_manager.cc:1403] T 3529a9aaa7634cb7b183c03650808ebe P 0cd6aa33dc59427080af135435f228c5: Time spent bootstrapping tablet: real 0.039s	user 0.009s	sys 0.004s
I20260709 14:50:51.057157 16737 raft_consensus.cc:359] T 3529a9aaa7634cb7b183c03650808ebe P 0cd6aa33dc59427080af135435f228c5 [term 0 FOLLOWER]: Replica starting. Triggering 0 pending ops. Active config: opid_index: -1 OBSOLETE_local: false peers { permanent_uuid: "7d5b82e2bebc4f6aa42c1c44656c3c6f" member_type: VOTER last_known_addr { host: "127.15.23.1" port: 33787 } } peers { permanent_uuid: "0cd6aa33dc59427080af135435f228c5" member_type: VOTER last_known_addr { host: "127.15.23.2" port: 42209 } } peers { permanent_uuid: "9fd4b98b66c5484b88da4de8da41e5cf" member_type: VOTER last_known_addr { host: "127.15.23.3" port: 45935 } }
I20260709 14:50:51.057818 16737 raft_consensus.cc:385] T 3529a9aaa7634cb7b183c03650808ebe P 0cd6aa33dc59427080af135435f228c5 [term 0 FOLLOWER]: Consensus starting up: Expiring failure detector timer to make a prompt election more likely
I20260709 14:50:51.057878 16740 tablet_bootstrap.cc:654] T 772158d0d0e24389b1124974647d9262 P 7d5b82e2bebc4f6aa42c1c44656c3c6f: Neither blocks nor log segments found. Creating new log.
I20260709 14:50:51.058218 16737 raft_consensus.cc:740] T 3529a9aaa7634cb7b183c03650808ebe P 0cd6aa33dc59427080af135435f228c5 [term 0 FOLLOWER]: Becoming Follower/Learner. State: Replica: 0cd6aa33dc59427080af135435f228c5, State: Initialized, Role: FOLLOWER
I20260709 14:50:51.058362 16738 tablet_bootstrap.cc:654] T 8cfba8f55b57456eb950da6e3fd36dba P 9fd4b98b66c5484b88da4de8da41e5cf: Neither blocks nor log segments found. Creating new log.
I20260709 14:50:51.059053 16737 consensus_queue.cc:260] T 3529a9aaa7634cb7b183c03650808ebe P 0cd6aa33dc59427080af135435f228c5 [NON_LEADER]: Queue going to NON_LEADER mode. State: All replicated index: 0, Majority replicated index: 0, Committed index: 0, Last appended: 0.0, Last appended by leader: 0, Current term: 0, Majority size: -1, State: 0, Mode: NON_LEADER, active raft config: opid_index: -1 OBSOLETE_local: false peers { permanent_uuid: "7d5b82e2bebc4f6aa42c1c44656c3c6f" member_type: VOTER last_known_addr { host: "127.15.23.1" port: 33787 } } peers { permanent_uuid: "0cd6aa33dc59427080af135435f228c5" member_type: VOTER last_known_addr { host: "127.15.23.2" port: 42209 } } peers { permanent_uuid: "9fd4b98b66c5484b88da4de8da41e5cf" member_type: VOTER last_known_addr { host: "127.15.23.3" port: 45935 } }
I20260709 14:50:51.062811 16737 ts_tablet_manager.cc:1434] T 3529a9aaa7634cb7b183c03650808ebe P 0cd6aa33dc59427080af135435f228c5: Time spent starting tablet: real 0.008s	user 0.006s	sys 0.000s
I20260709 14:50:51.063702 16737 tablet_bootstrap.cc:492] T 8cfba8f55b57456eb950da6e3fd36dba P 0cd6aa33dc59427080af135435f228c5: Bootstrap starting.
I20260709 14:50:51.069316 16740 tablet_bootstrap.cc:492] T 772158d0d0e24389b1124974647d9262 P 7d5b82e2bebc4f6aa42c1c44656c3c6f: No bootstrap required, opened a new log
I20260709 14:50:51.069761 16740 ts_tablet_manager.cc:1403] T 772158d0d0e24389b1124974647d9262 P 7d5b82e2bebc4f6aa42c1c44656c3c6f: Time spent bootstrapping tablet: real 0.019s	user 0.013s	sys 0.004s
I20260709 14:50:51.070745 16738 tablet_bootstrap.cc:492] T 8cfba8f55b57456eb950da6e3fd36dba P 9fd4b98b66c5484b88da4de8da41e5cf: No bootstrap required, opened a new log
I20260709 14:50:51.071148 16738 ts_tablet_manager.cc:1403] T 8cfba8f55b57456eb950da6e3fd36dba P 9fd4b98b66c5484b88da4de8da41e5cf: Time spent bootstrapping tablet: real 0.018s	user 0.005s	sys 0.009s
