I20260709 14:44:51.471907   640 raft_consensus.cc:1275] T 02db2629e3b141ca835ace5103da34c8 P 286129d4a0364c189d5457a924f2da28 [term 2 FOLLOWER]: Refusing update from remote peer da2c75de1f4442d7b8ccb3de6c3931a8: Log matching property violated. Preceding OpId in replica: term: 1 index: 1. Preceding OpId from leader: term: 2 index: 2. (index mismatch)
I20260709 14:44:51.473241   790 consensus_queue.cc:1048] T 02db2629e3b141ca835ace5103da34c8 P da2c75de1f4442d7b8ccb3de6c3931a8 [LEADER]: Connected to new peer: Peer: permanent_uuid: "286129d4a0364c189d5457a924f2da28" member_type: VOTER last_known_addr { host: "127.0.107.194" port: 41965 }, Status: LMP_MISMATCH, Last received: 0.0, Next index: 2, Last known committed idx: 1, Time since last communication: 0.000s
I20260709 14:44:51.481660   713 raft_consensus.cc:1275] T 02db2629e3b141ca835ace5103da34c8 P e91f4bcd3d3242d8873394214d69ed57 [term 2 FOLLOWER]: Refusing update from remote peer da2c75de1f4442d7b8ccb3de6c3931a8: Log matching property violated. Preceding OpId in replica: term: 1 index: 1. Preceding OpId from leader: term: 2 index: 2. (index mismatch)
I20260709 14:44:51.483397   762 consensus_queue.cc:1048] T 02db2629e3b141ca835ace5103da34c8 P da2c75de1f4442d7b8ccb3de6c3931a8 [LEADER]: Connected to new peer: Peer: permanent_uuid: "e91f4bcd3d3242d8873394214d69ed57" member_type: VOTER last_known_addr { host: "127.0.107.195" port: 34825 }, Status: LMP_MISMATCH, Last received: 0.0, Next index: 2, Last known committed idx: 1, Time since last communication: 0.000s
I20260709 14:44:51.492367   640 raft_consensus.cc:1275] T cccdaa7c076942218c8c92daa55b6dba P 286129d4a0364c189d5457a924f2da28 [term 2 FOLLOWER]: Refusing update from remote peer da2c75de1f4442d7b8ccb3de6c3931a8: Log matching property violated. Preceding OpId in replica: term: 1 index: 1. Preceding OpId from leader: term: 2 index: 2. (index mismatch)
I20260709 14:44:51.493538   844 consensus_queue.cc:1048] T cccdaa7c076942218c8c92daa55b6dba P da2c75de1f4442d7b8ccb3de6c3931a8 [LEADER]: Connected to new peer: Peer: permanent_uuid: "286129d4a0364c189d5457a924f2da28" member_type: VOTER last_known_addr { host: "127.0.107.194" port: 41965 }, Status: LMP_MISMATCH, Last received: 0.0, Next index: 2, Last known committed idx: 1, Time since last communication: 0.000s
I20260709 14:44:51.502326   713 raft_consensus.cc:1275] T cccdaa7c076942218c8c92daa55b6dba P e91f4bcd3d3242d8873394214d69ed57 [term 2 FOLLOWER]: Refusing update from remote peer da2c75de1f4442d7b8ccb3de6c3931a8: Log matching property violated. Preceding OpId in replica: term: 1 index: 1. Preceding OpId from leader: term: 2 index: 2. (index mismatch)
I20260709 14:44:51.503610   790 consensus_queue.cc:1048] T cccdaa7c076942218c8c92daa55b6dba P da2c75de1f4442d7b8ccb3de6c3931a8 [LEADER]: Connected to new peer: Peer: permanent_uuid: "e91f4bcd3d3242d8873394214d69ed57" member_type: VOTER last_known_addr { host: "127.0.107.195" port: 34825 }, Status: LMP_MISMATCH, Last received: 0.0, Next index: 2, Last known committed idx: 1, Time since last communication: 0.000s
I20260709 14:44:51.829042   713 raft_consensus.cc:1275] T 50128ac1818b4ccd89701034b7e7d429 P e91f4bcd3d3242d8873394214d69ed57 [term 2 FOLLOWER]: Refusing update from remote peer 286129d4a0364c189d5457a924f2da28: Log matching property violated. Preceding OpId in replica: term: 1 index: 1. Preceding OpId from leader: term: 2 index: 2. (index mismatch)
I20260709 14:44:51.830163   825 consensus_queue.cc:1048] T 50128ac1818b4ccd89701034b7e7d429 P 286129d4a0364c189d5457a924f2da28 [LEADER]: Connected to new peer: Peer: permanent_uuid: "e91f4bcd3d3242d8873394214d69ed57" member_type: VOTER last_known_addr { host: "127.0.107.195" port: 34825 }, Status: LMP_MISMATCH, Last received: 0.0, Next index: 2, Last known committed idx: 1, Time since last communication: 0.000s
I20260709 14:44:51.838156   564 raft_consensus.cc:1275] T 50128ac1818b4ccd89701034b7e7d429 P da2c75de1f4442d7b8ccb3de6c3931a8 [term 2 FOLLOWER]: Refusing update from remote peer 286129d4a0364c189d5457a924f2da28: Log matching property violated. Preceding OpId in replica: term: 1 index: 1. Preceding OpId from leader: term: 2 index: 2. (index mismatch)
I20260709 14:44:51.839792   789 consensus_queue.cc:1048] T 50128ac1818b4ccd89701034b7e7d429 P 286129d4a0364c189d5457a924f2da28 [LEADER]: Connected to new peer: Peer: permanent_uuid: "da2c75de1f4442d7b8ccb3de6c3931a8" member_type: VOTER last_known_addr { host: "127.0.107.193" port: 39269 }, Status: LMP_MISMATCH, Last received: 0.0, Next index: 2, Last known committed idx: 1, Time since last communication: 0.000s
I20260709 14:44:51.884984   713 raft_consensus.cc:1275] T eca13b20bc4f408792ec47cc39bc6e56 P e91f4bcd3d3242d8873394214d69ed57 [term 2 FOLLOWER]: Refusing update from remote peer da2c75de1f4442d7b8ccb3de6c3931a8: Log matching property violated. Preceding OpId in replica: term: 1 index: 1. Preceding OpId from leader: term: 2 index: 2. (index mismatch)
I20260709 14:44:51.886060   794 consensus_queue.cc:1048] T eca13b20bc4f408792ec47cc39bc6e56 P da2c75de1f4442d7b8ccb3de6c3931a8 [LEADER]: Connected to new peer: Peer: permanent_uuid: "e91f4bcd3d3242d8873394214d69ed57" member_type: VOTER last_known_addr { host: "127.0.107.195" port: 34825 }, Status: LMP_MISMATCH, Last received: 0.0, Next index: 2, Last known committed idx: 1, Time since last communication: 0.000s
I20260709 14:44:51.893222   639 raft_consensus.cc:1275] T eca13b20bc4f408792ec47cc39bc6e56 P 286129d4a0364c189d5457a924f2da28 [term 2 FOLLOWER]: Refusing update from remote peer da2c75de1f4442d7b8ccb3de6c3931a8: Log matching property violated. Preceding OpId in replica: term: 1 index: 1. Preceding OpId from leader: term: 2 index: 2. (index mismatch)
I20260709 14:44:51.894986   844 consensus_queue.cc:1048] T eca13b20bc4f408792ec47cc39bc6e56 P da2c75de1f4442d7b8ccb3de6c3931a8 [LEADER]: Connected to new peer: Peer: permanent_uuid: "286129d4a0364c189d5457a924f2da28" member_type: VOTER last_known_addr { host: "127.0.107.194" port: 41965 }, Status: LMP_MISMATCH, Last received: 0.0, Next index: 2, Last known committed idx: 1, Time since last communication: 0.000s
I20260709 14:44:54.012758   431 auto_leader_rebalancer-test.cc:378] The leader distribution is 
I20260709 14:44:54.013530   431 auto_leader_rebalancer.cc:141] leader rebalance for table test-workload
I20260709 14:44:54.027242   639 tablet_service.cc:2072] Received LeaderStepDown RPC: tablet_id: "c85511a8a9224d65a8aef2abd47c0d38"
dest_uuid: "286129d4a0364c189d5457a924f2da28"
mode: GRACEFUL
new_leader_uuid: "e91f4bcd3d3242d8873394214d69ed57"
 from {username='slave'} at 127.0.0.1:54590
I20260709 14:44:54.027681   639 raft_consensus.cc:606] T c85511a8a9224d65a8aef2abd47c0d38 P 286129d4a0364c189d5457a924f2da28 [term 1 LEADER]: Received request to transfer leadership to TS e91f4bcd3d3242d8873394214d69ed57
I20260709 14:44:54.036743   564 tablet_service.cc:2072] Received LeaderStepDown RPC: tablet_id: "cccdaa7c076942218c8c92daa55b6dba"
dest_uuid: "da2c75de1f4442d7b8ccb3de6c3931a8"
mode: GRACEFUL
new_leader_uuid: "e91f4bcd3d3242d8873394214d69ed57"
 from {username='slave'} at 127.0.0.1:59742
I20260709 14:44:54.037217   564 raft_consensus.cc:606] T cccdaa7c076942218c8c92daa55b6dba P da2c75de1f4442d7b8ccb3de6c3931a8 [term 2 LEADER]: Received request to transfer leadership to TS e91f4bcd3d3242d8873394214d69ed57
I20260709 14:44:54.038259   431 auto_leader_rebalancer.cc:452] table: test-workload, leader rebalance finish, leader transfer count: 2
I20260709 14:44:54.038681   431 auto_leader_rebalancer.cc:527] All tables' leader rebalancing finished this round
I20260709 14:44:54.058977   789 raft_consensus.cc:993] T c85511a8a9224d65a8aef2abd47c0d38 P 286129d4a0364c189d5457a924f2da28: : Instructing follower e91f4bcd3d3242d8873394214d69ed57 to start an election
I20260709 14:44:54.059335   856 raft_consensus.cc:1081] T c85511a8a9224d65a8aef2abd47c0d38 P 286129d4a0364c189d5457a924f2da28 [term 1 LEADER]: Signalling peer e91f4bcd3d3242d8873394214d69ed57 to start an election
I20260709 14:44:54.060639   713 tablet_service.cc:2044] Received Run Leader Election RPC: tablet_id: "c85511a8a9224d65a8aef2abd47c0d38"
dest_uuid: "e91f4bcd3d3242d8873394214d69ed57"
 from {username='slave'} at 127.0.0.1:36734
I20260709 14:44:54.061160   713 raft_consensus.cc:493] T c85511a8a9224d65a8aef2abd47c0d38 P e91f4bcd3d3242d8873394214d69ed57 [term 1 FOLLOWER]: Starting forced leader election (received explicit request)
I20260709 14:44:54.061535   713 raft_consensus.cc:3060] T c85511a8a9224d65a8aef2abd47c0d38 P e91f4bcd3d3242d8873394214d69ed57 [term 1 FOLLOWER]: Advancing to term 2
I20260709 14:44:54.065855   713 raft_consensus.cc:515] T c85511a8a9224d65a8aef2abd47c0d38 P e91f4bcd3d3242d8873394214d69ed57 [term 2 FOLLOWER]: Starting forced leader election with config: opid_index: -1 OBSOLETE_local: false peers { permanent_uuid: "da2c75de1f4442d7b8ccb3de6c3931a8" member_type: VOTER last_known_addr { host: "127.0.107.193" port: 39269 } } peers { permanent_uuid: "286129d4a0364c189d5457a924f2da28" member_type: VOTER last_known_addr { host: "127.0.107.194" port: 41965 } } peers { permanent_uuid: "e91f4bcd3d3242d8873394214d69ed57" member_type: VOTER last_known_addr { host: "127.0.107.195" port: 34825 } }
I20260709 14:44:54.067251   713 leader_election.cc:290] T c85511a8a9224d65a8aef2abd47c0d38 P e91f4bcd3d3242d8873394214d69ed57 [CANDIDATE]: Term 2 election: Requested vote from peers da2c75de1f4442d7b8ccb3de6c3931a8 (127.0.107.193:39269), 286129d4a0364c189d5457a924f2da28 (127.0.107.194:41965)
I20260709 14:44:54.067941   564 tablet_service.cc:1917] Received RequestConsensusVote() RPC: tablet_id: "c85511a8a9224d65a8aef2abd47c0d38" candidate_uuid: "e91f4bcd3d3242d8873394214d69ed57" candidate_term: 2 candidate_status { last_received { term: 1 index: 1 } } ignore_live_leader: true dest_uuid: "da2c75de1f4442d7b8ccb3de6c3931a8"
I20260709 14:44:54.068120   639 tablet_service.cc:1917] Received RequestConsensusVote() RPC: tablet_id: "c85511a8a9224d65a8aef2abd47c0d38" candidate_uuid: "e91f4bcd3d3242d8873394214d69ed57" candidate_term: 2 candidate_status { last_received { term: 1 index: 1 } } ignore_live_leader: true dest_uuid: "286129d4a0364c189d5457a924f2da28"
I20260709 14:44:54.068466   564 raft_consensus.cc:3060] T c85511a8a9224d65a8aef2abd47c0d38 P da2c75de1f4442d7b8ccb3de6c3931a8 [term 1 FOLLOWER]: Advancing to term 2
I20260709 14:44:54.068650   639 raft_consensus.cc:3055] T c85511a8a9224d65a8aef2abd47c0d38 P 286129d4a0364c189d5457a924f2da28 [term 1 LEADER]: Stepping down as leader of term 1
I20260709 14:44:54.068986   639 raft_consensus.cc:740] T c85511a8a9224d65a8aef2abd47c0d38 P 286129d4a0364c189d5457a924f2da28 [term 1 LEADER]: Becoming Follower/Learner. State: Replica: 286129d4a0364c189d5457a924f2da28, State: Running, Role: LEADER
I20260709 14:44:54.069648   639 consensus_queue.cc:260] T c85511a8a9224d65a8aef2abd47c0d38 P 286129d4a0364c189d5457a924f2da28 [NON_LEADER]: Queue going to NON_LEADER mode. State: All replicated index: 0, Majority replicated index: 1, Committed index: 1, Last appended: 1.1, Last appended by leader: 1, Current term: 1, Majority size: -1, State: 0, Mode: NON_LEADER, active raft config: opid_index: -1 OBSOLETE_local: false peers { permanent_uuid: "da2c75de1f4442d7b8ccb3de6c3931a8" member_type: VOTER last_known_addr { host: "127.0.107.193" port: 39269 } } peers { permanent_uuid: "286129d4a0364c189d5457a924f2da28" member_type: VOTER last_known_addr { host: "127.0.107.194" port: 41965 } } peers { permanent_uuid: "e91f4bcd3d3242d8873394214d69ed57" member_type: VOTER last_known_addr { host: "127.0.107.195" port: 34825 } }
I20260709 14:44:54.070580   639 raft_consensus.cc:3060] T c85511a8a9224d65a8aef2abd47c0d38 P 286129d4a0364c189d5457a924f2da28 [term 1 FOLLOWER]: Advancing to term 2
I20260709 14:44:54.073215   564 raft_consensus.cc:2468] T c85511a8a9224d65a8aef2abd47c0d38 P da2c75de1f4442d7b8ccb3de6c3931a8 [term 2 FOLLOWER]: Leader election vote request: Granting yes vote for candidate e91f4bcd3d3242d8873394214d69ed57 in term 2.
I20260709 14:44:54.074101   680 leader_election.cc:304] T c85511a8a9224d65a8aef2abd47c0d38 P e91f4bcd3d3242d8873394214d69ed57 [CANDIDATE]: Term 2 election: Election decided. Result: candidate won. Election summary: received 2 responses out of 3 voters: 2 yes votes; 0 no votes. yes voters: da2c75de1f4442d7b8ccb3de6c3931a8, e91f4bcd3d3242d8873394214d69ed57; no voters: 
I20260709 14:44:54.074682   766 raft_consensus.cc:2804] T c85511a8a9224d65a8aef2abd47c0d38 P e91f4bcd3d3242d8873394214d69ed57 [term 2 FOLLOWER]: Leader election won for term 2
I20260709 14:44:54.075277   639 raft_consensus.cc:2468] T c85511a8a9224d65a8aef2abd47c0d38 P 286129d4a0364c189d5457a924f2da28 [term 2 FOLLOWER]: Leader election vote request: Granting yes vote for candidate e91f4bcd3d3242d8873394214d69ed57 in term 2.
I20260709 14:44:54.076396   766 raft_consensus.cc:697] T c85511a8a9224d65a8aef2abd47c0d38 P e91f4bcd3d3242d8873394214d69ed57 [term 2 LEADER]: Becoming Leader. State: Replica: e91f4bcd3d3242d8873394214d69ed57, State: Running, Role: LEADER
I20260709 14:44:54.077169   766 consensus_queue.cc:237] T c85511a8a9224d65a8aef2abd47c0d38 P e91f4bcd3d3242d8873394214d69ed57 [LEADER]: Queue going to LEADER mode. State: All replicated index: 0, Majority replicated index: 1, Committed index: 1, Last appended: 1.1, Last appended by leader: 1, Current term: 2, Majority size: 2, State: 0, Mode: LEADER, active raft config: opid_index: -1 OBSOLETE_local: false peers { permanent_uuid: "da2c75de1f4442d7b8ccb3de6c3931a8" member_type: VOTER last_known_addr { host: "127.0.107.193" port: 39269 } } peers { permanent_uuid: "286129d4a0364c189d5457a924f2da28" member_type: VOTER last_known_addr { host: "127.0.107.194" port: 41965 } } peers { permanent_uuid: "e91f4bcd3d3242d8873394214d69ed57" member_type: VOTER last_known_addr { host: "127.0.107.195" port: 34825 } }
I20260709 14:44:54.085952   462 catalog_manager.cc:5697] T c85511a8a9224d65a8aef2abd47c0d38 P e91f4bcd3d3242d8873394214d69ed57 reported cstate change: term changed from 1 to 2, leader changed from 286129d4a0364c189d5457a924f2da28 (127.0.107.194) to e91f4bcd3d3242d8873394214d69ed57 (127.0.107.195). New cstate: current_term: 2 leader_uuid: "e91f4bcd3d3242d8873394214d69ed57" committed_config { opid_index: -1 OBSOLETE_local: false peers { permanent_uuid: "da2c75de1f4442d7b8ccb3de6c3931a8" member_type: VOTER last_known_addr { host: "127.0.107.193" port: 39269 } health_report { overall_health: UNKNOWN } } peers { permanent_uuid: "286129d4a0364c189d5457a924f2da28" member_type: VOTER last_known_addr { host: "127.0.107.194" port: 41965 } health_report { overall_health: UNKNOWN } } peers { permanent_uuid: "e91f4bcd3d3242d8873394214d69ed57" member_type: VOTER last_known_addr { host: "127.0.107.195" port: 34825 } health_report { overall_health: HEALTHY } } }
I20260709 14:44:54.392935   864 raft_consensus.cc:993] T cccdaa7c076942218c8c92daa55b6dba P da2c75de1f4442d7b8ccb3de6c3931a8: : Instructing follower e91f4bcd3d3242d8873394214d69ed57 to start an election
I20260709 14:44:54.393356   844 raft_consensus.cc:1081] T cccdaa7c076942218c8c92daa55b6dba P da2c75de1f4442d7b8ccb3de6c3931a8 [term 2 LEADER]: Signalling peer e91f4bcd3d3242d8873394214d69ed57 to start an election
I20260709 14:44:54.394604   713 tablet_service.cc:2044] Received Run Leader Election RPC: tablet_id: "cccdaa7c076942218c8c92daa55b6dba"
dest_uuid: "e91f4bcd3d3242d8873394214d69ed57"
 from {username='slave'} at 127.0.0.1:36740
I20260709 14:44:54.395048   713 raft_consensus.cc:493] T cccdaa7c076942218c8c92daa55b6dba P e91f4bcd3d3242d8873394214d69ed57 [term 2 FOLLOWER]: Starting forced leader election (received explicit request)
I20260709 14:44:54.395328   713 raft_consensus.cc:3060] T cccdaa7c076942218c8c92daa55b6dba P e91f4bcd3d3242d8873394214d69ed57 [term 2 FOLLOWER]: Advancing to term 3
I20260709 14:44:54.399525   713 raft_consensus.cc:515] T cccdaa7c076942218c8c92daa55b6dba P e91f4bcd3d3242d8873394214d69ed57 [term 3 FOLLOWER]: Starting forced leader election with config: opid_index: -1 OBSOLETE_local: false peers { permanent_uuid: "da2c75de1f4442d7b8ccb3de6c3931a8" member_type: VOTER last_known_addr { host: "127.0.107.193" port: 39269 } } peers { permanent_uuid: "286129d4a0364c189d5457a924f2da28" member_type: VOTER last_known_addr { host: "127.0.107.194" port: 41965 } } peers { permanent_uuid: "e91f4bcd3d3242d8873394214d69ed57" member_type: VOTER last_known_addr { host: "127.0.107.195" port: 34825 } }
I20260709 14:44:54.400911   713 leader_election.cc:290] T cccdaa7c076942218c8c92daa55b6dba P e91f4bcd3d3242d8873394214d69ed57 [CANDIDATE]: Term 3 election: Requested vote from peers da2c75de1f4442d7b8ccb3de6c3931a8 (127.0.107.193:39269), 286129d4a0364c189d5457a924f2da28 (127.0.107.194:41965)
I20260709 14:44:54.401654   564 tablet_service.cc:1917] Received RequestConsensusVote() RPC: tablet_id: "cccdaa7c076942218c8c92daa55b6dba" candidate_uuid: "e91f4bcd3d3242d8873394214d69ed57" candidate_term: 3 candidate_status { last_received { term: 2 index: 2 } } ignore_live_leader: true dest_uuid: "da2c75de1f4442d7b8ccb3de6c3931a8"
I20260709 14:44:54.401902   639 tablet_service.cc:1917] Received RequestConsensusVote() RPC: tablet_id: "cccdaa7c076942218c8c92daa55b6dba" candidate_uuid: "e91f4bcd3d3242d8873394214d69ed57" candidate_term: 3 candidate_status { last_received { term: 2 index: 2 } } ignore_live_leader: true dest_uuid: "286129d4a0364c189d5457a924f2da28"
I20260709 14:44:54.402303   564 raft_consensus.cc:3055] T cccdaa7c076942218c8c92daa55b6dba P da2c75de1f4442d7b8ccb3de6c3931a8 [term 2 LEADER]: Stepping down as leader of term 2
I20260709 14:44:54.402441   639 raft_consensus.cc:3060] T cccdaa7c076942218c8c92daa55b6dba P 286129d4a0364c189d5457a924f2da28 [term 2 FOLLOWER]: Advancing to term 3
I20260709 14:44:54.402681   564 raft_consensus.cc:740] T cccdaa7c076942218c8c92daa55b6dba P da2c75de1f4442d7b8ccb3de6c3931a8 [term 2 LEADER]: Becoming Follower/Learner. State: Replica: da2c75de1f4442d7b8ccb3de6c3931a8, State: Running, Role: LEADER
I20260709 14:44:54.403537   564 consensus_queue.cc:260] T cccdaa7c076942218c8c92daa55b6dba P da2c75de1f4442d7b8ccb3de6c3931a8 [NON_LEADER]: Queue going to NON_LEADER mode. State: All replicated index: 0, Majority replicated index: 2, Committed index: 2, Last appended: 2.2, Last appended by leader: 2, Current term: 2, Majority size: -1, State: 0, Mode: NON_LEADER, active raft config: opid_index: -1 OBSOLETE_local: false peers { permanent_uuid: "da2c75de1f4442d7b8ccb3de6c3931a8" member_type: VOTER last_known_addr { host: "127.0.107.193" port: 39269 } } peers { permanent_uuid: "286129d4a0364c189d5457a924f2da28" member_type: VOTER last_known_addr { host: "127.0.107.194" port: 41965 } } peers { permanent_uuid: "e91f4bcd3d3242d8873394214d69ed57" member_type: VOTER last_known_addr { host: "127.0.107.195" port: 34825 } }
I20260709 14:44:54.404739   564 raft_consensus.cc:3060] T cccdaa7c076942218c8c92daa55b6dba P da2c75de1f4442d7b8ccb3de6c3931a8 [term 2 FOLLOWER]: Advancing to term 3
I20260709 14:44:54.408910   639 raft_consensus.cc:2468] T cccdaa7c076942218c8c92daa55b6dba P 286129d4a0364c189d5457a924f2da28 [term 3 FOLLOWER]: Leader election vote request: Granting yes vote for candidate e91f4bcd3d3242d8873394214d69ed57 in term 3.
I20260709 14:44:54.410102   679 leader_election.cc:304] T cccdaa7c076942218c8c92daa55b6dba P e91f4bcd3d3242d8873394214d69ed57 [CANDIDATE]: Term 3 election: Election decided. Result: candidate won. Election summary: received 2 responses out of 3 voters: 2 yes votes; 0 no votes. yes voters: 286129d4a0364c189d5457a924f2da28, e91f4bcd3d3242d8873394214d69ed57; no voters: 
I20260709 14:44:54.410742   766 raft_consensus.cc:2804] T cccdaa7c076942218c8c92daa55b6dba P e91f4bcd3d3242d8873394214d69ed57 [term 3 FOLLOWER]: Leader election won for term 3
I20260709 14:44:54.410912   564 raft_consensus.cc:2468] T cccdaa7c076942218c8c92daa55b6dba P da2c75de1f4442d7b8ccb3de6c3931a8 [term 3 FOLLOWER]: Leader election vote request: Granting yes vote for candidate e91f4bcd3d3242d8873394214d69ed57 in term 3.
I20260709 14:44:54.411242   766 raft_consensus.cc:697] T cccdaa7c076942218c8c92daa55b6dba P e91f4bcd3d3242d8873394214d69ed57 [term 3 LEADER]: Becoming Leader. State: Replica: e91f4bcd3d3242d8873394214d69ed57, State: Running, Role: LEADER
I20260709 14:44:54.412029   766 consensus_queue.cc:237] T cccdaa7c076942218c8c92daa55b6dba P e91f4bcd3d3242d8873394214d69ed57 [LEADER]: Queue going to LEADER mode. State: All replicated index: 0, Majority replicated index: 2, Committed index: 2, Last appended: 2.2, Last appended by leader: 2, Current term: 3, Majority size: 2, State: 0, Mode: LEADER, active raft config: opid_index: -1 OBSOLETE_local: false peers { permanent_uuid: "da2c75de1f4442d7b8ccb3de6c3931a8" member_type: VOTER last_known_addr { host: "127.0.107.193" port: 39269 } } peers { permanent_uuid: "286129d4a0364c189d5457a924f2da28" member_type: VOTER last_known_addr { host: "127.0.107.194" port: 41965 } } peers { permanent_uuid: "e91f4bcd3d3242d8873394214d69ed57" member_type: VOTER last_known_addr { host: "127.0.107.195" port: 34825 } }
I20260709 14:44:54.418525   462 catalog_manager.cc:5697] T cccdaa7c076942218c8c92daa55b6dba P e91f4bcd3d3242d8873394214d69ed57 reported cstate change: term changed from 2 to 3, leader changed from da2c75de1f4442d7b8ccb3de6c3931a8 (127.0.107.193) to e91f4bcd3d3242d8873394214d69ed57 (127.0.107.195). New cstate: current_term: 3 leader_uuid: "e91f4bcd3d3242d8873394214d69ed57" committed_config { opid_index: -1 OBSOLETE_local: false peers { permanent_uuid: "da2c75de1f4442d7b8ccb3de6c3931a8" member_type: VOTER last_known_addr { host: "127.0.107.193" port: 39269 } health_report { overall_health: UNKNOWN } } peers { permanent_uuid: "286129d4a0364c189d5457a924f2da28" member_type: VOTER last_known_addr { host: "127.0.107.194" port: 41965 } health_report { overall_health: UNKNOWN } } peers { permanent_uuid: "e91f4bcd3d3242d8873394214d69ed57" member_type: VOTER last_known_addr { host: "127.0.107.195" port: 34825 } health_report { overall_health: HEALTHY } } }
I20260709 14:44:54.682046   639 raft_consensus.cc:1275] T c85511a8a9224d65a8aef2abd47c0d38 P 286129d4a0364c189d5457a924f2da28 [term 2 FOLLOWER]: Refusing update from remote peer e91f4bcd3d3242d8873394214d69ed57: Log matching property violated. Preceding OpId in replica: term: 1 index: 1. Preceding OpId from leader: term: 2 index: 2. (index mismatch)
I20260709 14:44:54.683113   766 consensus_queue.cc:1048] T c85511a8a9224d65a8aef2abd47c0d38 P e91f4bcd3d3242d8873394214d69ed57 [LEADER]: Connected to new peer: Peer: permanent_uuid: "286129d4a0364c189d5457a924f2da28" member_type: VOTER last_known_addr { host: "127.0.107.194" port: 41965 }, Status: LMP_MISMATCH, Last received: 0.0, Next index: 2, Last known committed idx: 1, Time since last communication: 0.000s
I20260709 14:44:54.691027   564 raft_consensus.cc:1275] T c85511a8a9224d65a8aef2abd47c0d38 P da2c75de1f4442d7b8ccb3de6c3931a8 [term 2 FOLLOWER]: Refusing update from remote peer e91f4bcd3d3242d8873394214d69ed57: Log matching property violated. Preceding OpId in replica: term: 1 index: 1. Preceding OpId from leader: term: 2 index: 2. (index mismatch)
I20260709 14:44:54.692322   766 consensus_queue.cc:1048] T c85511a8a9224d65a8aef2abd47c0d38 P e91f4bcd3d3242d8873394214d69ed57 [LEADER]: Connected to new peer: Peer: permanent_uuid: "da2c75de1f4442d7b8ccb3de6c3931a8" member_type: VOTER last_known_addr { host: "127.0.107.193" port: 39269 }, Status: LMP_MISMATCH, Last received: 0.0, Next index: 2, Last known committed idx: 1, Time since last communication: 0.000s
I20260709 14:44:54.932267   639 raft_consensus.cc:1275] T cccdaa7c076942218c8c92daa55b6dba P 286129d4a0364c189d5457a924f2da28 [term 3 FOLLOWER]: Refusing update from remote peer e91f4bcd3d3242d8873394214d69ed57: Log matching property violated. Preceding OpId in replica: term: 2 index: 2. Preceding OpId from leader: term: 3 index: 3. (index mismatch)
I20260709 14:44:54.933369   766 consensus_queue.cc:1048] T cccdaa7c076942218c8c92daa55b6dba P e91f4bcd3d3242d8873394214d69ed57 [LEADER]: Connected to new peer: Peer: permanent_uuid: "286129d4a0364c189d5457a924f2da28" member_type: VOTER last_known_addr { host: "127.0.107.194" port: 41965 }, Status: LMP_MISMATCH, Last received: 0.0, Next index: 3, Last known committed idx: 2, Time since last communication: 0.000s
I20260709 14:44:54.940805   564 raft_consensus.cc:1275] T cccdaa7c076942218c8c92daa55b6dba P da2c75de1f4442d7b8ccb3de6c3931a8 [term 3 FOLLOWER]: Refusing update from remote peer e91f4bcd3d3242d8873394214d69ed57: Log matching property violated. Preceding OpId in replica: term: 2 index: 2. Preceding OpId from leader: term: 3 index: 3. (index mismatch)
I20260709 14:44:54.942375   766 consensus_queue.cc:1048] T cccdaa7c076942218c8c92daa55b6dba P e91f4bcd3d3242d8873394214d69ed57 [LEADER]: Connected to new peer: Peer: permanent_uuid: "da2c75de1f4442d7b8ccb3de6c3931a8" member_type: VOTER last_known_addr { host: "127.0.107.193" port: 39269 }, Status: LMP_MISMATCH, Last received: 0.0, Next index: 3, Last known committed idx: 2, Time since last communication: 0.000s
I20260709 14:44:55.039420   431 auto_leader_rebalancer.cc:141] leader rebalance for table test-workload
I20260709 14:44:55.048771   564 tablet_service.cc:2072] Received LeaderStepDown RPC: tablet_id: "02db2629e3b141ca835ace5103da34c8"
dest_uuid: "da2c75de1f4442d7b8ccb3de6c3931a8"
mode: GRACEFUL
new_leader_uuid: "286129d4a0364c189d5457a924f2da28"
 from {username='slave'} at 127.0.0.1:59740
I20260709 14:44:55.049263   564 raft_consensus.cc:606] T 02db2629e3b141ca835ace5103da34c8 P da2c75de1f4442d7b8ccb3de6c3931a8 [term 2 LEADER]: Received request to transfer leadership to TS 286129d4a0364c189d5457a924f2da28
I20260709 14:44:55.053588   564 tablet_service.cc:2072] Received LeaderStepDown RPC: tablet_id: "e8e127b426b941e0aeb91d23504d83ed"
dest_uuid: "da2c75de1f4442d7b8ccb3de6c3931a8"
mode: GRACEFUL
new_leader_uuid: "286129d4a0364c189d5457a924f2da28"
 from {username='slave'} at 127.0.0.1:59740
I20260709 14:44:55.054085   564 raft_consensus.cc:606] T e8e127b426b941e0aeb91d23504d83ed P da2c75de1f4442d7b8ccb3de6c3931a8 [term 1 LEADER]: Received request to transfer leadership to TS 286129d4a0364c189d5457a924f2da28
I20260709 14:44:55.058264   713 tablet_service.cc:2072] Received LeaderStepDown RPC: tablet_id: "cccdaa7c076942218c8c92daa55b6dba"
dest_uuid: "e91f4bcd3d3242d8873394214d69ed57"
mode: GRACEFUL
new_leader_uuid: "286129d4a0364c189d5457a924f2da28"
 from {username='slave'} at 127.0.0.1:36756
I20260709 14:44:55.058682   713 raft_consensus.cc:606] T cccdaa7c076942218c8c92daa55b6dba P e91f4bcd3d3242d8873394214d69ed57 [term 3 LEADER]: Received request to transfer leadership to TS 286129d4a0364c189d5457a924f2da28
I20260709 14:44:55.062911   564 tablet_service.cc:2072] Received LeaderStepDown RPC: tablet_id: "eca13b20bc4f408792ec47cc39bc6e56"
dest_uuid: "da2c75de1f4442d7b8ccb3de6c3931a8"
mode: GRACEFUL
new_leader_uuid: "286129d4a0364c189d5457a924f2da28"
 from {username='slave'} at 127.0.0.1:59740
I20260709 14:44:55.063380   564 raft_consensus.cc:606] T eca13b20bc4f408792ec47cc39bc6e56 P da2c75de1f4442d7b8ccb3de6c3931a8 [term 2 LEADER]: Received request to transfer leadership to TS 286129d4a0364c189d5457a924f2da28
I20260709 14:44:55.063751   864 raft_consensus.cc:993] T 02db2629e3b141ca835ace5103da34c8 P da2c75de1f4442d7b8ccb3de6c3931a8: : Instructing follower 286129d4a0364c189d5457a924f2da28 to start an election
I20260709 14:44:55.064128   844 raft_consensus.cc:1081] T 02db2629e3b141ca835ace5103da34c8 P da2c75de1f4442d7b8ccb3de6c3931a8 [term 2 LEADER]: Signalling peer 286129d4a0364c189d5457a924f2da28 to start an election
I20260709 14:44:55.065527   639 tablet_service.cc:2044] Received Run Leader Election RPC: tablet_id: "02db2629e3b141ca835ace5103da34c8"
dest_uuid: "286129d4a0364c189d5457a924f2da28"
 from {username='slave'} at 127.0.0.1:54566
I20260709 14:44:55.065955   639 raft_consensus.cc:493] T 02db2629e3b141ca835ace5103da34c8 P 286129d4a0364c189d5457a924f2da28 [term 2 FOLLOWER]: Starting forced leader election (received explicit request)
I20260709 14:44:55.066252   639 raft_consensus.cc:3060] T 02db2629e3b141ca835ace5103da34c8 P 286129d4a0364c189d5457a924f2da28 [term 2 FOLLOWER]: Advancing to term 3
I20260709 14:44:55.071434   639 raft_consensus.cc:515] T 02db2629e3b141ca835ace5103da34c8 P 286129d4a0364c189d5457a924f2da28 [term 3 FOLLOWER]: Starting forced leader election with config: opid_index: -1 OBSOLETE_local: false peers { permanent_uuid: "da2c75de1f4442d7b8ccb3de6c3931a8" member_type: VOTER last_known_addr { host: "127.0.107.193" port: 39269 } } peers { permanent_uuid: "286129d4a0364c189d5457a924f2da28" member_type: VOTER last_known_addr { host: "127.0.107.194" port: 41965 } } peers { permanent_uuid: "e91f4bcd3d3242d8873394214d69ed57" member_type: VOTER last_known_addr { host: "127.0.107.195" port: 34825 } }
I20260709 14:44:55.074040   713 tablet_service.cc:2072] Received LeaderStepDown RPC: tablet_id: "c85511a8a9224d65a8aef2abd47c0d38"
dest_uuid: "e91f4bcd3d3242d8873394214d69ed57"
mode: GRACEFUL
new_leader_uuid: "286129d4a0364c189d5457a924f2da28"
 from {username='slave'} at 127.0.0.1:36756
I20260709 14:44:55.074422   564 tablet_service.cc:1917] Received RequestConsensusVote() RPC: tablet_id: "02db2629e3b141ca835ace5103da34c8" candidate_uuid: "286129d4a0364c189d5457a924f2da28" candidate_term: 3 candidate_status { last_received { term: 2 index: 2 } } ignore_live_leader: true dest_uuid: "da2c75de1f4442d7b8ccb3de6c3931a8"
I20260709 14:44:55.074527   713 raft_consensus.cc:606] T c85511a8a9224d65a8aef2abd47c0d38 P e91f4bcd3d3242d8873394214d69ed57 [term 2 LEADER]: Received request to transfer leadership to TS 286129d4a0364c189d5457a924f2da28
I20260709 14:44:55.074970   564 raft_consensus.cc:3055] T 02db2629e3b141ca835ace5103da34c8 P da2c75de1f4442d7b8ccb3de6c3931a8 [term 2 LEADER]: Stepping down as leader of term 2
I20260709 14:44:55.075306   564 raft_consensus.cc:740] T 02db2629e3b141ca835ace5103da34c8 P da2c75de1f4442d7b8ccb3de6c3931a8 [term 2 LEADER]: Becoming Follower/Learner. State: Replica: da2c75de1f4442d7b8ccb3de6c3931a8, State: Running, Role: LEADER
I20260709 14:44:55.074993   714 tablet_service.cc:1917] Received RequestConsensusVote() RPC: tablet_id: "02db2629e3b141ca835ace5103da34c8" candidate_uuid: "286129d4a0364c189d5457a924f2da28" candidate_term: 3 candidate_status { last_received { term: 2 index: 2 } } ignore_live_leader: true dest_uuid: "e91f4bcd3d3242d8873394214d69ed57"
I20260709 14:44:55.076419   714 raft_consensus.cc:3060] T 02db2629e3b141ca835ace5103da34c8 P e91f4bcd3d3242d8873394214d69ed57 [term 2 FOLLOWER]: Advancing to term 3
I20260709 14:44:55.076066   564 consensus_queue.cc:260] T 02db2629e3b141ca835ace5103da34c8 P da2c75de1f4442d7b8ccb3de6c3931a8 [NON_LEADER]: Queue going to NON_LEADER mode. State: All replicated index: 0, Majority replicated index: 2, Committed index: 2, Last appended: 2.2, Last appended by leader: 2, Current term: 2, Majority size: -1, State: 0, Mode: NON_LEADER, active raft config: opid_index: -1 OBSOLETE_local: false peers { permanent_uuid: "da2c75de1f4442d7b8ccb3de6c3931a8" member_type: VOTER last_known_addr { host: "127.0.107.193" port: 39269 } } peers { permanent_uuid: "286129d4a0364c189d5457a924f2da28" member_type: VOTER last_known_addr { host: "127.0.107.194" port: 41965 } } peers { permanent_uuid: "e91f4bcd3d3242d8873394214d69ed57" member_type: VOTER last_known_addr { host: "127.0.107.195" port: 34825 } }
I20260709 14:44:55.077098   564 raft_consensus.cc:3060] T 02db2629e3b141ca835ace5103da34c8 P da2c75de1f4442d7b8ccb3de6c3931a8 [term 2 FOLLOWER]: Advancing to term 3
I20260709 14:44:55.083647   714 raft_consensus.cc:2468] T 02db2629e3b141ca835ace5103da34c8 P e91f4bcd3d3242d8873394214d69ed57 [term 3 FOLLOWER]: Leader election vote request: Granting yes vote for candidate 286129d4a0364c189d5457a924f2da28 in term 3.
I20260709 14:44:55.084257   564 raft_consensus.cc:2468] T 02db2629e3b141ca835ace5103da34c8 P da2c75de1f4442d7b8ccb3de6c3931a8 [term 3 FOLLOWER]: Leader election vote request: Granting yes vote for candidate 286129d4a0364c189d5457a924f2da28 in term 3.
I20260709 14:44:55.074007   639 leader_election.cc:290] T 02db2629e3b141ca835ace5103da34c8 P 286129d4a0364c189d5457a924f2da28 [CANDIDATE]: Term 3 election: Requested vote from peers da2c75de1f4442d7b8ccb3de6c3931a8 (127.0.107.193:39269), e91f4bcd3d3242d8873394214d69ed57 (127.0.107.195:34825)
I20260709 14:44:55.084930   605 leader_election.cc:304] T 02db2629e3b141ca835ace5103da34c8 P 286129d4a0364c189d5457a924f2da28 [CANDIDATE]: Term 3 election: Election decided. Result: candidate won. Election summary: received 2 responses out of 3 voters: 2 yes votes; 0 no votes. yes voters: 286129d4a0364c189d5457a924f2da28, e91f4bcd3d3242d8873394214d69ed57; no voters: 
I20260709 14:44:55.085976   856 raft_consensus.cc:2804] T 02db2629e3b141ca835ace5103da34c8 P 286129d4a0364c189d5457a924f2da28 [term 3 FOLLOWER]: Leader election won for term 3
I20260709 14:44:55.086517   864 raft_consensus.cc:993] T eca13b20bc4f408792ec47cc39bc6e56 P da2c75de1f4442d7b8ccb3de6c3931a8: : Instructing follower 286129d4a0364c189d5457a924f2da28 to start an election
I20260709 14:44:55.087047   844 raft_consensus.cc:1081] T eca13b20bc4f408792ec47cc39bc6e56 P da2c75de1f4442d7b8ccb3de6c3931a8 [term 2 LEADER]: Signalling peer 286129d4a0364c189d5457a924f2da28 to start an election
I20260709 14:44:55.087636   856 raft_consensus.cc:697] T 02db2629e3b141ca835ace5103da34c8 P 286129d4a0364c189d5457a924f2da28 [term 3 LEADER]: Becoming Leader. State: Replica: 286129d4a0364c189d5457a924f2da28, State: Running, Role: LEADER
I20260709 14:44:55.088375   639 tablet_service.cc:2044] Received Run Leader Election RPC: tablet_id: "eca13b20bc4f408792ec47cc39bc6e56"
dest_uuid: "286129d4a0364c189d5457a924f2da28"
 from {username='slave'} at 127.0.0.1:54566
I20260709 14:44:55.088485   856 consensus_queue.cc:237] T 02db2629e3b141ca835ace5103da34c8 P 286129d4a0364c189d5457a924f2da28 [LEADER]: Queue going to LEADER mode. State: All replicated index: 0, Majority replicated index: 2, Committed index: 2, Last appended: 2.2, Last appended by leader: 2, Current term: 3, Majority size: 2, State: 0, Mode: LEADER, active raft config: opid_index: -1 OBSOLETE_local: false peers { permanent_uuid: "da2c75de1f4442d7b8ccb3de6c3931a8" member_type: VOTER last_known_addr { host: "127.0.107.193" port: 39269 } } peers { permanent_uuid: "286129d4a0364c189d5457a924f2da28" member_type: VOTER last_known_addr { host: "127.0.107.194" port: 41965 } } peers { permanent_uuid: "e91f4bcd3d3242d8873394214d69ed57" member_type: VOTER last_known_addr { host: "127.0.107.195" port: 34825 } }
I20260709 14:44:55.088958   639 raft_consensus.cc:493] T eca13b20bc4f408792ec47cc39bc6e56 P 286129d4a0364c189d5457a924f2da28 [term 2 FOLLOWER]: Starting forced leader election (received explicit request)
I20260709 14:44:55.089329   639 raft_consensus.cc:3060] T eca13b20bc4f408792ec47cc39bc6e56 P 286129d4a0364c189d5457a924f2da28 [term 2 FOLLOWER]: Advancing to term 3
I20260709 14:44:55.094993   639 raft_consensus.cc:515] T eca13b20bc4f408792ec47cc39bc6e56 P 286129d4a0364c189d5457a924f2da28 [term 3 FOLLOWER]: Starting forced leader election with config: opid_index: -1 OBSOLETE_local: false peers { permanent_uuid: "da2c75de1f4442d7b8ccb3de6c3931a8" member_type: VOTER last_known_addr { host: "127.0.107.193" port: 39269 } } peers { permanent_uuid: "286129d4a0364c189d5457a924f2da28" member_type: VOTER last_known_addr { host: "127.0.107.194" port: 41965 } } peers { permanent_uuid: "e91f4bcd3d3242d8873394214d69ed57" member_type: VOTER last_known_addr { host: "127.0.107.195" port: 34825 } }
I20260709 14:44:55.096815   639 leader_election.cc:290] T eca13b20bc4f408792ec47cc39bc6e56 P 286129d4a0364c189d5457a924f2da28 [CANDIDATE]: Term 3 election: Requested vote from peers da2c75de1f4442d7b8ccb3de6c3931a8 (127.0.107.193:39269), e91f4bcd3d3242d8873394214d69ed57 (127.0.107.195:34825)
I20260709 14:44:55.097419   564 tablet_service.cc:1917] Received RequestConsensusVote() RPC: tablet_id: "eca13b20bc4f408792ec47cc39bc6e56" candidate_uuid: "286129d4a0364c189d5457a924f2da28" candidate_term: 3 candidate_status { last_received { term: 2 index: 2 } } ignore_live_leader: true dest_uuid: "da2c75de1f4442d7b8ccb3de6c3931a8"
I20260709 14:44:55.097921   564 raft_consensus.cc:3055] T eca13b20bc4f408792ec47cc39bc6e56 P da2c75de1f4442d7b8ccb3de6c3931a8 [term 2 LEADER]: Stepping down as leader of term 2
I20260709 14:44:55.097312   462 catalog_manager.cc:5697] T 02db2629e3b141ca835ace5103da34c8 P 286129d4a0364c189d5457a924f2da28 reported cstate change: term changed from 2 to 3, leader changed from da2c75de1f4442d7b8ccb3de6c3931a8 (127.0.107.193) to 286129d4a0364c189d5457a924f2da28 (127.0.107.194). New cstate: current_term: 3 leader_uuid: "286129d4a0364c189d5457a924f2da28" committed_config { opid_index: -1 OBSOLETE_local: false peers { permanent_uuid: "da2c75de1f4442d7b8ccb3de6c3931a8" member_type: VOTER last_known_addr { host: "127.0.107.193" port: 39269 } health_report { overall_health: UNKNOWN } } peers { permanent_uuid: "286129d4a0364c189d5457a924f2da28" member_type: VOTER last_known_addr { host: "127.0.107.194" port: 41965 } health_report { overall_health: HEALTHY } } peers { permanent_uuid: "e91f4bcd3d3242d8873394214d69ed57" member_type: VOTER last_known_addr { host: "127.0.107.195" port: 34825 } health_report { overall_health: UNKNOWN } } }
I20260709 14:44:55.098119   714 tablet_service.cc:1917] Received RequestConsensusVote() RPC: tablet_id: "eca13b20bc4f408792ec47cc39bc6e56" candidate_uuid: "286129d4a0364c189d5457a924f2da28" candidate_term: 3 candidate_status { last_received { term: 2 index: 2 } } ignore_live_leader: true dest_uuid: "e91f4bcd3d3242d8873394214d69ed57"
I20260709 14:44:55.098296   564 raft_consensus.cc:740] T eca13b20bc4f408792ec47cc39bc6e56 P da2c75de1f4442d7b8ccb3de6c3931a8 [term 2 LEADER]: Becoming Follower/Learner. State: Replica: da2c75de1f4442d7b8ccb3de6c3931a8, State: Running, Role: LEADER
I20260709 14:44:55.098731   714 raft_consensus.cc:3060] T eca13b20bc4f408792ec47cc39bc6e56 P e91f4bcd3d3242d8873394214d69ed57 [term 2 FOLLOWER]: Advancing to term 3
I20260709 14:44:55.099094   564 consensus_queue.cc:260] T eca13b20bc4f408792ec47cc39bc6e56 P da2c75de1f4442d7b8ccb3de6c3931a8 [NON_LEADER]: Queue going to NON_LEADER mode. State: All replicated index: 0, Majority replicated index: 2, Committed index: 2, Last appended: 2.2, Last appended by leader: 2, Current term: 2, Majority size: -1, State: 0, Mode: NON_LEADER, active raft config: opid_index: -1 OBSOLETE_local: false peers { permanent_uuid: "da2c75de1f4442d7b8ccb3de6c3931a8" member_type: VOTER last_known_addr { host: "127.0.107.193" port: 39269 } } peers { permanent_uuid: "286129d4a0364c189d5457a924f2da28" member_type: VOTER last_known_addr { host: "127.0.107.194" port: 41965 } } peers { permanent_uuid: "e91f4bcd3d3242d8873394214d69ed57" member_type: VOTER last_known_addr { host: "127.0.107.195" port: 34825 } }
I20260709 14:44:55.100265   564 raft_consensus.cc:3060] T eca13b20bc4f408792ec47cc39bc6e56 P da2c75de1f4442d7b8ccb3de6c3931a8 [term 2 FOLLOWER]: Advancing to term 3
I20260709 14:44:55.103797   714 raft_consensus.cc:2468] T eca13b20bc4f408792ec47cc39bc6e56 P e91f4bcd3d3242d8873394214d69ed57 [term 3 FOLLOWER]: Leader election vote request: Granting yes vote for candidate 286129d4a0364c189d5457a924f2da28 in term 3.
I20260709 14:44:55.104647   605 leader_election.cc:304] T eca13b20bc4f408792ec47cc39bc6e56 P 286129d4a0364c189d5457a924f2da28 [CANDIDATE]: Term 3 election: Election decided. Result: candidate won. Election summary: received 2 responses out of 3 voters: 2 yes votes; 0 no votes. yes voters: 286129d4a0364c189d5457a924f2da28, e91f4bcd3d3242d8873394214d69ed57; no voters: 
I20260709 14:44:55.104607   564 raft_consensus.cc:2468] T eca13b20bc4f408792ec47cc39bc6e56 P da2c75de1f4442d7b8ccb3de6c3931a8 [term 3 FOLLOWER]: Leader election vote request: Granting yes vote for candidate 286129d4a0364c189d5457a924f2da28 in term 3.
I20260709 14:44:55.105618   856 raft_consensus.cc:2804] T eca13b20bc4f408792ec47cc39bc6e56 P 286129d4a0364c189d5457a924f2da28 [term 3 FOLLOWER]: Leader election won for term 3
I20260709 14:44:55.106081   856 raft_consensus.cc:697] T eca13b20bc4f408792ec47cc39bc6e56 P 286129d4a0364c189d5457a924f2da28 [term 3 LEADER]: Becoming Leader. State: Replica: 286129d4a0364c189d5457a924f2da28, State: Running, Role: LEADER
I20260709 14:44:55.106873   856 consensus_queue.cc:237] T eca13b20bc4f408792ec47cc39bc6e56 P 286129d4a0364c189d5457a924f2da28 [LEADER]: Queue going to LEADER mode. State: All replicated index: 0, Majority replicated index: 2, Committed index: 2, Last appended: 2.2, Last appended by leader: 2, Current term: 3, Majority size: 2, State: 0, Mode: LEADER, active raft config: opid_index: -1 OBSOLETE_local: false peers { permanent_uuid: "da2c75de1f4442d7b8ccb3de6c3931a8" member_type: VOTER last_known_addr { host: "127.0.107.193" port: 39269 } } peers { permanent_uuid: "286129d4a0364c189d5457a924f2da28" member_type: VOTER last_known_addr { host: "127.0.107.194" port: 41965 } } peers { permanent_uuid: "e91f4bcd3d3242d8873394214d69ed57" member_type: VOTER last_known_addr { host: "127.0.107.195" port: 34825 } }
I20260709 14:44:55.112427   462 catalog_manager.cc:5697] T eca13b20bc4f408792ec47cc39bc6e56 P 286129d4a0364c189d5457a924f2da28 reported cstate change: term changed from 2 to 3, leader changed from da2c75de1f4442d7b8ccb3de6c3931a8 (127.0.107.193) to 286129d4a0364c189d5457a924f2da28 (127.0.107.194). New cstate: current_term: 3 leader_uuid: "286129d4a0364c189d5457a924f2da28" committed_config { opid_index: -1 OBSOLETE_local: false peers { permanent_uuid: "da2c75de1f4442d7b8ccb3de6c3931a8" member_type: VOTER last_known_addr { host: "127.0.107.193" port: 39269 } health_report { overall_health: UNKNOWN } } peers { permanent_uuid: "286129d4a0364c189d5457a924f2da28" member_type: VOTER last_known_addr { host: "127.0.107.194" port: 41965 } health_report { overall_health: HEALTHY } } peers { permanent_uuid: "e91f4bcd3d3242d8873394214d69ed57" member_type: VOTER last_known_addr { host: "127.0.107.195" port: 34825 } health_report { overall_health: UNKNOWN } } }
I20260709 14:44:55.281773   858 raft_consensus.cc:993] T c85511a8a9224d65a8aef2abd47c0d38 P e91f4bcd3d3242d8873394214d69ed57: : Instructing follower 286129d4a0364c189d5457a924f2da28 to start an election
I20260709 14:44:55.282161   766 raft_consensus.cc:1081] T c85511a8a9224d65a8aef2abd47c0d38 P e91f4bcd3d3242d8873394214d69ed57 [term 2 LEADER]: Signalling peer 286129d4a0364c189d5457a924f2da28 to start an election
I20260709 14:44:55.283524   639 tablet_service.cc:2044] Received Run Leader Election RPC: tablet_id: "c85511a8a9224d65a8aef2abd47c0d38"
dest_uuid: "286129d4a0364c189d5457a924f2da28"
 from {username='slave'} at 127.0.0.1:54564
I20260709 14:44:55.283955   639 raft_consensus.cc:493] T c85511a8a9224d65a8aef2abd47c0d38 P 286129d4a0364c189d5457a924f2da28 [term 2 FOLLOWER]: Starting forced leader election (received explicit request)
I20260709 14:44:55.284217   639 raft_consensus.cc:3060] T c85511a8a9224d65a8aef2abd47c0d38 P 286129d4a0364c189d5457a924f2da28 [term 2 FOLLOWER]: Advancing to term 3
I20260709 14:44:55.288292   639 raft_consensus.cc:515] T c85511a8a9224d65a8aef2abd47c0d38 P 286129d4a0364c189d5457a924f2da28 [term 3 FOLLOWER]: Starting forced leader election with config: opid_index: -1 OBSOLETE_local: false peers { permanent_uuid: "da2c75de1f4442d7b8ccb3de6c3931a8" member_type: VOTER last_known_addr { host: "127.0.107.193" port: 39269 } } peers { permanent_uuid: "286129d4a0364c189d5457a924f2da28" member_type: VOTER last_known_addr { host: "127.0.107.194" port: 41965 } } peers { permanent_uuid: "e91f4bcd3d3242d8873394214d69ed57" member_type: VOTER last_known_addr { host: "127.0.107.195" port: 34825 } }
I20260709 14:44:55.289696   639 leader_election.cc:290] T c85511a8a9224d65a8aef2abd47c0d38 P 286129d4a0364c189d5457a924f2da28 [CANDIDATE]: Term 3 election: Requested vote from peers da2c75de1f4442d7b8ccb3de6c3931a8 (127.0.107.193:39269), e91f4bcd3d3242d8873394214d69ed57 (127.0.107.195:34825)
I20260709 14:44:55.290375   564 tablet_service.cc:1917] Received RequestConsensusVote() RPC: tablet_id: "c85511a8a9224d65a8aef2abd47c0d38" candidate_uuid: "286129d4a0364c189d5457a924f2da28" candidate_term: 3 candidate_status { last_received { term: 2 index: 2 } } ignore_live_leader: true dest_uuid: "da2c75de1f4442d7b8ccb3de6c3931a8"
I20260709 14:44:55.290865   564 raft_consensus.cc:3060] T c85511a8a9224d65a8aef2abd47c0d38 P da2c75de1f4442d7b8ccb3de6c3931a8 [term 2 FOLLOWER]: Advancing to term 3
I20260709 14:44:55.291191   714 tablet_service.cc:1917] Received RequestConsensusVote() RPC: tablet_id: "c85511a8a9224d65a8aef2abd47c0d38" candidate_uuid: "286129d4a0364c189d5457a924f2da28" candidate_term: 3 candidate_status { last_received { term: 2 index: 2 } } ignore_live_leader: true dest_uuid: "e91f4bcd3d3242d8873394214d69ed57"
I20260709 14:44:55.291591   714 raft_consensus.cc:3055] T c85511a8a9224d65a8aef2abd47c0d38 P e91f4bcd3d3242d8873394214d69ed57 [term 2 LEADER]: Stepping down as leader of term 2
I20260709 14:44:55.291807   714 raft_consensus.cc:740] T c85511a8a9224d65a8aef2abd47c0d38 P e91f4bcd3d3242d8873394214d69ed57 [term 2 LEADER]: Becoming Follower/Learner. State: Replica: e91f4bcd3d3242d8873394214d69ed57, State: Running, Role: LEADER
I20260709 14:44:55.292436   714 consensus_queue.cc:260] T c85511a8a9224d65a8aef2abd47c0d38 P e91f4bcd3d3242d8873394214d69ed57 [NON_LEADER]: Queue going to NON_LEADER mode. State: All replicated index: 0, Majority replicated index: 2, Committed index: 2, Last appended: 2.2, Last appended by leader: 2, Current term: 2, Majority size: -1, State: 0, Mode: NON_LEADER, active raft config: opid_index: -1 OBSOLETE_local: false peers { permanent_uuid: "da2c75de1f4442d7b8ccb3de6c3931a8" member_type: VOTER last_known_addr { host: "127.0.107.193" port: 39269 } } peers { permanent_uuid: "286129d4a0364c189d5457a924f2da28" member_type: VOTER last_known_addr { host: "127.0.107.194" port: 41965 } } peers { permanent_uuid: "e91f4bcd3d3242d8873394214d69ed57" member_type: VOTER last_known_addr { host: "127.0.107.195" port: 34825 } }
I20260709 14:44:55.293255   714 raft_consensus.cc:3060] T c85511a8a9224d65a8aef2abd47c0d38 P e91f4bcd3d3242d8873394214d69ed57 [term 2 FOLLOWER]: Advancing to term 3
I20260709 14:44:55.294462   564 raft_consensus.cc:2468] T c85511a8a9224d65a8aef2abd47c0d38 P da2c75de1f4442d7b8ccb3de6c3931a8 [term 3 FOLLOWER]: Leader election vote request: Granting yes vote for candidate 286129d4a0364c189d5457a924f2da28 in term 3.
I20260709 14:44:55.295266   606 leader_election.cc:304] T c85511a8a9224d65a8aef2abd47c0d38 P 286129d4a0364c189d5457a924f2da28 [CANDIDATE]: Term 3 election: Election decided. Result: candidate won. Election summary: received 2 responses out of 3 voters: 2 yes votes; 0 no votes. yes voters: 286129d4a0364c189d5457a924f2da28, da2c75de1f4442d7b8ccb3de6c3931a8; no voters: 
I20260709 14:44:55.295841   856 raft_consensus.cc:2804] T c85511a8a9224d65a8aef2abd47c0d38 P 286129d4a0364c189d5457a924f2da28 [term 3 FOLLOWER]: Leader election won for term 3
I20260709 14:44:55.296296   856 raft_consensus.cc:697] T c85511a8a9224d65a8aef2abd47c0d38 P 286129d4a0364c189d5457a924f2da28 [term 3 LEADER]: Becoming Leader. State: Replica: 286129d4a0364c189d5457a924f2da28, State: Running, Role: LEADER
I20260709 14:44:55.297055   856 consensus_queue.cc:237] T c85511a8a9224d65a8aef2abd47c0d38 P 286129d4a0364c189d5457a924f2da28 [LEADER]: Queue going to LEADER mode. State: All replicated index: 0, Majority replicated index: 2, Committed index: 2, Last appended: 2.2, Last appended by leader: 2, Current term: 3, Majority size: 2, State: 0, Mode: LEADER, active raft config: opid_index: -1 OBSOLETE_local: false peers { permanent_uuid: "da2c75de1f4442d7b8ccb3de6c3931a8" member_type: VOTER last_known_addr { host: "127.0.107.193" port: 39269 } } peers { permanent_uuid: "286129d4a0364c189d5457a924f2da28" member_type: VOTER last_known_addr { host: "127.0.107.194" port: 41965 } } peers { permanent_uuid: "e91f4bcd3d3242d8873394214d69ed57" member_type: VOTER last_known_addr { host: "127.0.107.195" port: 34825 } }
I20260709 14:44:55.298923   714 raft_consensus.cc:2468] T c85511a8a9224d65a8aef2abd47c0d38 P e91f4bcd3d3242d8873394214d69ed57 [term 3 FOLLOWER]: Leader election vote request: Granting yes vote for candidate 286129d4a0364c189d5457a924f2da28 in term 3.
I20260709 14:44:55.302460   462 catalog_manager.cc:5697] T c85511a8a9224d65a8aef2abd47c0d38 P 286129d4a0364c189d5457a924f2da28 reported cstate change: term changed from 2 to 3, leader changed from e91f4bcd3d3242d8873394214d69ed57 (127.0.107.195) to 286129d4a0364c189d5457a924f2da28 (127.0.107.194). New cstate: current_term: 3 leader_uuid: "286129d4a0364c189d5457a924f2da28" committed_config { opid_index: -1 OBSOLETE_local: false peers { permanent_uuid: "da2c75de1f4442d7b8ccb3de6c3931a8" member_type: VOTER last_known_addr { host: "127.0.107.193" port: 39269 } health_report { overall_health: UNKNOWN } } peers { permanent_uuid: "286129d4a0364c189d5457a924f2da28" member_type: VOTER last_known_addr { host: "127.0.107.194" port: 41965 } health_report { overall_health: HEALTHY } } peers { permanent_uuid: "e91f4bcd3d3242d8873394214d69ed57" member_type: VOTER last_known_addr { host: "127.0.107.195" port: 34825 } health_report { overall_health: UNKNOWN } } }
I20260709 14:44:55.422582   864 raft_consensus.cc:993] T e8e127b426b941e0aeb91d23504d83ed P da2c75de1f4442d7b8ccb3de6c3931a8: : Instructing follower 286129d4a0364c189d5457a924f2da28 to start an election
I20260709 14:44:55.422992   844 raft_consensus.cc:1081] T e8e127b426b941e0aeb91d23504d83ed P da2c75de1f4442d7b8ccb3de6c3931a8 [term 1 LEADER]: Signalling peer 286129d4a0364c189d5457a924f2da28 to start an election
