I20260709 14:50:37.892122 13482 tablet_service.cc:1917] Received RequestConsensusVote() RPC: tablet_id: "4f27995b4bdc4c9aaac20c9ffa6a3809" candidate_uuid: "7a573ee1fe6744e6b98f4edd7b463128" candidate_term: 1 candidate_status { last_received { term: 0 index: 0 } } ignore_live_leader: false dest_uuid: "3449371e5b494e249a09ab1ae4a68881"
W20260709 14:50:37.893601 13521 leader_election.cc:343] T 4f27995b4bdc4c9aaac20c9ffa6a3809 P 7a573ee1fe6744e6b98f4edd7b463128 [CANDIDATE]: Term 1 election: Tablet error from VoteRequest() call to peer 3449371e5b494e249a09ab1ae4a68881 (127.12.142.65:46625): Illegal state: must be running to vote when last-logged opid is not known
I20260709 14:50:37.894223 13687 leader_election.cc:290] T 46651aeda6c34f73bd7a38c068a8efa9 P 7a573ee1fe6744e6b98f4edd7b463128 [CANDIDATE]: Term 1 election: Requested vote from peers 3449371e5b494e249a09ab1ae4a68881 (127.12.142.65:46625), 6f1b29919297411d8f4efa65232689d8 (127.12.142.67:38385)
I20260709 14:50:37.897598 13483 raft_consensus.cc:2468] T 46651aeda6c34f73bd7a38c068a8efa9 P 3449371e5b494e249a09ab1ae4a68881 [term 1 FOLLOWER]: Leader election vote request: Granting yes vote for candidate 7a573ee1fe6744e6b98f4edd7b463128 in term 1.
I20260709 14:50:37.900451 13713 raft_consensus.cc:697] T 46651aeda6c34f73bd7a38c068a8efa9 P 7a573ee1fe6744e6b98f4edd7b463128 [term 1 LEADER]: Becoming Leader. State: Replica: 7a573ee1fe6744e6b98f4edd7b463128, State: Running, Role: LEADER
I20260709 14:50:37.901531 13713 consensus_queue.cc:237] T 46651aeda6c34f73bd7a38c068a8efa9 P 7a573ee1fe6744e6b98f4edd7b463128 [LEADER]: Queue going to LEADER mode. State: All replicated index: 0, Majority replicated index: 0, Committed index: 0, Last appended: 0.0, Last appended by leader: 0, Current term: 1, Majority size: 2, State: 0, Mode: LEADER, active raft config: opid_index: -1 OBSOLETE_local: false peers { permanent_uuid: "3449371e5b494e249a09ab1ae4a68881" member_type: VOTER last_known_addr { host: "127.12.142.65" port: 46625 } } peers { permanent_uuid: "7a573ee1fe6744e6b98f4edd7b463128" member_type: VOTER last_known_addr { host: "127.12.142.66" port: 36717 } } peers { permanent_uuid: "6f1b29919297411d8f4efa65232689d8" member_type: VOTER last_known_addr { host: "127.12.142.67" port: 38385 } }
I20260709 14:50:37.902872 13632 tablet_service.cc:1917] Received RequestConsensusVote() RPC: tablet_id: "4f27995b4bdc4c9aaac20c9ffa6a3809" candidate_uuid: "7a573ee1fe6744e6b98f4edd7b463128" candidate_term: 1 candidate_status { last_received { term: 0 index: 0 } } ignore_live_leader: false dest_uuid: "6f1b29919297411d8f4efa65232689d8"
I20260709 14:50:37.903437 13632 raft_consensus.cc:3060] T 4f27995b4bdc4c9aaac20c9ffa6a3809 P 6f1b29919297411d8f4efa65232689d8 [term 0 FOLLOWER]: Advancing to term 1
I20260709 14:50:37.910157 13703 leader_election.cc:290] T 4f27995b4bdc4c9aaac20c9ffa6a3809 P 7a573ee1fe6744e6b98f4edd7b463128 [CANDIDATE]: Term 1 election: Requested vote from peers 3449371e5b494e249a09ab1ae4a68881 (127.12.142.65:46625), 6f1b29919297411d8f4efa65232689d8 (127.12.142.67:38385)
I20260709 14:50:37.912179 13380 catalog_manager.cc:5697] T d7b890cbb75f4a9bb2dfe0f33587b410 P 7a573ee1fe6744e6b98f4edd7b463128 reported cstate change: term changed from 0 to 1, leader changed from <none> to 7a573ee1fe6744e6b98f4edd7b463128 (127.12.142.66). New cstate: current_term: 1 leader_uuid: "7a573ee1fe6744e6b98f4edd7b463128" committed_config { opid_index: -1 OBSOLETE_local: false peers { permanent_uuid: "3449371e5b494e249a09ab1ae4a68881" member_type: VOTER last_known_addr { host: "127.12.142.65" port: 46625 } health_report { overall_health: UNKNOWN } } peers { permanent_uuid: "7a573ee1fe6744e6b98f4edd7b463128" member_type: VOTER last_known_addr { host: "127.12.142.66" port: 36717 } health_report { overall_health: HEALTHY } } peers { permanent_uuid: "6f1b29919297411d8f4efa65232689d8" member_type: VOTER last_known_addr { host: "127.12.142.67" port: 38385 } health_report { overall_health: UNKNOWN } } }
I20260709 14:50:37.921741 13632 raft_consensus.cc:2468] T 4f27995b4bdc4c9aaac20c9ffa6a3809 P 6f1b29919297411d8f4efa65232689d8 [term 1 FOLLOWER]: Leader election vote request: Granting yes vote for candidate 7a573ee1fe6744e6b98f4edd7b463128 in term 1.
I20260709 14:50:37.922961 13524 leader_election.cc:304] T 4f27995b4bdc4c9aaac20c9ffa6a3809 P 7a573ee1fe6744e6b98f4edd7b463128 [CANDIDATE]: Term 1 election: Election decided. Result: candidate won. Election summary: received 3 responses out of 3 voters: 2 yes votes; 1 no votes. yes voters: 6f1b29919297411d8f4efa65232689d8, 7a573ee1fe6744e6b98f4edd7b463128; no voters: 3449371e5b494e249a09ab1ae4a68881
I20260709 14:50:37.924860 13682 raft_consensus.cc:493] T a37aef3f6967452e99c021bd4bd74af4 P 3449371e5b494e249a09ab1ae4a68881 [term 0 FOLLOWER]: Starting pre-election (no leader contacted us within the election timeout)
I20260709 14:50:37.924966 13713 raft_consensus.cc:2804] T 4f27995b4bdc4c9aaac20c9ffa6a3809 P 7a573ee1fe6744e6b98f4edd7b463128 [term 1 FOLLOWER]: Leader election won for term 1
I20260709 14:50:37.925786 13713 raft_consensus.cc:697] T 4f27995b4bdc4c9aaac20c9ffa6a3809 P 7a573ee1fe6744e6b98f4edd7b463128 [term 1 LEADER]: Becoming Leader. State: Replica: 7a573ee1fe6744e6b98f4edd7b463128, State: Running, Role: LEADER
I20260709 14:50:37.925417 13682 raft_consensus.cc:515] T a37aef3f6967452e99c021bd4bd74af4 P 3449371e5b494e249a09ab1ae4a68881 [term 0 FOLLOWER]: Starting pre-election with config: opid_index: -1 OBSOLETE_local: false peers { permanent_uuid: "3449371e5b494e249a09ab1ae4a68881" member_type: VOTER last_known_addr { host: "127.12.142.65" port: 46625 } } peers { permanent_uuid: "7a573ee1fe6744e6b98f4edd7b463128" member_type: VOTER last_known_addr { host: "127.12.142.66" port: 36717 } } peers { permanent_uuid: "6f1b29919297411d8f4efa65232689d8" member_type: VOTER last_known_addr { host: "127.12.142.67" port: 38385 } }
I20260709 14:50:37.926632 13713 consensus_queue.cc:237] T 4f27995b4bdc4c9aaac20c9ffa6a3809 P 7a573ee1fe6744e6b98f4edd7b463128 [LEADER]: Queue going to LEADER mode. State: All replicated index: 0, Majority replicated index: 0, Committed index: 0, Last appended: 0.0, Last appended by leader: 0, Current term: 1, Majority size: 2, State: 0, Mode: LEADER, active raft config: opid_index: -1 OBSOLETE_local: false peers { permanent_uuid: "3449371e5b494e249a09ab1ae4a68881" member_type: VOTER last_known_addr { host: "127.12.142.65" port: 46625 } } peers { permanent_uuid: "7a573ee1fe6744e6b98f4edd7b463128" member_type: VOTER last_known_addr { host: "127.12.142.66" port: 36717 } } peers { permanent_uuid: "6f1b29919297411d8f4efa65232689d8" member_type: VOTER last_known_addr { host: "127.12.142.67" port: 38385 } }
I20260709 14:50:37.927488 13675 tablet_bootstrap.cc:492] T 86b3de28ba914a19b310064d7d1e9267 P 7a573ee1fe6744e6b98f4edd7b463128: No bootstrap required, opened a new log
I20260709 14:50:37.927973 13678 raft_consensus.cc:493] T 69400d73c18540a09aa36d12aa4ce63c P 6f1b29919297411d8f4efa65232689d8 [term 0 FOLLOWER]: Starting pre-election (no leader contacted us within the election timeout)
I20260709 14:50:37.928190 13682 leader_election.cc:290] T a37aef3f6967452e99c021bd4bd74af4 P 3449371e5b494e249a09ab1ae4a68881 [CANDIDATE]: Term 1 pre-election: Requested pre-vote from peers 7a573ee1fe6744e6b98f4edd7b463128 (127.12.142.66:36717), 6f1b29919297411d8f4efa65232689d8 (127.12.142.67:38385)
I20260709 14:50:37.928449 13678 raft_consensus.cc:515] T 69400d73c18540a09aa36d12aa4ce63c P 6f1b29919297411d8f4efa65232689d8 [term 0 FOLLOWER]: Starting pre-election with config: opid_index: -1 OBSOLETE_local: false peers { permanent_uuid: "3449371e5b494e249a09ab1ae4a68881" member_type: VOTER last_known_addr { host: "127.12.142.65" port: 46625 } } peers { permanent_uuid: "7a573ee1fe6744e6b98f4edd7b463128" member_type: VOTER last_known_addr { host: "127.12.142.66" port: 36717 } } peers { permanent_uuid: "6f1b29919297411d8f4efa65232689d8" member_type: VOTER last_known_addr { host: "127.12.142.67" port: 38385 } }
I20260709 14:50:37.929340 13682 raft_consensus.cc:493] T 2933c5428d0845d08a2e788c402270d8 P 3449371e5b494e249a09ab1ae4a68881 [term 0 FOLLOWER]: Starting pre-election (no leader contacted us within the election timeout)
I20260709 14:50:37.930002 13682 raft_consensus.cc:515] T 2933c5428d0845d08a2e788c402270d8 P 3449371e5b494e249a09ab1ae4a68881 [term 0 FOLLOWER]: Starting pre-election with config: opid_index: -1 OBSOLETE_local: false peers { permanent_uuid: "3449371e5b494e249a09ab1ae4a68881" member_type: VOTER last_known_addr { host: "127.12.142.65" port: 46625 } } peers { permanent_uuid: "7a573ee1fe6744e6b98f4edd7b463128" member_type: VOTER last_known_addr { host: "127.12.142.66" port: 36717 } } peers { permanent_uuid: "6f1b29919297411d8f4efa65232689d8" member_type: VOTER last_known_addr { host: "127.12.142.67" port: 38385 } }
I20260709 14:50:37.929512 13675 ts_tablet_manager.cc:1403] T 86b3de28ba914a19b310064d7d1e9267 P 7a573ee1fe6744e6b98f4edd7b463128: Time spent bootstrapping tablet: real 0.085s	user 0.013s	sys 0.062s
I20260709 14:50:37.930998 13678 leader_election.cc:290] T 69400d73c18540a09aa36d12aa4ce63c P 6f1b29919297411d8f4efa65232689d8 [CANDIDATE]: Term 1 pre-election: Requested pre-vote from peers 3449371e5b494e249a09ab1ae4a68881 (127.12.142.65:46625), 7a573ee1fe6744e6b98f4edd7b463128 (127.12.142.66:36717)
I20260709 14:50:37.931998 13682 leader_election.cc:290] T 2933c5428d0845d08a2e788c402270d8 P 3449371e5b494e249a09ab1ae4a68881 [CANDIDATE]: Term 1 pre-election: Requested pre-vote from peers 7a573ee1fe6744e6b98f4edd7b463128 (127.12.142.66:36717), 6f1b29919297411d8f4efa65232689d8 (127.12.142.67:38385)
I20260709 14:50:37.933229 13483 tablet_service.cc:1917] Received RequestConsensusVote() RPC: tablet_id: "69400d73c18540a09aa36d12aa4ce63c" candidate_uuid: "6f1b29919297411d8f4efa65232689d8" candidate_term: 1 candidate_status { last_received { term: 0 index: 0 } } ignore_live_leader: false dest_uuid: "3449371e5b494e249a09ab1ae4a68881" is_pre_election: true
I20260709 14:50:37.933816 13483 raft_consensus.cc:2468] T 69400d73c18540a09aa36d12aa4ce63c P 3449371e5b494e249a09ab1ae4a68881 [term 0 FOLLOWER]: Leader pre-election vote request: Granting yes vote for candidate 6f1b29919297411d8f4efa65232689d8 in term 0.
I20260709 14:50:37.934331 13673 tablet_bootstrap.cc:492] T 9c2ecc4daa4b47e19c9d50c48484643f P 3449371e5b494e249a09ab1ae4a68881: No bootstrap required, opened a new log
I20260709 14:50:37.934518 13558 tablet_service.cc:1917] Received RequestConsensusVote() RPC: tablet_id: "69400d73c18540a09aa36d12aa4ce63c" candidate_uuid: "6f1b29919297411d8f4efa65232689d8" candidate_term: 1 candidate_status { last_received { term: 0 index: 0 } } ignore_live_leader: false dest_uuid: "7a573ee1fe6744e6b98f4edd7b463128" is_pre_election: true
I20260709 14:50:37.934767 13673 ts_tablet_manager.cc:1403] T 9c2ecc4daa4b47e19c9d50c48484643f P 3449371e5b494e249a09ab1ae4a68881: Time spent bootstrapping tablet: real 0.089s	user 0.022s	sys 0.041s
I20260709 14:50:37.933573 13675 raft_consensus.cc:359] T 86b3de28ba914a19b310064d7d1e9267 P 7a573ee1fe6744e6b98f4edd7b463128 [term 0 FOLLOWER]: Replica starting. Triggering 0 pending ops. Active config: opid_index: -1 OBSOLETE_local: false peers { permanent_uuid: "6f1b29919297411d8f4efa65232689d8" member_type: VOTER last_known_addr { host: "127.12.142.67" port: 38385 } } peers { permanent_uuid: "7a573ee1fe6744e6b98f4edd7b463128" member_type: VOTER last_known_addr { host: "127.12.142.66" port: 36717 } } peers { permanent_uuid: "3449371e5b494e249a09ab1ae4a68881" member_type: VOTER last_known_addr { host: "127.12.142.65" port: 46625 } }
I20260709 14:50:37.934943 13595 leader_election.cc:304] T 69400d73c18540a09aa36d12aa4ce63c P 6f1b29919297411d8f4efa65232689d8 [CANDIDATE]: Term 1 pre-election: Election decided. Result: candidate won. Election summary: received 2 responses out of 3 voters: 2 yes votes; 0 no votes. yes voters: 3449371e5b494e249a09ab1ae4a68881, 6f1b29919297411d8f4efa65232689d8; no voters: 
I20260709 14:50:37.935192 13675 raft_consensus.cc:385] T 86b3de28ba914a19b310064d7d1e9267 P 7a573ee1fe6744e6b98f4edd7b463128 [term 0 FOLLOWER]: Consensus starting up: Expiring failure detector timer to make a prompt election more likely
W20260709 14:50:37.936270 13598 leader_election.cc:343] T 69400d73c18540a09aa36d12aa4ce63c P 6f1b29919297411d8f4efa65232689d8 [CANDIDATE]: Term 1 pre-election: Tablet error from VoteRequest() call to peer 7a573ee1fe6744e6b98f4edd7b463128 (127.12.142.66:36717): Illegal state: must be running to vote when last-logged opid is not known
I20260709 14:50:37.936354 13675 raft_consensus.cc:740] T 86b3de28ba914a19b310064d7d1e9267 P 7a573ee1fe6744e6b98f4edd7b463128 [term 0 FOLLOWER]: Becoming Follower/Learner. State: Replica: 7a573ee1fe6744e6b98f4edd7b463128, State: Initialized, Role: FOLLOWER
I20260709 14:50:37.935726 13678 raft_consensus.cc:2804] T 69400d73c18540a09aa36d12aa4ce63c P 6f1b29919297411d8f4efa65232689d8 [term 0 FOLLOWER]: Leader pre-election won for term 1
I20260709 14:50:37.937196 13678 raft_consensus.cc:493] T 69400d73c18540a09aa36d12aa4ce63c P 6f1b29919297411d8f4efa65232689d8 [term 0 FOLLOWER]: Starting leader election (no leader contacted us within the election timeout)
I20260709 14:50:37.937549 13678 raft_consensus.cc:3060] T 69400d73c18540a09aa36d12aa4ce63c P 6f1b29919297411d8f4efa65232689d8 [term 0 FOLLOWER]: Advancing to term 1
I20260709 14:50:37.937376 13675 consensus_queue.cc:260] T 86b3de28ba914a19b310064d7d1e9267 P 7a573ee1fe6744e6b98f4edd7b463128 [NON_LEADER]: Queue going to NON_LEADER mode. State: All replicated index: 0, Majority replicated index: 0, Committed index: 0, Last appended: 0.0, Last appended by leader: 0, Current term: 0, Majority size: -1, State: 0, Mode: NON_LEADER, active raft config: opid_index: -1 OBSOLETE_local: false peers { permanent_uuid: "6f1b29919297411d8f4efa65232689d8" member_type: VOTER last_known_addr { host: "127.12.142.67" port: 38385 } } peers { permanent_uuid: "7a573ee1fe6744e6b98f4edd7b463128" member_type: VOTER last_known_addr { host: "127.12.142.66" port: 36717 } } peers { permanent_uuid: "3449371e5b494e249a09ab1ae4a68881" member_type: VOTER last_known_addr { host: "127.12.142.65" port: 46625 } }
I20260709 14:50:37.939776 13675 ts_tablet_manager.cc:1434] T 86b3de28ba914a19b310064d7d1e9267 P 7a573ee1fe6744e6b98f4edd7b463128: Time spent starting tablet: real 0.009s	user 0.005s	sys 0.000s
I20260709 14:50:37.940742 13675 tablet_bootstrap.cc:492] T 69400d73c18540a09aa36d12aa4ce63c P 7a573ee1fe6744e6b98f4edd7b463128: Bootstrap starting.
I20260709 14:50:37.944388 13678 raft_consensus.cc:515] T 69400d73c18540a09aa36d12aa4ce63c P 6f1b29919297411d8f4efa65232689d8 [term 1 FOLLOWER]: Starting leader election with config: opid_index: -1 OBSOLETE_local: false peers { permanent_uuid: "3449371e5b494e249a09ab1ae4a68881" member_type: VOTER last_known_addr { host: "127.12.142.65" port: 46625 } } peers { permanent_uuid: "7a573ee1fe6744e6b98f4edd7b463128" member_type: VOTER last_known_addr { host: "127.12.142.66" port: 36717 } } peers { permanent_uuid: "6f1b29919297411d8f4efa65232689d8" member_type: VOTER last_known_addr { host: "127.12.142.67" port: 38385 } }
I20260709 14:50:37.946856 13675 tablet_bootstrap.cc:654] T 69400d73c18540a09aa36d12aa4ce63c P 7a573ee1fe6744e6b98f4edd7b463128: Neither blocks nor log segments found. Creating new log.
I20260709 14:50:37.947186 13483 tablet_service.cc:1917] Received RequestConsensusVote() RPC: tablet_id: "69400d73c18540a09aa36d12aa4ce63c" candidate_uuid: "6f1b29919297411d8f4efa65232689d8" candidate_term: 1 candidate_status { last_received { term: 0 index: 0 } } ignore_live_leader: false dest_uuid: "3449371e5b494e249a09ab1ae4a68881"
I20260709 14:50:37.947729 13483 raft_consensus.cc:3060] T 69400d73c18540a09aa36d12aa4ce63c P 3449371e5b494e249a09ab1ae4a68881 [term 0 FOLLOWER]: Advancing to term 1
I20260709 14:50:37.937471 13673 raft_consensus.cc:359] T 9c2ecc4daa4b47e19c9d50c48484643f P 3449371e5b494e249a09ab1ae4a68881 [term 0 FOLLOWER]: Replica starting. Triggering 0 pending ops. Active config: opid_index: -1 OBSOLETE_local: false peers { permanent_uuid: "3449371e5b494e249a09ab1ae4a68881" member_type: VOTER last_known_addr { host: "127.12.142.65" port: 46625 } } peers { permanent_uuid: "7a573ee1fe6744e6b98f4edd7b463128" member_type: VOTER last_known_addr { host: "127.12.142.66" port: 36717 } } peers { permanent_uuid: "6f1b29919297411d8f4efa65232689d8" member_type: VOTER last_known_addr { host: "127.12.142.67" port: 38385 } }
I20260709 14:50:37.950827 13673 raft_consensus.cc:385] T 9c2ecc4daa4b47e19c9d50c48484643f P 3449371e5b494e249a09ab1ae4a68881 [term 0 FOLLOWER]: Consensus starting up: Expiring failure detector timer to make a prompt election more likely
I20260709 14:50:37.951088 13673 raft_consensus.cc:740] T 9c2ecc4daa4b47e19c9d50c48484643f P 3449371e5b494e249a09ab1ae4a68881 [term 0 FOLLOWER]: Becoming Follower/Learner. State: Replica: 3449371e5b494e249a09ab1ae4a68881, State: Initialized, Role: FOLLOWER
I20260709 14:50:37.951711 13673 consensus_queue.cc:260] T 9c2ecc4daa4b47e19c9d50c48484643f P 3449371e5b494e249a09ab1ae4a68881 [NON_LEADER]: Queue going to NON_LEADER mode. State: All replicated index: 0, Majority replicated index: 0, Committed index: 0, Last appended: 0.0, Last appended by leader: 0, Current term: 0, Majority size: -1, State: 0, Mode: NON_LEADER, active raft config: opid_index: -1 OBSOLETE_local: false peers { permanent_uuid: "3449371e5b494e249a09ab1ae4a68881" member_type: VOTER last_known_addr { host: "127.12.142.65" port: 46625 } } peers { permanent_uuid: "7a573ee1fe6744e6b98f4edd7b463128" member_type: VOTER last_known_addr { host: "127.12.142.66" port: 36717 } } peers { permanent_uuid: "6f1b29919297411d8f4efa65232689d8" member_type: VOTER last_known_addr { host: "127.12.142.67" port: 38385 } }
I20260709 14:50:37.954648 13483 raft_consensus.cc:2468] T 69400d73c18540a09aa36d12aa4ce63c P 3449371e5b494e249a09ab1ae4a68881 [term 1 FOLLOWER]: Leader election vote request: Granting yes vote for candidate 6f1b29919297411d8f4efa65232689d8 in term 1.
I20260709 14:50:37.955392 13673 ts_tablet_manager.cc:1434] T 9c2ecc4daa4b47e19c9d50c48484643f P 3449371e5b494e249a09ab1ae4a68881: Time spent starting tablet: real 0.020s	user 0.003s	sys 0.004s
I20260709 14:50:37.955868 13595 leader_election.cc:304] T 69400d73c18540a09aa36d12aa4ce63c P 6f1b29919297411d8f4efa65232689d8 [CANDIDATE]: Term 1 election: Election decided. Result: candidate won. Election summary: received 2 responses out of 3 voters: 2 yes votes; 0 no votes. yes voters: 3449371e5b494e249a09ab1ae4a68881, 6f1b29919297411d8f4efa65232689d8; no voters: 
I20260709 14:50:37.955456 13380 catalog_manager.cc:5697] T 46651aeda6c34f73bd7a38c068a8efa9 P 7a573ee1fe6744e6b98f4edd7b463128 reported cstate change: term changed from 0 to 1, leader changed from <none> to 7a573ee1fe6744e6b98f4edd7b463128 (127.12.142.66). New cstate: current_term: 1 leader_uuid: "7a573ee1fe6744e6b98f4edd7b463128" committed_config { opid_index: -1 OBSOLETE_local: false peers { permanent_uuid: "3449371e5b494e249a09ab1ae4a68881" member_type: VOTER last_known_addr { host: "127.12.142.65" port: 46625 } health_report { overall_health: UNKNOWN } } peers { permanent_uuid: "7a573ee1fe6744e6b98f4edd7b463128" member_type: VOTER last_known_addr { host: "127.12.142.66" port: 36717 } health_report { overall_health: HEALTHY } } peers { permanent_uuid: "6f1b29919297411d8f4efa65232689d8" member_type: VOTER last_known_addr { host: "127.12.142.67" port: 38385 } health_report { overall_health: UNKNOWN } } }
I20260709 14:50:37.956650 13699 raft_consensus.cc:2804] T 69400d73c18540a09aa36d12aa4ce63c P 6f1b29919297411d8f4efa65232689d8 [term 1 FOLLOWER]: Leader election won for term 1
I20260709 14:50:37.957134 13699 raft_consensus.cc:697] T 69400d73c18540a09aa36d12aa4ce63c P 6f1b29919297411d8f4efa65232689d8 [term 1 LEADER]: Becoming Leader. State: Replica: 6f1b29919297411d8f4efa65232689d8, State: Running, Role: LEADER
I20260709 14:50:37.957988 13699 consensus_queue.cc:237] T 69400d73c18540a09aa36d12aa4ce63c P 6f1b29919297411d8f4efa65232689d8 [LEADER]: Queue going to LEADER mode. State: All replicated index: 0, Majority replicated index: 0, Committed index: 0, Last appended: 0.0, Last appended by leader: 0, Current term: 1, Majority size: 2, State: 0, Mode: LEADER, active raft config: opid_index: -1 OBSOLETE_local: false peers { permanent_uuid: "3449371e5b494e249a09ab1ae4a68881" member_type: VOTER last_known_addr { host: "127.12.142.65" port: 46625 } } peers { permanent_uuid: "7a573ee1fe6744e6b98f4edd7b463128" member_type: VOTER last_known_addr { host: "127.12.142.66" port: 36717 } } peers { permanent_uuid: "6f1b29919297411d8f4efa65232689d8" member_type: VOTER last_known_addr { host: "127.12.142.67" port: 38385 } }
I20260709 14:50:37.957212 13380 catalog_manager.cc:5697] T 4f27995b4bdc4c9aaac20c9ffa6a3809 P 7a573ee1fe6744e6b98f4edd7b463128 reported cstate change: term changed from 0 to 1, leader changed from <none> to 7a573ee1fe6744e6b98f4edd7b463128 (127.12.142.66). New cstate: current_term: 1 leader_uuid: "7a573ee1fe6744e6b98f4edd7b463128" committed_config { opid_index: -1 OBSOLETE_local: false peers { permanent_uuid: "3449371e5b494e249a09ab1ae4a68881" member_type: VOTER last_known_addr { host: "127.12.142.65" port: 46625 } health_report { overall_health: UNKNOWN } } peers { permanent_uuid: "7a573ee1fe6744e6b98f4edd7b463128" member_type: VOTER last_known_addr { host: "127.12.142.66" port: 36717 } health_report { overall_health: HEALTHY } } peers { permanent_uuid: "6f1b29919297411d8f4efa65232689d8" member_type: VOTER last_known_addr { host: "127.12.142.67" port: 38385 } health_report { overall_health: UNKNOWN } } }
I20260709 14:50:37.956312 13673 tablet_bootstrap.cc:492] T f428b60ad13d47f48109275069144dd0 P 3449371e5b494e249a09ab1ae4a68881: Bootstrap starting.
I20260709 14:50:37.969310 13682 raft_consensus.cc:493] T 9c2ecc4daa4b47e19c9d50c48484643f P 3449371e5b494e249a09ab1ae4a68881 [term 0 FOLLOWER]: Starting pre-election (no leader contacted us within the election timeout)
I20260709 14:50:37.969774 13682 raft_consensus.cc:515] T 9c2ecc4daa4b47e19c9d50c48484643f P 3449371e5b494e249a09ab1ae4a68881 [term 0 FOLLOWER]: Starting pre-election with config: opid_index: -1 OBSOLETE_local: false peers { permanent_uuid: "3449371e5b494e249a09ab1ae4a68881" member_type: VOTER last_known_addr { host: "127.12.142.65" port: 46625 } } peers { permanent_uuid: "7a573ee1fe6744e6b98f4edd7b463128" member_type: VOTER last_known_addr { host: "127.12.142.66" port: 36717 } } peers { permanent_uuid: "6f1b29919297411d8f4efa65232689d8" member_type: VOTER last_known_addr { host: "127.12.142.67" port: 38385 } }
I20260709 14:50:37.970688 13673 tablet_bootstrap.cc:654] T f428b60ad13d47f48109275069144dd0 P 3449371e5b494e249a09ab1ae4a68881: Neither blocks nor log segments found. Creating new log.
I20260709 14:50:37.971671 13682 leader_election.cc:290] T 9c2ecc4daa4b47e19c9d50c48484643f P 3449371e5b494e249a09ab1ae4a68881 [CANDIDATE]: Term 1 pre-election: Requested pre-vote from peers 7a573ee1fe6744e6b98f4edd7b463128 (127.12.142.66:36717), 6f1b29919297411d8f4efa65232689d8 (127.12.142.67:38385)
I20260709 14:50:37.976651 13674 raft_consensus.cc:493] T 7c72d48e46984cee8c444a07cab43b14 P 6f1b29919297411d8f4efa65232689d8 [term 0 FOLLOWER]: Starting pre-election (no leader contacted us within the election timeout)
I20260709 14:50:37.977120 13674 raft_consensus.cc:515] T 7c72d48e46984cee8c444a07cab43b14 P 6f1b29919297411d8f4efa65232689d8 [term 0 FOLLOWER]: Starting pre-election with config: opid_index: -1 OBSOLETE_local: false peers { permanent_uuid: "3449371e5b494e249a09ab1ae4a68881" member_type: VOTER last_known_addr { host: "127.12.142.65" port: 46625 } } peers { permanent_uuid: "7a573ee1fe6744e6b98f4edd7b463128" member_type: VOTER last_known_addr { host: "127.12.142.66" port: 36717 } } peers { permanent_uuid: "6f1b29919297411d8f4efa65232689d8" member_type: VOTER last_known_addr { host: "127.12.142.67" port: 38385 } }
I20260709 14:50:37.979140 13674 leader_election.cc:290] T 7c72d48e46984cee8c444a07cab43b14 P 6f1b29919297411d8f4efa65232689d8 [CANDIDATE]: Term 1 pre-election: Requested pre-vote from peers 3449371e5b494e249a09ab1ae4a68881 (127.12.142.65:46625), 7a573ee1fe6744e6b98f4edd7b463128 (127.12.142.66:36717)
I20260709 14:50:37.980818 13558 tablet_service.cc:1917] Received RequestConsensusVote() RPC: tablet_id: "7c72d48e46984cee8c444a07cab43b14" candidate_uuid: "6f1b29919297411d8f4efa65232689d8" candidate_term: 1 candidate_status { last_received { term: 0 index: 0 } } ignore_live_leader: false dest_uuid: "7a573ee1fe6744e6b98f4edd7b463128" is_pre_election: true
W20260709 14:50:37.983098 13598 leader_election.cc:343] T 7c72d48e46984cee8c444a07cab43b14 P 6f1b29919297411d8f4efa65232689d8 [CANDIDATE]: Term 1 pre-election: Tablet error from VoteRequest() call to peer 7a573ee1fe6744e6b98f4edd7b463128 (127.12.142.66:36717): Illegal state: must be running to vote when last-logged opid is not known
I20260709 14:50:37.986430 13557 tablet_service.cc:1917] Received RequestConsensusVote() RPC: tablet_id: "2933c5428d0845d08a2e788c402270d8" candidate_uuid: "3449371e5b494e249a09ab1ae4a68881" candidate_term: 1 candidate_status { last_received { term: 0 index: 0 } } ignore_live_leader: false dest_uuid: "7a573ee1fe6744e6b98f4edd7b463128" is_pre_election: true
I20260709 14:50:37.987113 13483 tablet_service.cc:1917] Received RequestConsensusVote() RPC: tablet_id: "7c72d48e46984cee8c444a07cab43b14" candidate_uuid: "6f1b29919297411d8f4efa65232689d8" candidate_term: 1 candidate_status { last_received { term: 0 index: 0 } } ignore_live_leader: false dest_uuid: "3449371e5b494e249a09ab1ae4a68881" is_pre_election: true
I20260709 14:50:37.987783 13556 tablet_service.cc:1917] Received RequestConsensusVote() RPC: tablet_id: "9c2ecc4daa4b47e19c9d50c48484643f" candidate_uuid: "3449371e5b494e249a09ab1ae4a68881" candidate_term: 1 candidate_status { last_received { term: 0 index: 0 } } ignore_live_leader: false dest_uuid: "7a573ee1fe6744e6b98f4edd7b463128" is_pre_election: true
W20260709 14:50:37.988416 13449 leader_election.cc:343] T 2933c5428d0845d08a2e788c402270d8 P 3449371e5b494e249a09ab1ae4a68881 [CANDIDATE]: Term 1 pre-election: Tablet error from VoteRequest() call to peer 7a573ee1fe6744e6b98f4edd7b463128 (127.12.142.66:36717): Illegal state: must be running to vote when last-logged opid is not known
I20260709 14:50:37.988634 13556 raft_consensus.cc:2393] T 9c2ecc4daa4b47e19c9d50c48484643f P 7a573ee1fe6744e6b98f4edd7b463128 [term 1 FOLLOWER]: Leader pre-election vote request: Denying vote to candidate 3449371e5b494e249a09ab1ae4a68881 in current term 1: Already voted for candidate 7a573ee1fe6744e6b98f4edd7b463128 in this term.
I20260709 14:50:37.989315 13558 tablet_service.cc:1917] Received RequestConsensusVote() RPC: tablet_id: "a37aef3f6967452e99c021bd4bd74af4" candidate_uuid: "3449371e5b494e249a09ab1ae4a68881" candidate_term: 1 candidate_status { last_received { term: 0 index: 0 } } ignore_live_leader: false dest_uuid: "7a573ee1fe6744e6b98f4edd7b463128" is_pre_election: true
I20260709 14:50:37.989959 13558 raft_consensus.cc:2468] T a37aef3f6967452e99c021bd4bd74af4 P 7a573ee1fe6744e6b98f4edd7b463128 [term 0 FOLLOWER]: Leader pre-election vote request: Granting yes vote for candidate 3449371e5b494e249a09ab1ae4a68881 in term 0.
I20260709 14:50:37.992092 13558 tablet_service.cc:1917] Received RequestConsensusVote() RPC: tablet_id: "69400d73c18540a09aa36d12aa4ce63c" candidate_uuid: "6f1b29919297411d8f4efa65232689d8" candidate_term: 1 candidate_status { last_received { term: 0 index: 0 } } ignore_live_leader: false dest_uuid: "7a573ee1fe6744e6b98f4edd7b463128"
I20260709 14:50:37.992704 13449 leader_election.cc:304] T a37aef3f6967452e99c021bd4bd74af4 P 3449371e5b494e249a09ab1ae4a68881 [CANDIDATE]: Term 1 pre-election: Election decided. Result: candidate won. Election summary: received 2 responses out of 3 voters: 2 yes votes; 0 no votes. yes voters: 3449371e5b494e249a09ab1ae4a68881, 7a573ee1fe6744e6b98f4edd7b463128; no voters: 
W20260709 14:50:37.993536 13598 leader_election.cc:343] T 69400d73c18540a09aa36d12aa4ce63c P 6f1b29919297411d8f4efa65232689d8 [CANDIDATE]: Term 1 election: Tablet error from VoteRequest() call to peer 7a573ee1fe6744e6b98f4edd7b463128 (127.12.142.66:36717): Illegal state: must be running to vote when last-logged opid is not known
I20260709 14:50:37.994228 13678 leader_election.cc:290] T 69400d73c18540a09aa36d12aa4ce63c P 6f1b29919297411d8f4efa65232689d8 [CANDIDATE]: Term 1 election: Requested vote from peers 3449371e5b494e249a09ab1ae4a68881 (127.12.142.65:46625), 7a573ee1fe6744e6b98f4edd7b463128 (127.12.142.66:36717)
I20260709 14:50:37.994438 13632 tablet_service.cc:1917] Received RequestConsensusVote() RPC: tablet_id: "a37aef3f6967452e99c021bd4bd74af4" candidate_uuid: "3449371e5b494e249a09ab1ae4a68881" candidate_term: 1 candidate_status { last_received { term: 0 index: 0 } } ignore_live_leader: false dest_uuid: "6f1b29919297411d8f4efa65232689d8" is_pre_election: true
I20260709 14:50:37.995183 13632 raft_consensus.cc:2468] T a37aef3f6967452e99c021bd4bd74af4 P 6f1b29919297411d8f4efa65232689d8 [term 0 FOLLOWER]: Leader pre-election vote request: Granting yes vote for candidate 3449371e5b494e249a09ab1ae4a68881 in term 0.
I20260709 14:50:37.996299 13682 raft_consensus.cc:2804] T a37aef3f6967452e99c021bd4bd74af4 P 3449371e5b494e249a09ab1ae4a68881 [term 0 FOLLOWER]: Leader pre-election won for term 1
I20260709 14:50:37.996678 13682 raft_consensus.cc:493] T a37aef3f6967452e99c021bd4bd74af4 P 3449371e5b494e249a09ab1ae4a68881 [term 0 FOLLOWER]: Starting leader election (no leader contacted us within the election timeout)
I20260709 14:50:37.997042 13682 raft_consensus.cc:3060] T a37aef3f6967452e99c021bd4bd74af4 P 3449371e5b494e249a09ab1ae4a68881 [term 0 FOLLOWER]: Advancing to term 1
I20260709 14:50:38.002339 13631 tablet_service.cc:1917] Received RequestConsensusVote() RPC: tablet_id: "9c2ecc4daa4b47e19c9d50c48484643f" candidate_uuid: "3449371e5b494e249a09ab1ae4a68881" candidate_term: 1 candidate_status { last_received { term: 0 index: 0 } } ignore_live_leader: false dest_uuid: "6f1b29919297411d8f4efa65232689d8" is_pre_election: true
I20260709 14:50:38.003137 13631 raft_consensus.cc:2393] T 9c2ecc4daa4b47e19c9d50c48484643f P 6f1b29919297411d8f4efa65232689d8 [term 1 FOLLOWER]: Leader pre-election vote request: Denying vote to candidate 3449371e5b494e249a09ab1ae4a68881 in current term 1: Already voted for candidate 6f1b29919297411d8f4efa65232689d8 in this term.
I20260709 14:50:38.002429 13632 tablet_service.cc:1917] Received RequestConsensusVote() RPC: tablet_id: "2933c5428d0845d08a2e788c402270d8" candidate_uuid: "3449371e5b494e249a09ab1ae4a68881" candidate_term: 1 candidate_status { last_received { term: 0 index: 0 } } ignore_live_leader: false dest_uuid: "6f1b29919297411d8f4efa65232689d8" is_pre_election: true
I20260709 14:50:38.003931 13632 raft_consensus.cc:2468] T 2933c5428d0845d08a2e788c402270d8 P 6f1b29919297411d8f4efa65232689d8 [term 0 FOLLOWER]: Leader pre-election vote request: Granting yes vote for candidate 3449371e5b494e249a09ab1ae4a68881 in term 0.
I20260709 14:50:38.003611 13379 catalog_manager.cc:5697] T 69400d73c18540a09aa36d12aa4ce63c P 6f1b29919297411d8f4efa65232689d8 reported cstate change: term changed from 0 to 1, leader changed from <none> to 6f1b29919297411d8f4efa65232689d8 (127.12.142.67). New cstate: current_term: 1 leader_uuid: "6f1b29919297411d8f4efa65232689d8" committed_config { opid_index: -1 OBSOLETE_local: false peers { permanent_uuid: "3449371e5b494e249a09ab1ae4a68881" member_type: VOTER last_known_addr { host: "127.12.142.65" port: 46625 } health_report { overall_health: UNKNOWN } } peers { permanent_uuid: "7a573ee1fe6744e6b98f4edd7b463128" member_type: VOTER last_known_addr { host: "127.12.142.66" port: 36717 } health_report { overall_health: UNKNOWN } } peers { permanent_uuid: "6f1b29919297411d8f4efa65232689d8" member_type: VOTER last_known_addr { host: "127.12.142.67" port: 38385 } health_report { overall_health: HEALTHY } } }
I20260709 14:50:38.004544 13449 leader_election.cc:304] T 9c2ecc4daa4b47e19c9d50c48484643f P 3449371e5b494e249a09ab1ae4a68881 [CANDIDATE]: Term 1 pre-election: Election decided. Result: candidate lost. Election summary: received 3 responses out of 3 voters: 1 yes votes; 2 no votes. yes voters: 3449371e5b494e249a09ab1ae4a68881; no voters: 6f1b29919297411d8f4efa65232689d8, 7a573ee1fe6744e6b98f4edd7b463128
I20260709 14:50:37.987759 13483 raft_consensus.cc:2468] T 7c72d48e46984cee8c444a07cab43b14 P 3449371e5b494e249a09ab1ae4a68881 [term 0 FOLLOWER]: Leader pre-election vote request: Granting yes vote for candidate 6f1b29919297411d8f4efa65232689d8 in term 0.
I20260709 14:50:38.011358 13723 raft_consensus.cc:3060] T 9c2ecc4daa4b47e19c9d50c48484643f P 3449371e5b494e249a09ab1ae4a68881 [term 0 FOLLOWER]: Advancing to term 1
I20260709 14:50:38.011217 13595 leader_election.cc:304] T 7c72d48e46984cee8c444a07cab43b14 P 6f1b29919297411d8f4efa65232689d8 [CANDIDATE]: Term 1 pre-election: Election decided. Result: candidate won. Election summary: received 3 responses out of 3 voters: 2 yes votes; 1 no votes. yes voters: 3449371e5b494e249a09ab1ae4a68881, 6f1b29919297411d8f4efa65232689d8; no voters: 7a573ee1fe6744e6b98f4edd7b463128
I20260709 14:50:38.012470 13699 raft_consensus.cc:2804] T 7c72d48e46984cee8c444a07cab43b14 P 6f1b29919297411d8f4efa65232689d8 [term 0 FOLLOWER]: Leader pre-election won for term 1
I20260709 14:50:38.012835 13699 raft_consensus.cc:493] T 7c72d48e46984cee8c444a07cab43b14 P 6f1b29919297411d8f4efa65232689d8 [term 0 FOLLOWER]: Starting leader election (no leader contacted us within the election timeout)
I20260709 14:50:38.013209 13699 raft_consensus.cc:3060] T 7c72d48e46984cee8c444a07cab43b14 P 6f1b29919297411d8f4efa65232689d8 [term 0 FOLLOWER]: Advancing to term 1
I20260709 14:50:38.017577 13449 leader_election.cc:304] T 2933c5428d0845d08a2e788c402270d8 P 3449371e5b494e249a09ab1ae4a68881 [CANDIDATE]: Term 1 pre-election: Election decided. Result: candidate won. Election summary: received 3 responses out of 3 voters: 2 yes votes; 1 no votes. yes voters: 3449371e5b494e249a09ab1ae4a68881, 6f1b29919297411d8f4efa65232689d8; no voters: 7a573ee1fe6744e6b98f4edd7b463128
I20260709 14:50:38.021178 13682 raft_consensus.cc:515] T a37aef3f6967452e99c021bd4bd74af4 P 3449371e5b494e249a09ab1ae4a68881 [term 1 FOLLOWER]: Starting leader election with config: opid_index: -1 OBSOLETE_local: false peers { permanent_uuid: "3449371e5b494e249a09ab1ae4a68881" member_type: VOTER last_known_addr { host: "127.12.142.65" port: 46625 } } peers { permanent_uuid: "7a573ee1fe6744e6b98f4edd7b463128" member_type: VOTER last_known_addr { host: "127.12.142.66" port: 36717 } } peers { permanent_uuid: "6f1b29919297411d8f4efa65232689d8" member_type: VOTER last_known_addr { host: "127.12.142.67" port: 38385 } }
I20260709 14:50:38.021634 13723 raft_consensus.cc:2749] T 9c2ecc4daa4b47e19c9d50c48484643f P 3449371e5b494e249a09ab1ae4a68881 [term 1 FOLLOWER]: Leader pre-election lost for term 1. Reason: could not achieve majority
I20260709 14:50:38.023833 13682 leader_election.cc:290] T a37aef3f6967452e99c021bd4bd74af4 P 3449371e5b494e249a09ab1ae4a68881 [CANDIDATE]: Term 1 election: Requested vote from peers 7a573ee1fe6744e6b98f4edd7b463128 (127.12.142.66:36717), 6f1b29919297411d8f4efa65232689d8 (127.12.142.67:38385)
I20260709 14:50:38.024045 13724 raft_consensus.cc:2804] T 2933c5428d0845d08a2e788c402270d8 P 3449371e5b494e249a09ab1ae4a68881 [term 0 FOLLOWER]: Leader pre-election won for term 1
I20260709 14:50:38.024408 13724 raft_consensus.cc:493] T 2933c5428d0845d08a2e788c402270d8 P 3449371e5b494e249a09ab1ae4a68881 [term 0 FOLLOWER]: Starting leader election (no leader contacted us within the election timeout)
I20260709 14:50:38.024667 13724 raft_consensus.cc:3060] T 2933c5428d0845d08a2e788c402270d8 P 3449371e5b494e249a09ab1ae4a68881 [term 0 FOLLOWER]: Advancing to term 1
I20260709 14:50:38.025274 13673 tablet_bootstrap.cc:492] T f428b60ad13d47f48109275069144dd0 P 3449371e5b494e249a09ab1ae4a68881: No bootstrap required, opened a new log
I20260709 14:50:38.025610 13673 ts_tablet_manager.cc:1403] T f428b60ad13d47f48109275069144dd0 P 3449371e5b494e249a09ab1ae4a68881: Time spent bootstrapping tablet: real 0.069s	user 0.024s	sys 0.031s
I20260709 14:50:38.027374 13673 raft_consensus.cc:359] T f428b60ad13d47f48109275069144dd0 P 3449371e5b494e249a09ab1ae4a68881 [term 0 FOLLOWER]: Replica starting. Triggering 0 pending ops. Active config: opid_index: -1 OBSOLETE_local: false peers { permanent_uuid: "3449371e5b494e249a09ab1ae4a68881" member_type: VOTER last_known_addr { host: "127.12.142.65" port: 46625 } } peers { permanent_uuid: "7a573ee1fe6744e6b98f4edd7b463128" member_type: VOTER last_known_addr { host: "127.12.142.66" port: 36717 } } peers { permanent_uuid: "6f1b29919297411d8f4efa65232689d8" member_type: VOTER last_known_addr { host: "127.12.142.67" port: 38385 } }
I20260709 14:50:38.027791 13673 raft_consensus.cc:385] T f428b60ad13d47f48109275069144dd0 P 3449371e5b494e249a09ab1ae4a68881 [term 0 FOLLOWER]: Consensus starting up: Expiring failure detector timer to make a prompt election more likely
I20260709 14:50:38.027980 13673 raft_consensus.cc:740] T f428b60ad13d47f48109275069144dd0 P 3449371e5b494e249a09ab1ae4a68881 [term 0 FOLLOWER]: Becoming Follower/Learner. State: Replica: 3449371e5b494e249a09ab1ae4a68881, State: Initialized, Role: FOLLOWER
I20260709 14:50:38.028446 13673 consensus_queue.cc:260] T f428b60ad13d47f48109275069144dd0 P 3449371e5b494e249a09ab1ae4a68881 [NON_LEADER]: Queue going to NON_LEADER mode. State: All replicated index: 0, Majority replicated index: 0, Committed index: 0, Last appended: 0.0, Last appended by leader: 0, Current term: 0, Majority size: -1, State: 0, Mode: NON_LEADER, active raft config: opid_index: -1 OBSOLETE_local: false peers { permanent_uuid: "3449371e5b494e249a09ab1ae4a68881" member_type: VOTER last_known_addr { host: "127.12.142.65" port: 46625 } } peers { permanent_uuid: "7a573ee1fe6744e6b98f4edd7b463128" member_type: VOTER last_known_addr { host: "127.12.142.66" port: 36717 } } peers { permanent_uuid: "6f1b29919297411d8f4efa65232689d8" member_type: VOTER last_known_addr { host: "127.12.142.67" port: 38385 } }
I20260709 14:50:38.029472 13724 raft_consensus.cc:515] T 2933c5428d0845d08a2e788c402270d8 P 3449371e5b494e249a09ab1ae4a68881 [term 1 FOLLOWER]: Starting leader election with config: opid_index: -1 OBSOLETE_local: false peers { permanent_uuid: "3449371e5b494e249a09ab1ae4a68881" member_type: VOTER last_known_addr { host: "127.12.142.65" port: 46625 } } peers { permanent_uuid: "7a573ee1fe6744e6b98f4edd7b463128" member_type: VOTER last_known_addr { host: "127.12.142.66" port: 36717 } } peers { permanent_uuid: "6f1b29919297411d8f4efa65232689d8" member_type: VOTER last_known_addr { host: "127.12.142.67" port: 38385 } }
I20260709 14:50:38.024700 13675 tablet_bootstrap.cc:492] T 69400d73c18540a09aa36d12aa4ce63c P 7a573ee1fe6744e6b98f4edd7b463128: No bootstrap required, opened a new log
I20260709 14:50:38.030521 13632 tablet_service.cc:1917] Received RequestConsensusVote() RPC: tablet_id: "a37aef3f6967452e99c021bd4bd74af4" candidate_uuid: "3449371e5b494e249a09ab1ae4a68881" candidate_term: 1 candidate_status { last_received { term: 0 index: 0 } } ignore_live_leader: false dest_uuid: "6f1b29919297411d8f4efa65232689d8"
I20260709 14:50:38.031041 13632 raft_consensus.cc:3060] T a37aef3f6967452e99c021bd4bd74af4 P 6f1b29919297411d8f4efa65232689d8 [term 0 FOLLOWER]: Advancing to term 1
I20260709 14:50:38.031114 13699 raft_consensus.cc:515] T 7c72d48e46984cee8c444a07cab43b14 P 6f1b29919297411d8f4efa65232689d8 [term 1 FOLLOWER]: Starting leader election with config: opid_index: -1 OBSOLETE_local: false peers { permanent_uuid: "3449371e5b494e249a09ab1ae4a68881" member_type: VOTER last_known_addr { host: "127.12.142.65" port: 46625 } } peers { permanent_uuid: "7a573ee1fe6744e6b98f4edd7b463128" member_type: VOTER last_known_addr { host: "127.12.142.66" port: 36717 } } peers { permanent_uuid: "6f1b29919297411d8f4efa65232689d8" member_type: VOTER last_known_addr { host: "127.12.142.67" port: 38385 } }
I20260709 14:50:38.032105 13558 tablet_service.cc:1917] Received RequestConsensusVote() RPC: tablet_id: "a37aef3f6967452e99c021bd4bd74af4" candidate_uuid: "3449371e5b494e249a09ab1ae4a68881" candidate_term: 1 candidate_status { last_received { term: 0 index: 0 } } ignore_live_leader: false dest_uuid: "7a573ee1fe6744e6b98f4edd7b463128"
I20260709 14:50:38.032641 13558 raft_consensus.cc:3060] T a37aef3f6967452e99c021bd4bd74af4 P 7a573ee1fe6744e6b98f4edd7b463128 [term 0 FOLLOWER]: Advancing to term 1
I20260709 14:50:38.030104 13673 ts_tablet_manager.cc:1434] T f428b60ad13d47f48109275069144dd0 P 3449371e5b494e249a09ab1ae4a68881: Time spent starting tablet: real 0.004s	user 0.004s	sys 0.000s
I20260709 14:50:38.033929 13673 tablet_bootstrap.cc:492] T 4f27995b4bdc4c9aaac20c9ffa6a3809 P 3449371e5b494e249a09ab1ae4a68881: Bootstrap starting.
I20260709 14:50:38.036705 13632 raft_consensus.cc:2468] T a37aef3f6967452e99c021bd4bd74af4 P 6f1b29919297411d8f4efa65232689d8 [term 1 FOLLOWER]: Leader election vote request: Granting yes vote for candidate 3449371e5b494e249a09ab1ae4a68881 in term 1.
I20260709 14:50:38.030524 13675 ts_tablet_manager.cc:1403] T 69400d73c18540a09aa36d12aa4ce63c P 7a573ee1fe6744e6b98f4edd7b463128: Time spent bootstrapping tablet: real 0.090s	user 0.037s	sys 0.031s
I20260709 14:50:38.037797 13483 tablet_service.cc:1917] Received RequestConsensusVote() RPC: tablet_id: "7c72d48e46984cee8c444a07cab43b14" candidate_uuid: "6f1b29919297411d8f4efa65232689d8" candidate_term: 1 candidate_status { last_received { term: 0 index: 0 } } ignore_live_leader: false dest_uuid: "3449371e5b494e249a09ab1ae4a68881"
I20260709 14:50:38.038424 13483 raft_consensus.cc:3060] T 7c72d48e46984cee8c444a07cab43b14 P 3449371e5b494e249a09ab1ae4a68881 [term 0 FOLLOWER]: Advancing to term 1
I20260709 14:50:38.039178 13673 tablet_bootstrap.cc:654] T 4f27995b4bdc4c9aaac20c9ffa6a3809 P 3449371e5b494e249a09ab1ae4a68881: Neither blocks nor log segments found. Creating new log.
I20260709 14:50:38.040962 13724 leader_election.cc:290] T 2933c5428d0845d08a2e788c402270d8 P 3449371e5b494e249a09ab1ae4a68881 [CANDIDATE]: Term 1 election: Requested vote from peers 7a573ee1fe6744e6b98f4edd7b463128 (127.12.142.66:36717), 6f1b29919297411d8f4efa65232689d8 (127.12.142.67:38385)
I20260709 14:50:38.041991 13699 leader_election.cc:290] T 7c72d48e46984cee8c444a07cab43b14 P 6f1b29919297411d8f4efa65232689d8 [CANDIDATE]: Term 1 election: Requested vote from peers 3449371e5b494e249a09ab1ae4a68881 (127.12.142.65:46625), 7a573ee1fe6744e6b98f4edd7b463128 (127.12.142.66:36717)
I20260709 14:50:38.042930 13556 tablet_service.cc:1917] Received RequestConsensusVote() RPC: tablet_id: "7c72d48e46984cee8c444a07cab43b14" candidate_uuid: "6f1b29919297411d8f4efa65232689d8" candidate_term: 1 candidate_status { last_received { term: 0 index: 0 } } ignore_live_leader: false dest_uuid: "7a573ee1fe6744e6b98f4edd7b463128"
W20260709 14:50:38.044245 13598 leader_election.cc:343] T 7c72d48e46984cee8c444a07cab43b14 P 6f1b29919297411d8f4efa65232689d8 [CANDIDATE]: Term 1 election: Tablet error from VoteRequest() call to peer 7a573ee1fe6744e6b98f4edd7b463128 (127.12.142.66:36717): Illegal state: must be running to vote when last-logged opid is not known
I20260709 14:50:38.044391 13673 tablet_bootstrap.cc:492] T 4f27995b4bdc4c9aaac20c9ffa6a3809 P 3449371e5b494e249a09ab1ae4a68881: No bootstrap required, opened a new log
I20260709 14:50:38.044960 13673 ts_tablet_manager.cc:1403] T 4f27995b4bdc4c9aaac20c9ffa6a3809 P 3449371e5b494e249a09ab1ae4a68881: Time spent bootstrapping tablet: real 0.011s	user 0.004s	sys 0.005s
I20260709 14:50:38.046648 13556 tablet_service.cc:1917] Received RequestConsensusVote() RPC: tablet_id: "2933c5428d0845d08a2e788c402270d8" candidate_uuid: "3449371e5b494e249a09ab1ae4a68881" candidate_term: 1 candidate_status { last_received { term: 0 index: 0 } } ignore_live_leader: false dest_uuid: "7a573ee1fe6744e6b98f4edd7b463128"
I20260709 14:50:38.046758 13675 raft_consensus.cc:359] T 69400d73c18540a09aa36d12aa4ce63c P 7a573ee1fe6744e6b98f4edd7b463128 [term 0 FOLLOWER]: Replica starting. Triggering 0 pending ops. Active config: opid_index: -1 OBSOLETE_local: false peers { permanent_uuid: "3449371e5b494e249a09ab1ae4a68881" member_type: VOTER last_known_addr { host: "127.12.142.65" port: 46625 } } peers { permanent_uuid: "7a573ee1fe6744e6b98f4edd7b463128" member_type: VOTER last_known_addr { host: "127.12.142.66" port: 36717 } } peers { permanent_uuid: "6f1b29919297411d8f4efa65232689d8" member_type: VOTER last_known_addr { host: "127.12.142.67" port: 38385 } }
I20260709 14:50:38.047204 13632 tablet_service.cc:1917] Received RequestConsensusVote() RPC: tablet_id: "2933c5428d0845d08a2e788c402270d8" candidate_uuid: "3449371e5b494e249a09ab1ae4a68881" candidate_term: 1 candidate_status { last_received { term: 0 index: 0 } } ignore_live_leader: false dest_uuid: "6f1b29919297411d8f4efa65232689d8"
I20260709 14:50:38.044349 13483 raft_consensus.cc:2468] T 7c72d48e46984cee8c444a07cab43b14 P 3449371e5b494e249a09ab1ae4a68881 [term 1 FOLLOWER]: Leader election vote request: Granting yes vote for candidate 6f1b29919297411d8f4efa65232689d8 in term 1.
I20260709 14:50:38.047780 13632 raft_consensus.cc:3060] T 2933c5428d0845d08a2e788c402270d8 P 6f1b29919297411d8f4efa65232689d8 [term 0 FOLLOWER]: Advancing to term 1
I20260709 14:50:38.047461 13673 raft_consensus.cc:359] T 4f27995b4bdc4c9aaac20c9ffa6a3809 P 3449371e5b494e249a09ab1ae4a68881 [term 0 FOLLOWER]: Replica starting. Triggering 0 pending ops. Active config: opid_index: -1 OBSOLETE_local: false peers { permanent_uuid: "3449371e5b494e249a09ab1ae4a68881" member_type: VOTER last_known_addr { host: "127.12.142.65" port: 46625 } } peers { permanent_uuid: "7a573ee1fe6744e6b98f4edd7b463128" member_type: VOTER last_known_addr { host: "127.12.142.66" port: 36717 } } peers { permanent_uuid: "6f1b29919297411d8f4efa65232689d8" member_type: VOTER last_known_addr { host: "127.12.142.67" port: 38385 } }
I20260709 14:50:38.048048 13675 raft_consensus.cc:385] T 69400d73c18540a09aa36d12aa4ce63c P 7a573ee1fe6744e6b98f4edd7b463128 [term 0 FOLLOWER]: Consensus starting up: Expiring failure detector timer to make a prompt election more likely
I20260709 14:50:38.048254 13673 raft_consensus.cc:385] T 4f27995b4bdc4c9aaac20c9ffa6a3809 P 3449371e5b494e249a09ab1ae4a68881 [term 0 FOLLOWER]: Consensus starting up: Expiring failure detector timer to make a prompt election more likely
I20260709 14:50:38.048328 13675 raft_consensus.cc:740] T 69400d73c18540a09aa36d12aa4ce63c P 7a573ee1fe6744e6b98f4edd7b463128 [term 0 FOLLOWER]: Becoming Follower/Learner. State: Replica: 7a573ee1fe6744e6b98f4edd7b463128, State: Initialized, Role: FOLLOWER
I20260709 14:50:38.048702 13673 raft_consensus.cc:740] T 4f27995b4bdc4c9aaac20c9ffa6a3809 P 3449371e5b494e249a09ab1ae4a68881 [term 0 FOLLOWER]: Becoming Follower/Learner. State: Replica: 3449371e5b494e249a09ab1ae4a68881, State: Initialized, Role: FOLLOWER
I20260709 14:50:38.048602 13595 leader_election.cc:304] T 7c72d48e46984cee8c444a07cab43b14 P 6f1b29919297411d8f4efa65232689d8 [CANDIDATE]: Term 1 election: Election decided. Result: candidate won. Election summary: received 3 responses out of 3 voters: 2 yes votes; 1 no votes. yes voters: 3449371e5b494e249a09ab1ae4a68881, 6f1b29919297411d8f4efa65232689d8; no voters: 7a573ee1fe6744e6b98f4edd7b463128
I20260709 14:50:38.049536 13699 raft_consensus.cc:2804] T 7c72d48e46984cee8c444a07cab43b14 P 6f1b29919297411d8f4efa65232689d8 [term 1 FOLLOWER]: Leader election won for term 1
I20260709 14:50:38.049472 13675 consensus_queue.cc:260] T 69400d73c18540a09aa36d12aa4ce63c P 7a573ee1fe6744e6b98f4edd7b463128 [NON_LEADER]: Queue going to NON_LEADER mode. State: All replicated index: 0, Majority replicated index: 0, Committed index: 0, Last appended: 0.0, Last appended by leader: 0, Current term: 0, Majority size: -1, State: 0, Mode: NON_LEADER, active raft config: opid_index: -1 OBSOLETE_local: false peers { permanent_uuid: "3449371e5b494e249a09ab1ae4a68881" member_type: VOTER last_known_addr { host: "127.12.142.65" port: 46625 } } peers { permanent_uuid: "7a573ee1fe6744e6b98f4edd7b463128" member_type: VOTER last_known_addr { host: "127.12.142.66" port: 36717 } } peers { permanent_uuid: "6f1b29919297411d8f4efa65232689d8" member_type: VOTER last_known_addr { host: "127.12.142.67" port: 38385 } }
I20260709 14:50:38.049621 13673 consensus_queue.cc:260] T 4f27995b4bdc4c9aaac20c9ffa6a3809 P 3449371e5b494e249a09ab1ae4a68881 [NON_LEADER]: Queue going to NON_LEADER mode. State: All replicated index: 0, Majority replicated index: 0, Committed index: 0, Last appended: 0.0, Last appended by leader: 0, Current term: 0, Majority size: -1, State: 0, Mode: NON_LEADER, active raft config: opid_index: -1 OBSOLETE_local: false peers { permanent_uuid: "3449371e5b494e249a09ab1ae4a68881" member_type: VOTER last_known_addr { host: "127.12.142.65" port: 46625 } } peers { permanent_uuid: "7a573ee1fe6744e6b98f4edd7b463128" member_type: VOTER last_known_addr { host: "127.12.142.66" port: 36717 } } peers { permanent_uuid: "6f1b29919297411d8f4efa65232689d8" member_type: VOTER last_known_addr { host: "127.12.142.67" port: 38385 } }
I20260709 14:50:38.050369 13449 leader_election.cc:304] T a37aef3f6967452e99c021bd4bd74af4 P 3449371e5b494e249a09ab1ae4a68881 [CANDIDATE]: Term 1 election: Election decided. Result: candidate won. Election summary: received 2 responses out of 3 voters: 2 yes votes; 0 no votes. yes voters: 3449371e5b494e249a09ab1ae4a68881, 6f1b29919297411d8f4efa65232689d8; no voters: 
