I20260709 14:50:54.492590 13490 raft_consensus.cc:515] T b0cd5cd6c08f40b08d15a2c1d0286aad P 88651aeb0cd54f768e04ee187606d860 [term 1 FOLLOWER]: Starting leader election with config: opid_index: -1 OBSOLETE_local: false peers { permanent_uuid: "ce3e9b86bda64d71aad52ebf9b6e1149" member_type: VOTER last_known_addr { host: "127.11.176.129" port: 46267 } } peers { permanent_uuid: "6b936dd906ed418bb82226787322c0c5" member_type: VOTER last_known_addr { host: "127.11.176.130" port: 45837 } } peers { permanent_uuid: "88651aeb0cd54f768e04ee187606d860" member_type: VOTER last_known_addr { host: "127.11.176.131" port: 33263 } }
I20260709 14:50:54.495237 13096 tablet_service.cc:1917] Received RequestConsensusVote() RPC: tablet_id: "b0cd5cd6c08f40b08d15a2c1d0286aad" candidate_uuid: "88651aeb0cd54f768e04ee187606d860" candidate_term: 1 candidate_status { last_received { term: 0 index: 0 } } ignore_live_leader: false dest_uuid: "ce3e9b86bda64d71aad52ebf9b6e1149"
I20260709 14:50:54.495769 13096 raft_consensus.cc:3060] T b0cd5cd6c08f40b08d15a2c1d0286aad P ce3e9b86bda64d71aad52ebf9b6e1149 [term 0 FOLLOWER]: Advancing to term 1
I20260709 14:50:54.506403 13288 tablet_bootstrap.cc:654] T 24810dbdefd1471f9454f986be0be166 P 6b936dd906ed418bb82226787322c0c5: Neither blocks nor log segments found. Creating new log.
I20260709 14:50:54.526314 13290 tablet_bootstrap.cc:654] T ef88e186f6944973ade78c43eca3b421 P 88651aeb0cd54f768e04ee187606d860: Neither blocks nor log segments found. Creating new log.
I20260709 14:50:54.504631 13096 raft_consensus.cc:2468] T b0cd5cd6c08f40b08d15a2c1d0286aad P ce3e9b86bda64d71aad52ebf9b6e1149 [term 1 FOLLOWER]: Leader election vote request: Granting yes vote for candidate 88651aeb0cd54f768e04ee187606d860 in term 1.
I20260709 14:50:54.530529 13289 tablet_bootstrap.cc:654] T 33cc0b2c2c9e409a84f3917e1e9cd78e P ce3e9b86bda64d71aad52ebf9b6e1149: Neither blocks nor log segments found. Creating new log.
I20260709 14:50:54.530763 13213 leader_election.cc:304] T b0cd5cd6c08f40b08d15a2c1d0286aad P 88651aeb0cd54f768e04ee187606d860 [CANDIDATE]: Term 1 election: Election decided. Result: candidate won. Election summary: received 2 responses out of 3 voters: 2 yes votes; 0 no votes. yes voters: 88651aeb0cd54f768e04ee187606d860, ce3e9b86bda64d71aad52ebf9b6e1149; no voters: 
W20260709 14:50:54.531064 13045 auto_rebalancer.cc:288] Could not retrieve cluster info: Service unavailable: Tablet not running
I20260709 14:50:54.531709 13489 raft_consensus.cc:2804] T b0cd5cd6c08f40b08d15a2c1d0286aad P 88651aeb0cd54f768e04ee187606d860 [term 1 FOLLOWER]: Leader election won for term 1
I20260709 14:50:54.532128 13490 leader_election.cc:290] T b0cd5cd6c08f40b08d15a2c1d0286aad P 88651aeb0cd54f768e04ee187606d860 [CANDIDATE]: Term 1 election: Requested vote from peers ce3e9b86bda64d71aad52ebf9b6e1149 (127.11.176.129:46267), 6b936dd906ed418bb82226787322c0c5 (127.11.176.130:45837)
I20260709 14:50:54.532267 13489 raft_consensus.cc:697] T b0cd5cd6c08f40b08d15a2c1d0286aad P 88651aeb0cd54f768e04ee187606d860 [term 1 LEADER]: Becoming Leader. State: Replica: 88651aeb0cd54f768e04ee187606d860, State: Running, Role: LEADER
I20260709 14:50:54.533586 13489 consensus_queue.cc:237] T b0cd5cd6c08f40b08d15a2c1d0286aad P 88651aeb0cd54f768e04ee187606d860 [LEADER]: Queue going to LEADER mode. State: All replicated index: 0, Majority replicated index: 0, Committed index: 0, Last appended: 0.0, Last appended by leader: 0, Current term: 1, Majority size: 2, State: 0, Mode: LEADER, active raft config: opid_index: -1 OBSOLETE_local: false peers { permanent_uuid: "ce3e9b86bda64d71aad52ebf9b6e1149" member_type: VOTER last_known_addr { host: "127.11.176.129" port: 46267 } } peers { permanent_uuid: "6b936dd906ed418bb82226787322c0c5" member_type: VOTER last_known_addr { host: "127.11.176.130" port: 45837 } } peers { permanent_uuid: "88651aeb0cd54f768e04ee187606d860" member_type: VOTER last_known_addr { host: "127.11.176.131" port: 33263 } }
I20260709 14:50:54.533728 13174 tablet_service.cc:1917] Received RequestConsensusVote() RPC: tablet_id: "b0cd5cd6c08f40b08d15a2c1d0286aad" candidate_uuid: "88651aeb0cd54f768e04ee187606d860" candidate_term: 1 candidate_status { last_received { term: 0 index: 0 } } ignore_live_leader: false dest_uuid: "6b936dd906ed418bb82226787322c0c5"
I20260709 14:50:54.535640 13174 raft_consensus.cc:3060] T b0cd5cd6c08f40b08d15a2c1d0286aad P 6b936dd906ed418bb82226787322c0c5 [term 0 FOLLOWER]: Advancing to term 1
I20260709 14:50:54.536643 13364 raft_consensus.cc:493] T f3fb45f657044bc4aad985923d7e0884 P ce3e9b86bda64d71aad52ebf9b6e1149 [term 0 FOLLOWER]: Starting pre-election (no leader contacted us within the election timeout)
I20260709 14:50:54.537096 13364 raft_consensus.cc:515] T f3fb45f657044bc4aad985923d7e0884 P ce3e9b86bda64d71aad52ebf9b6e1149 [term 0 FOLLOWER]: Starting pre-election with config: opid_index: -1 OBSOLETE_local: false peers { permanent_uuid: "ce3e9b86bda64d71aad52ebf9b6e1149" member_type: VOTER last_known_addr { host: "127.11.176.129" port: 46267 } } peers { permanent_uuid: "6b936dd906ed418bb82226787322c0c5" member_type: VOTER last_known_addr { host: "127.11.176.130" port: 45837 } } peers { permanent_uuid: "88651aeb0cd54f768e04ee187606d860" member_type: VOTER last_known_addr { host: "127.11.176.131" port: 33263 } }
I20260709 14:50:54.540267 13173 tablet_service.cc:1917] Received RequestConsensusVote() RPC: tablet_id: "f3fb45f657044bc4aad985923d7e0884" candidate_uuid: "ce3e9b86bda64d71aad52ebf9b6e1149" candidate_term: 1 candidate_status { last_received { term: 0 index: 0 } } ignore_live_leader: false dest_uuid: "6b936dd906ed418bb82226787322c0c5" is_pre_election: true
I20260709 14:50:54.540894 13173 raft_consensus.cc:2468] T f3fb45f657044bc4aad985923d7e0884 P 6b936dd906ed418bb82226787322c0c5 [term 0 FOLLOWER]: Leader pre-election vote request: Granting yes vote for candidate ce3e9b86bda64d71aad52ebf9b6e1149 in term 0.
I20260709 14:50:54.541124 13245 tablet_service.cc:1917] Received RequestConsensusVote() RPC: tablet_id: "f3fb45f657044bc4aad985923d7e0884" candidate_uuid: "ce3e9b86bda64d71aad52ebf9b6e1149" candidate_term: 1 candidate_status { last_received { term: 0 index: 0 } } ignore_live_leader: false dest_uuid: "88651aeb0cd54f768e04ee187606d860" is_pre_election: true
I20260709 14:50:54.542299 13064 leader_election.cc:304] T f3fb45f657044bc4aad985923d7e0884 P ce3e9b86bda64d71aad52ebf9b6e1149 [CANDIDATE]: Term 1 pre-election: Election decided. Result: candidate won. Election summary: received 2 responses out of 3 voters: 2 yes votes; 0 no votes. yes voters: 6b936dd906ed418bb82226787322c0c5, ce3e9b86bda64d71aad52ebf9b6e1149; no voters: 
I20260709 14:50:54.543087 13294 raft_consensus.cc:2804] T f3fb45f657044bc4aad985923d7e0884 P ce3e9b86bda64d71aad52ebf9b6e1149 [term 0 FOLLOWER]: Leader pre-election won for term 1
W20260709 14:50:54.543154 13063 leader_election.cc:343] T f3fb45f657044bc4aad985923d7e0884 P ce3e9b86bda64d71aad52ebf9b6e1149 [CANDIDATE]: Term 1 pre-election: Tablet error from VoteRequest() call to peer 88651aeb0cd54f768e04ee187606d860 (127.11.176.131:33263): Illegal state: must be running to vote when last-logged opid is not known
I20260709 14:50:54.543442 13294 raft_consensus.cc:493] T f3fb45f657044bc4aad985923d7e0884 P ce3e9b86bda64d71aad52ebf9b6e1149 [term 0 FOLLOWER]: Starting leader election (no leader contacted us within the election timeout)
I20260709 14:50:54.543798 13294 raft_consensus.cc:3060] T f3fb45f657044bc4aad985923d7e0884 P ce3e9b86bda64d71aad52ebf9b6e1149 [term 0 FOLLOWER]: Advancing to term 1
I20260709 14:50:54.544823 13288 tablet_bootstrap.cc:492] T 24810dbdefd1471f9454f986be0be166 P 6b936dd906ed418bb82226787322c0c5: No bootstrap required, opened a new log
I20260709 14:50:54.546010 13288 ts_tablet_manager.cc:1403] T 24810dbdefd1471f9454f986be0be166 P 6b936dd906ed418bb82226787322c0c5: Time spent bootstrapping tablet: real 0.058s	user 0.016s	sys 0.010s
I20260709 14:50:54.549362 13174 raft_consensus.cc:2468] T b0cd5cd6c08f40b08d15a2c1d0286aad P 6b936dd906ed418bb82226787322c0c5 [term 1 FOLLOWER]: Leader election vote request: Granting yes vote for candidate 88651aeb0cd54f768e04ee187606d860 in term 1.
I20260709 14:50:54.545258 13364 leader_election.cc:290] T f3fb45f657044bc4aad985923d7e0884 P ce3e9b86bda64d71aad52ebf9b6e1149 [CANDIDATE]: Term 1 pre-election: Requested pre-vote from peers 6b936dd906ed418bb82226787322c0c5 (127.11.176.130:45837), 88651aeb0cd54f768e04ee187606d860 (127.11.176.131:33263)
I20260709 14:50:54.554085 13290 tablet_bootstrap.cc:492] T ef88e186f6944973ade78c43eca3b421 P 88651aeb0cd54f768e04ee187606d860: No bootstrap required, opened a new log
I20260709 14:50:54.554126 13294 raft_consensus.cc:515] T f3fb45f657044bc4aad985923d7e0884 P ce3e9b86bda64d71aad52ebf9b6e1149 [term 1 FOLLOWER]: Starting leader election with config: opid_index: -1 OBSOLETE_local: false peers { permanent_uuid: "ce3e9b86bda64d71aad52ebf9b6e1149" member_type: VOTER last_known_addr { host: "127.11.176.129" port: 46267 } } peers { permanent_uuid: "6b936dd906ed418bb82226787322c0c5" member_type: VOTER last_known_addr { host: "127.11.176.130" port: 45837 } } peers { permanent_uuid: "88651aeb0cd54f768e04ee187606d860" member_type: VOTER last_known_addr { host: "127.11.176.131" port: 33263 } }
I20260709 14:50:54.554622 13290 ts_tablet_manager.cc:1403] T ef88e186f6944973ade78c43eca3b421 P 88651aeb0cd54f768e04ee187606d860: Time spent bootstrapping tablet: real 0.074s	user 0.010s	sys 0.000s
I20260709 14:50:54.554503 13288 raft_consensus.cc:359] T 24810dbdefd1471f9454f986be0be166 P 6b936dd906ed418bb82226787322c0c5 [term 0 FOLLOWER]: Replica starting. Triggering 0 pending ops. Active config: opid_index: -1 OBSOLETE_local: false peers { permanent_uuid: "ce3e9b86bda64d71aad52ebf9b6e1149" member_type: VOTER last_known_addr { host: "127.11.176.129" port: 46267 } } peers { permanent_uuid: "6b936dd906ed418bb82226787322c0c5" member_type: VOTER last_known_addr { host: "127.11.176.130" port: 45837 } } peers { permanent_uuid: "88651aeb0cd54f768e04ee187606d860" member_type: VOTER last_known_addr { host: "127.11.176.131" port: 33263 } }
I20260709 14:50:54.555356 13288 raft_consensus.cc:385] T 24810dbdefd1471f9454f986be0be166 P 6b936dd906ed418bb82226787322c0c5 [term 0 FOLLOWER]: Consensus starting up: Expiring failure detector timer to make a prompt election more likely
I20260709 14:50:54.555751 13288 raft_consensus.cc:740] T 24810dbdefd1471f9454f986be0be166 P 6b936dd906ed418bb82226787322c0c5 [term 0 FOLLOWER]: Becoming Follower/Learner. State: Replica: 6b936dd906ed418bb82226787322c0c5, State: Initialized, Role: FOLLOWER
I20260709 14:50:54.556388 13288 consensus_queue.cc:260] T 24810dbdefd1471f9454f986be0be166 P 6b936dd906ed418bb82226787322c0c5 [NON_LEADER]: Queue going to NON_LEADER mode. State: All replicated index: 0, Majority replicated index: 0, Committed index: 0, Last appended: 0.0, Last appended by leader: 0, Current term: 0, Majority size: -1, State: 0, Mode: NON_LEADER, active raft config: opid_index: -1 OBSOLETE_local: false peers { permanent_uuid: "ce3e9b86bda64d71aad52ebf9b6e1149" member_type: VOTER last_known_addr { host: "127.11.176.129" port: 46267 } } peers { permanent_uuid: "6b936dd906ed418bb82226787322c0c5" member_type: VOTER last_known_addr { host: "127.11.176.130" port: 45837 } } peers { permanent_uuid: "88651aeb0cd54f768e04ee187606d860" member_type: VOTER last_known_addr { host: "127.11.176.131" port: 33263 } }
I20260709 14:50:54.557258 13174 tablet_service.cc:1917] Received RequestConsensusVote() RPC: tablet_id: "f3fb45f657044bc4aad985923d7e0884" candidate_uuid: "ce3e9b86bda64d71aad52ebf9b6e1149" candidate_term: 1 candidate_status { last_received { term: 0 index: 0 } } ignore_live_leader: false dest_uuid: "6b936dd906ed418bb82226787322c0c5"
I20260709 14:50:54.557469 13290 raft_consensus.cc:359] T ef88e186f6944973ade78c43eca3b421 P 88651aeb0cd54f768e04ee187606d860 [term 0 FOLLOWER]: Replica starting. Triggering 0 pending ops. Active config: opid_index: -1 OBSOLETE_local: false peers { permanent_uuid: "ce3e9b86bda64d71aad52ebf9b6e1149" member_type: VOTER last_known_addr { host: "127.11.176.129" port: 46267 } } peers { permanent_uuid: "6b936dd906ed418bb82226787322c0c5" member_type: VOTER last_known_addr { host: "127.11.176.130" port: 45837 } } peers { permanent_uuid: "88651aeb0cd54f768e04ee187606d860" member_type: VOTER last_known_addr { host: "127.11.176.131" port: 33263 } }
I20260709 14:50:54.557822 13174 raft_consensus.cc:3060] T f3fb45f657044bc4aad985923d7e0884 P 6b936dd906ed418bb82226787322c0c5 [term 0 FOLLOWER]: Advancing to term 1
I20260709 14:50:54.558233 13290 raft_consensus.cc:385] T ef88e186f6944973ade78c43eca3b421 P 88651aeb0cd54f768e04ee187606d860 [term 0 FOLLOWER]: Consensus starting up: Expiring failure detector timer to make a prompt election more likely
I20260709 14:50:54.558604 13288 ts_tablet_manager.cc:1434] T 24810dbdefd1471f9454f986be0be166 P 6b936dd906ed418bb82226787322c0c5: Time spent starting tablet: real 0.012s	user 0.006s	sys 0.000s
I20260709 14:50:54.558554 13290 raft_consensus.cc:740] T ef88e186f6944973ade78c43eca3b421 P 88651aeb0cd54f768e04ee187606d860 [term 0 FOLLOWER]: Becoming Follower/Learner. State: Replica: 88651aeb0cd54f768e04ee187606d860, State: Initialized, Role: FOLLOWER
I20260709 14:50:54.559489 13516 raft_consensus.cc:493] T 88f63d66737b4356935ddaeb3f8b007a P 6b936dd906ed418bb82226787322c0c5 [term 0 FOLLOWER]: Starting pre-election (no leader contacted us within the election timeout)
I20260709 14:50:54.559847 13289 tablet_bootstrap.cc:492] T 33cc0b2c2c9e409a84f3917e1e9cd78e P ce3e9b86bda64d71aad52ebf9b6e1149: No bootstrap required, opened a new log
I20260709 14:50:54.560012 13516 raft_consensus.cc:515] T 88f63d66737b4356935ddaeb3f8b007a P 6b936dd906ed418bb82226787322c0c5 [term 0 FOLLOWER]: Starting pre-election with config: opid_index: -1 OBSOLETE_local: false peers { permanent_uuid: "ce3e9b86bda64d71aad52ebf9b6e1149" member_type: VOTER last_known_addr { host: "127.11.176.129" port: 46267 } } peers { permanent_uuid: "6b936dd906ed418bb82226787322c0c5" member_type: VOTER last_known_addr { host: "127.11.176.130" port: 45837 } } peers { permanent_uuid: "88651aeb0cd54f768e04ee187606d860" member_type: VOTER last_known_addr { host: "127.11.176.131" port: 33263 } }
I20260709 14:50:54.560393 13245 tablet_service.cc:1917] Received RequestConsensusVote() RPC: tablet_id: "f3fb45f657044bc4aad985923d7e0884" candidate_uuid: "ce3e9b86bda64d71aad52ebf9b6e1149" candidate_term: 1 candidate_status { last_received { term: 0 index: 0 } } ignore_live_leader: false dest_uuid: "88651aeb0cd54f768e04ee187606d860"
I20260709 14:50:54.561095 13288 tablet_bootstrap.cc:492] T 2e8afbbdf30e45eeb248e981af1fcb95 P 6b936dd906ed418bb82226787322c0c5: Bootstrap starting.
W20260709 14:50:54.561816 13063 leader_election.cc:343] T f3fb45f657044bc4aad985923d7e0884 P ce3e9b86bda64d71aad52ebf9b6e1149 [CANDIDATE]: Term 1 election: Tablet error from VoteRequest() call to peer 88651aeb0cd54f768e04ee187606d860 (127.11.176.131:33263): Illegal state: must be running to vote when last-logged opid is not known
I20260709 14:50:54.559448 13290 consensus_queue.cc:260] T ef88e186f6944973ade78c43eca3b421 P 88651aeb0cd54f768e04ee187606d860 [NON_LEADER]: Queue going to NON_LEADER mode. State: All replicated index: 0, Majority replicated index: 0, Committed index: 0, Last appended: 0.0, Last appended by leader: 0, Current term: 0, Majority size: -1, State: 0, Mode: NON_LEADER, active raft config: opid_index: -1 OBSOLETE_local: false peers { permanent_uuid: "ce3e9b86bda64d71aad52ebf9b6e1149" member_type: VOTER last_known_addr { host: "127.11.176.129" port: 46267 } } peers { permanent_uuid: "6b936dd906ed418bb82226787322c0c5" member_type: VOTER last_known_addr { host: "127.11.176.130" port: 45837 } } peers { permanent_uuid: "88651aeb0cd54f768e04ee187606d860" member_type: VOTER last_known_addr { host: "127.11.176.131" port: 33263 } }
I20260709 14:50:54.562022 13516 leader_election.cc:290] T 88f63d66737b4356935ddaeb3f8b007a P 6b936dd906ed418bb82226787322c0c5 [CANDIDATE]: Term 1 pre-election: Requested pre-vote from peers ce3e9b86bda64d71aad52ebf9b6e1149 (127.11.176.129:46267), 88651aeb0cd54f768e04ee187606d860 (127.11.176.131:33263)
I20260709 14:50:54.562690 13096 tablet_service.cc:1917] Received RequestConsensusVote() RPC: tablet_id: "88f63d66737b4356935ddaeb3f8b007a" candidate_uuid: "6b936dd906ed418bb82226787322c0c5" candidate_term: 1 candidate_status { last_received { term: 0 index: 0 } } ignore_live_leader: false dest_uuid: "ce3e9b86bda64d71aad52ebf9b6e1149" is_pre_election: true
I20260709 14:50:54.560381 13289 ts_tablet_manager.cc:1403] T 33cc0b2c2c9e409a84f3917e1e9cd78e P ce3e9b86bda64d71aad52ebf9b6e1149: Time spent bootstrapping tablet: real 0.146s	user 0.010s	sys 0.008s
I20260709 14:50:54.563318 13096 raft_consensus.cc:2468] T 88f63d66737b4356935ddaeb3f8b007a P ce3e9b86bda64d71aad52ebf9b6e1149 [term 0 FOLLOWER]: Leader pre-election vote request: Granting yes vote for candidate 6b936dd906ed418bb82226787322c0c5 in term 0.
I20260709 14:50:54.564881 13294 leader_election.cc:290] T f3fb45f657044bc4aad985923d7e0884 P ce3e9b86bda64d71aad52ebf9b6e1149 [CANDIDATE]: Term 1 election: Requested vote from peers 6b936dd906ed418bb82226787322c0c5 (127.11.176.130:45837), 88651aeb0cd54f768e04ee187606d860 (127.11.176.131:33263)
I20260709 14:50:54.565825 13139 leader_election.cc:304] T 88f63d66737b4356935ddaeb3f8b007a P 6b936dd906ed418bb82226787322c0c5 [CANDIDATE]: Term 1 pre-election: Election decided. Result: candidate won. Election summary: received 2 responses out of 3 voters: 2 yes votes; 0 no votes. yes voters: 6b936dd906ed418bb82226787322c0c5, ce3e9b86bda64d71aad52ebf9b6e1149; no voters: 
I20260709 14:50:54.567443 13289 raft_consensus.cc:359] T 33cc0b2c2c9e409a84f3917e1e9cd78e P ce3e9b86bda64d71aad52ebf9b6e1149 [term 0 FOLLOWER]: Replica starting. Triggering 0 pending ops. Active config: opid_index: -1 OBSOLETE_local: false peers { permanent_uuid: "ce3e9b86bda64d71aad52ebf9b6e1149" member_type: VOTER last_known_addr { host: "127.11.176.129" port: 46267 } } peers { permanent_uuid: "6b936dd906ed418bb82226787322c0c5" member_type: VOTER last_known_addr { host: "127.11.176.130" port: 45837 } } peers { permanent_uuid: "88651aeb0cd54f768e04ee187606d860" member_type: VOTER last_known_addr { host: "127.11.176.131" port: 33263 } }
I20260709 14:50:54.568239 13289 raft_consensus.cc:385] T 33cc0b2c2c9e409a84f3917e1e9cd78e P ce3e9b86bda64d71aad52ebf9b6e1149 [term 0 FOLLOWER]: Consensus starting up: Expiring failure detector timer to make a prompt election more likely
I20260709 14:50:54.568598 13289 raft_consensus.cc:740] T 33cc0b2c2c9e409a84f3917e1e9cd78e P ce3e9b86bda64d71aad52ebf9b6e1149 [term 0 FOLLOWER]: Becoming Follower/Learner. State: Replica: ce3e9b86bda64d71aad52ebf9b6e1149, State: Initialized, Role: FOLLOWER
I20260709 14:50:54.566318 13245 tablet_service.cc:1917] Received RequestConsensusVote() RPC: tablet_id: "88f63d66737b4356935ddaeb3f8b007a" candidate_uuid: "6b936dd906ed418bb82226787322c0c5" candidate_term: 1 candidate_status { last_received { term: 0 index: 0 } } ignore_live_leader: false dest_uuid: "88651aeb0cd54f768e04ee187606d860" is_pre_election: true
I20260709 14:50:54.569240 13289 consensus_queue.cc:260] T 33cc0b2c2c9e409a84f3917e1e9cd78e P ce3e9b86bda64d71aad52ebf9b6e1149 [NON_LEADER]: Queue going to NON_LEADER mode. State: All replicated index: 0, Majority replicated index: 0, Committed index: 0, Last appended: 0.0, Last appended by leader: 0, Current term: 0, Majority size: -1, State: 0, Mode: NON_LEADER, active raft config: opid_index: -1 OBSOLETE_local: false peers { permanent_uuid: "ce3e9b86bda64d71aad52ebf9b6e1149" member_type: VOTER last_known_addr { host: "127.11.176.129" port: 46267 } } peers { permanent_uuid: "6b936dd906ed418bb82226787322c0c5" member_type: VOTER last_known_addr { host: "127.11.176.130" port: 45837 } } peers { permanent_uuid: "88651aeb0cd54f768e04ee187606d860" member_type: VOTER last_known_addr { host: "127.11.176.131" port: 33263 } }
I20260709 14:50:54.570040 13334 raft_consensus.cc:2804] T 88f63d66737b4356935ddaeb3f8b007a P 6b936dd906ed418bb82226787322c0c5 [term 0 FOLLOWER]: Leader pre-election won for term 1
I20260709 14:50:54.570393 13334 raft_consensus.cc:493] T 88f63d66737b4356935ddaeb3f8b007a P 6b936dd906ed418bb82226787322c0c5 [term 0 FOLLOWER]: Starting leader election (no leader contacted us within the election timeout)
I20260709 14:50:54.570731 13334 raft_consensus.cc:3060] T 88f63d66737b4356935ddaeb3f8b007a P 6b936dd906ed418bb82226787322c0c5 [term 0 FOLLOWER]: Advancing to term 1
I20260709 14:50:54.567267 13288 tablet_bootstrap.cc:654] T 2e8afbbdf30e45eeb248e981af1fcb95 P 6b936dd906ed418bb82226787322c0c5: Neither blocks nor log segments found. Creating new log.
I20260709 14:50:54.571852 13289 ts_tablet_manager.cc:1434] T 33cc0b2c2c9e409a84f3917e1e9cd78e P ce3e9b86bda64d71aad52ebf9b6e1149: Time spent starting tablet: real 0.007s	user 0.003s	sys 0.002s
I20260709 14:50:54.564488 13290 ts_tablet_manager.cc:1434] T ef88e186f6944973ade78c43eca3b421 P 88651aeb0cd54f768e04ee187606d860: Time spent starting tablet: real 0.009s	user 0.005s	sys 0.000s
W20260709 14:50:54.572714 13138 leader_election.cc:343] T 88f63d66737b4356935ddaeb3f8b007a P 6b936dd906ed418bb82226787322c0c5 [CANDIDATE]: Term 1 pre-election: Tablet error from VoteRequest() call to peer 88651aeb0cd54f768e04ee187606d860 (127.11.176.131:33263): Illegal state: must be running to vote when last-logged opid is not known
I20260709 14:50:54.573062 13290 tablet_bootstrap.cc:492] T f3fb45f657044bc4aad985923d7e0884 P 88651aeb0cd54f768e04ee187606d860: Bootstrap starting.
I20260709 14:50:54.569937 13174 raft_consensus.cc:2468] T f3fb45f657044bc4aad985923d7e0884 P 6b936dd906ed418bb82226787322c0c5 [term 1 FOLLOWER]: Leader election vote request: Granting yes vote for candidate ce3e9b86bda64d71aad52ebf9b6e1149 in term 1.
I20260709 14:50:54.574095 13289 tablet_bootstrap.cc:492] T b6e4b8a690d049d781b319d84a0d5d7f P ce3e9b86bda64d71aad52ebf9b6e1149: Bootstrap starting.
I20260709 14:50:54.578213 13288 tablet_bootstrap.cc:492] T 2e8afbbdf30e45eeb248e981af1fcb95 P 6b936dd906ed418bb82226787322c0c5: No bootstrap required, opened a new log
I20260709 14:50:54.578706 13288 ts_tablet_manager.cc:1403] T 2e8afbbdf30e45eeb248e981af1fcb95 P 6b936dd906ed418bb82226787322c0c5: Time spent bootstrapping tablet: real 0.018s	user 0.012s	sys 0.000s
I20260709 14:50:54.578261 13334 raft_consensus.cc:515] T 88f63d66737b4356935ddaeb3f8b007a P 6b936dd906ed418bb82226787322c0c5 [term 1 FOLLOWER]: Starting leader election with config: opid_index: -1 OBSOLETE_local: false peers { permanent_uuid: "ce3e9b86bda64d71aad52ebf9b6e1149" member_type: VOTER last_known_addr { host: "127.11.176.129" port: 46267 } } peers { permanent_uuid: "6b936dd906ed418bb82226787322c0c5" member_type: VOTER last_known_addr { host: "127.11.176.130" port: 45837 } } peers { permanent_uuid: "88651aeb0cd54f768e04ee187606d860" member_type: VOTER last_known_addr { host: "127.11.176.131" port: 33263 } }
I20260709 14:50:54.582955 13290 tablet_bootstrap.cc:654] T f3fb45f657044bc4aad985923d7e0884 P 88651aeb0cd54f768e04ee187606d860: Neither blocks nor log segments found. Creating new log.
I20260709 14:50:54.582756 13288 raft_consensus.cc:359] T 2e8afbbdf30e45eeb248e981af1fcb95 P 6b936dd906ed418bb82226787322c0c5 [term 0 FOLLOWER]: Replica starting. Triggering 0 pending ops. Active config: opid_index: -1 OBSOLETE_local: false peers { permanent_uuid: "ce3e9b86bda64d71aad52ebf9b6e1149" member_type: VOTER last_known_addr { host: "127.11.176.129" port: 46267 } } peers { permanent_uuid: "6b936dd906ed418bb82226787322c0c5" member_type: VOTER last_known_addr { host: "127.11.176.130" port: 45837 } } peers { permanent_uuid: "88651aeb0cd54f768e04ee187606d860" member_type: VOTER last_known_addr { host: "127.11.176.131" port: 33263 } }
I20260709 14:50:54.583485 13288 raft_consensus.cc:385] T 2e8afbbdf30e45eeb248e981af1fcb95 P 6b936dd906ed418bb82226787322c0c5 [term 0 FOLLOWER]: Consensus starting up: Expiring failure detector timer to make a prompt election more likely
I20260709 14:50:54.583788 13334 leader_election.cc:290] T 88f63d66737b4356935ddaeb3f8b007a P 6b936dd906ed418bb82226787322c0c5 [CANDIDATE]: Term 1 election: Requested vote from peers ce3e9b86bda64d71aad52ebf9b6e1149 (127.11.176.129:46267), 88651aeb0cd54f768e04ee187606d860 (127.11.176.131:33263)
I20260709 14:50:54.622370 13064 leader_election.cc:304] T f3fb45f657044bc4aad985923d7e0884 P ce3e9b86bda64d71aad52ebf9b6e1149 [CANDIDATE]: Term 1 election: Election decided. Result: candidate won. Election summary: received 3 responses out of 3 voters: 2 yes votes; 1 no votes. yes voters: 6b936dd906ed418bb82226787322c0c5, ce3e9b86bda64d71aad52ebf9b6e1149; no voters: 88651aeb0cd54f768e04ee187606d860
I20260709 14:50:54.627404 13314 raft_consensus.cc:493] T 24810dbdefd1471f9454f986be0be166 P 6b936dd906ed418bb82226787322c0c5 [term 0 FOLLOWER]: Starting pre-election (no leader contacted us within the election timeout)
I20260709 14:50:54.628948 13314 raft_consensus.cc:515] T 24810dbdefd1471f9454f986be0be166 P 6b936dd906ed418bb82226787322c0c5 [term 0 FOLLOWER]: Starting pre-election with config: opid_index: -1 OBSOLETE_local: false peers { permanent_uuid: "ce3e9b86bda64d71aad52ebf9b6e1149" member_type: VOTER last_known_addr { host: "127.11.176.129" port: 46267 } } peers { permanent_uuid: "6b936dd906ed418bb82226787322c0c5" member_type: VOTER last_known_addr { host: "127.11.176.130" port: 45837 } } peers { permanent_uuid: "88651aeb0cd54f768e04ee187606d860" member_type: VOTER last_known_addr { host: "127.11.176.131" port: 33263 } }
I20260709 14:50:54.631680 13294 raft_consensus.cc:493] T 24810dbdefd1471f9454f986be0be166 P ce3e9b86bda64d71aad52ebf9b6e1149 [term 0 FOLLOWER]: Starting pre-election (no leader contacted us within the election timeout)
I20260709 14:50:54.632921 13314 leader_election.cc:290] T 24810dbdefd1471f9454f986be0be166 P 6b936dd906ed418bb82226787322c0c5 [CANDIDATE]: Term 1 pre-election: Requested pre-vote from peers ce3e9b86bda64d71aad52ebf9b6e1149 (127.11.176.129:46267), 88651aeb0cd54f768e04ee187606d860 (127.11.176.131:33263)
I20260709 14:50:54.632764 13294 raft_consensus.cc:515] T 24810dbdefd1471f9454f986be0be166 P ce3e9b86bda64d71aad52ebf9b6e1149 [term 0 FOLLOWER]: Starting pre-election with config: opid_index: -1 OBSOLETE_local: false peers { permanent_uuid: "ce3e9b86bda64d71aad52ebf9b6e1149" member_type: VOTER last_known_addr { host: "127.11.176.129" port: 46267 } } peers { permanent_uuid: "6b936dd906ed418bb82226787322c0c5" member_type: VOTER last_known_addr { host: "127.11.176.130" port: 45837 } } peers { permanent_uuid: "88651aeb0cd54f768e04ee187606d860" member_type: VOTER last_known_addr { host: "127.11.176.131" port: 33263 } }
I20260709 14:50:54.634169 13245 tablet_service.cc:1917] Received RequestConsensusVote() RPC: tablet_id: "88f63d66737b4356935ddaeb3f8b007a" candidate_uuid: "6b936dd906ed418bb82226787322c0c5" candidate_term: 1 candidate_status { last_received { term: 0 index: 0 } } ignore_live_leader: false dest_uuid: "88651aeb0cd54f768e04ee187606d860"
I20260709 14:50:54.583765 13288 raft_consensus.cc:740] T 2e8afbbdf30e45eeb248e981af1fcb95 P 6b936dd906ed418bb82226787322c0c5 [term 0 FOLLOWER]: Becoming Follower/Learner. State: Replica: 6b936dd906ed418bb82226787322c0c5, State: Initialized, Role: FOLLOWER
I20260709 14:50:54.635780 13294 leader_election.cc:290] T 24810dbdefd1471f9454f986be0be166 P ce3e9b86bda64d71aad52ebf9b6e1149 [CANDIDATE]: Term 1 pre-election: Requested pre-vote from peers 6b936dd906ed418bb82226787322c0c5 (127.11.176.130:45837), 88651aeb0cd54f768e04ee187606d860 (127.11.176.131:33263)
I20260709 14:50:54.637665 13289 tablet_bootstrap.cc:654] T b6e4b8a690d049d781b319d84a0d5d7f P ce3e9b86bda64d71aad52ebf9b6e1149: Neither blocks nor log segments found. Creating new log.
I20260709 14:50:54.647987 13248 tablet_service.cc:1917] Received RequestConsensusVote() RPC: tablet_id: "24810dbdefd1471f9454f986be0be166" candidate_uuid: "6b936dd906ed418bb82226787322c0c5" candidate_term: 1 candidate_status { last_received { term: 0 index: 0 } } ignore_live_leader: false dest_uuid: "88651aeb0cd54f768e04ee187606d860" is_pre_election: true
I20260709 14:50:54.635535 13314 raft_consensus.cc:493] T d4d7223bb28841429f88d5660cf5ea53 P 6b936dd906ed418bb82226787322c0c5 [term 0 FOLLOWER]: Starting pre-election (no leader contacted us within the election timeout)
I20260709 14:50:54.652720 13315 raft_consensus.cc:493] T b6e4b8a690d049d781b319d84a0d5d7f P 88651aeb0cd54f768e04ee187606d860 [term 0 FOLLOWER]: Starting pre-election (no leader contacted us within the election timeout)
I20260709 14:50:54.653755 13315 raft_consensus.cc:515] T b6e4b8a690d049d781b319d84a0d5d7f P 88651aeb0cd54f768e04ee187606d860 [term 0 FOLLOWER]: Starting pre-election with config: opid_index: -1 OBSOLETE_local: false peers { permanent_uuid: "ce3e9b86bda64d71aad52ebf9b6e1149" member_type: VOTER last_known_addr { host: "127.11.176.129" port: 46267 } } peers { permanent_uuid: "6b936dd906ed418bb82226787322c0c5" member_type: VOTER last_known_addr { host: "127.11.176.130" port: 45837 } } peers { permanent_uuid: "88651aeb0cd54f768e04ee187606d860" member_type: VOTER last_known_addr { host: "127.11.176.131" port: 33263 } }
I20260709 14:50:54.654491 13529 raft_consensus.cc:2804] T f3fb45f657044bc4aad985923d7e0884 P ce3e9b86bda64d71aad52ebf9b6e1149 [term 1 FOLLOWER]: Leader election won for term 1
I20260709 14:50:54.639550 13288 consensus_queue.cc:260] T 2e8afbbdf30e45eeb248e981af1fcb95 P 6b936dd906ed418bb82226787322c0c5 [NON_LEADER]: Queue going to NON_LEADER mode. State: All replicated index: 0, Majority replicated index: 0, Committed index: 0, Last appended: 0.0, Last appended by leader: 0, Current term: 0, Majority size: -1, State: 0, Mode: NON_LEADER, active raft config: opid_index: -1 OBSOLETE_local: false peers { permanent_uuid: "ce3e9b86bda64d71aad52ebf9b6e1149" member_type: VOTER last_known_addr { host: "127.11.176.129" port: 46267 } } peers { permanent_uuid: "6b936dd906ed418bb82226787322c0c5" member_type: VOTER last_known_addr { host: "127.11.176.130" port: 45837 } } peers { permanent_uuid: "88651aeb0cd54f768e04ee187606d860" member_type: VOTER last_known_addr { host: "127.11.176.131" port: 33263 } }
I20260709 14:50:54.655699 13529 raft_consensus.cc:697] T f3fb45f657044bc4aad985923d7e0884 P ce3e9b86bda64d71aad52ebf9b6e1149 [term 1 LEADER]: Becoming Leader. State: Replica: ce3e9b86bda64d71aad52ebf9b6e1149, State: Running, Role: LEADER
I20260709 14:50:54.665378 13529 consensus_queue.cc:237] T f3fb45f657044bc4aad985923d7e0884 P ce3e9b86bda64d71aad52ebf9b6e1149 [LEADER]: Queue going to LEADER mode. State: All replicated index: 0, Majority replicated index: 0, Committed index: 0, Last appended: 0.0, Last appended by leader: 0, Current term: 1, Majority size: 2, State: 0, Mode: LEADER, active raft config: opid_index: -1 OBSOLETE_local: false peers { permanent_uuid: "ce3e9b86bda64d71aad52ebf9b6e1149" member_type: VOTER last_known_addr { host: "127.11.176.129" port: 46267 } } peers { permanent_uuid: "6b936dd906ed418bb82226787322c0c5" member_type: VOTER last_known_addr { host: "127.11.176.130" port: 45837 } } peers { permanent_uuid: "88651aeb0cd54f768e04ee187606d860" member_type: VOTER last_known_addr { host: "127.11.176.131" port: 33263 } }
I20260709 14:50:54.669031 13315 leader_election.cc:290] T b6e4b8a690d049d781b319d84a0d5d7f P 88651aeb0cd54f768e04ee187606d860 [CANDIDATE]: Term 1 pre-election: Requested pre-vote from peers ce3e9b86bda64d71aad52ebf9b6e1149 (127.11.176.129:46267), 6b936dd906ed418bb82226787322c0c5 (127.11.176.130:45837)
I20260709 14:50:54.669430 13483 raft_consensus.cc:493] T b6e4b8a690d049d781b319d84a0d5d7f P 6b936dd906ed418bb82226787322c0c5 [term 0 FOLLOWER]: Starting pre-election (no leader contacted us within the election timeout)
I20260709 14:50:54.670241 13245 tablet_service.cc:1917] Received RequestConsensusVote() RPC: tablet_id: "24810dbdefd1471f9454f986be0be166" candidate_uuid: "ce3e9b86bda64d71aad52ebf9b6e1149" candidate_term: 1 candidate_status { last_received { term: 0 index: 0 } } ignore_live_leader: false dest_uuid: "88651aeb0cd54f768e04ee187606d860" is_pre_election: true
I20260709 14:50:54.670241 13483 raft_consensus.cc:515] T b6e4b8a690d049d781b319d84a0d5d7f P 6b936dd906ed418bb82226787322c0c5 [term 0 FOLLOWER]: Starting pre-election with config: opid_index: -1 OBSOLETE_local: false peers { permanent_uuid: "ce3e9b86bda64d71aad52ebf9b6e1149" member_type: VOTER last_known_addr { host: "127.11.176.129" port: 46267 } } peers { permanent_uuid: "6b936dd906ed418bb82226787322c0c5" member_type: VOTER last_known_addr { host: "127.11.176.130" port: 45837 } } peers { permanent_uuid: "88651aeb0cd54f768e04ee187606d860" member_type: VOTER last_known_addr { host: "127.11.176.131" port: 33263 } }
I20260709 14:50:54.672254 13096 tablet_service.cc:1917] Received RequestConsensusVote() RPC: tablet_id: "b6e4b8a690d049d781b319d84a0d5d7f" candidate_uuid: "88651aeb0cd54f768e04ee187606d860" candidate_term: 1 candidate_status { last_received { term: 0 index: 0 } } ignore_live_leader: false dest_uuid: "ce3e9b86bda64d71aad52ebf9b6e1149" is_pre_election: true
I20260709 14:50:54.674113 13483 leader_election.cc:290] T b6e4b8a690d049d781b319d84a0d5d7f P 6b936dd906ed418bb82226787322c0c5 [CANDIDATE]: Term 1 pre-election: Requested pre-vote from peers ce3e9b86bda64d71aad52ebf9b6e1149 (127.11.176.129:46267), 88651aeb0cd54f768e04ee187606d860 (127.11.176.131:33263)
I20260709 14:50:54.676293 13314 raft_consensus.cc:515] T d4d7223bb28841429f88d5660cf5ea53 P 6b936dd906ed418bb82226787322c0c5 [term 0 FOLLOWER]: Starting pre-election with config: opid_index: -1 OBSOLETE_local: false peers { permanent_uuid: "ce3e9b86bda64d71aad52ebf9b6e1149" member_type: VOTER last_known_addr { host: "127.11.176.129" port: 46267 } } peers { permanent_uuid: "6b936dd906ed418bb82226787322c0c5" member_type: VOTER last_known_addr { host: "127.11.176.130" port: 45837 } } peers { permanent_uuid: "88651aeb0cd54f768e04ee187606d860" member_type: VOTER last_known_addr { host: "127.11.176.131" port: 33263 } }
I20260709 14:50:54.678004 13174 tablet_service.cc:1917] Received RequestConsensusVote() RPC: tablet_id: "b6e4b8a690d049d781b319d84a0d5d7f" candidate_uuid: "88651aeb0cd54f768e04ee187606d860" candidate_term: 1 candidate_status { last_received { term: 0 index: 0 } } ignore_live_leader: false dest_uuid: "6b936dd906ed418bb82226787322c0c5" is_pre_election: true
W20260709 14:50:54.680914 13138 leader_election.cc:343] T 88f63d66737b4356935ddaeb3f8b007a P 6b936dd906ed418bb82226787322c0c5 [CANDIDATE]: Term 1 election: Tablet error from VoteRequest() call to peer 88651aeb0cd54f768e04ee187606d860 (127.11.176.131:33263): Illegal state: must be running to vote when last-logged opid is not known
W20260709 14:50:54.687247 13138 leader_election.cc:343] T 24810dbdefd1471f9454f986be0be166 P 6b936dd906ed418bb82226787322c0c5 [CANDIDATE]: Term 1 pre-election: Tablet error from VoteRequest() call to peer 88651aeb0cd54f768e04ee187606d860 (127.11.176.131:33263): Illegal state: must be running to vote when last-logged opid is not known
I20260709 14:50:54.685324 13174 raft_consensus.cc:2468] T b6e4b8a690d049d781b319d84a0d5d7f P 6b936dd906ed418bb82226787322c0c5 [term 0 FOLLOWER]: Leader pre-election vote request: Granting yes vote for candidate 88651aeb0cd54f768e04ee187606d860 in term 0.
I20260709 14:50:54.699643 13350 consensus_queue.cc:1048] T 1cd4906b601745b3921b8b0cbb3d7a75 P 6b936dd906ed418bb82226787322c0c5 [LEADER]: Connected to new peer: Peer: permanent_uuid: "88651aeb0cd54f768e04ee187606d860" member_type: VOTER last_known_addr { host: "127.11.176.131" port: 33263 }, Status: LMP_MISMATCH, Last received: 0.0, Next index: 1, Last known committed idx: 0, Time since last communication: 0.001s
I20260709 14:50:54.688041 13288 ts_tablet_manager.cc:1434] T 2e8afbbdf30e45eeb248e981af1fcb95 P 6b936dd906ed418bb82226787322c0c5: Time spent starting tablet: real 0.108s	user 0.006s	sys 0.001s
W20260709 14:50:54.690104 13064 outbound_call.cc:321] RPC callback for RPC call kudu.consensus.ConsensusService.RequestConsensusVote -> {remote=127.11.176.130:45837, user_credentials={real_user=slave}} blocked reactor thread for 68322.6us
I20260709 14:50:54.704540 13247 tablet_service.cc:1917] Received RequestConsensusVote() RPC: tablet_id: "b6e4b8a690d049d781b319d84a0d5d7f" candidate_uuid: "6b936dd906ed418bb82226787322c0c5" candidate_term: 1 candidate_status { last_received { term: 0 index: 0 } } ignore_live_leader: false dest_uuid: "88651aeb0cd54f768e04ee187606d860" is_pre_election: true
I20260709 14:50:54.705353 13247 raft_consensus.cc:2468] T b6e4b8a690d049d781b319d84a0d5d7f P 88651aeb0cd54f768e04ee187606d860 [term 0 FOLLOWER]: Leader pre-election vote request: Granting yes vote for candidate 6b936dd906ed418bb82226787322c0c5 in term 0.
W20260709 14:50:54.692535 13063 leader_election.cc:343] T 24810dbdefd1471f9454f986be0be166 P ce3e9b86bda64d71aad52ebf9b6e1149 [CANDIDATE]: Term 1 pre-election: Tablet error from VoteRequest() call to peer 88651aeb0cd54f768e04ee187606d860 (127.11.176.131:33263): Illegal state: must be running to vote when last-logged opid is not known
W20260709 14:50:54.684737 13213 leader_election.cc:343] T b6e4b8a690d049d781b319d84a0d5d7f P 88651aeb0cd54f768e04ee187606d860 [CANDIDATE]: Term 1 pre-election: Tablet error from VoteRequest() call to peer ce3e9b86bda64d71aad52ebf9b6e1149 (127.11.176.129:46267): Illegal state: must be running to vote when last-logged opid is not known
I20260709 14:50:54.709826 13314 leader_election.cc:290] T d4d7223bb28841429f88d5660cf5ea53 P 6b936dd906ed418bb82226787322c0c5 [CANDIDATE]: Term 1 pre-election: Requested pre-vote from peers ce3e9b86bda64d71aad52ebf9b6e1149 (127.11.176.129:46267), 88651aeb0cd54f768e04ee187606d860 (127.11.176.131:33263)
I20260709 14:50:54.710453 13213 leader_election.cc:304] T b6e4b8a690d049d781b319d84a0d5d7f P 88651aeb0cd54f768e04ee187606d860 [CANDIDATE]: Term 1 pre-election: Election decided. Result: candidate won. Election summary: received 3 responses out of 3 voters: 2 yes votes; 1 no votes. yes voters: 6b936dd906ed418bb82226787322c0c5, 88651aeb0cd54f768e04ee187606d860; no voters: ce3e9b86bda64d71aad52ebf9b6e1149
I20260709 14:50:54.713671 13489 raft_consensus.cc:2804] T b6e4b8a690d049d781b319d84a0d5d7f P 88651aeb0cd54f768e04ee187606d860 [term 0 FOLLOWER]: Leader pre-election won for term 1
I20260709 14:50:54.714134 13489 raft_consensus.cc:493] T b6e4b8a690d049d781b319d84a0d5d7f P 88651aeb0cd54f768e04ee187606d860 [term 0 FOLLOWER]: Starting leader election (no leader contacted us within the election timeout)
I20260709 14:50:54.714525 13489 raft_consensus.cc:3060] T b6e4b8a690d049d781b319d84a0d5d7f P 88651aeb0cd54f768e04ee187606d860 [term 0 FOLLOWER]: Advancing to term 1
I20260709 14:50:54.715484 13173 tablet_service.cc:1917] Received RequestConsensusVote() RPC: tablet_id: "24810dbdefd1471f9454f986be0be166" candidate_uuid: "ce3e9b86bda64d71aad52ebf9b6e1149" candidate_term: 1 candidate_status { last_received { term: 0 index: 0 } } ignore_live_leader: false dest_uuid: "6b936dd906ed418bb82226787322c0c5" is_pre_election: true
I20260709 14:50:54.715700 13096 tablet_service.cc:1917] Received RequestConsensusVote() RPC: tablet_id: "88f63d66737b4356935ddaeb3f8b007a" candidate_uuid: "6b936dd906ed418bb82226787322c0c5" candidate_term: 1 candidate_status { last_received { term: 0 index: 0 } } ignore_live_leader: false dest_uuid: "ce3e9b86bda64d71aad52ebf9b6e1149"
I20260709 14:50:54.716192 13173 raft_consensus.cc:2468] T 24810dbdefd1471f9454f986be0be166 P 6b936dd906ed418bb82226787322c0c5 [term 0 FOLLOWER]: Leader pre-election vote request: Granting yes vote for candidate ce3e9b86bda64d71aad52ebf9b6e1149 in term 0.
I20260709 14:50:54.716362 13096 raft_consensus.cc:3060] T 88f63d66737b4356935ddaeb3f8b007a P ce3e9b86bda64d71aad52ebf9b6e1149 [term 0 FOLLOWER]: Advancing to term 1
I20260709 14:50:54.707230 13315 raft_consensus.cc:493] T ef88e186f6944973ade78c43eca3b421 P 88651aeb0cd54f768e04ee187606d860 [term 0 FOLLOWER]: Starting pre-election (no leader contacted us within the election timeout)
I20260709 14:50:54.721637 13099 tablet_service.cc:1917] Received RequestConsensusVote() RPC: tablet_id: "24810dbdefd1471f9454f986be0be166" candidate_uuid: "6b936dd906ed418bb82226787322c0c5" candidate_term: 1 candidate_status { last_received { term: 0 index: 0 } } ignore_live_leader: false dest_uuid: "ce3e9b86bda64d71aad52ebf9b6e1149" is_pre_election: true
I20260709 14:50:54.722384 13099 raft_consensus.cc:2468] T 24810dbdefd1471f9454f986be0be166 P ce3e9b86bda64d71aad52ebf9b6e1149 [term 0 FOLLOWER]: Leader pre-election vote request: Granting yes vote for candidate 6b936dd906ed418bb82226787322c0c5 in term 0.
I20260709 14:50:54.723335 13095 tablet_service.cc:1917] Received RequestConsensusVote() RPC: tablet_id: "b6e4b8a690d049d781b319d84a0d5d7f" candidate_uuid: "6b936dd906ed418bb82226787322c0c5" candidate_term: 1 candidate_status { last_received { term: 0 index: 0 } } ignore_live_leader: false dest_uuid: "ce3e9b86bda64d71aad52ebf9b6e1149" is_pre_election: true
I20260709 14:50:54.726982 13095 tablet_service.cc:1917] Received RequestConsensusVote() RPC: tablet_id: "d4d7223bb28841429f88d5660cf5ea53" candidate_uuid: "6b936dd906ed418bb82226787322c0c5" candidate_term: 1 candidate_status { last_received { term: 0 index: 0 } } ignore_live_leader: false dest_uuid: "ce3e9b86bda64d71aad52ebf9b6e1149" is_pre_election: true
I20260709 14:50:54.727921 13095 raft_consensus.cc:2468] T d4d7223bb28841429f88d5660cf5ea53 P ce3e9b86bda64d71aad52ebf9b6e1149 [term 0 FOLLOWER]: Leader pre-election vote request: Granting yes vote for candidate 6b936dd906ed418bb82226787322c0c5 in term 0.
I20260709 14:50:54.729955 13315 raft_consensus.cc:515] T ef88e186f6944973ade78c43eca3b421 P 88651aeb0cd54f768e04ee187606d860 [term 0 FOLLOWER]: Starting pre-election with config: opid_index: -1 OBSOLETE_local: false peers { permanent_uuid: "ce3e9b86bda64d71aad52ebf9b6e1149" member_type: VOTER last_known_addr { host: "127.11.176.129" port: 46267 } } peers { permanent_uuid: "6b936dd906ed418bb82226787322c0c5" member_type: VOTER last_known_addr { host: "127.11.176.130" port: 45837 } } peers { permanent_uuid: "88651aeb0cd54f768e04ee187606d860" member_type: VOTER last_known_addr { host: "127.11.176.131" port: 33263 } }
I20260709 14:50:54.730386 13139 leader_election.cc:304] T 24810dbdefd1471f9454f986be0be166 P 6b936dd906ed418bb82226787322c0c5 [CANDIDATE]: Term 1 pre-election: Election decided. Result: candidate won. Election summary: received 3 responses out of 3 voters: 2 yes votes; 1 no votes. yes voters: 6b936dd906ed418bb82226787322c0c5, ce3e9b86bda64d71aad52ebf9b6e1149; no voters: 88651aeb0cd54f768e04ee187606d860
W20260709 14:50:54.733069 13139 leader_election.cc:343] T b6e4b8a690d049d781b319d84a0d5d7f P 6b936dd906ed418bb82226787322c0c5 [CANDIDATE]: Term 1 pre-election: Tablet error from VoteRequest() call to peer ce3e9b86bda64d71aad52ebf9b6e1149 (127.11.176.129:46267): Illegal state: must be running to vote when last-logged opid is not known
I20260709 14:50:54.734499 13244 tablet_service.cc:1917] Received RequestConsensusVote() RPC: tablet_id: "d4d7223bb28841429f88d5660cf5ea53" candidate_uuid: "6b936dd906ed418bb82226787322c0c5" candidate_term: 1 candidate_status { last_received { term: 0 index: 0 } } ignore_live_leader: false dest_uuid: "88651aeb0cd54f768e04ee187606d860" is_pre_election: true
I20260709 14:50:54.735173 13288 tablet_bootstrap.cc:492] T cf3c91495a2e484280c8fbe8f14c6c0a P 6b936dd906ed418bb82226787322c0c5: Bootstrap starting.
I20260709 14:50:54.736629 13416 raft_consensus.cc:2804] T 24810dbdefd1471f9454f986be0be166 P 6b936dd906ed418bb82226787322c0c5 [term 0 FOLLOWER]: Leader pre-election won for term 1
I20260709 14:50:54.737076 13416 raft_consensus.cc:493] T 24810dbdefd1471f9454f986be0be166 P 6b936dd906ed418bb82226787322c0c5 [term 0 FOLLOWER]: Starting leader election (no leader contacted us within the election timeout)
I20260709 14:50:54.737483 13416 raft_consensus.cc:3060] T 24810dbdefd1471f9454f986be0be166 P 6b936dd906ed418bb82226787322c0c5 [term 0 FOLLOWER]: Advancing to term 1
I20260709 14:50:54.731016 13483 consensus_queue.cc:1048] T 02d77afe75354462b4fdf541325d2d90 P 6b936dd906ed418bb82226787322c0c5 [LEADER]: Connected to new peer: Peer: permanent_uuid: "ce3e9b86bda64d71aad52ebf9b6e1149" member_type: VOTER last_known_addr { host: "127.11.176.129" port: 46267 }, Status: LMP_MISMATCH, Last received: 0.0, Next index: 1, Last known committed idx: 0, Time since last communication: 0.000s
I20260709 14:50:54.740222 13516 consensus_queue.cc:1048] T 1cd4906b601745b3921b8b0cbb3d7a75 P 6b936dd906ed418bb82226787322c0c5 [LEADER]: Connected to new peer: Peer: permanent_uuid: "ce3e9b86bda64d71aad52ebf9b6e1149" member_type: VOTER last_known_addr { host: "127.11.176.129" port: 46267 }, Status: LMP_MISMATCH, Last received: 0.0, Next index: 1, Last known committed idx: 0, Time since last communication: 0.001s
W20260709 14:50:54.744606 13063 consensus_peers.cc:597] T e16affae262b45a4865024cd10d32271 P ce3e9b86bda64d71aad52ebf9b6e1149 -> Peer 88651aeb0cd54f768e04ee187606d860 (127.11.176.131:33263): Couldn't send request to peer 88651aeb0cd54f768e04ee187606d860. Error code: TABLET_NOT_RUNNING (12). Status: Illegal state: Tablet not RUNNING: INITIALIZED. This is attempt 1: this message will repeat every 5th retry.
I20260709 14:50:54.731436 13064 leader_election.cc:304] T 24810dbdefd1471f9454f986be0be166 P ce3e9b86bda64d71aad52ebf9b6e1149 [CANDIDATE]: Term 1 pre-election: Election decided. Result: candidate won. Election summary: received 3 responses out of 3 voters: 2 yes votes; 1 no votes. yes voters: 6b936dd906ed418bb82226787322c0c5, ce3e9b86bda64d71aad52ebf9b6e1149; no voters: 88651aeb0cd54f768e04ee187606d860
I20260709 14:50:54.748194 13339 raft_consensus.cc:2804] T 24810dbdefd1471f9454f986be0be166 P ce3e9b86bda64d71aad52ebf9b6e1149 [term 0 FOLLOWER]: Leader pre-election won for term 1
I20260709 14:50:54.748612 13339 raft_consensus.cc:493] T 24810dbdefd1471f9454f986be0be166 P ce3e9b86bda64d71aad52ebf9b6e1149 [term 0 FOLLOWER]: Starting leader election (no leader contacted us within the election timeout)
I20260709 14:50:54.750759 13138 leader_election.cc:304] T b6e4b8a690d049d781b319d84a0d5d7f P 6b936dd906ed418bb82226787322c0c5 [CANDIDATE]: Term 1 pre-election: Election decided. Result: candidate won. Election summary: received 3 responses out of 3 voters: 2 yes votes; 1 no votes. yes voters: 6b936dd906ed418bb82226787322c0c5, 88651aeb0cd54f768e04ee187606d860; no voters: ce3e9b86bda64d71aad52ebf9b6e1149
I20260709 14:50:54.753906 13139 leader_election.cc:304] T d4d7223bb28841429f88d5660cf5ea53 P 6b936dd906ed418bb82226787322c0c5 [CANDIDATE]: Term 1 pre-election: Election decided. Result: candidate won. Election summary: received 2 responses out of 3 voters: 2 yes votes; 0 no votes. yes voters: 6b936dd906ed418bb82226787322c0c5, ce3e9b86bda64d71aad52ebf9b6e1149; no voters: 
I20260709 14:50:54.754822 13339 raft_consensus.cc:3060] T 24810dbdefd1471f9454f986be0be166 P ce3e9b86bda64d71aad52ebf9b6e1149 [term 0 FOLLOWER]: Advancing to term 1
I20260709 14:50:54.757511 13294 consensus_queue.cc:1048] T e16affae262b45a4865024cd10d32271 P ce3e9b86bda64d71aad52ebf9b6e1149 [LEADER]: Connected to new peer: Peer: permanent_uuid: "6b936dd906ed418bb82226787322c0c5" member_type: VOTER last_known_addr { host: "127.11.176.130" port: 45837 }, Status: LMP_MISMATCH, Last received: 0.0, Next index: 1, Last known committed idx: 0, Time since last communication: 0.000s
I20260709 14:50:54.754817 13416 raft_consensus.cc:515] T 24810dbdefd1471f9454f986be0be166 P 6b936dd906ed418bb82226787322c0c5 [term 1 FOLLOWER]: Starting leader election with config: opid_index: -1 OBSOLETE_local: false peers { permanent_uuid: "ce3e9b86bda64d71aad52ebf9b6e1149" member_type: VOTER last_known_addr { host: "127.11.176.129" port: 46267 } } peers { permanent_uuid: "6b936dd906ed418bb82226787322c0c5" member_type: VOTER last_known_addr { host: "127.11.176.130" port: 45837 } } peers { permanent_uuid: "88651aeb0cd54f768e04ee187606d860" member_type: VOTER last_known_addr { host: "127.11.176.131" port: 33263 } }
W20260709 14:50:54.764030 13138 leader_election.cc:343] T d4d7223bb28841429f88d5660cf5ea53 P 6b936dd906ed418bb82226787322c0c5 [CANDIDATE]: Term 1 pre-election: Tablet error from VoteRequest() call to peer 88651aeb0cd54f768e04ee187606d860 (127.11.176.131:33263): Illegal state: must be running to vote when last-logged opid is not known
I20260709 14:50:54.762218 13483 raft_consensus.cc:2804] T d4d7223bb28841429f88d5660cf5ea53 P 6b936dd906ed418bb82226787322c0c5 [term 0 FOLLOWER]: Leader pre-election won for term 1
I20260709 14:50:54.763485 13516 raft_consensus.cc:2804] T b6e4b8a690d049d781b319d84a0d5d7f P 6b936dd906ed418bb82226787322c0c5 [term 0 FOLLOWER]: Leader pre-election won for term 1
I20260709 14:50:54.772481 13097 tablet_service.cc:1917] Received RequestConsensusVote() RPC: tablet_id: "ef88e186f6944973ade78c43eca3b421" candidate_uuid: "88651aeb0cd54f768e04ee187606d860" candidate_term: 1 candidate_status { last_received { term: 0 index: 0 } } ignore_live_leader: false dest_uuid: "ce3e9b86bda64d71aad52ebf9b6e1149" is_pre_election: true
I20260709 14:50:54.775799 13315 leader_election.cc:290] T ef88e186f6944973ade78c43eca3b421 P 88651aeb0cd54f768e04ee187606d860 [CANDIDATE]: Term 1 pre-election: Requested pre-vote from peers ce3e9b86bda64d71aad52ebf9b6e1149 (127.11.176.129:46267), 6b936dd906ed418bb82226787322c0c5 (127.11.176.130:45837)
I20260709 14:50:54.781706 13364 raft_consensus.cc:493] T 33cc0b2c2c9e409a84f3917e1e9cd78e P ce3e9b86bda64d71aad52ebf9b6e1149 [term 0 FOLLOWER]: Starting pre-election (no leader contacted us within the election timeout)
