I20260709 14:50:52.070339  8832 consensus_queue.cc:260] T 174cf3e56e064d53b290072a7e2831a2 P 9c63cb150d32444c91ea3c5490b22414 [NON_LEADER]: Queue going to NON_LEADER mode. State: All replicated index: 0, Majority replicated index: 0, Committed index: 0, Last appended: 0.0, Last appended by leader: 0, Current term: 0, Majority size: -1, State: 0, Mode: NON_LEADER, active raft config: opid_index: -1 OBSOLETE_local: false peers { permanent_uuid: "9c63cb150d32444c91ea3c5490b22414" member_type: VOTER last_known_addr { host: "127.7.91.1" port: 39351 } } peers { permanent_uuid: "11124b37e3de45aea2182cfbfacde8ae" member_type: VOTER last_known_addr { host: "127.7.91.2" port: 43711 } } peers { permanent_uuid: "0c43873e114c4f508a5178294ca1c253" member_type: VOTER last_known_addr { host: "127.7.91.3" port: 37635 } }
I20260709 14:50:52.071563  8858 raft_consensus.cc:2749] T 148af94eac0743fe829f4a5a0ff82132 P 9c63cb150d32444c91ea3c5490b22414 [term 1 FOLLOWER]: Leader pre-election lost for term 1. Reason: could not achieve majority
I20260709 14:50:52.074029  8715 tablet_service.cc:1917] Received RequestConsensusVote() RPC: tablet_id: "1234847e7f9d41959bee60f6d2eb9578" candidate_uuid: "9c63cb150d32444c91ea3c5490b22414" candidate_term: 1 candidate_status { last_received { term: 0 index: 0 } } ignore_live_leader: false dest_uuid: "11124b37e3de45aea2182cfbfacde8ae"
I20260709 14:50:52.074818  8715 raft_consensus.cc:3060] T 1234847e7f9d41959bee60f6d2eb9578 P 11124b37e3de45aea2182cfbfacde8ae [term 0 FOLLOWER]: Advancing to term 1
I20260709 14:50:52.076817  8788 tablet_service.cc:1917] Received RequestConsensusVote() RPC: tablet_id: "1234847e7f9d41959bee60f6d2eb9578" candidate_uuid: "9c63cb150d32444c91ea3c5490b22414" candidate_term: 1 candidate_status { last_received { term: 0 index: 0 } } ignore_live_leader: false dest_uuid: "0c43873e114c4f508a5178294ca1c253"
I20260709 14:50:52.077497  8788 raft_consensus.cc:3060] T 1234847e7f9d41959bee60f6d2eb9578 P 0c43873e114c4f508a5178294ca1c253 [term 0 FOLLOWER]: Advancing to term 1
I20260709 14:50:52.081630  8834 tablet_bootstrap.cc:492] T 174cf3e56e064d53b290072a7e2831a2 P 0c43873e114c4f508a5178294ca1c253: No bootstrap required, opened a new log
I20260709 14:50:52.082214  8834 ts_tablet_manager.cc:1403] T 174cf3e56e064d53b290072a7e2831a2 P 0c43873e114c4f508a5178294ca1c253: Time spent bootstrapping tablet: real 0.044s	user 0.018s	sys 0.002s
I20260709 14:50:52.082883  8715 raft_consensus.cc:2468] T 1234847e7f9d41959bee60f6d2eb9578 P 11124b37e3de45aea2182cfbfacde8ae [term 1 FOLLOWER]: Leader election vote request: Granting yes vote for candidate 9c63cb150d32444c91ea3c5490b22414 in term 1.
I20260709 14:50:52.084223  8606 leader_election.cc:304] T 1234847e7f9d41959bee60f6d2eb9578 P 9c63cb150d32444c91ea3c5490b22414 [CANDIDATE]: Term 1 election: Election decided. Result: candidate won. Election summary: received 2 responses out of 3 voters: 2 yes votes; 0 no votes. yes voters: 11124b37e3de45aea2182cfbfacde8ae, 9c63cb150d32444c91ea3c5490b22414; no voters: 
I20260709 14:50:52.084976  8832 ts_tablet_manager.cc:1434] T 174cf3e56e064d53b290072a7e2831a2 P 9c63cb150d32444c91ea3c5490b22414: Time spent starting tablet: real 0.039s	user 0.008s	sys 0.000s
I20260709 14:50:52.085124  8858 raft_consensus.cc:2804] T 1234847e7f9d41959bee60f6d2eb9578 P 9c63cb150d32444c91ea3c5490b22414 [term 1 FOLLOWER]: Leader election won for term 1
I20260709 14:50:52.085637  8858 raft_consensus.cc:697] T 1234847e7f9d41959bee60f6d2eb9578 P 9c63cb150d32444c91ea3c5490b22414 [term 1 LEADER]: Becoming Leader. State: Replica: 9c63cb150d32444c91ea3c5490b22414, State: Running, Role: LEADER
I20260709 14:50:52.086086  8788 raft_consensus.cc:2468] T 1234847e7f9d41959bee60f6d2eb9578 P 0c43873e114c4f508a5178294ca1c253 [term 1 FOLLOWER]: Leader election vote request: Granting yes vote for candidate 9c63cb150d32444c91ea3c5490b22414 in term 1.
I20260709 14:50:52.086493  8858 consensus_queue.cc:237] T 1234847e7f9d41959bee60f6d2eb9578 P 9c63cb150d32444c91ea3c5490b22414 [LEADER]: Queue going to LEADER mode. State: All replicated index: 0, Majority replicated index: 0, Committed index: 0, Last appended: 0.0, Last appended by leader: 0, Current term: 1, Majority size: 2, State: 0, Mode: LEADER, active raft config: opid_index: -1 OBSOLETE_local: false peers { permanent_uuid: "9c63cb150d32444c91ea3c5490b22414" member_type: VOTER last_known_addr { host: "127.7.91.1" port: 39351 } } peers { permanent_uuid: "11124b37e3de45aea2182cfbfacde8ae" member_type: VOTER last_known_addr { host: "127.7.91.2" port: 43711 } } peers { permanent_uuid: "0c43873e114c4f508a5178294ca1c253" member_type: VOTER last_known_addr { host: "127.7.91.3" port: 37635 } }
I20260709 14:50:52.088428  8836 leader_election.cc:290] T 1234847e7f9d41959bee60f6d2eb9578 P 9c63cb150d32444c91ea3c5490b22414 [CANDIDATE]: Term 1 election: Requested vote from peers 11124b37e3de45aea2182cfbfacde8ae (127.7.91.2:43711), 0c43873e114c4f508a5178294ca1c253 (127.7.91.3:37635)
I20260709 14:50:52.086948  8835 tablet_bootstrap.cc:492] T f7507569590f4c58a655c3b83eb3bcbf P 11124b37e3de45aea2182cfbfacde8ae: No bootstrap required, opened a new log
I20260709 14:50:52.090756  8832 tablet_bootstrap.cc:492] T f5b346774b5e4221abd4d896e513065f P 9c63cb150d32444c91ea3c5490b22414: Bootstrap starting.
I20260709 14:50:52.090986  8835 ts_tablet_manager.cc:1403] T f7507569590f4c58a655c3b83eb3bcbf P 11124b37e3de45aea2182cfbfacde8ae: Time spent bootstrapping tablet: real 0.062s	user 0.015s	sys 0.004s
I20260709 14:50:52.093883  8835 raft_consensus.cc:359] T f7507569590f4c58a655c3b83eb3bcbf P 11124b37e3de45aea2182cfbfacde8ae [term 0 FOLLOWER]: Replica starting. Triggering 0 pending ops. Active config: opid_index: -1 OBSOLETE_local: false peers { permanent_uuid: "9c63cb150d32444c91ea3c5490b22414" member_type: VOTER last_known_addr { host: "127.7.91.1" port: 39351 } } peers { permanent_uuid: "11124b37e3de45aea2182cfbfacde8ae" member_type: VOTER last_known_addr { host: "127.7.91.2" port: 43711 } } peers { permanent_uuid: "0c43873e114c4f508a5178294ca1c253" member_type: VOTER last_known_addr { host: "127.7.91.3" port: 37635 } }
I20260709 14:50:52.094661  8835 raft_consensus.cc:385] T f7507569590f4c58a655c3b83eb3bcbf P 11124b37e3de45aea2182cfbfacde8ae [term 0 FOLLOWER]: Consensus starting up: Expiring failure detector timer to make a prompt election more likely
I20260709 14:50:52.095007  8835 raft_consensus.cc:740] T f7507569590f4c58a655c3b83eb3bcbf P 11124b37e3de45aea2182cfbfacde8ae [term 0 FOLLOWER]: Becoming Follower/Learner. State: Replica: 11124b37e3de45aea2182cfbfacde8ae, State: Initialized, Role: FOLLOWER
I20260709 14:50:52.097705  8835 consensus_queue.cc:260] T f7507569590f4c58a655c3b83eb3bcbf P 11124b37e3de45aea2182cfbfacde8ae [NON_LEADER]: Queue going to NON_LEADER mode. State: All replicated index: 0, Majority replicated index: 0, Committed index: 0, Last appended: 0.0, Last appended by leader: 0, Current term: 0, Majority size: -1, State: 0, Mode: NON_LEADER, active raft config: opid_index: -1 OBSOLETE_local: false peers { permanent_uuid: "9c63cb150d32444c91ea3c5490b22414" member_type: VOTER last_known_addr { host: "127.7.91.1" port: 39351 } } peers { permanent_uuid: "11124b37e3de45aea2182cfbfacde8ae" member_type: VOTER last_known_addr { host: "127.7.91.2" port: 43711 } } peers { permanent_uuid: "0c43873e114c4f508a5178294ca1c253" member_type: VOTER last_known_addr { host: "127.7.91.3" port: 37635 } }
I20260709 14:50:52.096563  8834 raft_consensus.cc:359] T 174cf3e56e064d53b290072a7e2831a2 P 0c43873e114c4f508a5178294ca1c253 [term 0 FOLLOWER]: Replica starting. Triggering 0 pending ops. Active config: opid_index: -1 OBSOLETE_local: false peers { permanent_uuid: "9c63cb150d32444c91ea3c5490b22414" member_type: VOTER last_known_addr { host: "127.7.91.1" port: 39351 } } peers { permanent_uuid: "11124b37e3de45aea2182cfbfacde8ae" member_type: VOTER last_known_addr { host: "127.7.91.2" port: 43711 } } peers { permanent_uuid: "0c43873e114c4f508a5178294ca1c253" member_type: VOTER last_known_addr { host: "127.7.91.3" port: 37635 } }
I20260709 14:50:52.099344  8834 raft_consensus.cc:385] T 174cf3e56e064d53b290072a7e2831a2 P 0c43873e114c4f508a5178294ca1c253 [term 0 FOLLOWER]: Consensus starting up: Expiring failure detector timer to make a prompt election more likely
I20260709 14:50:52.099673  8834 raft_consensus.cc:740] T 174cf3e56e064d53b290072a7e2831a2 P 0c43873e114c4f508a5178294ca1c253 [term 0 FOLLOWER]: Becoming Follower/Learner. State: Replica: 0c43873e114c4f508a5178294ca1c253, State: Initialized, Role: FOLLOWER
I20260709 14:50:52.100412  8834 consensus_queue.cc:260] T 174cf3e56e064d53b290072a7e2831a2 P 0c43873e114c4f508a5178294ca1c253 [NON_LEADER]: Queue going to NON_LEADER mode. State: All replicated index: 0, Majority replicated index: 0, Committed index: 0, Last appended: 0.0, Last appended by leader: 0, Current term: 0, Majority size: -1, State: 0, Mode: NON_LEADER, active raft config: opid_index: -1 OBSOLETE_local: false peers { permanent_uuid: "9c63cb150d32444c91ea3c5490b22414" member_type: VOTER last_known_addr { host: "127.7.91.1" port: 39351 } } peers { permanent_uuid: "11124b37e3de45aea2182cfbfacde8ae" member_type: VOTER last_known_addr { host: "127.7.91.2" port: 43711 } } peers { permanent_uuid: "0c43873e114c4f508a5178294ca1c253" member_type: VOTER last_known_addr { host: "127.7.91.3" port: 37635 } }
I20260709 14:50:52.102733  8834 ts_tablet_manager.cc:1434] T 174cf3e56e064d53b290072a7e2831a2 P 0c43873e114c4f508a5178294ca1c253: Time spent starting tablet: real 0.020s	user 0.009s	sys 0.000s
I20260709 14:50:52.103775  8834 tablet_bootstrap.cc:492] T 757f44eabc074312a0c6d735b0cae23a P 0c43873e114c4f508a5178294ca1c253: Bootstrap starting.
I20260709 14:50:52.104943  8539 catalog_manager.cc:5697] T 1234847e7f9d41959bee60f6d2eb9578 P 9c63cb150d32444c91ea3c5490b22414 reported cstate change: term changed from 0 to 1, leader changed from <none> to 9c63cb150d32444c91ea3c5490b22414 (127.7.91.1). New cstate: current_term: 1 leader_uuid: "9c63cb150d32444c91ea3c5490b22414" committed_config { opid_index: -1 OBSOLETE_local: false peers { permanent_uuid: "9c63cb150d32444c91ea3c5490b22414" member_type: VOTER last_known_addr { host: "127.7.91.1" port: 39351 } health_report { overall_health: HEALTHY } } peers { permanent_uuid: "11124b37e3de45aea2182cfbfacde8ae" member_type: VOTER last_known_addr { host: "127.7.91.2" port: 43711 } health_report { overall_health: UNKNOWN } } peers { permanent_uuid: "0c43873e114c4f508a5178294ca1c253" member_type: VOTER last_known_addr { host: "127.7.91.3" port: 37635 } health_report { overall_health: UNKNOWN } } }
I20260709 14:50:52.107890  8972 raft_consensus.cc:493] T 174cf3e56e064d53b290072a7e2831a2 P 11124b37e3de45aea2182cfbfacde8ae [term 0 FOLLOWER]: Starting pre-election (no leader contacted us within the election timeout)
I20260709 14:50:52.108505  8972 raft_consensus.cc:515] T 174cf3e56e064d53b290072a7e2831a2 P 11124b37e3de45aea2182cfbfacde8ae [term 0 FOLLOWER]: Starting pre-election with config: opid_index: -1 OBSOLETE_local: false peers { permanent_uuid: "9c63cb150d32444c91ea3c5490b22414" member_type: VOTER last_known_addr { host: "127.7.91.1" port: 39351 } } peers { permanent_uuid: "11124b37e3de45aea2182cfbfacde8ae" member_type: VOTER last_known_addr { host: "127.7.91.2" port: 43711 } } peers { permanent_uuid: "0c43873e114c4f508a5178294ca1c253" member_type: VOTER last_known_addr { host: "127.7.91.3" port: 37635 } }
I20260709 14:50:52.110286  8834 tablet_bootstrap.cc:654] T 757f44eabc074312a0c6d735b0cae23a P 0c43873e114c4f508a5178294ca1c253: Neither blocks nor log segments found. Creating new log.
I20260709 14:50:52.110778  8972 leader_election.cc:290] T 174cf3e56e064d53b290072a7e2831a2 P 11124b37e3de45aea2182cfbfacde8ae [CANDIDATE]: Term 1 pre-election: Requested pre-vote from peers 9c63cb150d32444c91ea3c5490b22414 (127.7.91.1:39351), 0c43873e114c4f508a5178294ca1c253 (127.7.91.3:37635)
I20260709 14:50:52.111011  8835 ts_tablet_manager.cc:1434] T f7507569590f4c58a655c3b83eb3bcbf P 11124b37e3de45aea2182cfbfacde8ae: Time spent starting tablet: real 0.020s	user 0.006s	sys 0.000s
I20260709 14:50:52.113137  8928 consensus_queue.cc:1048] T 148af94eac0743fe829f4a5a0ff82132 P 0c43873e114c4f508a5178294ca1c253 [LEADER]: Connected to new peer: Peer: permanent_uuid: "9c63cb150d32444c91ea3c5490b22414" member_type: VOTER last_known_addr { host: "127.7.91.1" port: 39351 }, Status: LMP_MISMATCH, Last received: 0.0, Next index: 1, Last known committed idx: 0, Time since last communication: 0.000s
I20260709 14:50:52.114276  8835 tablet_bootstrap.cc:492] T 757f44eabc074312a0c6d735b0cae23a P 11124b37e3de45aea2182cfbfacde8ae: Bootstrap starting.
I20260709 14:50:52.117941  8788 tablet_service.cc:1917] Received RequestConsensusVote() RPC: tablet_id: "174cf3e56e064d53b290072a7e2831a2" candidate_uuid: "11124b37e3de45aea2182cfbfacde8ae" candidate_term: 1 candidate_status { last_received { term: 0 index: 0 } } ignore_live_leader: false dest_uuid: "0c43873e114c4f508a5178294ca1c253" is_pre_election: true
I20260709 14:50:52.118671  8788 raft_consensus.cc:2468] T 174cf3e56e064d53b290072a7e2831a2 P 0c43873e114c4f508a5178294ca1c253 [term 0 FOLLOWER]: Leader pre-election vote request: Granting yes vote for candidate 11124b37e3de45aea2182cfbfacde8ae in term 0.
I20260709 14:50:52.121942  8684 leader_election.cc:304] T 174cf3e56e064d53b290072a7e2831a2 P 11124b37e3de45aea2182cfbfacde8ae [CANDIDATE]: Term 1 pre-election: Election decided. Result: candidate won. Election summary: received 2 responses out of 3 voters: 2 yes votes; 0 no votes. yes voters: 0c43873e114c4f508a5178294ca1c253, 11124b37e3de45aea2182cfbfacde8ae; no voters: 
I20260709 14:50:52.125087  8643 tablet_service.cc:1917] Received RequestConsensusVote() RPC: tablet_id: "174cf3e56e064d53b290072a7e2831a2" candidate_uuid: "11124b37e3de45aea2182cfbfacde8ae" candidate_term: 1 candidate_status { last_received { term: 0 index: 0 } } ignore_live_leader: false dest_uuid: "9c63cb150d32444c91ea3c5490b22414" is_pre_election: true
I20260709 14:50:52.126027  8643 raft_consensus.cc:2468] T 174cf3e56e064d53b290072a7e2831a2 P 9c63cb150d32444c91ea3c5490b22414 [term 0 FOLLOWER]: Leader pre-election vote request: Granting yes vote for candidate 11124b37e3de45aea2182cfbfacde8ae in term 0.
I20260709 14:50:52.128288  8851 raft_consensus.cc:2804] T 174cf3e56e064d53b290072a7e2831a2 P 11124b37e3de45aea2182cfbfacde8ae [term 0 FOLLOWER]: Leader pre-election won for term 1
I20260709 14:50:52.128827  8851 raft_consensus.cc:493] T 174cf3e56e064d53b290072a7e2831a2 P 11124b37e3de45aea2182cfbfacde8ae [term 0 FOLLOWER]: Starting leader election (no leader contacted us within the election timeout)
I20260709 14:50:52.129236  8851 raft_consensus.cc:3060] T 174cf3e56e064d53b290072a7e2831a2 P 11124b37e3de45aea2182cfbfacde8ae [term 0 FOLLOWER]: Advancing to term 1
I20260709 14:50:52.128345  8894 raft_consensus.cc:493] T 1db61c30cab941d9bea2d1c0650404a4 P 0c43873e114c4f508a5178294ca1c253 [term 0 FOLLOWER]: Starting pre-election (no leader contacted us within the election timeout)
I20260709 14:50:52.132509  8894 raft_consensus.cc:515] T 1db61c30cab941d9bea2d1c0650404a4 P 0c43873e114c4f508a5178294ca1c253 [term 0 FOLLOWER]: Starting pre-election with config: opid_index: -1 OBSOLETE_local: false peers { permanent_uuid: "9c63cb150d32444c91ea3c5490b22414" member_type: VOTER last_known_addr { host: "127.7.91.1" port: 39351 } } peers { permanent_uuid: "11124b37e3de45aea2182cfbfacde8ae" member_type: VOTER last_known_addr { host: "127.7.91.2" port: 43711 } } peers { permanent_uuid: "0c43873e114c4f508a5178294ca1c253" member_type: VOTER last_known_addr { host: "127.7.91.3" port: 37635 } }
I20260709 14:50:52.136317  8894 leader_election.cc:290] T 1db61c30cab941d9bea2d1c0650404a4 P 0c43873e114c4f508a5178294ca1c253 [CANDIDATE]: Term 1 pre-election: Requested pre-vote from peers 9c63cb150d32444c91ea3c5490b22414 (127.7.91.1:39351), 11124b37e3de45aea2182cfbfacde8ae (127.7.91.2:43711)
I20260709 14:50:52.137416  8715 tablet_service.cc:1917] Received RequestConsensusVote() RPC: tablet_id: "1db61c30cab941d9bea2d1c0650404a4" candidate_uuid: "0c43873e114c4f508a5178294ca1c253" candidate_term: 1 candidate_status { last_received { term: 0 index: 0 } } ignore_live_leader: false dest_uuid: "11124b37e3de45aea2182cfbfacde8ae" is_pre_election: true
I20260709 14:50:52.138135  8715 raft_consensus.cc:2468] T 1db61c30cab941d9bea2d1c0650404a4 P 11124b37e3de45aea2182cfbfacde8ae [term 0 FOLLOWER]: Leader pre-election vote request: Granting yes vote for candidate 0c43873e114c4f508a5178294ca1c253 in term 0.
I20260709 14:50:52.139165  8835 tablet_bootstrap.cc:654] T 757f44eabc074312a0c6d735b0cae23a P 11124b37e3de45aea2182cfbfacde8ae: Neither blocks nor log segments found. Creating new log.
I20260709 14:50:52.139376  8755 leader_election.cc:304] T 1db61c30cab941d9bea2d1c0650404a4 P 0c43873e114c4f508a5178294ca1c253 [CANDIDATE]: Term 1 pre-election: Election decided. Result: candidate won. Election summary: received 2 responses out of 3 voters: 2 yes votes; 0 no votes. yes voters: 0c43873e114c4f508a5178294ca1c253, 11124b37e3de45aea2182cfbfacde8ae; no voters: 
I20260709 14:50:52.136863  8832 tablet_bootstrap.cc:654] T f5b346774b5e4221abd4d896e513065f P 9c63cb150d32444c91ea3c5490b22414: Neither blocks nor log segments found. Creating new log.
I20260709 14:50:52.137084  8643 tablet_service.cc:1917] Received RequestConsensusVote() RPC: tablet_id: "1db61c30cab941d9bea2d1c0650404a4" candidate_uuid: "0c43873e114c4f508a5178294ca1c253" candidate_term: 1 candidate_status { last_received { term: 0 index: 0 } } ignore_live_leader: false dest_uuid: "9c63cb150d32444c91ea3c5490b22414" is_pre_election: true
I20260709 14:50:52.146216  8643 raft_consensus.cc:2468] T 1db61c30cab941d9bea2d1c0650404a4 P 9c63cb150d32444c91ea3c5490b22414 [term 0 FOLLOWER]: Leader pre-election vote request: Granting yes vote for candidate 0c43873e114c4f508a5178294ca1c253 in term 0.
I20260709 14:50:52.151031  8894 raft_consensus.cc:2804] T 1db61c30cab941d9bea2d1c0650404a4 P 0c43873e114c4f508a5178294ca1c253 [term 0 FOLLOWER]: Leader pre-election won for term 1
I20260709 14:50:52.151995  8894 raft_consensus.cc:493] T 1db61c30cab941d9bea2d1c0650404a4 P 0c43873e114c4f508a5178294ca1c253 [term 0 FOLLOWER]: Starting leader election (no leader contacted us within the election timeout)
I20260709 14:50:52.152566  8894 raft_consensus.cc:3060] T 1db61c30cab941d9bea2d1c0650404a4 P 0c43873e114c4f508a5178294ca1c253 [term 0 FOLLOWER]: Advancing to term 1
I20260709 14:50:52.156414  8858 consensus_queue.cc:1048] T d946d80b901e428aa62b919d04d64afc P 9c63cb150d32444c91ea3c5490b22414 [LEADER]: Connected to new peer: Peer: permanent_uuid: "11124b37e3de45aea2182cfbfacde8ae" member_type: VOTER last_known_addr { host: "127.7.91.2" port: 43711 }, Status: LMP_MISMATCH, Last received: 0.0, Next index: 1, Last known committed idx: 0, Time since last communication: 0.000s
I20260709 14:50:52.164137  8851 raft_consensus.cc:515] T 174cf3e56e064d53b290072a7e2831a2 P 11124b37e3de45aea2182cfbfacde8ae [term 1 FOLLOWER]: Starting leader election with config: opid_index: -1 OBSOLETE_local: false peers { permanent_uuid: "9c63cb150d32444c91ea3c5490b22414" member_type: VOTER last_known_addr { host: "127.7.91.1" port: 39351 } } peers { permanent_uuid: "11124b37e3de45aea2182cfbfacde8ae" member_type: VOTER last_known_addr { host: "127.7.91.2" port: 43711 } } peers { permanent_uuid: "0c43873e114c4f508a5178294ca1c253" member_type: VOTER last_known_addr { host: "127.7.91.3" port: 37635 } }
I20260709 14:50:52.168531  8851 leader_election.cc:290] T 174cf3e56e064d53b290072a7e2831a2 P 11124b37e3de45aea2182cfbfacde8ae [CANDIDATE]: Term 1 election: Requested vote from peers 9c63cb150d32444c91ea3c5490b22414 (127.7.91.1:39351), 0c43873e114c4f508a5178294ca1c253 (127.7.91.3:37635)
I20260709 14:50:52.169659  8788 tablet_service.cc:1917] Received RequestConsensusVote() RPC: tablet_id: "174cf3e56e064d53b290072a7e2831a2" candidate_uuid: "11124b37e3de45aea2182cfbfacde8ae" candidate_term: 1 candidate_status { last_received { term: 0 index: 0 } } ignore_live_leader: false dest_uuid: "0c43873e114c4f508a5178294ca1c253"
I20260709 14:50:52.171308  8788 raft_consensus.cc:3060] T 174cf3e56e064d53b290072a7e2831a2 P 0c43873e114c4f508a5178294ca1c253 [term 0 FOLLOWER]: Advancing to term 1
I20260709 14:50:52.174324  8834 tablet_bootstrap.cc:492] T 757f44eabc074312a0c6d735b0cae23a P 0c43873e114c4f508a5178294ca1c253: No bootstrap required, opened a new log
I20260709 14:50:52.174901  8834 ts_tablet_manager.cc:1403] T 757f44eabc074312a0c6d735b0cae23a P 0c43873e114c4f508a5178294ca1c253: Time spent bootstrapping tablet: real 0.071s	user 0.038s	sys 0.031s
I20260709 14:50:52.177783  8834 raft_consensus.cc:359] T 757f44eabc074312a0c6d735b0cae23a P 0c43873e114c4f508a5178294ca1c253 [term 0 FOLLOWER]: Replica starting. Triggering 0 pending ops. Active config: opid_index: -1 OBSOLETE_local: false peers { permanent_uuid: "9c63cb150d32444c91ea3c5490b22414" member_type: VOTER last_known_addr { host: "127.7.91.1" port: 39351 } } peers { permanent_uuid: "11124b37e3de45aea2182cfbfacde8ae" member_type: VOTER last_known_addr { host: "127.7.91.2" port: 43711 } } peers { permanent_uuid: "0c43873e114c4f508a5178294ca1c253" member_type: VOTER last_known_addr { host: "127.7.91.3" port: 37635 } }
I20260709 14:50:52.178579  8834 raft_consensus.cc:385] T 757f44eabc074312a0c6d735b0cae23a P 0c43873e114c4f508a5178294ca1c253 [term 0 FOLLOWER]: Consensus starting up: Expiring failure detector timer to make a prompt election more likely
I20260709 14:50:52.178874  8834 raft_consensus.cc:740] T 757f44eabc074312a0c6d735b0cae23a P 0c43873e114c4f508a5178294ca1c253 [term 0 FOLLOWER]: Becoming Follower/Learner. State: Replica: 0c43873e114c4f508a5178294ca1c253, State: Initialized, Role: FOLLOWER
I20260709 14:50:52.168018  8643 tablet_service.cc:1917] Received RequestConsensusVote() RPC: tablet_id: "174cf3e56e064d53b290072a7e2831a2" candidate_uuid: "11124b37e3de45aea2182cfbfacde8ae" candidate_term: 1 candidate_status { last_received { term: 0 index: 0 } } ignore_live_leader: false dest_uuid: "9c63cb150d32444c91ea3c5490b22414"
I20260709 14:50:52.179672  8834 consensus_queue.cc:260] T 757f44eabc074312a0c6d735b0cae23a P 0c43873e114c4f508a5178294ca1c253 [NON_LEADER]: Queue going to NON_LEADER mode. State: All replicated index: 0, Majority replicated index: 0, Committed index: 0, Last appended: 0.0, Last appended by leader: 0, Current term: 0, Majority size: -1, State: 0, Mode: NON_LEADER, active raft config: opid_index: -1 OBSOLETE_local: false peers { permanent_uuid: "9c63cb150d32444c91ea3c5490b22414" member_type: VOTER last_known_addr { host: "127.7.91.1" port: 39351 } } peers { permanent_uuid: "11124b37e3de45aea2182cfbfacde8ae" member_type: VOTER last_known_addr { host: "127.7.91.2" port: 43711 } } peers { permanent_uuid: "0c43873e114c4f508a5178294ca1c253" member_type: VOTER last_known_addr { host: "127.7.91.3" port: 37635 } }
I20260709 14:50:52.170337  8894 raft_consensus.cc:515] T 1db61c30cab941d9bea2d1c0650404a4 P 0c43873e114c4f508a5178294ca1c253 [term 1 FOLLOWER]: Starting leader election with config: opid_index: -1 OBSOLETE_local: false peers { permanent_uuid: "9c63cb150d32444c91ea3c5490b22414" member_type: VOTER last_known_addr { host: "127.7.91.1" port: 39351 } } peers { permanent_uuid: "11124b37e3de45aea2182cfbfacde8ae" member_type: VOTER last_known_addr { host: "127.7.91.2" port: 43711 } } peers { permanent_uuid: "0c43873e114c4f508a5178294ca1c253" member_type: VOTER last_known_addr { host: "127.7.91.3" port: 37635 } }
I20260709 14:50:52.180546  8643 raft_consensus.cc:3060] T 174cf3e56e064d53b290072a7e2831a2 P 9c63cb150d32444c91ea3c5490b22414 [term 0 FOLLOWER]: Advancing to term 1
I20260709 14:50:52.182240  8928 consensus_queue.cc:1048] T dbdba9e60eb845c7b774c14c07a1f457 P 0c43873e114c4f508a5178294ca1c253 [LEADER]: Connected to new peer: Peer: permanent_uuid: "11124b37e3de45aea2182cfbfacde8ae" member_type: VOTER last_known_addr { host: "127.7.91.2" port: 43711 }, Status: LMP_MISMATCH, Last received: 0.0, Next index: 1, Last known committed idx: 0, Time since last communication: 0.000s
I20260709 14:50:52.184278  8834 ts_tablet_manager.cc:1434] T 757f44eabc074312a0c6d735b0cae23a P 0c43873e114c4f508a5178294ca1c253: Time spent starting tablet: real 0.009s	user 0.007s	sys 0.001s
I20260709 14:50:52.185377  8834 tablet_bootstrap.cc:492] T 5ebafc9f8cf54e918399b2f92c9a4a90 P 0c43873e114c4f508a5178294ca1c253: Bootstrap starting.
I20260709 14:50:52.178231  8788 raft_consensus.cc:2468] T 174cf3e56e064d53b290072a7e2831a2 P 0c43873e114c4f508a5178294ca1c253 [term 1 FOLLOWER]: Leader election vote request: Granting yes vote for candidate 11124b37e3de45aea2182cfbfacde8ae in term 1.
I20260709 14:50:52.187353  8684 leader_election.cc:304] T 174cf3e56e064d53b290072a7e2831a2 P 11124b37e3de45aea2182cfbfacde8ae [CANDIDATE]: Term 1 election: Election decided. Result: candidate won. Election summary: received 2 responses out of 3 voters: 2 yes votes; 0 no votes. yes voters: 0c43873e114c4f508a5178294ca1c253, 11124b37e3de45aea2182cfbfacde8ae; no voters: 
I20260709 14:50:52.188357  8879 raft_consensus.cc:2804] T 174cf3e56e064d53b290072a7e2831a2 P 11124b37e3de45aea2182cfbfacde8ae [term 1 FOLLOWER]: Leader election won for term 1
I20260709 14:50:52.188874  8879 raft_consensus.cc:697] T 174cf3e56e064d53b290072a7e2831a2 P 11124b37e3de45aea2182cfbfacde8ae [term 1 LEADER]: Becoming Leader. State: Replica: 11124b37e3de45aea2182cfbfacde8ae, State: Running, Role: LEADER
I20260709 14:50:52.189822  8879 consensus_queue.cc:237] T 174cf3e56e064d53b290072a7e2831a2 P 11124b37e3de45aea2182cfbfacde8ae [LEADER]: Queue going to LEADER mode. State: All replicated index: 0, Majority replicated index: 0, Committed index: 0, Last appended: 0.0, Last appended by leader: 0, Current term: 1, Majority size: 2, State: 0, Mode: LEADER, active raft config: opid_index: -1 OBSOLETE_local: false peers { permanent_uuid: "9c63cb150d32444c91ea3c5490b22414" member_type: VOTER last_known_addr { host: "127.7.91.1" port: 39351 } } peers { permanent_uuid: "11124b37e3de45aea2182cfbfacde8ae" member_type: VOTER last_known_addr { host: "127.7.91.2" port: 43711 } } peers { permanent_uuid: "0c43873e114c4f508a5178294ca1c253" member_type: VOTER last_known_addr { host: "127.7.91.3" port: 37635 } }
I20260709 14:50:52.192759  8834 tablet_bootstrap.cc:654] T 5ebafc9f8cf54e918399b2f92c9a4a90 P 0c43873e114c4f508a5178294ca1c253: Neither blocks nor log segments found. Creating new log.
I20260709 14:50:52.199549  8858 raft_consensus.cc:493] T 757f44eabc074312a0c6d735b0cae23a P 9c63cb150d32444c91ea3c5490b22414 [term 0 FOLLOWER]: Starting pre-election (no leader contacted us within the election timeout)
I20260709 14:50:52.200148  8858 raft_consensus.cc:515] T 757f44eabc074312a0c6d735b0cae23a P 9c63cb150d32444c91ea3c5490b22414 [term 0 FOLLOWER]: Starting pre-election with config: opid_index: -1 OBSOLETE_local: false peers { permanent_uuid: "9c63cb150d32444c91ea3c5490b22414" member_type: VOTER last_known_addr { host: "127.7.91.1" port: 39351 } } peers { permanent_uuid: "11124b37e3de45aea2182cfbfacde8ae" member_type: VOTER last_known_addr { host: "127.7.91.2" port: 43711 } } peers { permanent_uuid: "0c43873e114c4f508a5178294ca1c253" member_type: VOTER last_known_addr { host: "127.7.91.3" port: 37635 } }
I20260709 14:50:52.202391  8858 leader_election.cc:290] T 757f44eabc074312a0c6d735b0cae23a P 9c63cb150d32444c91ea3c5490b22414 [CANDIDATE]: Term 1 pre-election: Requested pre-vote from peers 11124b37e3de45aea2182cfbfacde8ae (127.7.91.2:43711), 0c43873e114c4f508a5178294ca1c253 (127.7.91.3:37635)
I20260709 14:50:52.203761  8788 tablet_service.cc:1917] Received RequestConsensusVote() RPC: tablet_id: "757f44eabc074312a0c6d735b0cae23a" candidate_uuid: "9c63cb150d32444c91ea3c5490b22414" candidate_term: 1 candidate_status { last_received { term: 0 index: 0 } } ignore_live_leader: false dest_uuid: "0c43873e114c4f508a5178294ca1c253" is_pre_election: true
I20260709 14:50:52.204046  8718 tablet_service.cc:1917] Received RequestConsensusVote() RPC: tablet_id: "757f44eabc074312a0c6d735b0cae23a" candidate_uuid: "9c63cb150d32444c91ea3c5490b22414" candidate_term: 1 candidate_status { last_received { term: 0 index: 0 } } ignore_live_leader: false dest_uuid: "11124b37e3de45aea2182cfbfacde8ae" is_pre_election: true
I20260709 14:50:52.204574  8788 raft_consensus.cc:2468] T 757f44eabc074312a0c6d735b0cae23a P 0c43873e114c4f508a5178294ca1c253 [term 0 FOLLOWER]: Leader pre-election vote request: Granting yes vote for candidate 9c63cb150d32444c91ea3c5490b22414 in term 0.
W20260709 14:50:52.205557  8606 leader_election.cc:343] T 757f44eabc074312a0c6d735b0cae23a P 9c63cb150d32444c91ea3c5490b22414 [CANDIDATE]: Term 1 pre-election: Tablet error from VoteRequest() call to peer 11124b37e3de45aea2182cfbfacde8ae (127.7.91.2:43711): Illegal state: must be running to vote when last-logged opid is not known
I20260709 14:50:52.206619  8609 leader_election.cc:304] T 757f44eabc074312a0c6d735b0cae23a P 9c63cb150d32444c91ea3c5490b22414 [CANDIDATE]: Term 1 pre-election: Election decided. Result: candidate won. Election summary: received 3 responses out of 3 voters: 2 yes votes; 1 no votes. yes voters: 0c43873e114c4f508a5178294ca1c253, 9c63cb150d32444c91ea3c5490b22414; no voters: 11124b37e3de45aea2182cfbfacde8ae
I20260709 14:50:52.208760  8858 raft_consensus.cc:2804] T 757f44eabc074312a0c6d735b0cae23a P 9c63cb150d32444c91ea3c5490b22414 [term 0 FOLLOWER]: Leader pre-election won for term 1
I20260709 14:50:52.214958  8858 raft_consensus.cc:493] T 757f44eabc074312a0c6d735b0cae23a P 9c63cb150d32444c91ea3c5490b22414 [term 0 FOLLOWER]: Starting leader election (no leader contacted us within the election timeout)
I20260709 14:50:52.215379  8858 raft_consensus.cc:3060] T 757f44eabc074312a0c6d735b0cae23a P 9c63cb150d32444c91ea3c5490b22414 [term 0 FOLLOWER]: Advancing to term 1
I20260709 14:50:52.217216  8983 consensus_queue.cc:1048] T d946d80b901e428aa62b919d04d64afc P 9c63cb150d32444c91ea3c5490b22414 [LEADER]: Connected to new peer: Peer: permanent_uuid: "0c43873e114c4f508a5178294ca1c253" member_type: VOTER last_known_addr { host: "127.7.91.3" port: 37635 }, Status: LMP_MISMATCH, Last received: 0.0, Next index: 1, Last known committed idx: 0, Time since last communication: 0.001s
I20260709 14:50:52.220059  8834 tablet_bootstrap.cc:492] T 5ebafc9f8cf54e918399b2f92c9a4a90 P 0c43873e114c4f508a5178294ca1c253: No bootstrap required, opened a new log
I20260709 14:50:52.220764  8834 ts_tablet_manager.cc:1403] T 5ebafc9f8cf54e918399b2f92c9a4a90 P 0c43873e114c4f508a5178294ca1c253: Time spent bootstrapping tablet: real 0.036s	user 0.003s	sys 0.014s
I20260709 14:50:52.223479  8643 raft_consensus.cc:2468] T 174cf3e56e064d53b290072a7e2831a2 P 9c63cb150d32444c91ea3c5490b22414 [term 1 FOLLOWER]: Leader election vote request: Granting yes vote for candidate 11124b37e3de45aea2182cfbfacde8ae in term 1.
I20260709 14:50:52.228252  8832 tablet_bootstrap.cc:492] T f5b346774b5e4221abd4d896e513065f P 9c63cb150d32444c91ea3c5490b22414: No bootstrap required, opened a new log
I20260709 14:50:52.228695  8832 ts_tablet_manager.cc:1403] T f5b346774b5e4221abd4d896e513065f P 9c63cb150d32444c91ea3c5490b22414: Time spent bootstrapping tablet: real 0.138s	user 0.011s	sys 0.004s
I20260709 14:50:52.230636  8832 raft_consensus.cc:359] T f5b346774b5e4221abd4d896e513065f P 9c63cb150d32444c91ea3c5490b22414 [term 0 FOLLOWER]: Replica starting. Triggering 0 pending ops. Active config: opid_index: -1 OBSOLETE_local: false peers { permanent_uuid: "9c63cb150d32444c91ea3c5490b22414" member_type: VOTER last_known_addr { host: "127.7.91.1" port: 39351 } } peers { permanent_uuid: "11124b37e3de45aea2182cfbfacde8ae" member_type: VOTER last_known_addr { host: "127.7.91.2" port: 43711 } } peers { permanent_uuid: "0c43873e114c4f508a5178294ca1c253" member_type: VOTER last_known_addr { host: "127.7.91.3" port: 37635 } }
I20260709 14:50:52.231153  8832 raft_consensus.cc:385] T f5b346774b5e4221abd4d896e513065f P 9c63cb150d32444c91ea3c5490b22414 [term 0 FOLLOWER]: Consensus starting up: Expiring failure detector timer to make a prompt election more likely
I20260709 14:50:52.231379  8832 raft_consensus.cc:740] T f5b346774b5e4221abd4d896e513065f P 9c63cb150d32444c91ea3c5490b22414 [term 0 FOLLOWER]: Becoming Follower/Learner. State: Replica: 9c63cb150d32444c91ea3c5490b22414, State: Initialized, Role: FOLLOWER
I20260709 14:50:52.232357  8832 consensus_queue.cc:260] T f5b346774b5e4221abd4d896e513065f P 9c63cb150d32444c91ea3c5490b22414 [NON_LEADER]: Queue going to NON_LEADER mode. State: All replicated index: 0, Majority replicated index: 0, Committed index: 0, Last appended: 0.0, Last appended by leader: 0, Current term: 0, Majority size: -1, State: 0, Mode: NON_LEADER, active raft config: opid_index: -1 OBSOLETE_local: false peers { permanent_uuid: "9c63cb150d32444c91ea3c5490b22414" member_type: VOTER last_known_addr { host: "127.7.91.1" port: 39351 } } peers { permanent_uuid: "11124b37e3de45aea2182cfbfacde8ae" member_type: VOTER last_known_addr { host: "127.7.91.2" port: 43711 } } peers { permanent_uuid: "0c43873e114c4f508a5178294ca1c253" member_type: VOTER last_known_addr { host: "127.7.91.3" port: 37635 } }
I20260709 14:50:52.233780  8832 ts_tablet_manager.cc:1434] T f5b346774b5e4221abd4d896e513065f P 9c63cb150d32444c91ea3c5490b22414: Time spent starting tablet: real 0.005s	user 0.000s	sys 0.004s
I20260709 14:50:52.234676  8832 tablet_bootstrap.cc:492] T 7031ff9fc7fc43f4bbe68d5e9846f38e P 9c63cb150d32444c91ea3c5490b22414: Bootstrap starting.
I20260709 14:50:52.240712  8851 raft_consensus.cc:493] T f7507569590f4c58a655c3b83eb3bcbf P 11124b37e3de45aea2182cfbfacde8ae [term 0 FOLLOWER]: Starting pre-election (no leader contacted us within the election timeout)
I20260709 14:50:52.241307  8851 raft_consensus.cc:515] T f7507569590f4c58a655c3b83eb3bcbf P 11124b37e3de45aea2182cfbfacde8ae [term 0 FOLLOWER]: Starting pre-election with config: opid_index: -1 OBSOLETE_local: false peers { permanent_uuid: "9c63cb150d32444c91ea3c5490b22414" member_type: VOTER last_known_addr { host: "127.7.91.1" port: 39351 } } peers { permanent_uuid: "11124b37e3de45aea2182cfbfacde8ae" member_type: VOTER last_known_addr { host: "127.7.91.2" port: 43711 } } peers { permanent_uuid: "0c43873e114c4f508a5178294ca1c253" member_type: VOTER last_known_addr { host: "127.7.91.3" port: 37635 } }
I20260709 14:50:52.243587  8851 leader_election.cc:290] T f7507569590f4c58a655c3b83eb3bcbf P 11124b37e3de45aea2182cfbfacde8ae [CANDIDATE]: Term 1 pre-election: Requested pre-vote from peers 9c63cb150d32444c91ea3c5490b22414 (127.7.91.1:39351), 0c43873e114c4f508a5178294ca1c253 (127.7.91.3:37635)
I20260709 14:50:52.247315  8640 tablet_service.cc:1917] Received RequestConsensusVote() RPC: tablet_id: "f7507569590f4c58a655c3b83eb3bcbf" candidate_uuid: "11124b37e3de45aea2182cfbfacde8ae" candidate_term: 1 candidate_status { last_received { term: 0 index: 0 } } ignore_live_leader: false dest_uuid: "9c63cb150d32444c91ea3c5490b22414" is_pre_election: true
I20260709 14:50:52.248252  8640 raft_consensus.cc:2393] T f7507569590f4c58a655c3b83eb3bcbf P 9c63cb150d32444c91ea3c5490b22414 [term 1 FOLLOWER]: Leader pre-election vote request: Denying vote to candidate 11124b37e3de45aea2182cfbfacde8ae in current term 1: Already voted for candidate 0c43873e114c4f508a5178294ca1c253 in this term.
I20260709 14:50:52.250634  8788 tablet_service.cc:1917] Received RequestConsensusVote() RPC: tablet_id: "f7507569590f4c58a655c3b83eb3bcbf" candidate_uuid: "11124b37e3de45aea2182cfbfacde8ae" candidate_term: 1 candidate_status { last_received { term: 0 index: 0 } } ignore_live_leader: false dest_uuid: "0c43873e114c4f508a5178294ca1c253" is_pre_election: true
I20260709 14:50:52.251729  8894 leader_election.cc:290] T 1db61c30cab941d9bea2d1c0650404a4 P 0c43873e114c4f508a5178294ca1c253 [CANDIDATE]: Term 1 election: Requested vote from peers 9c63cb150d32444c91ea3c5490b22414 (127.7.91.1:39351), 11124b37e3de45aea2182cfbfacde8ae (127.7.91.2:43711)
I20260709 14:50:52.253168  8684 leader_election.cc:304] T f7507569590f4c58a655c3b83eb3bcbf P 11124b37e3de45aea2182cfbfacde8ae [CANDIDATE]: Term 1 pre-election: Election decided. Result: candidate lost. Election summary: received 3 responses out of 3 voters: 1 yes votes; 2 no votes. yes voters: 11124b37e3de45aea2182cfbfacde8ae; no voters: 0c43873e114c4f508a5178294ca1c253, 9c63cb150d32444c91ea3c5490b22414
I20260709 14:50:52.253343  8718 tablet_service.cc:1917] Received RequestConsensusVote() RPC: tablet_id: "1db61c30cab941d9bea2d1c0650404a4" candidate_uuid: "0c43873e114c4f508a5178294ca1c253" candidate_term: 1 candidate_status { last_received { term: 0 index: 0 } } ignore_live_leader: false dest_uuid: "11124b37e3de45aea2182cfbfacde8ae"
I20260709 14:50:52.254262  8718 raft_consensus.cc:3060] T 1db61c30cab941d9bea2d1c0650404a4 P 11124b37e3de45aea2182cfbfacde8ae [term 0 FOLLOWER]: Advancing to term 1
I20260709 14:50:52.254756  8640 tablet_service.cc:1917] Received RequestConsensusVote() RPC: tablet_id: "1db61c30cab941d9bea2d1c0650404a4" candidate_uuid: "0c43873e114c4f508a5178294ca1c253" candidate_term: 1 candidate_status { last_received { term: 0 index: 0 } } ignore_live_leader: false dest_uuid: "9c63cb150d32444c91ea3c5490b22414"
I20260709 14:50:52.255414  8640 raft_consensus.cc:3060] T 1db61c30cab941d9bea2d1c0650404a4 P 9c63cb150d32444c91ea3c5490b22414 [term 0 FOLLOWER]: Advancing to term 1
I20260709 14:50:52.257246  8879 raft_consensus.cc:3060] T f7507569590f4c58a655c3b83eb3bcbf P 11124b37e3de45aea2182cfbfacde8ae [term 0 FOLLOWER]: Advancing to term 1
I20260709 14:50:52.237260  8539 catalog_manager.cc:5697] T 174cf3e56e064d53b290072a7e2831a2 P 11124b37e3de45aea2182cfbfacde8ae reported cstate change: term changed from 0 to 1, leader changed from <none> to 11124b37e3de45aea2182cfbfacde8ae (127.7.91.2). New cstate: current_term: 1 leader_uuid: "11124b37e3de45aea2182cfbfacde8ae" committed_config { opid_index: -1 OBSOLETE_local: false peers { permanent_uuid: "9c63cb150d32444c91ea3c5490b22414" member_type: VOTER last_known_addr { host: "127.7.91.1" port: 39351 } health_report { overall_health: UNKNOWN } } peers { permanent_uuid: "11124b37e3de45aea2182cfbfacde8ae" member_type: VOTER last_known_addr { host: "127.7.91.2" port: 43711 } health_report { overall_health: HEALTHY } } peers { permanent_uuid: "0c43873e114c4f508a5178294ca1c253" member_type: VOTER last_known_addr { host: "127.7.91.3" port: 37635 } health_report { overall_health: UNKNOWN } } }
I20260709 14:50:52.261987  8858 raft_consensus.cc:515] T 757f44eabc074312a0c6d735b0cae23a P 9c63cb150d32444c91ea3c5490b22414 [term 1 FOLLOWER]: Starting leader election with config: opid_index: -1 OBSOLETE_local: false peers { permanent_uuid: "9c63cb150d32444c91ea3c5490b22414" member_type: VOTER last_known_addr { host: "127.7.91.1" port: 39351 } } peers { permanent_uuid: "11124b37e3de45aea2182cfbfacde8ae" member_type: VOTER last_known_addr { host: "127.7.91.2" port: 43711 } } peers { permanent_uuid: "0c43873e114c4f508a5178294ca1c253" member_type: VOTER last_known_addr { host: "127.7.91.3" port: 37635 } }
I20260709 14:50:52.265877  8858 leader_election.cc:290] T 757f44eabc074312a0c6d735b0cae23a P 9c63cb150d32444c91ea3c5490b22414 [CANDIDATE]: Term 1 election: Requested vote from peers 11124b37e3de45aea2182cfbfacde8ae (127.7.91.2:43711), 0c43873e114c4f508a5178294ca1c253 (127.7.91.3:37635)
I20260709 14:50:52.267033  8834 raft_consensus.cc:359] T 5ebafc9f8cf54e918399b2f92c9a4a90 P 0c43873e114c4f508a5178294ca1c253 [term 0 FOLLOWER]: Replica starting. Triggering 0 pending ops. Active config: opid_index: -1 OBSOLETE_local: false peers { permanent_uuid: "9c63cb150d32444c91ea3c5490b22414" member_type: VOTER last_known_addr { host: "127.7.91.1" port: 39351 } } peers { permanent_uuid: "11124b37e3de45aea2182cfbfacde8ae" member_type: VOTER last_known_addr { host: "127.7.91.2" port: 43711 } } peers { permanent_uuid: "0c43873e114c4f508a5178294ca1c253" member_type: VOTER last_known_addr { host: "127.7.91.3" port: 37635 } }
I20260709 14:50:52.267838  8718 raft_consensus.cc:2468] T 1db61c30cab941d9bea2d1c0650404a4 P 11124b37e3de45aea2182cfbfacde8ae [term 1 FOLLOWER]: Leader election vote request: Granting yes vote for candidate 0c43873e114c4f508a5178294ca1c253 in term 1.
I20260709 14:50:52.268081  8834 raft_consensus.cc:385] T 5ebafc9f8cf54e918399b2f92c9a4a90 P 0c43873e114c4f508a5178294ca1c253 [term 0 FOLLOWER]: Consensus starting up: Expiring failure detector timer to make a prompt election more likely
I20260709 14:50:52.268585  8834 raft_consensus.cc:740] T 5ebafc9f8cf54e918399b2f92c9a4a90 P 0c43873e114c4f508a5178294ca1c253 [term 0 FOLLOWER]: Becoming Follower/Learner. State: Replica: 0c43873e114c4f508a5178294ca1c253, State: Initialized, Role: FOLLOWER
I20260709 14:50:52.267886  8894 consensus_queue.cc:1048] T dbdba9e60eb845c7b774c14c07a1f457 P 0c43873e114c4f508a5178294ca1c253 [LEADER]: Connected to new peer: Peer: permanent_uuid: "9c63cb150d32444c91ea3c5490b22414" member_type: VOTER last_known_addr { host: "127.7.91.1" port: 39351 }, Status: LMP_MISMATCH, Last received: 0.0, Next index: 1, Last known committed idx: 0, Time since last communication: 0.001s
I20260709 14:50:52.270841  8788 tablet_service.cc:1917] Received RequestConsensusVote() RPC: tablet_id: "757f44eabc074312a0c6d735b0cae23a" candidate_uuid: "9c63cb150d32444c91ea3c5490b22414" candidate_term: 1 candidate_status { last_received { term: 0 index: 0 } } ignore_live_leader: false dest_uuid: "0c43873e114c4f508a5178294ca1c253"
I20260709 14:50:52.269483  8834 consensus_queue.cc:260] T 5ebafc9f8cf54e918399b2f92c9a4a90 P 0c43873e114c4f508a5178294ca1c253 [NON_LEADER]: Queue going to NON_LEADER mode. State: All replicated index: 0, Majority replicated index: 0, Committed index: 0, Last appended: 0.0, Last appended by leader: 0, Current term: 0, Majority size: -1, State: 0, Mode: NON_LEADER, active raft config: opid_index: -1 OBSOLETE_local: false peers { permanent_uuid: "9c63cb150d32444c91ea3c5490b22414" member_type: VOTER last_known_addr { host: "127.7.91.1" port: 39351 } } peers { permanent_uuid: "11124b37e3de45aea2182cfbfacde8ae" member_type: VOTER last_known_addr { host: "127.7.91.2" port: 43711 } } peers { permanent_uuid: "0c43873e114c4f508a5178294ca1c253" member_type: VOTER last_known_addr { host: "127.7.91.3" port: 37635 } }
I20260709 14:50:52.275089  8788 raft_consensus.cc:3060] T 757f44eabc074312a0c6d735b0cae23a P 0c43873e114c4f508a5178294ca1c253 [term 0 FOLLOWER]: Advancing to term 1
I20260709 14:50:52.275665  8640 raft_consensus.cc:2468] T 1db61c30cab941d9bea2d1c0650404a4 P 9c63cb150d32444c91ea3c5490b22414 [term 1 FOLLOWER]: Leader election vote request: Granting yes vote for candidate 0c43873e114c4f508a5178294ca1c253 in term 1.
I20260709 14:50:52.280717  8758 leader_election.cc:304] T 1db61c30cab941d9bea2d1c0650404a4 P 0c43873e114c4f508a5178294ca1c253 [CANDIDATE]: Term 1 election: Election decided. Result: candidate won. Election summary: received 2 responses out of 3 voters: 2 yes votes; 0 no votes. yes voters: 0c43873e114c4f508a5178294ca1c253, 9c63cb150d32444c91ea3c5490b22414; no voters: 
I20260709 14:50:52.281621  8893 raft_consensus.cc:2804] T 1db61c30cab941d9bea2d1c0650404a4 P 0c43873e114c4f508a5178294ca1c253 [term 1 FOLLOWER]: Leader election won for term 1
I20260709 14:50:52.282106  8893 raft_consensus.cc:697] T 1db61c30cab941d9bea2d1c0650404a4 P 0c43873e114c4f508a5178294ca1c253 [term 1 LEADER]: Becoming Leader. State: Replica: 0c43873e114c4f508a5178294ca1c253, State: Running, Role: LEADER
I20260709 14:50:52.282584  8834 ts_tablet_manager.cc:1434] T 5ebafc9f8cf54e918399b2f92c9a4a90 P 0c43873e114c4f508a5178294ca1c253: Time spent starting tablet: real 0.061s	user 0.008s	sys 0.000s
I20260709 14:50:52.284178  8893 consensus_queue.cc:237] T 1db61c30cab941d9bea2d1c0650404a4 P 0c43873e114c4f508a5178294ca1c253 [LEADER]: Queue going to LEADER mode. State: All replicated index: 0, Majority replicated index: 0, Committed index: 0, Last appended: 0.0, Last appended by leader: 0, Current term: 1, Majority size: 2, State: 0, Mode: LEADER, active raft config: opid_index: -1 OBSOLETE_local: false peers { permanent_uuid: "9c63cb150d32444c91ea3c5490b22414" member_type: VOTER last_known_addr { host: "127.7.91.1" port: 39351 } } peers { permanent_uuid: "11124b37e3de45aea2182cfbfacde8ae" member_type: VOTER last_known_addr { host: "127.7.91.2" port: 43711 } } peers { permanent_uuid: "0c43873e114c4f508a5178294ca1c253" member_type: VOTER last_known_addr { host: "127.7.91.3" port: 37635 } }
I20260709 14:50:52.292209  8834 tablet_bootstrap.cc:492] T dfd2b614991c483cace08e700b5dd1a9 P 0c43873e114c4f508a5178294ca1c253: Bootstrap starting.
I20260709 14:50:52.297575  8835 tablet_bootstrap.cc:492] T 757f44eabc074312a0c6d735b0cae23a P 11124b37e3de45aea2182cfbfacde8ae: No bootstrap required, opened a new log
I20260709 14:50:52.298085  8835 ts_tablet_manager.cc:1403] T 757f44eabc074312a0c6d735b0cae23a P 11124b37e3de45aea2182cfbfacde8ae: Time spent bootstrapping tablet: real 0.184s	user 0.048s	sys 0.030s
I20260709 14:50:52.300931  8718 tablet_service.cc:1917] Received RequestConsensusVote() RPC: tablet_id: "757f44eabc074312a0c6d735b0cae23a" candidate_uuid: "9c63cb150d32444c91ea3c5490b22414" candidate_term: 1 candidate_status { last_received { term: 0 index: 0 } } ignore_live_leader: false dest_uuid: "11124b37e3de45aea2182cfbfacde8ae"
I20260709 14:50:52.316668  8879 raft_consensus.cc:2749] T f7507569590f4c58a655c3b83eb3bcbf P 11124b37e3de45aea2182cfbfacde8ae [term 1 FOLLOWER]: Leader pre-election lost for term 1. Reason: could not achieve majority
I20260709 14:50:52.320405  8788 raft_consensus.cc:2468] T 757f44eabc074312a0c6d735b0cae23a P 0c43873e114c4f508a5178294ca1c253 [term 1 FOLLOWER]: Leader election vote request: Granting yes vote for candidate 9c63cb150d32444c91ea3c5490b22414 in term 1.
I20260709 14:50:52.324486  8832 tablet_bootstrap.cc:654] T 7031ff9fc7fc43f4bbe68d5e9846f38e P 9c63cb150d32444c91ea3c5490b22414: Neither blocks nor log segments found. Creating new log.
I20260709 14:50:52.325860  8928 raft_consensus.cc:493] T 5ebafc9f8cf54e918399b2f92c9a4a90 P 0c43873e114c4f508a5178294ca1c253 [term 0 FOLLOWER]: Starting pre-election (no leader contacted us within the election timeout)
I20260709 14:50:52.324254  8609 leader_election.cc:304] T 757f44eabc074312a0c6d735b0cae23a P 9c63cb150d32444c91ea3c5490b22414 [CANDIDATE]: Term 1 election: Election decided. Result: candidate won. Election summary: received 2 responses out of 3 voters: 2 yes votes; 0 no votes. yes voters: 0c43873e114c4f508a5178294ca1c253, 9c63cb150d32444c91ea3c5490b22414; no voters: 
I20260709 14:50:52.331215  8858 raft_consensus.cc:2804] T 757f44eabc074312a0c6d735b0cae23a P 9c63cb150d32444c91ea3c5490b22414 [term 1 FOLLOWER]: Leader election won for term 1
I20260709 14:50:52.331681  8858 raft_consensus.cc:697] T 757f44eabc074312a0c6d735b0cae23a P 9c63cb150d32444c91ea3c5490b22414 [term 1 LEADER]: Becoming Leader. State: Replica: 9c63cb150d32444c91ea3c5490b22414, State: Running, Role: LEADER
I20260709 14:50:52.332495  8858 consensus_queue.cc:237] T 757f44eabc074312a0c6d735b0cae23a P 9c63cb150d32444c91ea3c5490b22414 [LEADER]: Queue going to LEADER mode. State: All replicated index: 0, Majority replicated index: 0, Committed index: 0, Last appended: 0.0, Last appended by leader: 0, Current term: 1, Majority size: 2, State: 0, Mode: LEADER, active raft config: opid_index: -1 OBSOLETE_local: false peers { permanent_uuid: "9c63cb150d32444c91ea3c5490b22414" member_type: VOTER last_known_addr { host: "127.7.91.1" port: 39351 } } peers { permanent_uuid: "11124b37e3de45aea2182cfbfacde8ae" member_type: VOTER last_known_addr { host: "127.7.91.2" port: 43711 } } peers { permanent_uuid: "0c43873e114c4f508a5178294ca1c253" member_type: VOTER last_known_addr { host: "127.7.91.3" port: 37635 } }
I20260709 14:50:52.334587  8835 raft_consensus.cc:359] T 757f44eabc074312a0c6d735b0cae23a P 11124b37e3de45aea2182cfbfacde8ae [term 0 FOLLOWER]: Replica starting. Triggering 0 pending ops. Active config: opid_index: -1 OBSOLETE_local: false peers { permanent_uuid: "9c63cb150d32444c91ea3c5490b22414" member_type: VOTER last_known_addr { host: "127.7.91.1" port: 39351 } } peers { permanent_uuid: "11124b37e3de45aea2182cfbfacde8ae" member_type: VOTER last_known_addr { host: "127.7.91.2" port: 43711 } } peers { permanent_uuid: "0c43873e114c4f508a5178294ca1c253" member_type: VOTER last_known_addr { host: "127.7.91.3" port: 37635 } }
I20260709 14:50:52.335258  8835 raft_consensus.cc:385] T 757f44eabc074312a0c6d735b0cae23a P 11124b37e3de45aea2182cfbfacde8ae [term 0 FOLLOWER]: Consensus starting up: Expiring failure detector timer to make a prompt election more likely
I20260709 14:50:52.335492  8835 raft_consensus.cc:740] T 757f44eabc074312a0c6d735b0cae23a P 11124b37e3de45aea2182cfbfacde8ae [term 0 FOLLOWER]: Becoming Follower/Learner. State: Replica: 11124b37e3de45aea2182cfbfacde8ae, State: Initialized, Role: FOLLOWER
I20260709 14:50:52.336133  8835 consensus_queue.cc:260] T 757f44eabc074312a0c6d735b0cae23a P 11124b37e3de45aea2182cfbfacde8ae [NON_LEADER]: Queue going to NON_LEADER mode. State: All replicated index: 0, Majority replicated index: 0, Committed index: 0, Last appended: 0.0, Last appended by leader: 0, Current term: 0, Majority size: -1, State: 0, Mode: NON_LEADER, active raft config: opid_index: -1 OBSOLETE_local: false peers { permanent_uuid: "9c63cb150d32444c91ea3c5490b22414" member_type: VOTER last_known_addr { host: "127.7.91.1" port: 39351 } } peers { permanent_uuid: "11124b37e3de45aea2182cfbfacde8ae" member_type: VOTER last_known_addr { host: "127.7.91.2" port: 43711 } } peers { permanent_uuid: "0c43873e114c4f508a5178294ca1c253" member_type: VOTER last_known_addr { host: "127.7.91.3" port: 37635 } }
