I20260709 14:50:51.762161 18874 leader_election.cc:304] T e7ba91ec97644a948c618efac879ce65 P 02ef721f6698422997b6ef0fe9d232cb [CANDIDATE]: Term 1 election: Election decided. Result: candidate won. Election summary: received 2 responses out of 3 voters: 2 yes votes; 0 no votes. yes voters: 02ef721f6698422997b6ef0fe9d232cb, 5c19fe1950ff4ae49fabb1727c076efd; no voters: 
I20260709 14:50:51.764411 19054 raft_consensus.cc:2804] T e7ba91ec97644a948c618efac879ce65 P 02ef721f6698422997b6ef0fe9d232cb [term 1 FOLLOWER]: Leader election won for term 1
I20260709 14:50:51.766109 19027 ts_tablet_manager.cc:1434] T e9d45464d984496b97672fd10cf459ef P 02ef721f6698422997b6ef0fe9d232cb: Time spent starting tablet: real 0.088s	user 0.004s	sys 0.008s
I20260709 14:50:51.764909 19054 raft_consensus.cc:697] T e7ba91ec97644a948c618efac879ce65 P 02ef721f6698422997b6ef0fe9d232cb [term 1 LEADER]: Becoming Leader. State: Replica: 02ef721f6698422997b6ef0fe9d232cb, State: Running, Role: LEADER
I20260709 14:50:51.769585 19027 tablet_bootstrap.cc:492] T 813b7c11a85643cfbbffca1cd8c388a8 P 02ef721f6698422997b6ef0fe9d232cb: Bootstrap starting.
I20260709 14:50:51.769825 19054 consensus_queue.cc:237] T e7ba91ec97644a948c618efac879ce65 P 02ef721f6698422997b6ef0fe9d232cb [LEADER]: Queue going to LEADER mode. State: All replicated index: 0, Majority replicated index: 0, Committed index: 0, Last appended: 0.0, Last appended by leader: 0, Current term: 1, Majority size: 2, State: 0, Mode: LEADER, active raft config: opid_index: -1 OBSOLETE_local: false peers { permanent_uuid: "5c19fe1950ff4ae49fabb1727c076efd" member_type: VOTER last_known_addr { host: "127.17.78.65" port: 39407 } } peers { permanent_uuid: "02ef721f6698422997b6ef0fe9d232cb" member_type: VOTER last_known_addr { host: "127.17.78.66" port: 38697 } } peers { permanent_uuid: "7b3c14d968524c3ab787f69d4d8c5d4b" member_type: VOTER last_known_addr { host: "127.17.78.67" port: 34399 } }
I20260709 14:50:51.778002 19030 raft_consensus.cc:493] T a5ece3795def41519446cf6151d86686 P 7b3c14d968524c3ab787f69d4d8c5d4b [term 0 FOLLOWER]: Starting pre-election (no leader contacted us within the election timeout)
I20260709 14:50:51.778523 19030 raft_consensus.cc:515] T a5ece3795def41519446cf6151d86686 P 7b3c14d968524c3ab787f69d4d8c5d4b [term 0 FOLLOWER]: Starting pre-election with config: opid_index: -1 OBSOLETE_local: false peers { permanent_uuid: "5c19fe1950ff4ae49fabb1727c076efd" member_type: VOTER last_known_addr { host: "127.17.78.65" port: 39407 } } peers { permanent_uuid: "02ef721f6698422997b6ef0fe9d232cb" member_type: VOTER last_known_addr { host: "127.17.78.66" port: 38697 } } peers { permanent_uuid: "7b3c14d968524c3ab787f69d4d8c5d4b" member_type: VOTER last_known_addr { host: "127.17.78.67" port: 34399 } }
I20260709 14:50:51.781291 19030 leader_election.cc:290] T a5ece3795def41519446cf6151d86686 P 7b3c14d968524c3ab787f69d4d8c5d4b [CANDIDATE]: Term 1 pre-election: Requested pre-vote from peers 5c19fe1950ff4ae49fabb1727c076efd (127.17.78.65:39407), 02ef721f6698422997b6ef0fe9d232cb (127.17.78.66:38697)
I20260709 14:50:51.783761 19278 consensus_queue.cc:1048] T 626a2cfc0fa3427d9df05ace18e37c41 P 02ef721f6698422997b6ef0fe9d232cb [LEADER]: Connected to new peer: Peer: permanent_uuid: "5c19fe1950ff4ae49fabb1727c076efd" member_type: VOTER last_known_addr { host: "127.17.78.65" port: 39407 }, Status: LMP_MISMATCH, Last received: 0.0, Next index: 1, Last known committed idx: 0, Time since last communication: 0.000s
W20260709 14:50:51.790807 18873 outbound_call.cc:321] RPC callback for RPC call kudu.consensus.ConsensusService.UpdateConsensus -> {remote=127.17.78.67:34399, user_credentials={real_user=slave}} blocked reactor thread for 44026.1us
I20260709 14:50:51.795986 18834 tablet_service.cc:1917] Received RequestConsensusVote() RPC: tablet_id: "a5ece3795def41519446cf6151d86686" candidate_uuid: "7b3c14d968524c3ab787f69d4d8c5d4b" candidate_term: 1 candidate_status { last_received { term: 0 index: 0 } } ignore_live_leader: false dest_uuid: "5c19fe1950ff4ae49fabb1727c076efd" is_pre_election: true
I20260709 14:50:51.796330 18980 tablet_service.cc:1917] Received RequestConsensusVote() RPC: tablet_id: "e7ba91ec97644a948c618efac879ce65" candidate_uuid: "02ef721f6698422997b6ef0fe9d232cb" candidate_term: 1 candidate_status { last_received { term: 0 index: 0 } } ignore_live_leader: false dest_uuid: "7b3c14d968524c3ab787f69d4d8c5d4b"
I20260709 14:50:51.796953 18980 raft_consensus.cc:3060] T e7ba91ec97644a948c618efac879ce65 P 7b3c14d968524c3ab787f69d4d8c5d4b [term 0 FOLLOWER]: Advancing to term 1
I20260709 14:50:51.799503 18731 catalog_manager.cc:5697] T ab81014e64e7421e9e9060e22b462c3b P 5c19fe1950ff4ae49fabb1727c076efd reported cstate change: term changed from 0 to 1, leader changed from <none> to 5c19fe1950ff4ae49fabb1727c076efd (127.17.78.65). New cstate: current_term: 1 leader_uuid: "5c19fe1950ff4ae49fabb1727c076efd" committed_config { opid_index: -1 OBSOLETE_local: false peers { permanent_uuid: "5c19fe1950ff4ae49fabb1727c076efd" member_type: VOTER last_known_addr { host: "127.17.78.65" port: 39407 } health_report { overall_health: HEALTHY } } peers { permanent_uuid: "02ef721f6698422997b6ef0fe9d232cb" member_type: VOTER last_known_addr { host: "127.17.78.66" port: 38697 } health_report { overall_health: UNKNOWN } } peers { permanent_uuid: "7b3c14d968524c3ab787f69d4d8c5d4b" member_type: VOTER last_known_addr { host: "127.17.78.67" port: 34399 } health_report { overall_health: UNKNOWN } } }
I20260709 14:50:51.803710 18980 raft_consensus.cc:2468] T e7ba91ec97644a948c618efac879ce65 P 7b3c14d968524c3ab787f69d4d8c5d4b [term 1 FOLLOWER]: Leader election vote request: Granting yes vote for candidate 02ef721f6698422997b6ef0fe9d232cb in term 1.
I20260709 14:50:51.804327 19027 tablet_bootstrap.cc:654] T 813b7c11a85643cfbbffca1cd8c388a8 P 02ef721f6698422997b6ef0fe9d232cb: Neither blocks nor log segments found. Creating new log.
I20260709 14:50:51.809060 19302 raft_consensus.cc:493] T eddb07dadc284e2f9c40ce86281fbb84 P 02ef721f6698422997b6ef0fe9d232cb [term 0 FOLLOWER]: Starting pre-election (no leader contacted us within the election timeout)
I20260709 14:50:51.809708 19302 raft_consensus.cc:515] T eddb07dadc284e2f9c40ce86281fbb84 P 02ef721f6698422997b6ef0fe9d232cb [term 0 FOLLOWER]: Starting pre-election with config: opid_index: -1 OBSOLETE_local: false peers { permanent_uuid: "5c19fe1950ff4ae49fabb1727c076efd" member_type: VOTER last_known_addr { host: "127.17.78.65" port: 39407 } } peers { permanent_uuid: "02ef721f6698422997b6ef0fe9d232cb" member_type: VOTER last_known_addr { host: "127.17.78.66" port: 38697 } } peers { permanent_uuid: "7b3c14d968524c3ab787f69d4d8c5d4b" member_type: VOTER last_known_addr { host: "127.17.78.67" port: 34399 } }
W20260709 14:50:51.812012 18948 leader_election.cc:343] T a5ece3795def41519446cf6151d86686 P 7b3c14d968524c3ab787f69d4d8c5d4b [CANDIDATE]: Term 1 pre-election: Tablet error from VoteRequest() call to peer 5c19fe1950ff4ae49fabb1727c076efd (127.17.78.65:39407): Illegal state: must be running to vote when last-logged opid is not known
I20260709 14:50:51.814752 19302 leader_election.cc:290] T eddb07dadc284e2f9c40ce86281fbb84 P 02ef721f6698422997b6ef0fe9d232cb [CANDIDATE]: Term 1 pre-election: Requested pre-vote from peers 5c19fe1950ff4ae49fabb1727c076efd (127.17.78.65:39407), 7b3c14d968524c3ab787f69d4d8c5d4b (127.17.78.67:34399)
I20260709 14:50:51.815635 18829 tablet_service.cc:1917] Received RequestConsensusVote() RPC: tablet_id: "eddb07dadc284e2f9c40ce86281fbb84" candidate_uuid: "02ef721f6698422997b6ef0fe9d232cb" candidate_term: 1 candidate_status { last_received { term: 0 index: 0 } } ignore_live_leader: false dest_uuid: "5c19fe1950ff4ae49fabb1727c076efd" is_pre_election: true
I20260709 14:50:51.817824 19023 tablet_bootstrap.cc:492] T d9a48f2513a94419a1630cb1d7c35c63 P 5c19fe1950ff4ae49fabb1727c076efd: No bootstrap required, opened a new log
I20260709 14:50:51.827680 19023 ts_tablet_manager.cc:1403] T d9a48f2513a94419a1630cb1d7c35c63 P 5c19fe1950ff4ae49fabb1727c076efd: Time spent bootstrapping tablet: real 0.133s	user 0.013s	sys 0.003s
I20260709 14:50:51.830500 19023 raft_consensus.cc:359] T d9a48f2513a94419a1630cb1d7c35c63 P 5c19fe1950ff4ae49fabb1727c076efd [term 0 FOLLOWER]: Replica starting. Triggering 0 pending ops. Active config: opid_index: -1 OBSOLETE_local: false peers { permanent_uuid: "5c19fe1950ff4ae49fabb1727c076efd" member_type: VOTER last_known_addr { host: "127.17.78.65" port: 39407 } } peers { permanent_uuid: "02ef721f6698422997b6ef0fe9d232cb" member_type: VOTER last_known_addr { host: "127.17.78.66" port: 38697 } } peers { permanent_uuid: "7b3c14d968524c3ab787f69d4d8c5d4b" member_type: VOTER last_known_addr { host: "127.17.78.67" port: 34399 } }
I20260709 14:50:51.831166 19023 raft_consensus.cc:385] T d9a48f2513a94419a1630cb1d7c35c63 P 5c19fe1950ff4ae49fabb1727c076efd [term 0 FOLLOWER]: Consensus starting up: Expiring failure detector timer to make a prompt election more likely
I20260709 14:50:51.830991 19091 consensus_queue.cc:1048] T eddb07dadc284e2f9c40ce86281fbb84 P 5c19fe1950ff4ae49fabb1727c076efd [LEADER]: Connected to new peer: Peer: permanent_uuid: "7b3c14d968524c3ab787f69d4d8c5d4b" member_type: VOTER last_known_addr { host: "127.17.78.67" port: 34399 }, Status: LMP_MISMATCH, Last received: 0.0, Next index: 1, Last known committed idx: 0, Time since last communication: 0.001s
I20260709 14:50:51.823863 19030 consensus_queue.cc:1048] T a2ca119638c24e2f9a580d94710e9bb1 P 7b3c14d968524c3ab787f69d4d8c5d4b [LEADER]: Connected to new peer: Peer: permanent_uuid: "5c19fe1950ff4ae49fabb1727c076efd" member_type: VOTER last_known_addr { host: "127.17.78.65" port: 39407 }, Status: LMP_MISMATCH, Last received: 0.0, Next index: 1, Last known committed idx: 0, Time since last communication: 0.000s
I20260709 14:50:51.831949 19095 consensus_queue.cc:1048] T a2ca119638c24e2f9a580d94710e9bb1 P 7b3c14d968524c3ab787f69d4d8c5d4b [LEADER]: Connected to new peer: Peer: permanent_uuid: "02ef721f6698422997b6ef0fe9d232cb" member_type: VOTER last_known_addr { host: "127.17.78.66" port: 38697 }, Status: LMP_MISMATCH, Last received: 0.0, Next index: 1, Last known committed idx: 0, Time since last communication: 0.000s
I20260709 14:50:51.825184 18979 tablet_service.cc:1917] Received RequestConsensusVote() RPC: tablet_id: "eddb07dadc284e2f9c40ce86281fbb84" candidate_uuid: "02ef721f6698422997b6ef0fe9d232cb" candidate_term: 1 candidate_status { last_received { term: 0 index: 0 } } ignore_live_leader: false dest_uuid: "7b3c14d968524c3ab787f69d4d8c5d4b" is_pre_election: true
I20260709 14:50:51.833680 18979 raft_consensus.cc:2393] T eddb07dadc284e2f9c40ce86281fbb84 P 7b3c14d968524c3ab787f69d4d8c5d4b [term 1 FOLLOWER]: Leader pre-election vote request: Denying vote to candidate 02ef721f6698422997b6ef0fe9d232cb in current term 1: Already voted for candidate 5c19fe1950ff4ae49fabb1727c076efd in this term.
I20260709 14:50:51.834426 18908 tablet_service.cc:1917] Received RequestConsensusVote() RPC: tablet_id: "a5ece3795def41519446cf6151d86686" candidate_uuid: "7b3c14d968524c3ab787f69d4d8c5d4b" candidate_term: 1 candidate_status { last_received { term: 0 index: 0 } } ignore_live_leader: false dest_uuid: "02ef721f6698422997b6ef0fe9d232cb" is_pre_election: true
I20260709 14:50:51.822631 19026 tablet_bootstrap.cc:492] T ebb1e365b2504e12a525a990dbea59dd P 7b3c14d968524c3ab787f69d4d8c5d4b: No bootstrap required, opened a new log
I20260709 14:50:51.835506 19026 ts_tablet_manager.cc:1403] T ebb1e365b2504e12a525a990dbea59dd P 7b3c14d968524c3ab787f69d4d8c5d4b: Time spent bootstrapping tablet: real 0.120s	user 0.018s	sys 0.003s
I20260709 14:50:51.838027 19026 raft_consensus.cc:359] T ebb1e365b2504e12a525a990dbea59dd P 7b3c14d968524c3ab787f69d4d8c5d4b [term 0 FOLLOWER]: Replica starting. Triggering 0 pending ops. Active config: opid_index: -1 OBSOLETE_local: false peers { permanent_uuid: "5c19fe1950ff4ae49fabb1727c076efd" member_type: VOTER last_known_addr { host: "127.17.78.65" port: 39407 } } peers { permanent_uuid: "02ef721f6698422997b6ef0fe9d232cb" member_type: VOTER last_known_addr { host: "127.17.78.66" port: 38697 } } peers { permanent_uuid: "7b3c14d968524c3ab787f69d4d8c5d4b" member_type: VOTER last_known_addr { host: "127.17.78.67" port: 34399 } }
I20260709 14:50:51.838696 19026 raft_consensus.cc:385] T ebb1e365b2504e12a525a990dbea59dd P 7b3c14d968524c3ab787f69d4d8c5d4b [term 0 FOLLOWER]: Consensus starting up: Expiring failure detector timer to make a prompt election more likely
I20260709 14:50:51.838991 19026 raft_consensus.cc:740] T ebb1e365b2504e12a525a990dbea59dd P 7b3c14d968524c3ab787f69d4d8c5d4b [term 0 FOLLOWER]: Becoming Follower/Learner. State: Replica: 7b3c14d968524c3ab787f69d4d8c5d4b, State: Initialized, Role: FOLLOWER
I20260709 14:50:51.831488 19023 raft_consensus.cc:740] T d9a48f2513a94419a1630cb1d7c35c63 P 5c19fe1950ff4ae49fabb1727c076efd [term 0 FOLLOWER]: Becoming Follower/Learner. State: Replica: 5c19fe1950ff4ae49fabb1727c076efd, State: Initialized, Role: FOLLOWER
I20260709 14:50:51.839603 19026 consensus_queue.cc:260] T ebb1e365b2504e12a525a990dbea59dd P 7b3c14d968524c3ab787f69d4d8c5d4b [NON_LEADER]: Queue going to NON_LEADER mode. State: All replicated index: 0, Majority replicated index: 0, Committed index: 0, Last appended: 0.0, Last appended by leader: 0, Current term: 0, Majority size: -1, State: 0, Mode: NON_LEADER, active raft config: opid_index: -1 OBSOLETE_local: false peers { permanent_uuid: "5c19fe1950ff4ae49fabb1727c076efd" member_type: VOTER last_known_addr { host: "127.17.78.65" port: 39407 } } peers { permanent_uuid: "02ef721f6698422997b6ef0fe9d232cb" member_type: VOTER last_known_addr { host: "127.17.78.66" port: 38697 } } peers { permanent_uuid: "7b3c14d968524c3ab787f69d4d8c5d4b" member_type: VOTER last_known_addr { host: "127.17.78.67" port: 34399 } }
I20260709 14:50:51.840565 19023 consensus_queue.cc:260] T d9a48f2513a94419a1630cb1d7c35c63 P 5c19fe1950ff4ae49fabb1727c076efd [NON_LEADER]: Queue going to NON_LEADER mode. State: All replicated index: 0, Majority replicated index: 0, Committed index: 0, Last appended: 0.0, Last appended by leader: 0, Current term: 0, Majority size: -1, State: 0, Mode: NON_LEADER, active raft config: opid_index: -1 OBSOLETE_local: false peers { permanent_uuid: "5c19fe1950ff4ae49fabb1727c076efd" member_type: VOTER last_known_addr { host: "127.17.78.65" port: 39407 } } peers { permanent_uuid: "02ef721f6698422997b6ef0fe9d232cb" member_type: VOTER last_known_addr { host: "127.17.78.66" port: 38697 } } peers { permanent_uuid: "7b3c14d968524c3ab787f69d4d8c5d4b" member_type: VOTER last_known_addr { host: "127.17.78.67" port: 34399 } }
I20260709 14:50:51.844762 19027 tablet_bootstrap.cc:492] T 813b7c11a85643cfbbffca1cd8c388a8 P 02ef721f6698422997b6ef0fe9d232cb: No bootstrap required, opened a new log
I20260709 14:50:51.845291 19027 ts_tablet_manager.cc:1403] T 813b7c11a85643cfbbffca1cd8c388a8 P 02ef721f6698422997b6ef0fe9d232cb: Time spent bootstrapping tablet: real 0.076s	user 0.007s	sys 0.006s
I20260709 14:50:51.847733 19023 ts_tablet_manager.cc:1434] T d9a48f2513a94419a1630cb1d7c35c63 P 5c19fe1950ff4ae49fabb1727c076efd: Time spent starting tablet: real 0.020s	user 0.006s	sys 0.000s
I20260709 14:50:51.849756 19023 tablet_bootstrap.cc:492] T e9d45464d984496b97672fd10cf459ef P 5c19fe1950ff4ae49fabb1727c076efd: Bootstrap starting.
I20260709 14:50:51.849793 19026 ts_tablet_manager.cc:1434] T ebb1e365b2504e12a525a990dbea59dd P 7b3c14d968524c3ab787f69d4d8c5d4b: Time spent starting tablet: real 0.014s	user 0.005s	sys 0.000s
I20260709 14:50:51.848004 19027 raft_consensus.cc:359] T 813b7c11a85643cfbbffca1cd8c388a8 P 02ef721f6698422997b6ef0fe9d232cb [term 0 FOLLOWER]: Replica starting. Triggering 0 pending ops. Active config: opid_index: -1 OBSOLETE_local: false peers { permanent_uuid: "5c19fe1950ff4ae49fabb1727c076efd" member_type: VOTER last_known_addr { host: "127.17.78.65" port: 39407 } } peers { permanent_uuid: "02ef721f6698422997b6ef0fe9d232cb" member_type: VOTER last_known_addr { host: "127.17.78.66" port: 38697 } } peers { permanent_uuid: "7b3c14d968524c3ab787f69d4d8c5d4b" member_type: VOTER last_known_addr { host: "127.17.78.67" port: 34399 } }
I20260709 14:50:51.850948 19027 raft_consensus.cc:385] T 813b7c11a85643cfbbffca1cd8c388a8 P 02ef721f6698422997b6ef0fe9d232cb [term 0 FOLLOWER]: Consensus starting up: Expiring failure detector timer to make a prompt election more likely
I20260709 14:50:51.851229 19027 raft_consensus.cc:740] T 813b7c11a85643cfbbffca1cd8c388a8 P 02ef721f6698422997b6ef0fe9d232cb [term 0 FOLLOWER]: Becoming Follower/Learner. State: Replica: 02ef721f6698422997b6ef0fe9d232cb, State: Initialized, Role: FOLLOWER
I20260709 14:50:51.853138 19026 tablet_bootstrap.cc:492] T d9a48f2513a94419a1630cb1d7c35c63 P 7b3c14d968524c3ab787f69d4d8c5d4b: Bootstrap starting.
I20260709 14:50:51.851822 19027 consensus_queue.cc:260] T 813b7c11a85643cfbbffca1cd8c388a8 P 02ef721f6698422997b6ef0fe9d232cb [NON_LEADER]: Queue going to NON_LEADER mode. State: All replicated index: 0, Majority replicated index: 0, Committed index: 0, Last appended: 0.0, Last appended by leader: 0, Current term: 0, Majority size: -1, State: 0, Mode: NON_LEADER, active raft config: opid_index: -1 OBSOLETE_local: false peers { permanent_uuid: "5c19fe1950ff4ae49fabb1727c076efd" member_type: VOTER last_known_addr { host: "127.17.78.65" port: 39407 } } peers { permanent_uuid: "02ef721f6698422997b6ef0fe9d232cb" member_type: VOTER last_known_addr { host: "127.17.78.66" port: 38697 } } peers { permanent_uuid: "7b3c14d968524c3ab787f69d4d8c5d4b" member_type: VOTER last_known_addr { host: "127.17.78.67" port: 34399 } }
I20260709 14:50:51.859863 19026 tablet_bootstrap.cc:654] T d9a48f2513a94419a1630cb1d7c35c63 P 7b3c14d968524c3ab787f69d4d8c5d4b: Neither blocks nor log segments found. Creating new log.
I20260709 14:50:51.863335 19027 ts_tablet_manager.cc:1434] T 813b7c11a85643cfbbffca1cd8c388a8 P 02ef721f6698422997b6ef0fe9d232cb: Time spent starting tablet: real 0.018s	user 0.003s	sys 0.003s
I20260709 14:50:51.864096 19027 tablet_bootstrap.cc:492] T eec13915d19e4daa8a5091645130e436 P 02ef721f6698422997b6ef0fe9d232cb: Bootstrap starting.
W20260709 14:50:51.864189 18947 leader_election.cc:343] T a5ece3795def41519446cf6151d86686 P 7b3c14d968524c3ab787f69d4d8c5d4b [CANDIDATE]: Term 1 pre-election: Tablet error from VoteRequest() call to peer 02ef721f6698422997b6ef0fe9d232cb (127.17.78.66:38697): Illegal state: must be running to vote when last-logged opid is not known
I20260709 14:50:51.864679 18947 leader_election.cc:304] T a5ece3795def41519446cf6151d86686 P 7b3c14d968524c3ab787f69d4d8c5d4b [CANDIDATE]: Term 1 pre-election: Election decided. Result: candidate lost. Election summary: received 3 responses out of 3 voters: 1 yes votes; 2 no votes. yes voters: 7b3c14d968524c3ab787f69d4d8c5d4b; no voters: 02ef721f6698422997b6ef0fe9d232cb, 5c19fe1950ff4ae49fabb1727c076efd
I20260709 14:50:51.865310 19092 raft_consensus.cc:2749] T a5ece3795def41519446cf6151d86686 P 7b3c14d968524c3ab787f69d4d8c5d4b [term 0 FOLLOWER]: Leader pre-election lost for term 1. Reason: could not achieve majority
I20260709 14:50:51.866062 19230 raft_consensus.cc:493] T e89f12ac96944356bf73b6b8f9c80bc4 P 5c19fe1950ff4ae49fabb1727c076efd [term 0 FOLLOWER]: Starting pre-election (no leader contacted us within the election timeout)
I20260709 14:50:51.866811 19023 tablet_bootstrap.cc:654] T e9d45464d984496b97672fd10cf459ef P 5c19fe1950ff4ae49fabb1727c076efd: Neither blocks nor log segments found. Creating new log.
I20260709 14:50:51.866516 19230 raft_consensus.cc:515] T e89f12ac96944356bf73b6b8f9c80bc4 P 5c19fe1950ff4ae49fabb1727c076efd [term 0 FOLLOWER]: Starting pre-election with config: opid_index: -1 OBSOLETE_local: false peers { permanent_uuid: "5c19fe1950ff4ae49fabb1727c076efd" member_type: VOTER last_known_addr { host: "127.17.78.65" port: 39407 } } peers { permanent_uuid: "02ef721f6698422997b6ef0fe9d232cb" member_type: VOTER last_known_addr { host: "127.17.78.66" port: 38697 } } peers { permanent_uuid: "7b3c14d968524c3ab787f69d4d8c5d4b" member_type: VOTER last_known_addr { host: "127.17.78.67" port: 34399 } }
I20260709 14:50:51.869148 19230 leader_election.cc:290] T e89f12ac96944356bf73b6b8f9c80bc4 P 5c19fe1950ff4ae49fabb1727c076efd [CANDIDATE]: Term 1 pre-election: Requested pre-vote from peers 02ef721f6698422997b6ef0fe9d232cb (127.17.78.66:38697), 7b3c14d968524c3ab787f69d4d8c5d4b (127.17.78.67:34399)
I20260709 14:50:51.869302 18908 tablet_service.cc:1917] Received RequestConsensusVote() RPC: tablet_id: "e89f12ac96944356bf73b6b8f9c80bc4" candidate_uuid: "5c19fe1950ff4ae49fabb1727c076efd" candidate_term: 1 candidate_status { last_received { term: 0 index: 0 } } ignore_live_leader: false dest_uuid: "02ef721f6698422997b6ef0fe9d232cb" is_pre_election: true
I20260709 14:50:51.871023 19027 tablet_bootstrap.cc:654] T eec13915d19e4daa8a5091645130e436 P 02ef721f6698422997b6ef0fe9d232cb: Neither blocks nor log segments found. Creating new log.
I20260709 14:50:51.871896 18980 tablet_service.cc:1917] Received RequestConsensusVote() RPC: tablet_id: "e89f12ac96944356bf73b6b8f9c80bc4" candidate_uuid: "5c19fe1950ff4ae49fabb1727c076efd" candidate_term: 1 candidate_status { last_received { term: 0 index: 0 } } ignore_live_leader: false dest_uuid: "7b3c14d968524c3ab787f69d4d8c5d4b" is_pre_election: true
I20260709 14:50:51.872660 18980 raft_consensus.cc:2393] T e89f12ac96944356bf73b6b8f9c80bc4 P 7b3c14d968524c3ab787f69d4d8c5d4b [term 1 FOLLOWER]: Leader pre-election vote request: Denying vote to candidate 5c19fe1950ff4ae49fabb1727c076efd in current term 1: Already voted for candidate 02ef721f6698422997b6ef0fe9d232cb in this term.
I20260709 14:50:51.873646 18798 leader_election.cc:304] T e89f12ac96944356bf73b6b8f9c80bc4 P 5c19fe1950ff4ae49fabb1727c076efd [CANDIDATE]: Term 1 pre-election: Election decided. Result: candidate lost. Election summary: received 3 responses out of 3 voters: 1 yes votes; 2 no votes. yes voters: 5c19fe1950ff4ae49fabb1727c076efd; no voters: 02ef721f6698422997b6ef0fe9d232cb, 7b3c14d968524c3ab787f69d4d8c5d4b
I20260709 14:50:51.874711 19026 tablet_bootstrap.cc:492] T d9a48f2513a94419a1630cb1d7c35c63 P 7b3c14d968524c3ab787f69d4d8c5d4b: No bootstrap required, opened a new log
I20260709 14:50:51.875067 19026 ts_tablet_manager.cc:1403] T d9a48f2513a94419a1630cb1d7c35c63 P 7b3c14d968524c3ab787f69d4d8c5d4b: Time spent bootstrapping tablet: real 0.022s	user 0.005s	sys 0.004s
I20260709 14:50:51.875847 19230 raft_consensus.cc:3060] T e89f12ac96944356bf73b6b8f9c80bc4 P 5c19fe1950ff4ae49fabb1727c076efd [term 0 FOLLOWER]: Advancing to term 1
I20260709 14:50:51.877012 19026 raft_consensus.cc:359] T d9a48f2513a94419a1630cb1d7c35c63 P 7b3c14d968524c3ab787f69d4d8c5d4b [term 0 FOLLOWER]: Replica starting. Triggering 0 pending ops. Active config: opid_index: -1 OBSOLETE_local: false peers { permanent_uuid: "5c19fe1950ff4ae49fabb1727c076efd" member_type: VOTER last_known_addr { host: "127.17.78.65" port: 39407 } } peers { permanent_uuid: "02ef721f6698422997b6ef0fe9d232cb" member_type: VOTER last_known_addr { host: "127.17.78.66" port: 38697 } } peers { permanent_uuid: "7b3c14d968524c3ab787f69d4d8c5d4b" member_type: VOTER last_known_addr { host: "127.17.78.67" port: 34399 } }
I20260709 14:50:51.877658 19026 raft_consensus.cc:385] T d9a48f2513a94419a1630cb1d7c35c63 P 7b3c14d968524c3ab787f69d4d8c5d4b [term 0 FOLLOWER]: Consensus starting up: Expiring failure detector timer to make a prompt election more likely
I20260709 14:50:51.877939 19026 raft_consensus.cc:740] T d9a48f2513a94419a1630cb1d7c35c63 P 7b3c14d968524c3ab787f69d4d8c5d4b [term 0 FOLLOWER]: Becoming Follower/Learner. State: Replica: 7b3c14d968524c3ab787f69d4d8c5d4b, State: Initialized, Role: FOLLOWER
I20260709 14:50:51.878726 19026 consensus_queue.cc:260] T d9a48f2513a94419a1630cb1d7c35c63 P 7b3c14d968524c3ab787f69d4d8c5d4b [NON_LEADER]: Queue going to NON_LEADER mode. State: All replicated index: 0, Majority replicated index: 0, Committed index: 0, Last appended: 0.0, Last appended by leader: 0, Current term: 0, Majority size: -1, State: 0, Mode: NON_LEADER, active raft config: opid_index: -1 OBSOLETE_local: false peers { permanent_uuid: "5c19fe1950ff4ae49fabb1727c076efd" member_type: VOTER last_known_addr { host: "127.17.78.65" port: 39407 } } peers { permanent_uuid: "02ef721f6698422997b6ef0fe9d232cb" member_type: VOTER last_known_addr { host: "127.17.78.66" port: 38697 } } peers { permanent_uuid: "7b3c14d968524c3ab787f69d4d8c5d4b" member_type: VOTER last_known_addr { host: "127.17.78.67" port: 34399 } }
I20260709 14:50:51.879400 19023 tablet_bootstrap.cc:492] T e9d45464d984496b97672fd10cf459ef P 5c19fe1950ff4ae49fabb1727c076efd: No bootstrap required, opened a new log
I20260709 14:50:51.879813 19023 ts_tablet_manager.cc:1403] T e9d45464d984496b97672fd10cf459ef P 5c19fe1950ff4ae49fabb1727c076efd: Time spent bootstrapping tablet: real 0.030s	user 0.014s	sys 0.003s
I20260709 14:50:51.880756 19026 ts_tablet_manager.cc:1434] T d9a48f2513a94419a1630cb1d7c35c63 P 7b3c14d968524c3ab787f69d4d8c5d4b: Time spent starting tablet: real 0.006s	user 0.007s	sys 0.000s
I20260709 14:50:51.882153 19026 tablet_bootstrap.cc:492] T dab144c64d124ad3b1ff2ff0cbeace3d P 7b3c14d968524c3ab787f69d4d8c5d4b: Bootstrap starting.
I20260709 14:50:51.882110 19023 raft_consensus.cc:359] T e9d45464d984496b97672fd10cf459ef P 5c19fe1950ff4ae49fabb1727c076efd [term 0 FOLLOWER]: Replica starting. Triggering 0 pending ops. Active config: opid_index: -1 OBSOLETE_local: false peers { permanent_uuid: "5c19fe1950ff4ae49fabb1727c076efd" member_type: VOTER last_known_addr { host: "127.17.78.65" port: 39407 } } peers { permanent_uuid: "02ef721f6698422997b6ef0fe9d232cb" member_type: VOTER last_known_addr { host: "127.17.78.66" port: 38697 } } peers { permanent_uuid: "7b3c14d968524c3ab787f69d4d8c5d4b" member_type: VOTER last_known_addr { host: "127.17.78.67" port: 34399 } }
I20260709 14:50:51.882889 19023 raft_consensus.cc:385] T e9d45464d984496b97672fd10cf459ef P 5c19fe1950ff4ae49fabb1727c076efd [term 0 FOLLOWER]: Consensus starting up: Expiring failure detector timer to make a prompt election more likely
I20260709 14:50:51.883154 19023 raft_consensus.cc:740] T e9d45464d984496b97672fd10cf459ef P 5c19fe1950ff4ae49fabb1727c076efd [term 0 FOLLOWER]: Becoming Follower/Learner. State: Replica: 5c19fe1950ff4ae49fabb1727c076efd, State: Initialized, Role: FOLLOWER
I20260709 14:50:51.883846 19023 consensus_queue.cc:260] T e9d45464d984496b97672fd10cf459ef P 5c19fe1950ff4ae49fabb1727c076efd [NON_LEADER]: Queue going to NON_LEADER mode. State: All replicated index: 0, Majority replicated index: 0, Committed index: 0, Last appended: 0.0, Last appended by leader: 0, Current term: 0, Majority size: -1, State: 0, Mode: NON_LEADER, active raft config: opid_index: -1 OBSOLETE_local: false peers { permanent_uuid: "5c19fe1950ff4ae49fabb1727c076efd" member_type: VOTER last_known_addr { host: "127.17.78.65" port: 39407 } } peers { permanent_uuid: "02ef721f6698422997b6ef0fe9d232cb" member_type: VOTER last_known_addr { host: "127.17.78.66" port: 38697 } } peers { permanent_uuid: "7b3c14d968524c3ab787f69d4d8c5d4b" member_type: VOTER last_known_addr { host: "127.17.78.67" port: 34399 } }
I20260709 14:50:51.886507 19023 ts_tablet_manager.cc:1434] T e9d45464d984496b97672fd10cf459ef P 5c19fe1950ff4ae49fabb1727c076efd: Time spent starting tablet: real 0.006s	user 0.007s	sys 0.000s
I20260709 14:50:51.887331 19023 tablet_bootstrap.cc:492] T 6d7b361e36f14bd09feec053402567b8 P 5c19fe1950ff4ae49fabb1727c076efd: Bootstrap starting.
I20260709 14:50:51.892896 18905 raft_consensus.cc:3060] T eddb07dadc284e2f9c40ce86281fbb84 P 02ef721f6698422997b6ef0fe9d232cb [term 0 FOLLOWER]: Advancing to term 1
I20260709 14:50:51.894040 19053 raft_consensus.cc:493] T ebb1e365b2504e12a525a990dbea59dd P 7b3c14d968524c3ab787f69d4d8c5d4b [term 0 FOLLOWER]: Starting pre-election (no leader contacted us within the election timeout)
I20260709 14:50:51.894845 19023 tablet_bootstrap.cc:654] T 6d7b361e36f14bd09feec053402567b8 P 5c19fe1950ff4ae49fabb1727c076efd: Neither blocks nor log segments found. Creating new log.
I20260709 14:50:51.894556 19053 raft_consensus.cc:515] T ebb1e365b2504e12a525a990dbea59dd P 7b3c14d968524c3ab787f69d4d8c5d4b [term 0 FOLLOWER]: Starting pre-election with config: opid_index: -1 OBSOLETE_local: false peers { permanent_uuid: "5c19fe1950ff4ae49fabb1727c076efd" member_type: VOTER last_known_addr { host: "127.17.78.65" port: 39407 } } peers { permanent_uuid: "02ef721f6698422997b6ef0fe9d232cb" member_type: VOTER last_known_addr { host: "127.17.78.66" port: 38697 } } peers { permanent_uuid: "7b3c14d968524c3ab787f69d4d8c5d4b" member_type: VOTER last_known_addr { host: "127.17.78.67" port: 34399 } }
I20260709 14:50:51.899243 18829 tablet_service.cc:1917] Received RequestConsensusVote() RPC: tablet_id: "ebb1e365b2504e12a525a990dbea59dd" candidate_uuid: "7b3c14d968524c3ab787f69d4d8c5d4b" candidate_term: 1 candidate_status { last_received { term: 0 index: 0 } } ignore_live_leader: false dest_uuid: "5c19fe1950ff4ae49fabb1727c076efd" is_pre_election: true
W20260709 14:50:51.901324 18948 leader_election.cc:343] T ebb1e365b2504e12a525a990dbea59dd P 7b3c14d968524c3ab787f69d4d8c5d4b [CANDIDATE]: Term 1 pre-election: Tablet error from VoteRequest() call to peer 5c19fe1950ff4ae49fabb1727c076efd (127.17.78.65:39407): Illegal state: must be running to vote when last-logged opid is not known
I20260709 14:50:51.902143 19026 tablet_bootstrap.cc:654] T dab144c64d124ad3b1ff2ff0cbeace3d P 7b3c14d968524c3ab787f69d4d8c5d4b: Neither blocks nor log segments found. Creating new log.
I20260709 14:50:51.907567 19053 leader_election.cc:290] T ebb1e365b2504e12a525a990dbea59dd P 7b3c14d968524c3ab787f69d4d8c5d4b [CANDIDATE]: Term 1 pre-election: Requested pre-vote from peers 5c19fe1950ff4ae49fabb1727c076efd (127.17.78.65:39407), 02ef721f6698422997b6ef0fe9d232cb (127.17.78.66:38697)
I20260709 14:50:51.911319 19302 raft_consensus.cc:493] T e9d45464d984496b97672fd10cf459ef P 02ef721f6698422997b6ef0fe9d232cb [term 0 FOLLOWER]: Starting pre-election (no leader contacted us within the election timeout)
I20260709 14:50:51.911860 19302 raft_consensus.cc:515] T e9d45464d984496b97672fd10cf459ef P 02ef721f6698422997b6ef0fe9d232cb [term 0 FOLLOWER]: Starting pre-election with config: opid_index: -1 OBSOLETE_local: false peers { permanent_uuid: "5c19fe1950ff4ae49fabb1727c076efd" member_type: VOTER last_known_addr { host: "127.17.78.65" port: 39407 } } peers { permanent_uuid: "02ef721f6698422997b6ef0fe9d232cb" member_type: VOTER last_known_addr { host: "127.17.78.66" port: 38697 } } peers { permanent_uuid: "7b3c14d968524c3ab787f69d4d8c5d4b" member_type: VOTER last_known_addr { host: "127.17.78.67" port: 34399 } }
I20260709 14:50:51.913945 19302 leader_election.cc:290] T e9d45464d984496b97672fd10cf459ef P 02ef721f6698422997b6ef0fe9d232cb [CANDIDATE]: Term 1 pre-election: Requested pre-vote from peers 5c19fe1950ff4ae49fabb1727c076efd (127.17.78.65:39407), 7b3c14d968524c3ab787f69d4d8c5d4b (127.17.78.67:34399)
I20260709 14:50:51.918519 18829 tablet_service.cc:1917] Received RequestConsensusVote() RPC: tablet_id: "e9d45464d984496b97672fd10cf459ef" candidate_uuid: "02ef721f6698422997b6ef0fe9d232cb" candidate_term: 1 candidate_status { last_received { term: 0 index: 0 } } ignore_live_leader: false dest_uuid: "5c19fe1950ff4ae49fabb1727c076efd" is_pre_election: true
I20260709 14:50:51.919212 18829 raft_consensus.cc:2468] T e9d45464d984496b97672fd10cf459ef P 5c19fe1950ff4ae49fabb1727c076efd [term 0 FOLLOWER]: Leader pre-election vote request: Granting yes vote for candidate 02ef721f6698422997b6ef0fe9d232cb in term 0.
I20260709 14:50:51.920317 18874 leader_election.cc:304] T e9d45464d984496b97672fd10cf459ef P 02ef721f6698422997b6ef0fe9d232cb [CANDIDATE]: Term 1 pre-election: Election decided. Result: candidate won. Election summary: received 2 responses out of 3 voters: 2 yes votes; 0 no votes. yes voters: 02ef721f6698422997b6ef0fe9d232cb, 5c19fe1950ff4ae49fabb1727c076efd; no voters: 
I20260709 14:50:51.921156 19302 raft_consensus.cc:2804] T e9d45464d984496b97672fd10cf459ef P 02ef721f6698422997b6ef0fe9d232cb [term 0 FOLLOWER]: Leader pre-election won for term 1
I20260709 14:50:51.921526 19302 raft_consensus.cc:493] T e9d45464d984496b97672fd10cf459ef P 02ef721f6698422997b6ef0fe9d232cb [term 0 FOLLOWER]: Starting leader election (no leader contacted us within the election timeout)
I20260709 14:50:51.921845 19302 raft_consensus.cc:3060] T e9d45464d984496b97672fd10cf459ef P 02ef721f6698422997b6ef0fe9d232cb [term 0 FOLLOWER]: Advancing to term 1
I20260709 14:50:51.928476 19302 raft_consensus.cc:515] T e9d45464d984496b97672fd10cf459ef P 02ef721f6698422997b6ef0fe9d232cb [term 1 FOLLOWER]: Starting leader election with config: opid_index: -1 OBSOLETE_local: false peers { permanent_uuid: "5c19fe1950ff4ae49fabb1727c076efd" member_type: VOTER last_known_addr { host: "127.17.78.65" port: 39407 } } peers { permanent_uuid: "02ef721f6698422997b6ef0fe9d232cb" member_type: VOTER last_known_addr { host: "127.17.78.66" port: 38697 } } peers { permanent_uuid: "7b3c14d968524c3ab787f69d4d8c5d4b" member_type: VOTER last_known_addr { host: "127.17.78.67" port: 34399 } }
I20260709 14:50:51.890251 19230 raft_consensus.cc:2749] T e89f12ac96944356bf73b6b8f9c80bc4 P 5c19fe1950ff4ae49fabb1727c076efd [term 1 FOLLOWER]: Leader pre-election lost for term 1. Reason: could not achieve majority
I20260709 14:50:51.931102 18829 tablet_service.cc:1917] Received RequestConsensusVote() RPC: tablet_id: "e9d45464d984496b97672fd10cf459ef" candidate_uuid: "02ef721f6698422997b6ef0fe9d232cb" candidate_term: 1 candidate_status { last_received { term: 0 index: 0 } } ignore_live_leader: false dest_uuid: "5c19fe1950ff4ae49fabb1727c076efd"
I20260709 14:50:51.931627 18829 raft_consensus.cc:3060] T e9d45464d984496b97672fd10cf459ef P 5c19fe1950ff4ae49fabb1727c076efd [term 0 FOLLOWER]: Advancing to term 1
I20260709 14:50:51.939626 18829 raft_consensus.cc:2468] T e9d45464d984496b97672fd10cf459ef P 5c19fe1950ff4ae49fabb1727c076efd [term 1 FOLLOWER]: Leader election vote request: Granting yes vote for candidate 02ef721f6698422997b6ef0fe9d232cb in term 1.
I20260709 14:50:51.940796 18874 leader_election.cc:304] T e9d45464d984496b97672fd10cf459ef P 02ef721f6698422997b6ef0fe9d232cb [CANDIDATE]: Term 1 election: Election decided. Result: candidate won. Election summary: received 2 responses out of 3 voters: 2 yes votes; 0 no votes. yes voters: 02ef721f6698422997b6ef0fe9d232cb, 5c19fe1950ff4ae49fabb1727c076efd; no voters: 
I20260709 14:50:51.941642 19278 raft_consensus.cc:2804] T e9d45464d984496b97672fd10cf459ef P 02ef721f6698422997b6ef0fe9d232cb [term 1 FOLLOWER]: Leader election won for term 1
I20260709 14:50:51.942138 19278 raft_consensus.cc:697] T e9d45464d984496b97672fd10cf459ef P 02ef721f6698422997b6ef0fe9d232cb [term 1 LEADER]: Becoming Leader. State: Replica: 02ef721f6698422997b6ef0fe9d232cb, State: Running, Role: LEADER
I20260709 14:50:51.942965 19278 consensus_queue.cc:237] T e9d45464d984496b97672fd10cf459ef P 02ef721f6698422997b6ef0fe9d232cb [LEADER]: Queue going to LEADER mode. State: All replicated index: 0, Majority replicated index: 0, Committed index: 0, Last appended: 0.0, Last appended by leader: 0, Current term: 1, Majority size: 2, State: 0, Mode: LEADER, active raft config: opid_index: -1 OBSOLETE_local: false peers { permanent_uuid: "5c19fe1950ff4ae49fabb1727c076efd" member_type: VOTER last_known_addr { host: "127.17.78.65" port: 39407 } } peers { permanent_uuid: "02ef721f6698422997b6ef0fe9d232cb" member_type: VOTER last_known_addr { host: "127.17.78.66" port: 38697 } } peers { permanent_uuid: "7b3c14d968524c3ab787f69d4d8c5d4b" member_type: VOTER last_known_addr { host: "127.17.78.67" port: 34399 } }
I20260709 14:50:51.945070 18908 tablet_service.cc:1917] Received RequestConsensusVote() RPC: tablet_id: "ebb1e365b2504e12a525a990dbea59dd" candidate_uuid: "7b3c14d968524c3ab787f69d4d8c5d4b" candidate_term: 1 candidate_status { last_received { term: 0 index: 0 } } ignore_live_leader: false dest_uuid: "02ef721f6698422997b6ef0fe9d232cb" is_pre_election: true
I20260709 14:50:51.946206 18873 leader_election.cc:304] T eddb07dadc284e2f9c40ce86281fbb84 P 02ef721f6698422997b6ef0fe9d232cb [CANDIDATE]: Term 1 pre-election: Election decided. Result: candidate lost. Election summary: received 3 responses out of 3 voters: 1 yes votes; 2 no votes. yes voters: 02ef721f6698422997b6ef0fe9d232cb; no voters: 5c19fe1950ff4ae49fabb1727c076efd, 7b3c14d968524c3ab787f69d4d8c5d4b
I20260709 14:50:51.959036 19050 raft_consensus.cc:2749] T eddb07dadc284e2f9c40ce86281fbb84 P 02ef721f6698422997b6ef0fe9d232cb [term 1 FOLLOWER]: Leader pre-election lost for term 1. Reason: could not achieve majority
I20260709 14:50:51.959256 19302 leader_election.cc:290] T e9d45464d984496b97672fd10cf459ef P 02ef721f6698422997b6ef0fe9d232cb [CANDIDATE]: Term 1 election: Requested vote from peers 5c19fe1950ff4ae49fabb1727c076efd (127.17.78.65:39407), 7b3c14d968524c3ab787f69d4d8c5d4b (127.17.78.67:34399)
I20260709 14:50:51.971419 18980 tablet_service.cc:1917] Received RequestConsensusVote() RPC: tablet_id: "e9d45464d984496b97672fd10cf459ef" candidate_uuid: "02ef721f6698422997b6ef0fe9d232cb" candidate_term: 1 candidate_status { last_received { term: 0 index: 0 } } ignore_live_leader: false dest_uuid: "7b3c14d968524c3ab787f69d4d8c5d4b" is_pre_election: true
W20260709 14:50:51.977780 18947 leader_election.cc:343] T ebb1e365b2504e12a525a990dbea59dd P 7b3c14d968524c3ab787f69d4d8c5d4b [CANDIDATE]: Term 1 pre-election: Tablet error from VoteRequest() call to peer 02ef721f6698422997b6ef0fe9d232cb (127.17.78.66:38697): Illegal state: must be running to vote when last-logged opid is not known
I20260709 14:50:51.978240 18947 leader_election.cc:304] T ebb1e365b2504e12a525a990dbea59dd P 7b3c14d968524c3ab787f69d4d8c5d4b [CANDIDATE]: Term 1 pre-election: Election decided. Result: candidate lost. Election summary: received 3 responses out of 3 voters: 1 yes votes; 2 no votes. yes voters: 7b3c14d968524c3ab787f69d4d8c5d4b; no voters: 02ef721f6698422997b6ef0fe9d232cb, 5c19fe1950ff4ae49fabb1727c076efd
I20260709 14:50:51.979408 19053 raft_consensus.cc:2749] T ebb1e365b2504e12a525a990dbea59dd P 7b3c14d968524c3ab787f69d4d8c5d4b [term 0 FOLLOWER]: Leader pre-election lost for term 1. Reason: could not achieve majority
I20260709 14:50:51.981389 18980 tablet_service.cc:1917] Received RequestConsensusVote() RPC: tablet_id: "e9d45464d984496b97672fd10cf459ef" candidate_uuid: "02ef721f6698422997b6ef0fe9d232cb" candidate_term: 1 candidate_status { last_received { term: 0 index: 0 } } ignore_live_leader: false dest_uuid: "7b3c14d968524c3ab787f69d4d8c5d4b"
W20260709 14:50:51.991199 18873 leader_election.cc:343] T e9d45464d984496b97672fd10cf459ef P 02ef721f6698422997b6ef0fe9d232cb [CANDIDATE]: Term 1 pre-election: Tablet error from VoteRequest() call to peer 7b3c14d968524c3ab787f69d4d8c5d4b (127.17.78.67:34399): Illegal state: must be running to vote when last-logged opid is not known
W20260709 14:50:51.992395 18873 leader_election.cc:343] T e9d45464d984496b97672fd10cf459ef P 02ef721f6698422997b6ef0fe9d232cb [CANDIDATE]: Term 1 election: Tablet error from VoteRequest() call to peer 7b3c14d968524c3ab787f69d4d8c5d4b (127.17.78.67:34399): Illegal state: must be running to vote when last-logged opid is not known
I20260709 14:50:51.994902 19053 raft_consensus.cc:493] T d9a48f2513a94419a1630cb1d7c35c63 P 7b3c14d968524c3ab787f69d4d8c5d4b [term 0 FOLLOWER]: Starting pre-election (no leader contacted us within the election timeout)
I20260709 14:50:51.995422 19053 raft_consensus.cc:515] T d9a48f2513a94419a1630cb1d7c35c63 P 7b3c14d968524c3ab787f69d4d8c5d4b [term 0 FOLLOWER]: Starting pre-election with config: opid_index: -1 OBSOLETE_local: false peers { permanent_uuid: "5c19fe1950ff4ae49fabb1727c076efd" member_type: VOTER last_known_addr { host: "127.17.78.65" port: 39407 } } peers { permanent_uuid: "02ef721f6698422997b6ef0fe9d232cb" member_type: VOTER last_known_addr { host: "127.17.78.66" port: 38697 } } peers { permanent_uuid: "7b3c14d968524c3ab787f69d4d8c5d4b" member_type: VOTER last_known_addr { host: "127.17.78.67" port: 34399 } }
I20260709 14:50:51.998651 18829 tablet_service.cc:1917] Received RequestConsensusVote() RPC: tablet_id: "d9a48f2513a94419a1630cb1d7c35c63" candidate_uuid: "7b3c14d968524c3ab787f69d4d8c5d4b" candidate_term: 1 candidate_status { last_received { term: 0 index: 0 } } ignore_live_leader: false dest_uuid: "5c19fe1950ff4ae49fabb1727c076efd" is_pre_election: true
I20260709 14:50:51.999248 18829 raft_consensus.cc:2468] T d9a48f2513a94419a1630cb1d7c35c63 P 5c19fe1950ff4ae49fabb1727c076efd [term 0 FOLLOWER]: Leader pre-election vote request: Granting yes vote for candidate 7b3c14d968524c3ab787f69d4d8c5d4b in term 0.
I20260709 14:50:52.000582 18948 leader_election.cc:304] T d9a48f2513a94419a1630cb1d7c35c63 P 7b3c14d968524c3ab787f69d4d8c5d4b [CANDIDATE]: Term 1 pre-election: Election decided. Result: candidate won. Election summary: received 2 responses out of 3 voters: 2 yes votes; 0 no votes. yes voters: 5c19fe1950ff4ae49fabb1727c076efd, 7b3c14d968524c3ab787f69d4d8c5d4b; no voters: 
I20260709 14:50:52.001353 19092 raft_consensus.cc:2804] T d9a48f2513a94419a1630cb1d7c35c63 P 7b3c14d968524c3ab787f69d4d8c5d4b [term 0 FOLLOWER]: Leader pre-election won for term 1
I20260709 14:50:52.001691 19092 raft_consensus.cc:493] T d9a48f2513a94419a1630cb1d7c35c63 P 7b3c14d968524c3ab787f69d4d8c5d4b [term 0 FOLLOWER]: Starting leader election (no leader contacted us within the election timeout)
I20260709 14:50:52.002012 19092 raft_consensus.cc:3060] T d9a48f2513a94419a1630cb1d7c35c63 P 7b3c14d968524c3ab787f69d4d8c5d4b [term 0 FOLLOWER]: Advancing to term 1
I20260709 14:50:52.012385 19050 raft_consensus.cc:493] T 813b7c11a85643cfbbffca1cd8c388a8 P 02ef721f6698422997b6ef0fe9d232cb [term 0 FOLLOWER]: Starting pre-election (no leader contacted us within the election timeout)
I20260709 14:50:52.013159 19050 raft_consensus.cc:515] T 813b7c11a85643cfbbffca1cd8c388a8 P 02ef721f6698422997b6ef0fe9d232cb [term 0 FOLLOWER]: Starting pre-election with config: opid_index: -1 OBSOLETE_local: false peers { permanent_uuid: "5c19fe1950ff4ae49fabb1727c076efd" member_type: VOTER last_known_addr { host: "127.17.78.65" port: 39407 } } peers { permanent_uuid: "02ef721f6698422997b6ef0fe9d232cb" member_type: VOTER last_known_addr { host: "127.17.78.66" port: 38697 } } peers { permanent_uuid: "7b3c14d968524c3ab787f69d4d8c5d4b" member_type: VOTER last_known_addr { host: "127.17.78.67" port: 34399 } }
I20260709 14:50:52.015336 19050 leader_election.cc:290] T 813b7c11a85643cfbbffca1cd8c388a8 P 02ef721f6698422997b6ef0fe9d232cb [CANDIDATE]: Term 1 pre-election: Requested pre-vote from peers 5c19fe1950ff4ae49fabb1727c076efd (127.17.78.65:39407), 7b3c14d968524c3ab787f69d4d8c5d4b (127.17.78.67:34399)
I20260709 14:50:52.016546 18831 tablet_service.cc:1917] Received RequestConsensusVote() RPC: tablet_id: "813b7c11a85643cfbbffca1cd8c388a8" candidate_uuid: "02ef721f6698422997b6ef0fe9d232cb" candidate_term: 1 candidate_status { last_received { term: 0 index: 0 } } ignore_live_leader: false dest_uuid: "5c19fe1950ff4ae49fabb1727c076efd" is_pre_election: true
I20260709 14:50:52.022104 19030 consensus_queue.cc:1048] T eec13915d19e4daa8a5091645130e436 P 7b3c14d968524c3ab787f69d4d8c5d4b [LEADER]: Connected to new peer: Peer: permanent_uuid: "5c19fe1950ff4ae49fabb1727c076efd" member_type: VOTER last_known_addr { host: "127.17.78.65" port: 39407 }, Status: LMP_MISMATCH, Last received: 0.0, Next index: 1, Last known committed idx: 0, Time since last communication: 0.000s
I20260709 14:50:52.028784 19092 raft_consensus.cc:515] T d9a48f2513a94419a1630cb1d7c35c63 P 7b3c14d968524c3ab787f69d4d8c5d4b [term 1 FOLLOWER]: Starting leader election with config: opid_index: -1 OBSOLETE_local: false peers { permanent_uuid: "5c19fe1950ff4ae49fabb1727c076efd" member_type: VOTER last_known_addr { host: "127.17.78.65" port: 39407 } } peers { permanent_uuid: "02ef721f6698422997b6ef0fe9d232cb" member_type: VOTER last_known_addr { host: "127.17.78.66" port: 38697 } } peers { permanent_uuid: "7b3c14d968524c3ab787f69d4d8c5d4b" member_type: VOTER last_known_addr { host: "127.17.78.67" port: 34399 } }
I20260709 14:50:52.040118 19230 consensus_queue.cc:1048] T 002645b90ceb49f8bf144abf1b2eb44e P 5c19fe1950ff4ae49fabb1727c076efd [LEADER]: Connected to new peer: Peer: permanent_uuid: "02ef721f6698422997b6ef0fe9d232cb" member_type: VOTER last_known_addr { host: "127.17.78.66" port: 38697 }, Status: LMP_MISMATCH, Last received: 0.0, Next index: 1, Last known committed idx: 0, Time since last communication: 0.000s
I20260709 14:50:52.040886 18829 tablet_service.cc:1917] Received RequestConsensusVote() RPC: tablet_id: "d9a48f2513a94419a1630cb1d7c35c63" candidate_uuid: "7b3c14d968524c3ab787f69d4d8c5d4b" candidate_term: 1 candidate_status { last_received { term: 0 index: 0 } } ignore_live_leader: false dest_uuid: "5c19fe1950ff4ae49fabb1727c076efd"
I20260709 14:50:52.041478 18829 raft_consensus.cc:3060] T d9a48f2513a94419a1630cb1d7c35c63 P 5c19fe1950ff4ae49fabb1727c076efd [term 0 FOLLOWER]: Advancing to term 1
I20260709 14:50:52.054018 19053 leader_election.cc:290] T d9a48f2513a94419a1630cb1d7c35c63 P 7b3c14d968524c3ab787f69d4d8c5d4b [CANDIDATE]: Term 1 pre-election: Requested pre-vote from peers 5c19fe1950ff4ae49fabb1727c076efd (127.17.78.65:39407), 02ef721f6698422997b6ef0fe9d232cb (127.17.78.66:38697)
I20260709 14:50:52.055871 19092 leader_election.cc:290] T d9a48f2513a94419a1630cb1d7c35c63 P 7b3c14d968524c3ab787f69d4d8c5d4b [CANDIDATE]: Term 1 election: Requested vote from peers 5c19fe1950ff4ae49fabb1727c076efd (127.17.78.65:39407), 02ef721f6698422997b6ef0fe9d232cb (127.17.78.66:38697)
I20260709 14:50:52.058405 19230 consensus_queue.cc:1048] T eddb07dadc284e2f9c40ce86281fbb84 P 5c19fe1950ff4ae49fabb1727c076efd [LEADER]: Connected to new peer: Peer: permanent_uuid: "02ef721f6698422997b6ef0fe9d232cb" member_type: VOTER last_known_addr { host: "127.17.78.66" port: 38697 }, Status: LMP_MISMATCH, Last received: 0.0, Next index: 1, Last known committed idx: 0, Time since last communication: 0.000s
W20260709 14:50:52.062580 18873 outbound_call.cc:321] RPC callback for RPC call kudu.consensus.ConsensusService.RequestConsensusVote -> {remote=127.17.78.67:34399, user_credentials={real_user=slave}} blocked reactor thread for 70229.4us
I20260709 14:50:52.063925 19302 consensus_queue.cc:1048] T e89f12ac96944356bf73b6b8f9c80bc4 P 02ef721f6698422997b6ef0fe9d232cb [LEADER]: Connected to new peer: Peer: permanent_uuid: "7b3c14d968524c3ab787f69d4d8c5d4b" member_type: VOTER last_known_addr { host: "127.17.78.67" port: 34399 }, Status: LMP_MISMATCH, Last received: 0.0, Next index: 1, Last known committed idx: 0, Time since last communication: 0.000s
I20260709 14:50:52.068080 19023 tablet_bootstrap.cc:492] T 6d7b361e36f14bd09feec053402567b8 P 5c19fe1950ff4ae49fabb1727c076efd: No bootstrap required, opened a new log
I20260709 14:50:52.068555 19023 ts_tablet_manager.cc:1403] T 6d7b361e36f14bd09feec053402567b8 P 5c19fe1950ff4ae49fabb1727c076efd: Time spent bootstrapping tablet: real 0.181s	user 0.069s	sys 0.072s
I20260709 14:50:52.069142 19027 tablet_bootstrap.cc:492] T eec13915d19e4daa8a5091645130e436 P 02ef721f6698422997b6ef0fe9d232cb: No bootstrap required, opened a new log
I20260709 14:50:52.069645 19027 ts_tablet_manager.cc:1403] T eec13915d19e4daa8a5091645130e436 P 02ef721f6698422997b6ef0fe9d232cb: Time spent bootstrapping tablet: real 0.206s	user 0.083s	sys 0.070s
I20260709 14:50:52.070986 18984 tablet_service.cc:1917] Received RequestConsensusVote() RPC: tablet_id: "813b7c11a85643cfbbffca1cd8c388a8" candidate_uuid: "02ef721f6698422997b6ef0fe9d232cb" candidate_term: 1 candidate_status { last_received { term: 0 index: 0 } } ignore_live_leader: false dest_uuid: "7b3c14d968524c3ab787f69d4d8c5d4b" is_pre_election: true
I20260709 14:50:52.071482 19023 raft_consensus.cc:359] T 6d7b361e36f14bd09feec053402567b8 P 5c19fe1950ff4ae49fabb1727c076efd [term 0 FOLLOWER]: Replica starting. Triggering 0 pending ops. Active config: opid_index: -1 OBSOLETE_local: false peers { permanent_uuid: "5c19fe1950ff4ae49fabb1727c076efd" member_type: VOTER last_known_addr { host: "127.17.78.65" port: 39407 } } peers { permanent_uuid: "02ef721f6698422997b6ef0fe9d232cb" member_type: VOTER last_known_addr { host: "127.17.78.66" port: 38697 } } peers { permanent_uuid: "7b3c14d968524c3ab787f69d4d8c5d4b" member_type: VOTER last_known_addr { host: "127.17.78.67" port: 34399 } }
I20260709 14:50:52.072111 19023 raft_consensus.cc:385] T 6d7b361e36f14bd09feec053402567b8 P 5c19fe1950ff4ae49fabb1727c076efd [term 0 FOLLOWER]: Consensus starting up: Expiring failure detector timer to make a prompt election more likely
I20260709 14:50:52.072212 19027 raft_consensus.cc:359] T eec13915d19e4daa8a5091645130e436 P 02ef721f6698422997b6ef0fe9d232cb [term 0 FOLLOWER]: Replica starting. Triggering 0 pending ops. Active config: opid_index: -1 OBSOLETE_local: false peers { permanent_uuid: "5c19fe1950ff4ae49fabb1727c076efd" member_type: VOTER last_known_addr { host: "127.17.78.65" port: 39407 } } peers { permanent_uuid: "02ef721f6698422997b6ef0fe9d232cb" member_type: VOTER last_known_addr { host: "127.17.78.66" port: 38697 } } peers { permanent_uuid: "7b3c14d968524c3ab787f69d4d8c5d4b" member_type: VOTER last_known_addr { host: "127.17.78.67" port: 34399 } }
I20260709 14:50:52.073035 19027 raft_consensus.cc:385] T eec13915d19e4daa8a5091645130e436 P 02ef721f6698422997b6ef0fe9d232cb [term 0 FOLLOWER]: Consensus starting up: Expiring failure detector timer to make a prompt election more likely
