I20260709 14:50:50.111673 19026 consensus_queue.cc:260] T 9ecaa8b4ff454a9593f8d64b59b22b05 P 7b3c14d968524c3ab787f69d4d8c5d4b [NON_LEADER]: Queue going to NON_LEADER mode. State: All replicated index: 0, Majority replicated index: 0, Committed index: 0, Last appended: 0.0, Last appended by leader: 0, Current term: 0, Majority size: -1, State: 0, Mode: NON_LEADER, active raft config: opid_index: -1 OBSOLETE_local: false peers { permanent_uuid: "5c19fe1950ff4ae49fabb1727c076efd" member_type: VOTER last_known_addr { host: "127.17.78.65" port: 39407 } } peers { permanent_uuid: "02ef721f6698422997b6ef0fe9d232cb" member_type: VOTER last_known_addr { host: "127.17.78.66" port: 38697 } } peers { permanent_uuid: "7b3c14d968524c3ab787f69d4d8c5d4b" member_type: VOTER last_known_addr { host: "127.17.78.67" port: 34399 } }
I20260709 14:50:50.112165 19086 raft_consensus.cc:493] T ba68f54132284e0d83420c9b92a620a6 P 5c19fe1950ff4ae49fabb1727c076efd [term 0 FOLLOWER]: Starting leader election (no leader contacted us within the election timeout)
I20260709 14:50:50.112542 19086 raft_consensus.cc:3060] T ba68f54132284e0d83420c9b92a620a6 P 5c19fe1950ff4ae49fabb1727c076efd [term 0 FOLLOWER]: Advancing to term 1
I20260709 14:50:50.113626 19026 ts_tablet_manager.cc:1434] T 9ecaa8b4ff454a9593f8d64b59b22b05 P 7b3c14d968524c3ab787f69d4d8c5d4b: Time spent starting tablet: real 0.006s	user 0.005s	sys 0.000s
I20260709 14:50:50.113816 19027 tablet_bootstrap.cc:654] T 3905072a9bb14930824717e43eb2fc14 P 02ef721f6698422997b6ef0fe9d232cb: Neither blocks nor log segments found. Creating new log.
I20260709 14:50:50.114461 19026 tablet_bootstrap.cc:492] T 3bd4d3b34f6841ec8c3ebbf763bf2280 P 7b3c14d968524c3ab787f69d4d8c5d4b: Bootstrap starting.
I20260709 14:50:50.103437 19023 tablet_bootstrap.cc:654] T a2ca119638c24e2f9a580d94710e9bb1 P 5c19fe1950ff4ae49fabb1727c076efd: Neither blocks nor log segments found. Creating new log.
I20260709 14:50:50.120666 19026 tablet_bootstrap.cc:654] T 3bd4d3b34f6841ec8c3ebbf763bf2280 P 7b3c14d968524c3ab787f69d4d8c5d4b: Neither blocks nor log segments found. Creating new log.
I20260709 14:50:50.124332 19030 raft_consensus.cc:493] T 6bcba0ed6e8f45c4b3b4d73b749721ca P 7b3c14d968524c3ab787f69d4d8c5d4b [term 0 FOLLOWER]: Starting pre-election (no leader contacted us within the election timeout)
I20260709 14:50:50.125377 19030 raft_consensus.cc:515] T 6bcba0ed6e8f45c4b3b4d73b749721ca P 7b3c14d968524c3ab787f69d4d8c5d4b [term 0 FOLLOWER]: Starting pre-election with config: opid_index: -1 OBSOLETE_local: false peers { permanent_uuid: "5c19fe1950ff4ae49fabb1727c076efd" member_type: VOTER last_known_addr { host: "127.17.78.65" port: 39407 } } peers { permanent_uuid: "02ef721f6698422997b6ef0fe9d232cb" member_type: VOTER last_known_addr { host: "127.17.78.66" port: 38697 } } peers { permanent_uuid: "7b3c14d968524c3ab787f69d4d8c5d4b" member_type: VOTER last_known_addr { host: "127.17.78.67" port: 34399 } }
I20260709 14:50:50.127504 19030 leader_election.cc:290] T 6bcba0ed6e8f45c4b3b4d73b749721ca P 7b3c14d968524c3ab787f69d4d8c5d4b [CANDIDATE]: Term 1 pre-election: Requested pre-vote from peers 5c19fe1950ff4ae49fabb1727c076efd (127.17.78.65:39407), 02ef721f6698422997b6ef0fe9d232cb (127.17.78.66:38697)
I20260709 14:50:50.129647 18835 tablet_service.cc:1917] Received RequestConsensusVote() RPC: tablet_id: "6bcba0ed6e8f45c4b3b4d73b749721ca" candidate_uuid: "7b3c14d968524c3ab787f69d4d8c5d4b" candidate_term: 1 candidate_status { last_received { term: 0 index: 0 } } ignore_live_leader: false dest_uuid: "5c19fe1950ff4ae49fabb1727c076efd" is_pre_election: true
I20260709 14:50:50.130285 18835 raft_consensus.cc:2468] T 6bcba0ed6e8f45c4b3b4d73b749721ca P 5c19fe1950ff4ae49fabb1727c076efd [term 0 FOLLOWER]: Leader pre-election vote request: Granting yes vote for candidate 7b3c14d968524c3ab787f69d4d8c5d4b in term 0.
I20260709 14:50:50.131939 19026 tablet_bootstrap.cc:492] T 3bd4d3b34f6841ec8c3ebbf763bf2280 P 7b3c14d968524c3ab787f69d4d8c5d4b: No bootstrap required, opened a new log
I20260709 14:50:50.131844 18948 leader_election.cc:304] T 6bcba0ed6e8f45c4b3b4d73b749721ca P 7b3c14d968524c3ab787f69d4d8c5d4b [CANDIDATE]: Term 1 pre-election: Election decided. Result: candidate won. Election summary: received 2 responses out of 3 voters: 2 yes votes; 0 no votes. yes voters: 5c19fe1950ff4ae49fabb1727c076efd, 7b3c14d968524c3ab787f69d4d8c5d4b; no voters: 
I20260709 14:50:50.132362 19026 ts_tablet_manager.cc:1403] T 3bd4d3b34f6841ec8c3ebbf763bf2280 P 7b3c14d968524c3ab787f69d4d8c5d4b: Time spent bootstrapping tablet: real 0.018s	user 0.014s	sys 0.001s
I20260709 14:50:50.132716 19030 raft_consensus.cc:2804] T 6bcba0ed6e8f45c4b3b4d73b749721ca P 7b3c14d968524c3ab787f69d4d8c5d4b [term 0 FOLLOWER]: Leader pre-election won for term 1
I20260709 14:50:50.133121 19030 raft_consensus.cc:493] T 6bcba0ed6e8f45c4b3b4d73b749721ca P 7b3c14d968524c3ab787f69d4d8c5d4b [term 0 FOLLOWER]: Starting leader election (no leader contacted us within the election timeout)
I20260709 14:50:50.133514 19030 raft_consensus.cc:3060] T 6bcba0ed6e8f45c4b3b4d73b749721ca P 7b3c14d968524c3ab787f69d4d8c5d4b [term 0 FOLLOWER]: Advancing to term 1
I20260709 14:50:50.134606 19053 raft_consensus.cc:493] T 56acbd937df148738e7e4fc69a1155f8 P 7b3c14d968524c3ab787f69d4d8c5d4b [term 0 FOLLOWER]: Starting pre-election (no leader contacted us within the election timeout)
I20260709 14:50:50.135098 19053 raft_consensus.cc:515] T 56acbd937df148738e7e4fc69a1155f8 P 7b3c14d968524c3ab787f69d4d8c5d4b [term 0 FOLLOWER]: Starting pre-election with config: opid_index: -1 OBSOLETE_local: false peers { permanent_uuid: "5c19fe1950ff4ae49fabb1727c076efd" member_type: VOTER last_known_addr { host: "127.17.78.65" port: 39407 } } peers { permanent_uuid: "02ef721f6698422997b6ef0fe9d232cb" member_type: VOTER last_known_addr { host: "127.17.78.66" port: 38697 } } peers { permanent_uuid: "7b3c14d968524c3ab787f69d4d8c5d4b" member_type: VOTER last_known_addr { host: "127.17.78.67" port: 34399 } }
I20260709 14:50:50.137035 19053 leader_election.cc:290] T 56acbd937df148738e7e4fc69a1155f8 P 7b3c14d968524c3ab787f69d4d8c5d4b [CANDIDATE]: Term 1 pre-election: Requested pre-vote from peers 5c19fe1950ff4ae49fabb1727c076efd (127.17.78.65:39407), 02ef721f6698422997b6ef0fe9d232cb (127.17.78.66:38697)
I20260709 14:50:50.137732 18835 tablet_service.cc:1917] Received RequestConsensusVote() RPC: tablet_id: "56acbd937df148738e7e4fc69a1155f8" candidate_uuid: "7b3c14d968524c3ab787f69d4d8c5d4b" candidate_term: 1 candidate_status { last_received { term: 0 index: 0 } } ignore_live_leader: false dest_uuid: "5c19fe1950ff4ae49fabb1727c076efd" is_pre_election: true
I20260709 14:50:50.137888 19026 raft_consensus.cc:359] T 3bd4d3b34f6841ec8c3ebbf763bf2280 P 7b3c14d968524c3ab787f69d4d8c5d4b [term 0 FOLLOWER]: Replica starting. Triggering 0 pending ops. Active config: opid_index: -1 OBSOLETE_local: false peers { permanent_uuid: "5c19fe1950ff4ae49fabb1727c076efd" member_type: VOTER last_known_addr { host: "127.17.78.65" port: 39407 } } peers { permanent_uuid: "02ef721f6698422997b6ef0fe9d232cb" member_type: VOTER last_known_addr { host: "127.17.78.66" port: 38697 } } peers { permanent_uuid: "7b3c14d968524c3ab787f69d4d8c5d4b" member_type: VOTER last_known_addr { host: "127.17.78.67" port: 34399 } }
I20260709 14:50:50.138332 18835 raft_consensus.cc:2468] T 56acbd937df148738e7e4fc69a1155f8 P 5c19fe1950ff4ae49fabb1727c076efd [term 0 FOLLOWER]: Leader pre-election vote request: Granting yes vote for candidate 7b3c14d968524c3ab787f69d4d8c5d4b in term 0.
I20260709 14:50:50.138463 19026 raft_consensus.cc:385] T 3bd4d3b34f6841ec8c3ebbf763bf2280 P 7b3c14d968524c3ab787f69d4d8c5d4b [term 0 FOLLOWER]: Consensus starting up: Expiring failure detector timer to make a prompt election more likely
I20260709 14:50:50.138841 18907 tablet_service.cc:1917] Received RequestConsensusVote() RPC: tablet_id: "56acbd937df148738e7e4fc69a1155f8" candidate_uuid: "7b3c14d968524c3ab787f69d4d8c5d4b" candidate_term: 1 candidate_status { last_received { term: 0 index: 0 } } ignore_live_leader: false dest_uuid: "02ef721f6698422997b6ef0fe9d232cb" is_pre_election: true
I20260709 14:50:50.139413 18907 raft_consensus.cc:2468] T 56acbd937df148738e7e4fc69a1155f8 P 02ef721f6698422997b6ef0fe9d232cb [term 0 FOLLOWER]: Leader pre-election vote request: Granting yes vote for candidate 7b3c14d968524c3ab787f69d4d8c5d4b in term 0.
I20260709 14:50:50.138821 19026 raft_consensus.cc:740] T 3bd4d3b34f6841ec8c3ebbf763bf2280 P 7b3c14d968524c3ab787f69d4d8c5d4b [term 0 FOLLOWER]: Becoming Follower/Learner. State: Replica: 7b3c14d968524c3ab787f69d4d8c5d4b, State: Initialized, Role: FOLLOWER
I20260709 14:50:50.140972 18947 leader_election.cc:304] T 56acbd937df148738e7e4fc69a1155f8 P 7b3c14d968524c3ab787f69d4d8c5d4b [CANDIDATE]: Term 1 pre-election: Election decided. Result: candidate won. Election summary: received 2 responses out of 3 voters: 2 yes votes; 0 no votes. yes voters: 02ef721f6698422997b6ef0fe9d232cb, 7b3c14d968524c3ab787f69d4d8c5d4b; no voters: 
I20260709 14:50:50.141842 19053 raft_consensus.cc:2804] T 56acbd937df148738e7e4fc69a1155f8 P 7b3c14d968524c3ab787f69d4d8c5d4b [term 0 FOLLOWER]: Leader pre-election won for term 1
I20260709 14:50:50.142163 19053 raft_consensus.cc:493] T 56acbd937df148738e7e4fc69a1155f8 P 7b3c14d968524c3ab787f69d4d8c5d4b [term 0 FOLLOWER]: Starting leader election (no leader contacted us within the election timeout)
I20260709 14:50:50.142463 19053 raft_consensus.cc:3060] T 56acbd937df148738e7e4fc69a1155f8 P 7b3c14d968524c3ab787f69d4d8c5d4b [term 0 FOLLOWER]: Advancing to term 1
I20260709 14:50:50.145102 18910 tablet_service.cc:1917] Received RequestConsensusVote() RPC: tablet_id: "6bcba0ed6e8f45c4b3b4d73b749721ca" candidate_uuid: "7b3c14d968524c3ab787f69d4d8c5d4b" candidate_term: 1 candidate_status { last_received { term: 0 index: 0 } } ignore_live_leader: false dest_uuid: "02ef721f6698422997b6ef0fe9d232cb" is_pre_election: true
I20260709 14:50:50.145742 18910 raft_consensus.cc:2468] T 6bcba0ed6e8f45c4b3b4d73b749721ca P 02ef721f6698422997b6ef0fe9d232cb [term 0 FOLLOWER]: Leader pre-election vote request: Granting yes vote for candidate 7b3c14d968524c3ab787f69d4d8c5d4b in term 0.
I20260709 14:50:50.140584 19026 consensus_queue.cc:260] T 3bd4d3b34f6841ec8c3ebbf763bf2280 P 7b3c14d968524c3ab787f69d4d8c5d4b [NON_LEADER]: Queue going to NON_LEADER mode. State: All replicated index: 0, Majority replicated index: 0, Committed index: 0, Last appended: 0.0, Last appended by leader: 0, Current term: 0, Majority size: -1, State: 0, Mode: NON_LEADER, active raft config: opid_index: -1 OBSOLETE_local: false peers { permanent_uuid: "5c19fe1950ff4ae49fabb1727c076efd" member_type: VOTER last_known_addr { host: "127.17.78.65" port: 39407 } } peers { permanent_uuid: "02ef721f6698422997b6ef0fe9d232cb" member_type: VOTER last_known_addr { host: "127.17.78.66" port: 38697 } } peers { permanent_uuid: "7b3c14d968524c3ab787f69d4d8c5d4b" member_type: VOTER last_known_addr { host: "127.17.78.67" port: 34399 } }
I20260709 14:50:50.152179 19026 ts_tablet_manager.cc:1434] T 3bd4d3b34f6841ec8c3ebbf763bf2280 P 7b3c14d968524c3ab787f69d4d8c5d4b: Time spent starting tablet: real 0.020s	user 0.003s	sys 0.002s
I20260709 14:50:50.153045 19026 tablet_bootstrap.cc:492] T 813b7c11a85643cfbbffca1cd8c388a8 P 7b3c14d968524c3ab787f69d4d8c5d4b: Bootstrap starting.
I20260709 14:50:50.154353 19092 raft_consensus.cc:493] T b765e4fcc3474cd5a43a7971c75ce90a P 7b3c14d968524c3ab787f69d4d8c5d4b [term 0 FOLLOWER]: Starting pre-election (no leader contacted us within the election timeout)
I20260709 14:50:50.154867 19092 raft_consensus.cc:515] T b765e4fcc3474cd5a43a7971c75ce90a P 7b3c14d968524c3ab787f69d4d8c5d4b [term 0 FOLLOWER]: Starting pre-election with config: opid_index: -1 OBSOLETE_local: false peers { permanent_uuid: "5c19fe1950ff4ae49fabb1727c076efd" member_type: VOTER last_known_addr { host: "127.17.78.65" port: 39407 } } peers { permanent_uuid: "02ef721f6698422997b6ef0fe9d232cb" member_type: VOTER last_known_addr { host: "127.17.78.66" port: 38697 } } peers { permanent_uuid: "7b3c14d968524c3ab787f69d4d8c5d4b" member_type: VOTER last_known_addr { host: "127.17.78.67" port: 34399 } }
I20260709 14:50:50.156993 19092 leader_election.cc:290] T b765e4fcc3474cd5a43a7971c75ce90a P 7b3c14d968524c3ab787f69d4d8c5d4b [CANDIDATE]: Term 1 pre-election: Requested pre-vote from peers 5c19fe1950ff4ae49fabb1727c076efd (127.17.78.65:39407), 02ef721f6698422997b6ef0fe9d232cb (127.17.78.66:38697)
I20260709 14:50:50.158283 19026 tablet_bootstrap.cc:654] T 813b7c11a85643cfbbffca1cd8c388a8 P 7b3c14d968524c3ab787f69d4d8c5d4b: Neither blocks nor log segments found. Creating new log.
I20260709 14:50:50.160696 19092 consensus_queue.cc:1048] T 15cfad14011d45c58277244f765d513b P 7b3c14d968524c3ab787f69d4d8c5d4b [LEADER]: Connected to new peer: Peer: permanent_uuid: "5c19fe1950ff4ae49fabb1727c076efd" member_type: VOTER last_known_addr { host: "127.17.78.65" port: 39407 }, Status: LMP_MISMATCH, Last received: 0.0, Next index: 1, Last known committed idx: 0, Time since last communication: 0.000s
I20260709 14:50:50.163215 18835 tablet_service.cc:1917] Received RequestConsensusVote() RPC: tablet_id: "b765e4fcc3474cd5a43a7971c75ce90a" candidate_uuid: "7b3c14d968524c3ab787f69d4d8c5d4b" candidate_term: 1 candidate_status { last_received { term: 0 index: 0 } } ignore_live_leader: false dest_uuid: "5c19fe1950ff4ae49fabb1727c076efd" is_pre_election: true
I20260709 14:50:50.163960 18835 raft_consensus.cc:2468] T b765e4fcc3474cd5a43a7971c75ce90a P 5c19fe1950ff4ae49fabb1727c076efd [term 0 FOLLOWER]: Leader pre-election vote request: Granting yes vote for candidate 7b3c14d968524c3ab787f69d4d8c5d4b in term 0.
I20260709 14:50:50.165122 18948 leader_election.cc:304] T b765e4fcc3474cd5a43a7971c75ce90a P 7b3c14d968524c3ab787f69d4d8c5d4b [CANDIDATE]: Term 1 pre-election: Election decided. Result: candidate won. Election summary: received 2 responses out of 3 voters: 2 yes votes; 0 no votes. yes voters: 5c19fe1950ff4ae49fabb1727c076efd, 7b3c14d968524c3ab787f69d4d8c5d4b; no voters: 
I20260709 14:50:50.162935 19053 raft_consensus.cc:515] T 56acbd937df148738e7e4fc69a1155f8 P 7b3c14d968524c3ab787f69d4d8c5d4b [term 1 FOLLOWER]: Starting leader election with config: opid_index: -1 OBSOLETE_local: false peers { permanent_uuid: "5c19fe1950ff4ae49fabb1727c076efd" member_type: VOTER last_known_addr { host: "127.17.78.65" port: 39407 } } peers { permanent_uuid: "02ef721f6698422997b6ef0fe9d232cb" member_type: VOTER last_known_addr { host: "127.17.78.66" port: 38697 } } peers { permanent_uuid: "7b3c14d968524c3ab787f69d4d8c5d4b" member_type: VOTER last_known_addr { host: "127.17.78.67" port: 34399 } }
I20260709 14:50:50.169793 18910 tablet_service.cc:1917] Received RequestConsensusVote() RPC: tablet_id: "b765e4fcc3474cd5a43a7971c75ce90a" candidate_uuid: "7b3c14d968524c3ab787f69d4d8c5d4b" candidate_term: 1 candidate_status { last_received { term: 0 index: 0 } } ignore_live_leader: false dest_uuid: "02ef721f6698422997b6ef0fe9d232cb" is_pre_election: true
I20260709 14:50:50.169967 19053 leader_election.cc:290] T 56acbd937df148738e7e4fc69a1155f8 P 7b3c14d968524c3ab787f69d4d8c5d4b [CANDIDATE]: Term 1 election: Requested vote from peers 5c19fe1950ff4ae49fabb1727c076efd (127.17.78.65:39407), 02ef721f6698422997b6ef0fe9d232cb (127.17.78.66:38697)
I20260709 14:50:50.171247 18907 tablet_service.cc:1917] Received RequestConsensusVote() RPC: tablet_id: "56acbd937df148738e7e4fc69a1155f8" candidate_uuid: "7b3c14d968524c3ab787f69d4d8c5d4b" candidate_term: 1 candidate_status { last_received { term: 0 index: 0 } } ignore_live_leader: false dest_uuid: "02ef721f6698422997b6ef0fe9d232cb"
I20260709 14:50:50.171497 19049 raft_consensus.cc:2804] T b765e4fcc3474cd5a43a7971c75ce90a P 7b3c14d968524c3ab787f69d4d8c5d4b [term 0 FOLLOWER]: Leader pre-election won for term 1
I20260709 14:50:50.177719 19049 raft_consensus.cc:493] T b765e4fcc3474cd5a43a7971c75ce90a P 7b3c14d968524c3ab787f69d4d8c5d4b [term 0 FOLLOWER]: Starting leader election (no leader contacted us within the election timeout)
I20260709 14:50:50.178148 19049 raft_consensus.cc:3060] T b765e4fcc3474cd5a43a7971c75ce90a P 7b3c14d968524c3ab787f69d4d8c5d4b [term 0 FOLLOWER]: Advancing to term 1
W20260709 14:50:50.181188 18947 leader_election.cc:343] T b765e4fcc3474cd5a43a7971c75ce90a P 7b3c14d968524c3ab787f69d4d8c5d4b [CANDIDATE]: Term 1 pre-election: Tablet error from VoteRequest() call to peer 02ef721f6698422997b6ef0fe9d232cb (127.17.78.66:38697): Illegal state: must be running to vote when last-logged opid is not known
I20260709 14:50:50.177722 18907 raft_consensus.cc:3060] T 56acbd937df148738e7e4fc69a1155f8 P 02ef721f6698422997b6ef0fe9d232cb [term 0 FOLLOWER]: Advancing to term 1
I20260709 14:50:50.183908 19030 raft_consensus.cc:515] T 6bcba0ed6e8f45c4b3b4d73b749721ca P 7b3c14d968524c3ab787f69d4d8c5d4b [term 1 FOLLOWER]: Starting leader election with config: opid_index: -1 OBSOLETE_local: false peers { permanent_uuid: "5c19fe1950ff4ae49fabb1727c076efd" member_type: VOTER last_known_addr { host: "127.17.78.65" port: 39407 } } peers { permanent_uuid: "02ef721f6698422997b6ef0fe9d232cb" member_type: VOTER last_known_addr { host: "127.17.78.66" port: 38697 } } peers { permanent_uuid: "7b3c14d968524c3ab787f69d4d8c5d4b" member_type: VOTER last_known_addr { host: "127.17.78.67" port: 34399 } }
I20260709 14:50:50.172881 18833 tablet_service.cc:1917] Received RequestConsensusVote() RPC: tablet_id: "56acbd937df148738e7e4fc69a1155f8" candidate_uuid: "7b3c14d968524c3ab787f69d4d8c5d4b" candidate_term: 1 candidate_status { last_received { term: 0 index: 0 } } ignore_live_leader: false dest_uuid: "5c19fe1950ff4ae49fabb1727c076efd"
I20260709 14:50:50.188848 18833 raft_consensus.cc:3060] T 56acbd937df148738e7e4fc69a1155f8 P 5c19fe1950ff4ae49fabb1727c076efd [term 0 FOLLOWER]: Advancing to term 1
I20260709 14:50:50.189011 18910 tablet_service.cc:1917] Received RequestConsensusVote() RPC: tablet_id: "6bcba0ed6e8f45c4b3b4d73b749721ca" candidate_uuid: "7b3c14d968524c3ab787f69d4d8c5d4b" candidate_term: 1 candidate_status { last_received { term: 0 index: 0 } } ignore_live_leader: false dest_uuid: "02ef721f6698422997b6ef0fe9d232cb"
I20260709 14:50:50.189908 18910 raft_consensus.cc:3060] T 6bcba0ed6e8f45c4b3b4d73b749721ca P 02ef721f6698422997b6ef0fe9d232cb [term 0 FOLLOWER]: Advancing to term 1
I20260709 14:50:50.208371 18910 raft_consensus.cc:2468] T 6bcba0ed6e8f45c4b3b4d73b749721ca P 02ef721f6698422997b6ef0fe9d232cb [term 1 FOLLOWER]: Leader election vote request: Granting yes vote for candidate 7b3c14d968524c3ab787f69d4d8c5d4b in term 1.
I20260709 14:50:50.197552 19030 leader_election.cc:290] T 6bcba0ed6e8f45c4b3b4d73b749721ca P 7b3c14d968524c3ab787f69d4d8c5d4b [CANDIDATE]: Term 1 election: Requested vote from peers 5c19fe1950ff4ae49fabb1727c076efd (127.17.78.65:39407), 02ef721f6698422997b6ef0fe9d232cb (127.17.78.66:38697)
I20260709 14:50:50.220144 19049 raft_consensus.cc:515] T b765e4fcc3474cd5a43a7971c75ce90a P 7b3c14d968524c3ab787f69d4d8c5d4b [term 1 FOLLOWER]: Starting leader election with config: opid_index: -1 OBSOLETE_local: false peers { permanent_uuid: "5c19fe1950ff4ae49fabb1727c076efd" member_type: VOTER last_known_addr { host: "127.17.78.65" port: 39407 } } peers { permanent_uuid: "02ef721f6698422997b6ef0fe9d232cb" member_type: VOTER last_known_addr { host: "127.17.78.66" port: 38697 } } peers { permanent_uuid: "7b3c14d968524c3ab787f69d4d8c5d4b" member_type: VOTER last_known_addr { host: "127.17.78.67" port: 34399 } }
I20260709 14:50:50.223965 18833 raft_consensus.cc:2468] T 56acbd937df148738e7e4fc69a1155f8 P 5c19fe1950ff4ae49fabb1727c076efd [term 1 FOLLOWER]: Leader election vote request: Granting yes vote for candidate 7b3c14d968524c3ab787f69d4d8c5d4b in term 1.
I20260709 14:50:50.225976 18907 raft_consensus.cc:2468] T 56acbd937df148738e7e4fc69a1155f8 P 02ef721f6698422997b6ef0fe9d232cb [term 1 FOLLOWER]: Leader election vote request: Granting yes vote for candidate 7b3c14d968524c3ab787f69d4d8c5d4b in term 1.
I20260709 14:50:50.228582 18834 tablet_service.cc:1917] Received RequestConsensusVote() RPC: tablet_id: "6bcba0ed6e8f45c4b3b4d73b749721ca" candidate_uuid: "7b3c14d968524c3ab787f69d4d8c5d4b" candidate_term: 1 candidate_status { last_received { term: 0 index: 0 } } ignore_live_leader: false dest_uuid: "5c19fe1950ff4ae49fabb1727c076efd"
I20260709 14:50:50.229761 18834 raft_consensus.cc:3060] T 6bcba0ed6e8f45c4b3b4d73b749721ca P 5c19fe1950ff4ae49fabb1727c076efd [term 0 FOLLOWER]: Advancing to term 1
I20260709 14:50:50.231781 19091 consensus_queue.cc:1048] T f712bae5936047a5b3991b06c02afc69 P 5c19fe1950ff4ae49fabb1727c076efd [LEADER]: Connected to new peer: Peer: permanent_uuid: "7b3c14d968524c3ab787f69d4d8c5d4b" member_type: VOTER last_known_addr { host: "127.17.78.67" port: 34399 }, Status: LMP_MISMATCH, Last received: 0.0, Next index: 1, Last known committed idx: 0, Time since last communication: 0.000s
I20260709 14:50:50.237111 18905 tablet_service.cc:1917] Received RequestConsensusVote() RPC: tablet_id: "b765e4fcc3474cd5a43a7971c75ce90a" candidate_uuid: "7b3c14d968524c3ab787f69d4d8c5d4b" candidate_term: 1 candidate_status { last_received { term: 0 index: 0 } } ignore_live_leader: false dest_uuid: "02ef721f6698422997b6ef0fe9d232cb"
I20260709 14:50:50.242269 19086 raft_consensus.cc:515] T ba68f54132284e0d83420c9b92a620a6 P 5c19fe1950ff4ae49fabb1727c076efd [term 1 FOLLOWER]: Starting leader election with config: opid_index: -1 OBSOLETE_local: false peers { permanent_uuid: "5c19fe1950ff4ae49fabb1727c076efd" member_type: VOTER last_known_addr { host: "127.17.78.65" port: 39407 } } peers { permanent_uuid: "02ef721f6698422997b6ef0fe9d232cb" member_type: VOTER last_known_addr { host: "127.17.78.66" port: 38697 } } peers { permanent_uuid: "7b3c14d968524c3ab787f69d4d8c5d4b" member_type: VOTER last_known_addr { host: "127.17.78.67" port: 34399 } }
I20260709 14:50:50.238979 19049 leader_election.cc:290] T b765e4fcc3474cd5a43a7971c75ce90a P 7b3c14d968524c3ab787f69d4d8c5d4b [CANDIDATE]: Term 1 election: Requested vote from peers 5c19fe1950ff4ae49fabb1727c076efd (127.17.78.65:39407), 02ef721f6698422997b6ef0fe9d232cb (127.17.78.66:38697)
I20260709 14:50:50.249280 18829 tablet_service.cc:1917] Received RequestConsensusVote() RPC: tablet_id: "b765e4fcc3474cd5a43a7971c75ce90a" candidate_uuid: "7b3c14d968524c3ab787f69d4d8c5d4b" candidate_term: 1 candidate_status { last_received { term: 0 index: 0 } } ignore_live_leader: false dest_uuid: "5c19fe1950ff4ae49fabb1727c076efd"
I20260709 14:50:50.250655 18829 raft_consensus.cc:3060] T b765e4fcc3474cd5a43a7971c75ce90a P 5c19fe1950ff4ae49fabb1727c076efd [term 0 FOLLOWER]: Advancing to term 1
I20260709 14:50:50.284829 18947 leader_election.cc:304] T 6bcba0ed6e8f45c4b3b4d73b749721ca P 7b3c14d968524c3ab787f69d4d8c5d4b [CANDIDATE]: Term 1 election: Election decided. Result: candidate won. Election summary: received 2 responses out of 3 voters: 2 yes votes; 0 no votes. yes voters: 02ef721f6698422997b6ef0fe9d232cb, 7b3c14d968524c3ab787f69d4d8c5d4b; no voters: 
W20260709 14:50:50.285748 18947 leader_election.cc:343] T b765e4fcc3474cd5a43a7971c75ce90a P 7b3c14d968524c3ab787f69d4d8c5d4b [CANDIDATE]: Term 1 election: Tablet error from VoteRequest() call to peer 02ef721f6698422997b6ef0fe9d232cb (127.17.78.66:38697): Illegal state: must be running to vote when last-logged opid is not known
I20260709 14:50:50.286058 18834 raft_consensus.cc:2468] T 6bcba0ed6e8f45c4b3b4d73b749721ca P 5c19fe1950ff4ae49fabb1727c076efd [term 1 FOLLOWER]: Leader election vote request: Granting yes vote for candidate 7b3c14d968524c3ab787f69d4d8c5d4b in term 1.
I20260709 14:50:50.286682 18947 leader_election.cc:304] T 56acbd937df148738e7e4fc69a1155f8 P 7b3c14d968524c3ab787f69d4d8c5d4b [CANDIDATE]: Term 1 election: Election decided. Result: candidate won. Election summary: received 2 responses out of 3 voters: 2 yes votes; 0 no votes. yes voters: 02ef721f6698422997b6ef0fe9d232cb, 7b3c14d968524c3ab787f69d4d8c5d4b; no voters: 
I20260709 14:50:50.288993 19095 raft_consensus.cc:2804] T 56acbd937df148738e7e4fc69a1155f8 P 7b3c14d968524c3ab787f69d4d8c5d4b [term 1 FOLLOWER]: Leader election won for term 1
I20260709 14:50:50.288385 19092 raft_consensus.cc:2804] T 6bcba0ed6e8f45c4b3b4d73b749721ca P 7b3c14d968524c3ab787f69d4d8c5d4b [term 1 FOLLOWER]: Leader election won for term 1
I20260709 14:50:50.289461 19095 raft_consensus.cc:697] T 56acbd937df148738e7e4fc69a1155f8 P 7b3c14d968524c3ab787f69d4d8c5d4b [term 1 LEADER]: Becoming Leader. State: Replica: 7b3c14d968524c3ab787f69d4d8c5d4b, State: Running, Role: LEADER
I20260709 14:50:50.289923 19092 raft_consensus.cc:697] T 6bcba0ed6e8f45c4b3b4d73b749721ca P 7b3c14d968524c3ab787f69d4d8c5d4b [term 1 LEADER]: Becoming Leader. State: Replica: 7b3c14d968524c3ab787f69d4d8c5d4b, State: Running, Role: LEADER
I20260709 14:50:50.290333 19095 consensus_queue.cc:237] T 56acbd937df148738e7e4fc69a1155f8 P 7b3c14d968524c3ab787f69d4d8c5d4b [LEADER]: Queue going to LEADER mode. State: All replicated index: 0, Majority replicated index: 0, Committed index: 0, Last appended: 0.0, Last appended by leader: 0, Current term: 1, Majority size: 2, State: 0, Mode: LEADER, active raft config: opid_index: -1 OBSOLETE_local: false peers { permanent_uuid: "5c19fe1950ff4ae49fabb1727c076efd" member_type: VOTER last_known_addr { host: "127.17.78.65" port: 39407 } } peers { permanent_uuid: "02ef721f6698422997b6ef0fe9d232cb" member_type: VOTER last_known_addr { host: "127.17.78.66" port: 38697 } } peers { permanent_uuid: "7b3c14d968524c3ab787f69d4d8c5d4b" member_type: VOTER last_known_addr { host: "127.17.78.67" port: 34399 } }
I20260709 14:50:50.290723 19092 consensus_queue.cc:237] T 6bcba0ed6e8f45c4b3b4d73b749721ca P 7b3c14d968524c3ab787f69d4d8c5d4b [LEADER]: Queue going to LEADER mode. State: All replicated index: 0, Majority replicated index: 0, Committed index: 0, Last appended: 0.0, Last appended by leader: 0, Current term: 1, Majority size: 2, State: 0, Mode: LEADER, active raft config: opid_index: -1 OBSOLETE_local: false peers { permanent_uuid: "5c19fe1950ff4ae49fabb1727c076efd" member_type: VOTER last_known_addr { host: "127.17.78.65" port: 39407 } } peers { permanent_uuid: "02ef721f6698422997b6ef0fe9d232cb" member_type: VOTER last_known_addr { host: "127.17.78.66" port: 38697 } } peers { permanent_uuid: "7b3c14d968524c3ab787f69d4d8c5d4b" member_type: VOTER last_known_addr { host: "127.17.78.67" port: 34399 } }
I20260709 14:50:50.293612 19023 tablet_bootstrap.cc:492] T a2ca119638c24e2f9a580d94710e9bb1 P 5c19fe1950ff4ae49fabb1727c076efd: No bootstrap required, opened a new log
I20260709 14:50:50.294076 19023 ts_tablet_manager.cc:1403] T a2ca119638c24e2f9a580d94710e9bb1 P 5c19fe1950ff4ae49fabb1727c076efd: Time spent bootstrapping tablet: real 0.202s	user 0.020s	sys 0.020s
I20260709 14:50:50.296976 19086 leader_election.cc:290] T ba68f54132284e0d83420c9b92a620a6 P 5c19fe1950ff4ae49fabb1727c076efd [CANDIDATE]: Term 1 election: Requested vote from peers 02ef721f6698422997b6ef0fe9d232cb (127.17.78.66:38697), 7b3c14d968524c3ab787f69d4d8c5d4b (127.17.78.67:34399)
I20260709 14:50:50.296633 19023 raft_consensus.cc:359] T a2ca119638c24e2f9a580d94710e9bb1 P 5c19fe1950ff4ae49fabb1727c076efd [term 0 FOLLOWER]: Replica starting. Triggering 0 pending ops. Active config: opid_index: -1 OBSOLETE_local: false peers { permanent_uuid: "5c19fe1950ff4ae49fabb1727c076efd" member_type: VOTER last_known_addr { host: "127.17.78.65" port: 39407 } } peers { permanent_uuid: "02ef721f6698422997b6ef0fe9d232cb" member_type: VOTER last_known_addr { host: "127.17.78.66" port: 38697 } } peers { permanent_uuid: "7b3c14d968524c3ab787f69d4d8c5d4b" member_type: VOTER last_known_addr { host: "127.17.78.67" port: 34399 } }
I20260709 14:50:50.297628 19023 raft_consensus.cc:385] T a2ca119638c24e2f9a580d94710e9bb1 P 5c19fe1950ff4ae49fabb1727c076efd [term 0 FOLLOWER]: Consensus starting up: Expiring failure detector timer to make a prompt election more likely
I20260709 14:50:50.298009 19023 raft_consensus.cc:740] T a2ca119638c24e2f9a580d94710e9bb1 P 5c19fe1950ff4ae49fabb1727c076efd [term 0 FOLLOWER]: Becoming Follower/Learner. State: Replica: 5c19fe1950ff4ae49fabb1727c076efd, State: Initialized, Role: FOLLOWER
I20260709 14:50:50.297932 18981 tablet_service.cc:1917] Received RequestConsensusVote() RPC: tablet_id: "ba68f54132284e0d83420c9b92a620a6" candidate_uuid: "5c19fe1950ff4ae49fabb1727c076efd" candidate_term: 1 candidate_status { last_received { term: 0 index: 0 } } ignore_live_leader: false dest_uuid: "7b3c14d968524c3ab787f69d4d8c5d4b"
I20260709 14:50:50.298569 18981 raft_consensus.cc:3060] T ba68f54132284e0d83420c9b92a620a6 P 7b3c14d968524c3ab787f69d4d8c5d4b [term 0 FOLLOWER]: Advancing to term 1
I20260709 14:50:50.300598 19023 consensus_queue.cc:260] T a2ca119638c24e2f9a580d94710e9bb1 P 5c19fe1950ff4ae49fabb1727c076efd [NON_LEADER]: Queue going to NON_LEADER mode. State: All replicated index: 0, Majority replicated index: 0, Committed index: 0, Last appended: 0.0, Last appended by leader: 0, Current term: 0, Majority size: -1, State: 0, Mode: NON_LEADER, active raft config: opid_index: -1 OBSOLETE_local: false peers { permanent_uuid: "5c19fe1950ff4ae49fabb1727c076efd" member_type: VOTER last_known_addr { host: "127.17.78.65" port: 39407 } } peers { permanent_uuid: "02ef721f6698422997b6ef0fe9d232cb" member_type: VOTER last_known_addr { host: "127.17.78.66" port: 38697 } } peers { permanent_uuid: "7b3c14d968524c3ab787f69d4d8c5d4b" member_type: VOTER last_known_addr { host: "127.17.78.67" port: 34399 } }
I20260709 14:50:50.305178 18908 tablet_service.cc:1917] Received RequestConsensusVote() RPC: tablet_id: "ba68f54132284e0d83420c9b92a620a6" candidate_uuid: "5c19fe1950ff4ae49fabb1727c076efd" candidate_term: 1 candidate_status { last_received { term: 0 index: 0 } } ignore_live_leader: false dest_uuid: "02ef721f6698422997b6ef0fe9d232cb"
I20260709 14:50:50.310169 19026 tablet_bootstrap.cc:492] T 813b7c11a85643cfbbffca1cd8c388a8 P 7b3c14d968524c3ab787f69d4d8c5d4b: No bootstrap required, opened a new log
I20260709 14:50:50.310554 19026 ts_tablet_manager.cc:1403] T 813b7c11a85643cfbbffca1cd8c388a8 P 7b3c14d968524c3ab787f69d4d8c5d4b: Time spent bootstrapping tablet: real 0.158s	user 0.021s	sys 0.018s
I20260709 14:50:50.305789 18908 raft_consensus.cc:3060] T ba68f54132284e0d83420c9b92a620a6 P 02ef721f6698422997b6ef0fe9d232cb [term 0 FOLLOWER]: Advancing to term 1
I20260709 14:50:50.311753 19086 consensus_queue.cc:1048] T f712bae5936047a5b3991b06c02afc69 P 5c19fe1950ff4ae49fabb1727c076efd [LEADER]: Connected to new peer: Peer: permanent_uuid: "02ef721f6698422997b6ef0fe9d232cb" member_type: VOTER last_known_addr { host: "127.17.78.66" port: 38697 }, Status: LMP_MISMATCH, Last received: 0.0, Next index: 1, Last known committed idx: 0, Time since last communication: 0.002s
I20260709 14:50:50.305830 18829 raft_consensus.cc:2468] T b765e4fcc3474cd5a43a7971c75ce90a P 5c19fe1950ff4ae49fabb1727c076efd [term 1 FOLLOWER]: Leader election vote request: Granting yes vote for candidate 7b3c14d968524c3ab787f69d4d8c5d4b in term 1.
I20260709 14:50:50.334702 19023 ts_tablet_manager.cc:1434] T a2ca119638c24e2f9a580d94710e9bb1 P 5c19fe1950ff4ae49fabb1727c076efd: Time spent starting tablet: real 0.040s	user 0.008s	sys 0.000s
I20260709 14:50:50.335673 19027 tablet_bootstrap.cc:492] T 3905072a9bb14930824717e43eb2fc14 P 02ef721f6698422997b6ef0fe9d232cb: No bootstrap required, opened a new log
I20260709 14:50:50.335862 19023 tablet_bootstrap.cc:492] T a8f990c07fdd4827be7ba679f60867f2 P 5c19fe1950ff4ae49fabb1727c076efd: Bootstrap starting.
I20260709 14:50:50.336174 19027 ts_tablet_manager.cc:1403] T 3905072a9bb14930824717e43eb2fc14 P 02ef721f6698422997b6ef0fe9d232cb: Time spent bootstrapping tablet: real 0.228s	user 0.057s	sys 0.073s
I20260709 14:50:50.342826 19027 raft_consensus.cc:359] T 3905072a9bb14930824717e43eb2fc14 P 02ef721f6698422997b6ef0fe9d232cb [term 0 FOLLOWER]: Replica starting. Triggering 0 pending ops. Active config: opid_index: -1 OBSOLETE_local: false peers { permanent_uuid: "5c19fe1950ff4ae49fabb1727c076efd" member_type: VOTER last_known_addr { host: "127.17.78.65" port: 39407 } } peers { permanent_uuid: "02ef721f6698422997b6ef0fe9d232cb" member_type: VOTER last_known_addr { host: "127.17.78.66" port: 38697 } } peers { permanent_uuid: "7b3c14d968524c3ab787f69d4d8c5d4b" member_type: VOTER last_known_addr { host: "127.17.78.67" port: 34399 } }
I20260709 14:50:50.343361 19027 raft_consensus.cc:385] T 3905072a9bb14930824717e43eb2fc14 P 02ef721f6698422997b6ef0fe9d232cb [term 0 FOLLOWER]: Consensus starting up: Expiring failure detector timer to make a prompt election more likely
I20260709 14:50:50.343611 19027 raft_consensus.cc:740] T 3905072a9bb14930824717e43eb2fc14 P 02ef721f6698422997b6ef0fe9d232cb [term 0 FOLLOWER]: Becoming Follower/Learner. State: Replica: 02ef721f6698422997b6ef0fe9d232cb, State: Initialized, Role: FOLLOWER
I20260709 14:50:50.344224 19027 consensus_queue.cc:260] T 3905072a9bb14930824717e43eb2fc14 P 02ef721f6698422997b6ef0fe9d232cb [NON_LEADER]: Queue going to NON_LEADER mode. State: All replicated index: 0, Majority replicated index: 0, Committed index: 0, Last appended: 0.0, Last appended by leader: 0, Current term: 0, Majority size: -1, State: 0, Mode: NON_LEADER, active raft config: opid_index: -1 OBSOLETE_local: false peers { permanent_uuid: "5c19fe1950ff4ae49fabb1727c076efd" member_type: VOTER last_known_addr { host: "127.17.78.65" port: 39407 } } peers { permanent_uuid: "02ef721f6698422997b6ef0fe9d232cb" member_type: VOTER last_known_addr { host: "127.17.78.66" port: 38697 } } peers { permanent_uuid: "7b3c14d968524c3ab787f69d4d8c5d4b" member_type: VOTER last_known_addr { host: "127.17.78.67" port: 34399 } }
I20260709 14:50:50.344332 18908 raft_consensus.cc:2468] T ba68f54132284e0d83420c9b92a620a6 P 02ef721f6698422997b6ef0fe9d232cb [term 1 FOLLOWER]: Leader election vote request: Granting yes vote for candidate 5c19fe1950ff4ae49fabb1727c076efd in term 1.
I20260709 14:50:50.345572 18981 raft_consensus.cc:2468] T ba68f54132284e0d83420c9b92a620a6 P 7b3c14d968524c3ab787f69d4d8c5d4b [term 1 FOLLOWER]: Leader election vote request: Granting yes vote for candidate 5c19fe1950ff4ae49fabb1727c076efd in term 1.
I20260709 14:50:50.346518 18798 leader_election.cc:304] T ba68f54132284e0d83420c9b92a620a6 P 5c19fe1950ff4ae49fabb1727c076efd [CANDIDATE]: Term 1 election: Election decided. Result: candidate won. Election summary: received 2 responses out of 3 voters: 2 yes votes; 0 no votes. yes voters: 02ef721f6698422997b6ef0fe9d232cb, 5c19fe1950ff4ae49fabb1727c076efd; no voters: 
I20260709 14:50:50.351657 19086 raft_consensus.cc:2804] T ba68f54132284e0d83420c9b92a620a6 P 5c19fe1950ff4ae49fabb1727c076efd [term 1 FOLLOWER]: Leader election won for term 1
I20260709 14:50:50.352110 19086 raft_consensus.cc:697] T ba68f54132284e0d83420c9b92a620a6 P 5c19fe1950ff4ae49fabb1727c076efd [term 1 LEADER]: Becoming Leader. State: Replica: 5c19fe1950ff4ae49fabb1727c076efd, State: Running, Role: LEADER
I20260709 14:50:50.352922 19086 consensus_queue.cc:237] T ba68f54132284e0d83420c9b92a620a6 P 5c19fe1950ff4ae49fabb1727c076efd [LEADER]: Queue going to LEADER mode. State: All replicated index: 0, Majority replicated index: 0, Committed index: 0, Last appended: 0.0, Last appended by leader: 0, Current term: 1, Majority size: 2, State: 0, Mode: LEADER, active raft config: opid_index: -1 OBSOLETE_local: false peers { permanent_uuid: "5c19fe1950ff4ae49fabb1727c076efd" member_type: VOTER last_known_addr { host: "127.17.78.65" port: 39407 } } peers { permanent_uuid: "02ef721f6698422997b6ef0fe9d232cb" member_type: VOTER last_known_addr { host: "127.17.78.66" port: 38697 } } peers { permanent_uuid: "7b3c14d968524c3ab787f69d4d8c5d4b" member_type: VOTER last_known_addr { host: "127.17.78.67" port: 34399 } }
I20260709 14:50:50.362457 19027 ts_tablet_manager.cc:1434] T 3905072a9bb14930824717e43eb2fc14 P 02ef721f6698422997b6ef0fe9d232cb: Time spent starting tablet: real 0.026s	user 0.006s	sys 0.000s
I20260709 14:50:50.363270 19027 tablet_bootstrap.cc:492] T 48579f08496c4e64a7311a9c4992e7fc P 02ef721f6698422997b6ef0fe9d232cb: Bootstrap starting.
I20260709 14:50:50.360682 19030 consensus_queue.cc:1048] T 15cfad14011d45c58277244f765d513b P 7b3c14d968524c3ab787f69d4d8c5d4b [LEADER]: Connected to new peer: Peer: permanent_uuid: "02ef721f6698422997b6ef0fe9d232cb" member_type: VOTER last_known_addr { host: "127.17.78.66" port: 38697 }, Status: LMP_MISMATCH, Last received: 0.0, Next index: 1, Last known committed idx: 0, Time since last communication: 0.003s
I20260709 14:50:50.372426 18948 leader_election.cc:304] T b765e4fcc3474cd5a43a7971c75ce90a P 7b3c14d968524c3ab787f69d4d8c5d4b [CANDIDATE]: Term 1 election: Election decided. Result: candidate won. Election summary: received 3 responses out of 3 voters: 2 yes votes; 1 no votes. yes voters: 5c19fe1950ff4ae49fabb1727c076efd, 7b3c14d968524c3ab787f69d4d8c5d4b; no voters: 02ef721f6698422997b6ef0fe9d232cb
I20260709 14:50:50.388870 19026 raft_consensus.cc:359] T 813b7c11a85643cfbbffca1cd8c388a8 P 7b3c14d968524c3ab787f69d4d8c5d4b [term 0 FOLLOWER]: Replica starting. Triggering 0 pending ops. Active config: opid_index: -1 OBSOLETE_local: false peers { permanent_uuid: "5c19fe1950ff4ae49fabb1727c076efd" member_type: VOTER last_known_addr { host: "127.17.78.65" port: 39407 } } peers { permanent_uuid: "02ef721f6698422997b6ef0fe9d232cb" member_type: VOTER last_known_addr { host: "127.17.78.66" port: 38697 } } peers { permanent_uuid: "7b3c14d968524c3ab787f69d4d8c5d4b" member_type: VOTER last_known_addr { host: "127.17.78.67" port: 34399 } }
I20260709 14:50:50.389386 19026 raft_consensus.cc:385] T 813b7c11a85643cfbbffca1cd8c388a8 P 7b3c14d968524c3ab787f69d4d8c5d4b [term 0 FOLLOWER]: Consensus starting up: Expiring failure detector timer to make a prompt election more likely
I20260709 14:50:50.389577 19026 raft_consensus.cc:740] T 813b7c11a85643cfbbffca1cd8c388a8 P 7b3c14d968524c3ab787f69d4d8c5d4b [term 0 FOLLOWER]: Becoming Follower/Learner. State: Replica: 7b3c14d968524c3ab787f69d4d8c5d4b, State: Initialized, Role: FOLLOWER
I20260709 14:50:50.390232 19026 consensus_queue.cc:260] T 813b7c11a85643cfbbffca1cd8c388a8 P 7b3c14d968524c3ab787f69d4d8c5d4b [NON_LEADER]: Queue going to NON_LEADER mode. State: All replicated index: 0, Majority replicated index: 0, Committed index: 0, Last appended: 0.0, Last appended by leader: 0, Current term: 0, Majority size: -1, State: 0, Mode: NON_LEADER, active raft config: opid_index: -1 OBSOLETE_local: false peers { permanent_uuid: "5c19fe1950ff4ae49fabb1727c076efd" member_type: VOTER last_known_addr { host: "127.17.78.65" port: 39407 } } peers { permanent_uuid: "02ef721f6698422997b6ef0fe9d232cb" member_type: VOTER last_known_addr { host: "127.17.78.66" port: 38697 } } peers { permanent_uuid: "7b3c14d968524c3ab787f69d4d8c5d4b" member_type: VOTER last_known_addr { host: "127.17.78.67" port: 34399 } }
W20260709 14:50:50.392057 18781 auto_rebalancer.cc:288] Could not retrieve cluster info: Service unavailable: Tablet not running
I20260709 14:50:50.394469 19026 ts_tablet_manager.cc:1434] T 813b7c11a85643cfbbffca1cd8c388a8 P 7b3c14d968524c3ab787f69d4d8c5d4b: Time spent starting tablet: real 0.084s	user 0.009s	sys 0.006s
I20260709 14:50:50.397718 18732 catalog_manager.cc:5697] T ba68f54132284e0d83420c9b92a620a6 P 5c19fe1950ff4ae49fabb1727c076efd reported cstate change: term changed from 0 to 1, leader changed from <none> to 5c19fe1950ff4ae49fabb1727c076efd (127.17.78.65). New cstate: current_term: 1 leader_uuid: "5c19fe1950ff4ae49fabb1727c076efd" committed_config { opid_index: -1 OBSOLETE_local: false peers { permanent_uuid: "5c19fe1950ff4ae49fabb1727c076efd" member_type: VOTER last_known_addr { host: "127.17.78.65" port: 39407 } health_report { overall_health: HEALTHY } } peers { permanent_uuid: "02ef721f6698422997b6ef0fe9d232cb" member_type: VOTER last_known_addr { host: "127.17.78.66" port: 38697 } health_report { overall_health: UNKNOWN } } peers { permanent_uuid: "7b3c14d968524c3ab787f69d4d8c5d4b" member_type: VOTER last_known_addr { host: "127.17.78.67" port: 34399 } health_report { overall_health: UNKNOWN } } }
I20260709 14:50:50.399616 19026 tablet_bootstrap.cc:492] T a8f4ac27e42c43cdb3fa8f2e504d8e48 P 7b3c14d968524c3ab787f69d4d8c5d4b: Bootstrap starting.
I20260709 14:50:50.395226 19030 raft_consensus.cc:2804] T b765e4fcc3474cd5a43a7971c75ce90a P 7b3c14d968524c3ab787f69d4d8c5d4b [term 1 FOLLOWER]: Leader election won for term 1
I20260709 14:50:50.400847 19030 raft_consensus.cc:697] T b765e4fcc3474cd5a43a7971c75ce90a P 7b3c14d968524c3ab787f69d4d8c5d4b [term 1 LEADER]: Becoming Leader. State: Replica: 7b3c14d968524c3ab787f69d4d8c5d4b, State: Running, Role: LEADER
I20260709 14:50:50.404879 19023 tablet_bootstrap.cc:654] T a8f990c07fdd4827be7ba679f60867f2 P 5c19fe1950ff4ae49fabb1727c076efd: Neither blocks nor log segments found. Creating new log.
I20260709 14:50:50.401580 19030 consensus_queue.cc:237] T b765e4fcc3474cd5a43a7971c75ce90a P 7b3c14d968524c3ab787f69d4d8c5d4b [LEADER]: Queue going to LEADER mode. State: All replicated index: 0, Majority replicated index: 0, Committed index: 0, Last appended: 0.0, Last appended by leader: 0, Current term: 1, Majority size: 2, State: 0, Mode: LEADER, active raft config: opid_index: -1 OBSOLETE_local: false peers { permanent_uuid: "5c19fe1950ff4ae49fabb1727c076efd" member_type: VOTER last_known_addr { host: "127.17.78.65" port: 39407 } } peers { permanent_uuid: "02ef721f6698422997b6ef0fe9d232cb" member_type: VOTER last_known_addr { host: "127.17.78.66" port: 38697 } } peers { permanent_uuid: "7b3c14d968524c3ab787f69d4d8c5d4b" member_type: VOTER last_known_addr { host: "127.17.78.67" port: 34399 } }
I20260709 14:50:50.408967 18731 catalog_manager.cc:5697] T 6bcba0ed6e8f45c4b3b4d73b749721ca P 7b3c14d968524c3ab787f69d4d8c5d4b reported cstate change: term changed from 0 to 1, leader changed from <none> to 7b3c14d968524c3ab787f69d4d8c5d4b (127.17.78.67). New cstate: current_term: 1 leader_uuid: "7b3c14d968524c3ab787f69d4d8c5d4b" committed_config { opid_index: -1 OBSOLETE_local: false peers { permanent_uuid: "5c19fe1950ff4ae49fabb1727c076efd" member_type: VOTER last_known_addr { host: "127.17.78.65" port: 39407 } health_report { overall_health: UNKNOWN } } peers { permanent_uuid: "02ef721f6698422997b6ef0fe9d232cb" member_type: VOTER last_known_addr { host: "127.17.78.66" port: 38697 } health_report { overall_health: UNKNOWN } } peers { permanent_uuid: "7b3c14d968524c3ab787f69d4d8c5d4b" member_type: VOTER last_known_addr { host: "127.17.78.67" port: 34399 } health_report { overall_health: HEALTHY } } }
I20260709 14:50:50.410486 18731 catalog_manager.cc:5697] T 56acbd937df148738e7e4fc69a1155f8 P 7b3c14d968524c3ab787f69d4d8c5d4b reported cstate change: term changed from 0 to 1, leader changed from <none> to 7b3c14d968524c3ab787f69d4d8c5d4b (127.17.78.67). New cstate: current_term: 1 leader_uuid: "7b3c14d968524c3ab787f69d4d8c5d4b" committed_config { opid_index: -1 OBSOLETE_local: false peers { permanent_uuid: "5c19fe1950ff4ae49fabb1727c076efd" member_type: VOTER last_known_addr { host: "127.17.78.65" port: 39407 } health_report { overall_health: UNKNOWN } } peers { permanent_uuid: "02ef721f6698422997b6ef0fe9d232cb" member_type: VOTER last_known_addr { host: "127.17.78.66" port: 38697 } health_report { overall_health: UNKNOWN } } peers { permanent_uuid: "7b3c14d968524c3ab787f69d4d8c5d4b" member_type: VOTER last_known_addr { host: "127.17.78.67" port: 34399 } health_report { overall_health: HEALTHY } } }
I20260709 14:50:50.422993 19086 consensus_queue.cc:1048] T 2d2a762eaf42450d911ea532b6c11b85 P 5c19fe1950ff4ae49fabb1727c076efd [LEADER]: Connected to new peer: Peer: permanent_uuid: "02ef721f6698422997b6ef0fe9d232cb" member_type: VOTER last_known_addr { host: "127.17.78.66" port: 38697 }, Status: LMP_MISMATCH, Last received: 0.0, Next index: 1, Last known committed idx: 0, Time since last communication: 0.000s
I20260709 14:50:50.423643 19027 tablet_bootstrap.cc:654] T 48579f08496c4e64a7311a9c4992e7fc P 02ef721f6698422997b6ef0fe9d232cb: Neither blocks nor log segments found. Creating new log.
I20260709 14:50:50.432246 19026 tablet_bootstrap.cc:654] T a8f4ac27e42c43cdb3fa8f2e504d8e48 P 7b3c14d968524c3ab787f69d4d8c5d4b: Neither blocks nor log segments found. Creating new log.
I20260709 14:50:50.438911 19090 consensus_queue.cc:1048] T 2d2a762eaf42450d911ea532b6c11b85 P 5c19fe1950ff4ae49fabb1727c076efd [LEADER]: Connected to new peer: Peer: permanent_uuid: "7b3c14d968524c3ab787f69d4d8c5d4b" member_type: VOTER last_known_addr { host: "127.17.78.67" port: 34399 }, Status: LMP_MISMATCH, Last received: 0.0, Next index: 1, Last known committed idx: 0, Time since last communication: 0.000s
I20260709 14:50:50.444059 19027 tablet_bootstrap.cc:492] T 48579f08496c4e64a7311a9c4992e7fc P 02ef721f6698422997b6ef0fe9d232cb: No bootstrap required, opened a new log
I20260709 14:50:50.444550 19027 ts_tablet_manager.cc:1403] T 48579f08496c4e64a7311a9c4992e7fc P 02ef721f6698422997b6ef0fe9d232cb: Time spent bootstrapping tablet: real 0.081s	user 0.011s	sys 0.000s
I20260709 14:50:50.449816 19090 consensus_queue.cc:1048] T 48579f08496c4e64a7311a9c4992e7fc P 5c19fe1950ff4ae49fabb1727c076efd [LEADER]: Connected to new peer: Peer: permanent_uuid: "7b3c14d968524c3ab787f69d4d8c5d4b" member_type: VOTER last_known_addr { host: "127.17.78.67" port: 34399 }, Status: LMP_MISMATCH, Last received: 0.0, Next index: 1, Last known committed idx: 0, Time since last communication: 0.001s
I20260709 14:50:50.450960 18910 raft_consensus.cc:3060] T 3905072a9bb14930824717e43eb2fc14 P 02ef721f6698422997b6ef0fe9d232cb [term 0 FOLLOWER]: Advancing to term 1
I20260709 14:50:50.456846 18732 catalog_manager.cc:5697] T b765e4fcc3474cd5a43a7971c75ce90a P 7b3c14d968524c3ab787f69d4d8c5d4b reported cstate change: term changed from 0 to 1, leader changed from <none> to 7b3c14d968524c3ab787f69d4d8c5d4b (127.17.78.67). New cstate: current_term: 1 leader_uuid: "7b3c14d968524c3ab787f69d4d8c5d4b" committed_config { opid_index: -1 OBSOLETE_local: false peers { permanent_uuid: "5c19fe1950ff4ae49fabb1727c076efd" member_type: VOTER last_known_addr { host: "127.17.78.65" port: 39407 } health_report { overall_health: UNKNOWN } } peers { permanent_uuid: "02ef721f6698422997b6ef0fe9d232cb" member_type: VOTER last_known_addr { host: "127.17.78.66" port: 38697 } health_report { overall_health: UNKNOWN } } peers { permanent_uuid: "7b3c14d968524c3ab787f69d4d8c5d4b" member_type: VOTER last_known_addr { host: "127.17.78.67" port: 34399 } health_report { overall_health: HEALTHY } } }
I20260709 14:50:50.460141 19053 consensus_queue.cc:1048] T 3905072a9bb14930824717e43eb2fc14 P 7b3c14d968524c3ab787f69d4d8c5d4b [LEADER]: Connected to new peer: Peer: permanent_uuid: "02ef721f6698422997b6ef0fe9d232cb" member_type: VOTER last_known_addr { host: "127.17.78.66" port: 38697 }, Status: LMP_MISMATCH, Last received: 0.0, Next index: 1, Last known committed idx: 0, Time since last communication: 0.000s
I20260709 14:50:50.461580 19037 raft_consensus.cc:493] T 813b7c11a85643cfbbffca1cd8c388a8 P 5c19fe1950ff4ae49fabb1727c076efd [term 0 FOLLOWER]: Starting pre-election (no leader contacted us within the election timeout)
I20260709 14:50:50.462059 19037 raft_consensus.cc:515] T 813b7c11a85643cfbbffca1cd8c388a8 P 5c19fe1950ff4ae49fabb1727c076efd [term 0 FOLLOWER]: Starting pre-election with config: opid_index: -1 OBSOLETE_local: false peers { permanent_uuid: "5c19fe1950ff4ae49fabb1727c076efd" member_type: VOTER last_known_addr { host: "127.17.78.65" port: 39407 } } peers { permanent_uuid: "02ef721f6698422997b6ef0fe9d232cb" member_type: VOTER last_known_addr { host: "127.17.78.66" port: 38697 } } peers { permanent_uuid: "7b3c14d968524c3ab787f69d4d8c5d4b" member_type: VOTER last_known_addr { host: "127.17.78.67" port: 34399 } }
I20260709 14:50:50.464046 19037 leader_election.cc:290] T 813b7c11a85643cfbbffca1cd8c388a8 P 5c19fe1950ff4ae49fabb1727c076efd [CANDIDATE]: Term 1 pre-election: Requested pre-vote from peers 02ef721f6698422997b6ef0fe9d232cb (127.17.78.66:38697), 7b3c14d968524c3ab787f69d4d8c5d4b (127.17.78.67:34399)
I20260709 14:50:50.465691 18909 tablet_service.cc:1917] Received RequestConsensusVote() RPC: tablet_id: "813b7c11a85643cfbbffca1cd8c388a8" candidate_uuid: "5c19fe1950ff4ae49fabb1727c076efd" candidate_term: 1 candidate_status { last_received { term: 0 index: 0 } } ignore_live_leader: false dest_uuid: "02ef721f6698422997b6ef0fe9d232cb" is_pre_election: true
I20260709 14:50:50.466239 18981 tablet_service.cc:1917] Received RequestConsensusVote() RPC: tablet_id: "813b7c11a85643cfbbffca1cd8c388a8" candidate_uuid: "5c19fe1950ff4ae49fabb1727c076efd" candidate_term: 1 candidate_status { last_received { term: 0 index: 0 } } ignore_live_leader: false dest_uuid: "7b3c14d968524c3ab787f69d4d8c5d4b" is_pre_election: true
I20260709 14:50:50.466770 18981 raft_consensus.cc:2468] T 813b7c11a85643cfbbffca1cd8c388a8 P 7b3c14d968524c3ab787f69d4d8c5d4b [term 0 FOLLOWER]: Leader pre-election vote request: Granting yes vote for candidate 5c19fe1950ff4ae49fabb1727c076efd in term 0.
W20260709 14:50:50.467147 18798 leader_election.cc:343] T 813b7c11a85643cfbbffca1cd8c388a8 P 5c19fe1950ff4ae49fabb1727c076efd [CANDIDATE]: Term 1 pre-election: Tablet error from VoteRequest() call to peer 02ef721f6698422997b6ef0fe9d232cb (127.17.78.66:38697): Illegal state: must be running to vote when last-logged opid is not known
