I20260709 14:50:48.633927 13282 raft_consensus.cc:359] T d6602882050246f4a11be100078cf413 P cb2b27e213114d39a53d26738b196b45 [term 0 FOLLOWER]: Replica starting. Triggering 0 pending ops. Active config: opid_index: -1 OBSOLETE_local: false peers { permanent_uuid: "c34b6841054749aeb4ead9fb2cd59b47" member_type: VOTER last_known_addr { host: "127.11.170.65" port: 45405 } } peers { permanent_uuid: "cb2b27e213114d39a53d26738b196b45" member_type: VOTER last_known_addr { host: "127.11.170.66" port: 37881 } } peers { permanent_uuid: "af50c951ab8a4e9c93dadff99afeee33" member_type: VOTER last_known_addr { host: "127.11.170.67" port: 42387 } }
I20260709 14:50:48.634565 13282 raft_consensus.cc:385] T d6602882050246f4a11be100078cf413 P cb2b27e213114d39a53d26738b196b45 [term 0 FOLLOWER]: Consensus starting up: Expiring failure detector timer to make a prompt election more likely
I20260709 14:50:48.634825 13282 raft_consensus.cc:740] T d6602882050246f4a11be100078cf413 P cb2b27e213114d39a53d26738b196b45 [term 0 FOLLOWER]: Becoming Follower/Learner. State: Replica: cb2b27e213114d39a53d26738b196b45, State: Initialized, Role: FOLLOWER
I20260709 14:50:48.635448 13455 leader_election.cc:290] T 7b7730716bdd46bdbcd38afabdb7f37f P af50c951ab8a4e9c93dadff99afeee33 [CANDIDATE]: Term 1 pre-election: Requested pre-vote from peers c34b6841054749aeb4ead9fb2cd59b47 (127.11.170.65:45405), cb2b27e213114d39a53d26738b196b45 (127.11.170.66:37881)
I20260709 14:50:48.636519 13164 tablet_service.cc:1917] Received RequestConsensusVote() RPC: tablet_id: "7b7730716bdd46bdbcd38afabdb7f37f" candidate_uuid: "af50c951ab8a4e9c93dadff99afeee33" candidate_term: 1 candidate_status { last_received { term: 0 index: 0 } } ignore_live_leader: false dest_uuid: "cb2b27e213114d39a53d26738b196b45" is_pre_election: true
I20260709 14:50:48.637171 13164 raft_consensus.cc:2468] T 7b7730716bdd46bdbcd38afabdb7f37f P cb2b27e213114d39a53d26738b196b45 [term 0 FOLLOWER]: Leader pre-election vote request: Granting yes vote for candidate af50c951ab8a4e9c93dadff99afeee33 in term 0.
I20260709 14:50:48.638319 13207 leader_election.cc:304] T 7b7730716bdd46bdbcd38afabdb7f37f P af50c951ab8a4e9c93dadff99afeee33 [CANDIDATE]: Term 1 pre-election: Election decided. Result: candidate won. Election summary: received 2 responses out of 3 voters: 2 yes votes; 0 no votes. yes voters: af50c951ab8a4e9c93dadff99afeee33, cb2b27e213114d39a53d26738b196b45; no voters: 
I20260709 14:50:48.639148 13283 tablet_bootstrap.cc:654] T dc25eb5738234bb7b8c8e8609d46eca3 P af50c951ab8a4e9c93dadff99afeee33: Neither blocks nor log segments found. Creating new log.
I20260709 14:50:48.639115 13362 raft_consensus.cc:2804] T 7b7730716bdd46bdbcd38afabdb7f37f P af50c951ab8a4e9c93dadff99afeee33 [term 0 FOLLOWER]: Leader pre-election won for term 1
I20260709 14:50:48.639590 13362 raft_consensus.cc:493] T 7b7730716bdd46bdbcd38afabdb7f37f P af50c951ab8a4e9c93dadff99afeee33 [term 0 FOLLOWER]: Starting leader election (no leader contacted us within the election timeout)
I20260709 14:50:48.639918 13362 raft_consensus.cc:3060] T 7b7730716bdd46bdbcd38afabdb7f37f P af50c951ab8a4e9c93dadff99afeee33 [term 0 FOLLOWER]: Advancing to term 1
I20260709 14:50:48.642611 13089 tablet_service.cc:1917] Received RequestConsensusVote() RPC: tablet_id: "7b7730716bdd46bdbcd38afabdb7f37f" candidate_uuid: "af50c951ab8a4e9c93dadff99afeee33" candidate_term: 1 candidate_status { last_received { term: 0 index: 0 } } ignore_live_leader: false dest_uuid: "c34b6841054749aeb4ead9fb2cd59b47" is_pre_election: true
W20260709 14:50:48.644066 13204 leader_election.cc:343] T 7b7730716bdd46bdbcd38afabdb7f37f P af50c951ab8a4e9c93dadff99afeee33 [CANDIDATE]: Term 1 pre-election: Tablet error from VoteRequest() call to peer c34b6841054749aeb4ead9fb2cd59b47 (127.11.170.65:45405): Illegal state: must be running to vote when last-logged opid is not known
I20260709 14:50:48.646608 13362 raft_consensus.cc:515] T 7b7730716bdd46bdbcd38afabdb7f37f P af50c951ab8a4e9c93dadff99afeee33 [term 1 FOLLOWER]: Starting leader election with config: opid_index: -1 OBSOLETE_local: false peers { permanent_uuid: "c34b6841054749aeb4ead9fb2cd59b47" member_type: VOTER last_known_addr { host: "127.11.170.65" port: 45405 } } peers { permanent_uuid: "cb2b27e213114d39a53d26738b196b45" member_type: VOTER last_known_addr { host: "127.11.170.66" port: 37881 } } peers { permanent_uuid: "af50c951ab8a4e9c93dadff99afeee33" member_type: VOTER last_known_addr { host: "127.11.170.67" port: 42387 } }
I20260709 14:50:48.647095 13282 consensus_queue.cc:260] T d6602882050246f4a11be100078cf413 P cb2b27e213114d39a53d26738b196b45 [NON_LEADER]: Queue going to NON_LEADER mode. State: All replicated index: 0, Majority replicated index: 0, Committed index: 0, Last appended: 0.0, Last appended by leader: 0, Current term: 0, Majority size: -1, State: 0, Mode: NON_LEADER, active raft config: opid_index: -1 OBSOLETE_local: false peers { permanent_uuid: "c34b6841054749aeb4ead9fb2cd59b47" member_type: VOTER last_known_addr { host: "127.11.170.65" port: 45405 } } peers { permanent_uuid: "cb2b27e213114d39a53d26738b196b45" member_type: VOTER last_known_addr { host: "127.11.170.66" port: 37881 } } peers { permanent_uuid: "af50c951ab8a4e9c93dadff99afeee33" member_type: VOTER last_known_addr { host: "127.11.170.67" port: 42387 } }
I20260709 14:50:48.649986 13089 tablet_service.cc:1917] Received RequestConsensusVote() RPC: tablet_id: "7b7730716bdd46bdbcd38afabdb7f37f" candidate_uuid: "af50c951ab8a4e9c93dadff99afeee33" candidate_term: 1 candidate_status { last_received { term: 0 index: 0 } } ignore_live_leader: false dest_uuid: "c34b6841054749aeb4ead9fb2cd59b47"
W20260709 14:50:48.651170 13204 leader_election.cc:343] T 7b7730716bdd46bdbcd38afabdb7f37f P af50c951ab8a4e9c93dadff99afeee33 [CANDIDATE]: Term 1 election: Tablet error from VoteRequest() call to peer c34b6841054749aeb4ead9fb2cd59b47 (127.11.170.65:45405): Illegal state: must be running to vote when last-logged opid is not known
I20260709 14:50:48.653280 13164 tablet_service.cc:1917] Received RequestConsensusVote() RPC: tablet_id: "7b7730716bdd46bdbcd38afabdb7f37f" candidate_uuid: "af50c951ab8a4e9c93dadff99afeee33" candidate_term: 1 candidate_status { last_received { term: 0 index: 0 } } ignore_live_leader: false dest_uuid: "cb2b27e213114d39a53d26738b196b45"
I20260709 14:50:48.653817 13164 raft_consensus.cc:3060] T 7b7730716bdd46bdbcd38afabdb7f37f P cb2b27e213114d39a53d26738b196b45 [term 0 FOLLOWER]: Advancing to term 1
I20260709 14:50:48.654776 13282 ts_tablet_manager.cc:1434] T d6602882050246f4a11be100078cf413 P cb2b27e213114d39a53d26738b196b45: Time spent starting tablet: real 0.023s	user 0.004s	sys 0.004s
I20260709 14:50:48.655978 13282 tablet_bootstrap.cc:492] T e8a586da6acd42178c0de15e98b18655 P cb2b27e213114d39a53d26738b196b45: Bootstrap starting.
I20260709 14:50:48.663883 13282 tablet_bootstrap.cc:654] T e8a586da6acd42178c0de15e98b18655 P cb2b27e213114d39a53d26738b196b45: Neither blocks nor log segments found. Creating new log.
I20260709 14:50:48.663954 13164 raft_consensus.cc:2468] T 7b7730716bdd46bdbcd38afabdb7f37f P cb2b27e213114d39a53d26738b196b45 [term 1 FOLLOWER]: Leader election vote request: Granting yes vote for candidate af50c951ab8a4e9c93dadff99afeee33 in term 1.
I20260709 14:50:48.665237 13207 leader_election.cc:304] T 7b7730716bdd46bdbcd38afabdb7f37f P af50c951ab8a4e9c93dadff99afeee33 [CANDIDATE]: Term 1 election: Election decided. Result: candidate won. Election summary: received 3 responses out of 3 voters: 2 yes votes; 1 no votes. yes voters: af50c951ab8a4e9c93dadff99afeee33, cb2b27e213114d39a53d26738b196b45; no voters: c34b6841054749aeb4ead9fb2cd59b47
I20260709 14:50:48.666118 13455 raft_consensus.cc:2804] T 7b7730716bdd46bdbcd38afabdb7f37f P af50c951ab8a4e9c93dadff99afeee33 [term 1 FOLLOWER]: Leader election won for term 1
I20260709 14:50:48.666582 13455 raft_consensus.cc:697] T 7b7730716bdd46bdbcd38afabdb7f37f P af50c951ab8a4e9c93dadff99afeee33 [term 1 LEADER]: Becoming Leader. State: Replica: af50c951ab8a4e9c93dadff99afeee33, State: Running, Role: LEADER
I20260709 14:50:48.667349 13455 consensus_queue.cc:237] T 7b7730716bdd46bdbcd38afabdb7f37f P af50c951ab8a4e9c93dadff99afeee33 [LEADER]: Queue going to LEADER mode. State: All replicated index: 0, Majority replicated index: 0, Committed index: 0, Last appended: 0.0, Last appended by leader: 0, Current term: 1, Majority size: 2, State: 0, Mode: LEADER, active raft config: opid_index: -1 OBSOLETE_local: false peers { permanent_uuid: "c34b6841054749aeb4ead9fb2cd59b47" member_type: VOTER last_known_addr { host: "127.11.170.65" port: 45405 } } peers { permanent_uuid: "cb2b27e213114d39a53d26738b196b45" member_type: VOTER last_known_addr { host: "127.11.170.66" port: 37881 } } peers { permanent_uuid: "af50c951ab8a4e9c93dadff99afeee33" member_type: VOTER last_known_addr { host: "127.11.170.67" port: 42387 } }
I20260709 14:50:48.656020 12989 catalog_manager.cc:5697] T 9be3835cf6a74a34adf1989b42fcf60a P af50c951ab8a4e9c93dadff99afeee33 reported cstate change: term changed from 0 to 1, leader changed from <none> to af50c951ab8a4e9c93dadff99afeee33 (127.11.170.67). New cstate: current_term: 1 leader_uuid: "af50c951ab8a4e9c93dadff99afeee33" committed_config { opid_index: -1 OBSOLETE_local: false peers { permanent_uuid: "c34b6841054749aeb4ead9fb2cd59b47" member_type: VOTER last_known_addr { host: "127.11.170.65" port: 45405 } health_report { overall_health: UNKNOWN } } peers { permanent_uuid: "cb2b27e213114d39a53d26738b196b45" member_type: VOTER last_known_addr { host: "127.11.170.66" port: 37881 } health_report { overall_health: UNKNOWN } } peers { permanent_uuid: "af50c951ab8a4e9c93dadff99afeee33" member_type: VOTER last_known_addr { host: "127.11.170.67" port: 42387 } health_report { overall_health: HEALTHY } } }
I20260709 14:50:48.668823 12989 catalog_manager.cc:5697] T b7f644d2def24a3aab9d69f8a63aa7a4 P af50c951ab8a4e9c93dadff99afeee33 reported cstate change: term changed from 0 to 1, leader changed from <none> to af50c951ab8a4e9c93dadff99afeee33 (127.11.170.67). New cstate: current_term: 1 leader_uuid: "af50c951ab8a4e9c93dadff99afeee33" committed_config { opid_index: -1 OBSOLETE_local: false peers { permanent_uuid: "c34b6841054749aeb4ead9fb2cd59b47" member_type: VOTER last_known_addr { host: "127.11.170.65" port: 45405 } health_report { overall_health: UNKNOWN } } peers { permanent_uuid: "cb2b27e213114d39a53d26738b196b45" member_type: VOTER last_known_addr { host: "127.11.170.66" port: 37881 } health_report { overall_health: UNKNOWN } } peers { permanent_uuid: "af50c951ab8a4e9c93dadff99afeee33" member_type: VOTER last_known_addr { host: "127.11.170.67" port: 42387 } health_report { overall_health: HEALTHY } } }
I20260709 14:50:48.676935 13362 leader_election.cc:290] T 7b7730716bdd46bdbcd38afabdb7f37f P af50c951ab8a4e9c93dadff99afeee33 [CANDIDATE]: Term 1 election: Requested vote from peers c34b6841054749aeb4ead9fb2cd59b47 (127.11.170.65:45405), cb2b27e213114d39a53d26738b196b45 (127.11.170.66:37881)
I20260709 14:50:48.680421 13282 tablet_bootstrap.cc:492] T e8a586da6acd42178c0de15e98b18655 P cb2b27e213114d39a53d26738b196b45: No bootstrap required, opened a new log
I20260709 14:50:48.681056 13282 ts_tablet_manager.cc:1403] T e8a586da6acd42178c0de15e98b18655 P cb2b27e213114d39a53d26738b196b45: Time spent bootstrapping tablet: real 0.025s	user 0.020s	sys 0.000s
I20260709 14:50:48.681380 13426 raft_consensus.cc:493] T 6a92cea259c747c3832d2c00357d1320 P cb2b27e213114d39a53d26738b196b45 [term 0 FOLLOWER]: Starting pre-election (no leader contacted us within the election timeout)
I20260709 14:50:48.681862 13426 raft_consensus.cc:515] T 6a92cea259c747c3832d2c00357d1320 P cb2b27e213114d39a53d26738b196b45 [term 0 FOLLOWER]: Starting pre-election with config: opid_index: -1 OBSOLETE_local: false peers { permanent_uuid: "c34b6841054749aeb4ead9fb2cd59b47" member_type: VOTER last_known_addr { host: "127.11.170.65" port: 45405 } } peers { permanent_uuid: "cb2b27e213114d39a53d26738b196b45" member_type: VOTER last_known_addr { host: "127.11.170.66" port: 37881 } } peers { permanent_uuid: "af50c951ab8a4e9c93dadff99afeee33" member_type: VOTER last_known_addr { host: "127.11.170.67" port: 42387 } }
I20260709 14:50:48.683917 13426 leader_election.cc:290] T 6a92cea259c747c3832d2c00357d1320 P cb2b27e213114d39a53d26738b196b45 [CANDIDATE]: Term 1 pre-election: Requested pre-vote from peers c34b6841054749aeb4ead9fb2cd59b47 (127.11.170.65:45405), af50c951ab8a4e9c93dadff99afeee33 (127.11.170.67:42387)
I20260709 14:50:48.683975 13282 raft_consensus.cc:359] T e8a586da6acd42178c0de15e98b18655 P cb2b27e213114d39a53d26738b196b45 [term 0 FOLLOWER]: Replica starting. Triggering 0 pending ops. Active config: opid_index: -1 OBSOLETE_local: false peers { permanent_uuid: "c34b6841054749aeb4ead9fb2cd59b47" member_type: VOTER last_known_addr { host: "127.11.170.65" port: 45405 } } peers { permanent_uuid: "cb2b27e213114d39a53d26738b196b45" member_type: VOTER last_known_addr { host: "127.11.170.66" port: 37881 } } peers { permanent_uuid: "af50c951ab8a4e9c93dadff99afeee33" member_type: VOTER last_known_addr { host: "127.11.170.67" port: 42387 } }
I20260709 14:50:48.684960 13240 tablet_service.cc:1917] Received RequestConsensusVote() RPC: tablet_id: "6a92cea259c747c3832d2c00357d1320" candidate_uuid: "cb2b27e213114d39a53d26738b196b45" candidate_term: 1 candidate_status { last_received { term: 0 index: 0 } } ignore_live_leader: false dest_uuid: "af50c951ab8a4e9c93dadff99afeee33" is_pre_election: true
I20260709 14:50:48.685171 13088 tablet_service.cc:1917] Received RequestConsensusVote() RPC: tablet_id: "6a92cea259c747c3832d2c00357d1320" candidate_uuid: "cb2b27e213114d39a53d26738b196b45" candidate_term: 1 candidate_status { last_received { term: 0 index: 0 } } ignore_live_leader: false dest_uuid: "c34b6841054749aeb4ead9fb2cd59b47" is_pre_election: true
I20260709 14:50:48.685582 13240 raft_consensus.cc:2468] T 6a92cea259c747c3832d2c00357d1320 P af50c951ab8a4e9c93dadff99afeee33 [term 0 FOLLOWER]: Leader pre-election vote request: Granting yes vote for candidate cb2b27e213114d39a53d26738b196b45 in term 0.
I20260709 14:50:48.685329 13282 raft_consensus.cc:385] T e8a586da6acd42178c0de15e98b18655 P cb2b27e213114d39a53d26738b196b45 [term 0 FOLLOWER]: Consensus starting up: Expiring failure detector timer to make a prompt election more likely
I20260709 14:50:48.686666 13282 raft_consensus.cc:740] T e8a586da6acd42178c0de15e98b18655 P cb2b27e213114d39a53d26738b196b45 [term 0 FOLLOWER]: Becoming Follower/Learner. State: Replica: cb2b27e213114d39a53d26738b196b45, State: Initialized, Role: FOLLOWER
I20260709 14:50:48.686879 13130 leader_election.cc:304] T 6a92cea259c747c3832d2c00357d1320 P cb2b27e213114d39a53d26738b196b45 [CANDIDATE]: Term 1 pre-election: Election decided. Result: candidate won. Election summary: received 2 responses out of 3 voters: 2 yes votes; 0 no votes. yes voters: af50c951ab8a4e9c93dadff99afeee33, cb2b27e213114d39a53d26738b196b45; no voters: 
W20260709 14:50:48.687767 13130 leader_election.cc:343] T 6a92cea259c747c3832d2c00357d1320 P cb2b27e213114d39a53d26738b196b45 [CANDIDATE]: Term 1 pre-election: Tablet error from VoteRequest() call to peer c34b6841054749aeb4ead9fb2cd59b47 (127.11.170.65:45405): Illegal state: must be running to vote when last-logged opid is not known
I20260709 14:50:48.687523 13282 consensus_queue.cc:260] T e8a586da6acd42178c0de15e98b18655 P cb2b27e213114d39a53d26738b196b45 [NON_LEADER]: Queue going to NON_LEADER mode. State: All replicated index: 0, Majority replicated index: 0, Committed index: 0, Last appended: 0.0, Last appended by leader: 0, Current term: 0, Majority size: -1, State: 0, Mode: NON_LEADER, active raft config: opid_index: -1 OBSOLETE_local: false peers { permanent_uuid: "c34b6841054749aeb4ead9fb2cd59b47" member_type: VOTER last_known_addr { host: "127.11.170.65" port: 45405 } } peers { permanent_uuid: "cb2b27e213114d39a53d26738b196b45" member_type: VOTER last_known_addr { host: "127.11.170.66" port: 37881 } } peers { permanent_uuid: "af50c951ab8a4e9c93dadff99afeee33" member_type: VOTER last_known_addr { host: "127.11.170.67" port: 42387 } }
I20260709 14:50:48.688743 13289 raft_consensus.cc:2804] T 6a92cea259c747c3832d2c00357d1320 P cb2b27e213114d39a53d26738b196b45 [term 0 FOLLOWER]: Leader pre-election won for term 1
I20260709 14:50:48.689174 13289 raft_consensus.cc:493] T 6a92cea259c747c3832d2c00357d1320 P cb2b27e213114d39a53d26738b196b45 [term 0 FOLLOWER]: Starting leader election (no leader contacted us within the election timeout)
I20260709 14:50:48.689638 13289 raft_consensus.cc:3060] T 6a92cea259c747c3832d2c00357d1320 P cb2b27e213114d39a53d26738b196b45 [term 0 FOLLOWER]: Advancing to term 1
I20260709 14:50:48.691136 13281 tablet_bootstrap.cc:492] T d6602882050246f4a11be100078cf413 P c34b6841054749aeb4ead9fb2cd59b47: No bootstrap required, opened a new log
I20260709 14:50:48.691636 13281 ts_tablet_manager.cc:1403] T d6602882050246f4a11be100078cf413 P c34b6841054749aeb4ead9fb2cd59b47: Time spent bootstrapping tablet: real 0.065s	user 0.013s	sys 0.017s
I20260709 14:50:48.695785 13281 raft_consensus.cc:359] T d6602882050246f4a11be100078cf413 P c34b6841054749aeb4ead9fb2cd59b47 [term 0 FOLLOWER]: Replica starting. Triggering 0 pending ops. Active config: opid_index: -1 OBSOLETE_local: false peers { permanent_uuid: "c34b6841054749aeb4ead9fb2cd59b47" member_type: VOTER last_known_addr { host: "127.11.170.65" port: 45405 } } peers { permanent_uuid: "cb2b27e213114d39a53d26738b196b45" member_type: VOTER last_known_addr { host: "127.11.170.66" port: 37881 } } peers { permanent_uuid: "af50c951ab8a4e9c93dadff99afeee33" member_type: VOTER last_known_addr { host: "127.11.170.67" port: 42387 } }
I20260709 14:50:48.696717 13281 raft_consensus.cc:385] T d6602882050246f4a11be100078cf413 P c34b6841054749aeb4ead9fb2cd59b47 [term 0 FOLLOWER]: Consensus starting up: Expiring failure detector timer to make a prompt election more likely
I20260709 14:50:48.697065 13281 raft_consensus.cc:740] T d6602882050246f4a11be100078cf413 P c34b6841054749aeb4ead9fb2cd59b47 [term 0 FOLLOWER]: Becoming Follower/Learner. State: Replica: c34b6841054749aeb4ead9fb2cd59b47, State: Initialized, Role: FOLLOWER
I20260709 14:50:48.697728 13281 consensus_queue.cc:260] T d6602882050246f4a11be100078cf413 P c34b6841054749aeb4ead9fb2cd59b47 [NON_LEADER]: Queue going to NON_LEADER mode. State: All replicated index: 0, Majority replicated index: 0, Committed index: 0, Last appended: 0.0, Last appended by leader: 0, Current term: 0, Majority size: -1, State: 0, Mode: NON_LEADER, active raft config: opid_index: -1 OBSOLETE_local: false peers { permanent_uuid: "c34b6841054749aeb4ead9fb2cd59b47" member_type: VOTER last_known_addr { host: "127.11.170.65" port: 45405 } } peers { permanent_uuid: "cb2b27e213114d39a53d26738b196b45" member_type: VOTER last_known_addr { host: "127.11.170.66" port: 37881 } } peers { permanent_uuid: "af50c951ab8a4e9c93dadff99afeee33" member_type: VOTER last_known_addr { host: "127.11.170.67" port: 42387 } }
I20260709 14:50:48.698251 13289 raft_consensus.cc:515] T 6a92cea259c747c3832d2c00357d1320 P cb2b27e213114d39a53d26738b196b45 [term 1 FOLLOWER]: Starting leader election with config: opid_index: -1 OBSOLETE_local: false peers { permanent_uuid: "c34b6841054749aeb4ead9fb2cd59b47" member_type: VOTER last_known_addr { host: "127.11.170.65" port: 45405 } } peers { permanent_uuid: "cb2b27e213114d39a53d26738b196b45" member_type: VOTER last_known_addr { host: "127.11.170.66" port: 37881 } } peers { permanent_uuid: "af50c951ab8a4e9c93dadff99afeee33" member_type: VOTER last_known_addr { host: "127.11.170.67" port: 42387 } }
I20260709 14:50:48.700541 13283 tablet_bootstrap.cc:492] T dc25eb5738234bb7b8c8e8609d46eca3 P af50c951ab8a4e9c93dadff99afeee33: No bootstrap required, opened a new log
I20260709 14:50:48.701014 13283 ts_tablet_manager.cc:1403] T dc25eb5738234bb7b8c8e8609d46eca3 P af50c951ab8a4e9c93dadff99afeee33: Time spent bootstrapping tablet: real 0.088s	user 0.016s	sys 0.016s
I20260709 14:50:48.701928 13282 ts_tablet_manager.cc:1434] T e8a586da6acd42178c0de15e98b18655 P cb2b27e213114d39a53d26738b196b45: Time spent starting tablet: real 0.021s	user 0.006s	sys 0.000s
I20260709 14:50:48.702524 13240 tablet_service.cc:1917] Received RequestConsensusVote() RPC: tablet_id: "6a92cea259c747c3832d2c00357d1320" candidate_uuid: "cb2b27e213114d39a53d26738b196b45" candidate_term: 1 candidate_status { last_received { term: 0 index: 0 } } ignore_live_leader: false dest_uuid: "af50c951ab8a4e9c93dadff99afeee33"
I20260709 14:50:48.702819 13282 tablet_bootstrap.cc:492] T 4959a2581439421e95ae5147c639e4f9 P cb2b27e213114d39a53d26738b196b45: Bootstrap starting.
I20260709 14:50:48.703058 13240 raft_consensus.cc:3060] T 6a92cea259c747c3832d2c00357d1320 P af50c951ab8a4e9c93dadff99afeee33 [term 0 FOLLOWER]: Advancing to term 1
I20260709 14:50:48.703418 13283 raft_consensus.cc:359] T dc25eb5738234bb7b8c8e8609d46eca3 P af50c951ab8a4e9c93dadff99afeee33 [term 0 FOLLOWER]: Replica starting. Triggering 0 pending ops. Active config: opid_index: -1 OBSOLETE_local: false peers { permanent_uuid: "c34b6841054749aeb4ead9fb2cd59b47" member_type: VOTER last_known_addr { host: "127.11.170.65" port: 45405 } } peers { permanent_uuid: "cb2b27e213114d39a53d26738b196b45" member_type: VOTER last_known_addr { host: "127.11.170.66" port: 37881 } } peers { permanent_uuid: "af50c951ab8a4e9c93dadff99afeee33" member_type: VOTER last_known_addr { host: "127.11.170.67" port: 42387 } }
I20260709 14:50:48.704037 13283 raft_consensus.cc:385] T dc25eb5738234bb7b8c8e8609d46eca3 P af50c951ab8a4e9c93dadff99afeee33 [term 0 FOLLOWER]: Consensus starting up: Expiring failure detector timer to make a prompt election more likely
I20260709 14:50:48.704281 13283 raft_consensus.cc:740] T dc25eb5738234bb7b8c8e8609d46eca3 P af50c951ab8a4e9c93dadff99afeee33 [term 0 FOLLOWER]: Becoming Follower/Learner. State: Replica: af50c951ab8a4e9c93dadff99afeee33, State: Initialized, Role: FOLLOWER
I20260709 14:50:48.700467 13289 leader_election.cc:290] T 6a92cea259c747c3832d2c00357d1320 P cb2b27e213114d39a53d26738b196b45 [CANDIDATE]: Term 1 election: Requested vote from peers c34b6841054749aeb4ead9fb2cd59b47 (127.11.170.65:45405), af50c951ab8a4e9c93dadff99afeee33 (127.11.170.67:42387)
I20260709 14:50:48.705013 13283 consensus_queue.cc:260] T dc25eb5738234bb7b8c8e8609d46eca3 P af50c951ab8a4e9c93dadff99afeee33 [NON_LEADER]: Queue going to NON_LEADER mode. State: All replicated index: 0, Majority replicated index: 0, Committed index: 0, Last appended: 0.0, Last appended by leader: 0, Current term: 0, Majority size: -1, State: 0, Mode: NON_LEADER, active raft config: opid_index: -1 OBSOLETE_local: false peers { permanent_uuid: "c34b6841054749aeb4ead9fb2cd59b47" member_type: VOTER last_known_addr { host: "127.11.170.65" port: 45405 } } peers { permanent_uuid: "cb2b27e213114d39a53d26738b196b45" member_type: VOTER last_known_addr { host: "127.11.170.66" port: 37881 } } peers { permanent_uuid: "af50c951ab8a4e9c93dadff99afeee33" member_type: VOTER last_known_addr { host: "127.11.170.67" port: 42387 } }
I20260709 14:50:48.707132 13283 ts_tablet_manager.cc:1434] T dc25eb5738234bb7b8c8e8609d46eca3 P af50c951ab8a4e9c93dadff99afeee33: Time spent starting tablet: real 0.006s	user 0.005s	sys 0.000s
I20260709 14:50:48.708061 13283 tablet_bootstrap.cc:492] T e8a586da6acd42178c0de15e98b18655 P af50c951ab8a4e9c93dadff99afeee33: Bootstrap starting.
I20260709 14:50:48.709447 13282 tablet_bootstrap.cc:654] T 4959a2581439421e95ae5147c639e4f9 P cb2b27e213114d39a53d26738b196b45: Neither blocks nor log segments found. Creating new log.
I20260709 14:50:48.709015 13281 ts_tablet_manager.cc:1434] T d6602882050246f4a11be100078cf413 P c34b6841054749aeb4ead9fb2cd59b47: Time spent starting tablet: real 0.017s	user 0.003s	sys 0.002s
I20260709 14:50:48.709511 13240 raft_consensus.cc:2468] T 6a92cea259c747c3832d2c00357d1320 P af50c951ab8a4e9c93dadff99afeee33 [term 1 FOLLOWER]: Leader election vote request: Granting yes vote for candidate cb2b27e213114d39a53d26738b196b45 in term 1.
I20260709 14:50:48.710584 13281 tablet_bootstrap.cc:492] T 408d4f8096674d1aae9acea7c29ed5cc P c34b6841054749aeb4ead9fb2cd59b47: Bootstrap starting.
I20260709 14:50:48.711054 13089 tablet_service.cc:1917] Received RequestConsensusVote() RPC: tablet_id: "6a92cea259c747c3832d2c00357d1320" candidate_uuid: "cb2b27e213114d39a53d26738b196b45" candidate_term: 1 candidate_status { last_received { term: 0 index: 0 } } ignore_live_leader: false dest_uuid: "c34b6841054749aeb4ead9fb2cd59b47"
I20260709 14:50:48.711894 13130 leader_election.cc:304] T 6a92cea259c747c3832d2c00357d1320 P cb2b27e213114d39a53d26738b196b45 [CANDIDATE]: Term 1 election: Election decided. Result: candidate won. Election summary: received 2 responses out of 3 voters: 2 yes votes; 0 no votes. yes voters: af50c951ab8a4e9c93dadff99afeee33, cb2b27e213114d39a53d26738b196b45; no voters: 
I20260709 14:50:48.712704 13289 raft_consensus.cc:2804] T 6a92cea259c747c3832d2c00357d1320 P cb2b27e213114d39a53d26738b196b45 [term 1 FOLLOWER]: Leader election won for term 1
I20260709 14:50:48.713153 13289 raft_consensus.cc:697] T 6a92cea259c747c3832d2c00357d1320 P cb2b27e213114d39a53d26738b196b45 [term 1 LEADER]: Becoming Leader. State: Replica: cb2b27e213114d39a53d26738b196b45, State: Running, Role: LEADER
I20260709 14:50:48.713955 13289 consensus_queue.cc:237] T 6a92cea259c747c3832d2c00357d1320 P cb2b27e213114d39a53d26738b196b45 [LEADER]: Queue going to LEADER mode. State: All replicated index: 0, Majority replicated index: 0, Committed index: 0, Last appended: 0.0, Last appended by leader: 0, Current term: 1, Majority size: 2, State: 0, Mode: LEADER, active raft config: opid_index: -1 OBSOLETE_local: false peers { permanent_uuid: "c34b6841054749aeb4ead9fb2cd59b47" member_type: VOTER last_known_addr { host: "127.11.170.65" port: 45405 } } peers { permanent_uuid: "cb2b27e213114d39a53d26738b196b45" member_type: VOTER last_known_addr { host: "127.11.170.66" port: 37881 } } peers { permanent_uuid: "af50c951ab8a4e9c93dadff99afeee33" member_type: VOTER last_known_addr { host: "127.11.170.67" port: 42387 } }
I20260709 14:50:48.716712 13362 raft_consensus.cc:493] T a90c6de71a2d4839840809f1322431d9 P af50c951ab8a4e9c93dadff99afeee33 [term 0 FOLLOWER]: Starting pre-election (no leader contacted us within the election timeout)
I20260709 14:50:48.717177 13362 raft_consensus.cc:515] T a90c6de71a2d4839840809f1322431d9 P af50c951ab8a4e9c93dadff99afeee33 [term 0 FOLLOWER]: Starting pre-election with config: opid_index: -1 OBSOLETE_local: false peers { permanent_uuid: "c34b6841054749aeb4ead9fb2cd59b47" member_type: VOTER last_known_addr { host: "127.11.170.65" port: 45405 } } peers { permanent_uuid: "cb2b27e213114d39a53d26738b196b45" member_type: VOTER last_known_addr { host: "127.11.170.66" port: 37881 } } peers { permanent_uuid: "af50c951ab8a4e9c93dadff99afeee33" member_type: VOTER last_known_addr { host: "127.11.170.67" port: 42387 } }
I20260709 14:50:48.717878 13282 tablet_bootstrap.cc:492] T 4959a2581439421e95ae5147c639e4f9 P cb2b27e213114d39a53d26738b196b45: No bootstrap required, opened a new log
I20260709 14:50:48.718295 13282 ts_tablet_manager.cc:1403] T 4959a2581439421e95ae5147c639e4f9 P cb2b27e213114d39a53d26738b196b45: Time spent bootstrapping tablet: real 0.016s	user 0.007s	sys 0.002s
I20260709 14:50:48.718881 13283 tablet_bootstrap.cc:654] T e8a586da6acd42178c0de15e98b18655 P af50c951ab8a4e9c93dadff99afeee33: Neither blocks nor log segments found. Creating new log.
I20260709 14:50:48.719152 13362 leader_election.cc:290] T a90c6de71a2d4839840809f1322431d9 P af50c951ab8a4e9c93dadff99afeee33 [CANDIDATE]: Term 1 pre-election: Requested pre-vote from peers c34b6841054749aeb4ead9fb2cd59b47 (127.11.170.65:45405), cb2b27e213114d39a53d26738b196b45 (127.11.170.66:37881)
I20260709 14:50:48.720899 13282 raft_consensus.cc:359] T 4959a2581439421e95ae5147c639e4f9 P cb2b27e213114d39a53d26738b196b45 [term 0 FOLLOWER]: Replica starting. Triggering 0 pending ops. Active config: opid_index: -1 OBSOLETE_local: false peers { permanent_uuid: "c34b6841054749aeb4ead9fb2cd59b47" member_type: VOTER last_known_addr { host: "127.11.170.65" port: 45405 } } peers { permanent_uuid: "cb2b27e213114d39a53d26738b196b45" member_type: VOTER last_known_addr { host: "127.11.170.66" port: 37881 } } peers { permanent_uuid: "af50c951ab8a4e9c93dadff99afeee33" member_type: VOTER last_known_addr { host: "127.11.170.67" port: 42387 } }
I20260709 14:50:48.721341 13164 tablet_service.cc:1917] Received RequestConsensusVote() RPC: tablet_id: "a90c6de71a2d4839840809f1322431d9" candidate_uuid: "af50c951ab8a4e9c93dadff99afeee33" candidate_term: 1 candidate_status { last_received { term: 0 index: 0 } } ignore_live_leader: false dest_uuid: "cb2b27e213114d39a53d26738b196b45" is_pre_election: true
I20260709 14:50:48.721838 13282 raft_consensus.cc:385] T 4959a2581439421e95ae5147c639e4f9 P cb2b27e213114d39a53d26738b196b45 [term 0 FOLLOWER]: Consensus starting up: Expiring failure detector timer to make a prompt election more likely
I20260709 14:50:48.722187 13282 raft_consensus.cc:740] T 4959a2581439421e95ae5147c639e4f9 P cb2b27e213114d39a53d26738b196b45 [term 0 FOLLOWER]: Becoming Follower/Learner. State: Replica: cb2b27e213114d39a53d26738b196b45, State: Initialized, Role: FOLLOWER
I20260709 14:50:48.722976 13282 consensus_queue.cc:260] T 4959a2581439421e95ae5147c639e4f9 P cb2b27e213114d39a53d26738b196b45 [NON_LEADER]: Queue going to NON_LEADER mode. State: All replicated index: 0, Majority replicated index: 0, Committed index: 0, Last appended: 0.0, Last appended by leader: 0, Current term: 0, Majority size: -1, State: 0, Mode: NON_LEADER, active raft config: opid_index: -1 OBSOLETE_local: false peers { permanent_uuid: "c34b6841054749aeb4ead9fb2cd59b47" member_type: VOTER last_known_addr { host: "127.11.170.65" port: 45405 } } peers { permanent_uuid: "cb2b27e213114d39a53d26738b196b45" member_type: VOTER last_known_addr { host: "127.11.170.66" port: 37881 } } peers { permanent_uuid: "af50c951ab8a4e9c93dadff99afeee33" member_type: VOTER last_known_addr { host: "127.11.170.67" port: 42387 } }
W20260709 14:50:48.725474 13130 leader_election.cc:343] T 6a92cea259c747c3832d2c00357d1320 P cb2b27e213114d39a53d26738b196b45 [CANDIDATE]: Term 1 election: Tablet error from VoteRequest() call to peer c34b6841054749aeb4ead9fb2cd59b47 (127.11.170.65:45405): Illegal state: must be running to vote when last-logged opid is not known
I20260709 14:50:48.725647 13282 ts_tablet_manager.cc:1434] T 4959a2581439421e95ae5147c639e4f9 P cb2b27e213114d39a53d26738b196b45: Time spent starting tablet: real 0.007s	user 0.008s	sys 0.000s
I20260709 14:50:48.727047 13282 tablet_bootstrap.cc:492] T 4c6cebe7867142e29b867f6bd1f7d08a P cb2b27e213114d39a53d26738b196b45: Bootstrap starting.
I20260709 14:50:48.728120 13089 tablet_service.cc:1917] Received RequestConsensusVote() RPC: tablet_id: "a90c6de71a2d4839840809f1322431d9" candidate_uuid: "af50c951ab8a4e9c93dadff99afeee33" candidate_term: 1 candidate_status { last_received { term: 0 index: 0 } } ignore_live_leader: false dest_uuid: "c34b6841054749aeb4ead9fb2cd59b47" is_pre_election: true
I20260709 14:50:48.729856 13204 leader_election.cc:304] T a90c6de71a2d4839840809f1322431d9 P af50c951ab8a4e9c93dadff99afeee33 [CANDIDATE]: Term 1 pre-election: Election decided. Result: candidate lost. Election summary: received 3 responses out of 3 voters: 1 yes votes; 2 no votes. yes voters: af50c951ab8a4e9c93dadff99afeee33; no voters: c34b6841054749aeb4ead9fb2cd59b47, cb2b27e213114d39a53d26738b196b45
I20260709 14:50:48.731006 13089 raft_consensus.cc:3060] T b816b25c0ecb44799ecf6613603e7665 P c34b6841054749aeb4ead9fb2cd59b47 [term 0 FOLLOWER]: Advancing to term 1
I20260709 14:50:48.731217 13362 raft_consensus.cc:2749] T a90c6de71a2d4839840809f1322431d9 P af50c951ab8a4e9c93dadff99afeee33 [term 0 FOLLOWER]: Leader pre-election lost for term 1. Reason: could not achieve majority
I20260709 14:50:48.731068 13424 consensus_queue.cc:1048] T eee61c493306412db53c176868fadcd0 P cb2b27e213114d39a53d26738b196b45 [LEADER]: Connected to new peer: Peer: permanent_uuid: "c34b6841054749aeb4ead9fb2cd59b47" member_type: VOTER last_known_addr { host: "127.11.170.65" port: 45405 }, Status: LMP_MISMATCH, Last received: 0.0, Next index: 1, Last known committed idx: 0, Time since last communication: 0.001s
I20260709 14:50:48.734270 13282 tablet_bootstrap.cc:654] T 4c6cebe7867142e29b867f6bd1f7d08a P cb2b27e213114d39a53d26738b196b45: Neither blocks nor log segments found. Creating new log.
I20260709 14:50:48.734143 12989 catalog_manager.cc:5697] T 7b7730716bdd46bdbcd38afabdb7f37f P af50c951ab8a4e9c93dadff99afeee33 reported cstate change: term changed from 0 to 1, leader changed from <none> to af50c951ab8a4e9c93dadff99afeee33 (127.11.170.67). New cstate: current_term: 1 leader_uuid: "af50c951ab8a4e9c93dadff99afeee33" committed_config { opid_index: -1 OBSOLETE_local: false peers { permanent_uuid: "c34b6841054749aeb4ead9fb2cd59b47" member_type: VOTER last_known_addr { host: "127.11.170.65" port: 45405 } health_report { overall_health: UNKNOWN } } peers { permanent_uuid: "cb2b27e213114d39a53d26738b196b45" member_type: VOTER last_known_addr { host: "127.11.170.66" port: 37881 } health_report { overall_health: UNKNOWN } } peers { permanent_uuid: "af50c951ab8a4e9c93dadff99afeee33" member_type: VOTER last_known_addr { host: "127.11.170.67" port: 42387 } health_report { overall_health: HEALTHY } } }
I20260709 14:50:48.741357 13090 raft_consensus.cc:1275] T 695746c055e440a8a11975ac17e3764b P c34b6841054749aeb4ead9fb2cd59b47 [term 2 FOLLOWER]: Refusing update from remote peer cb2b27e213114d39a53d26738b196b45: Log matching property violated. Preceding OpId in replica: term: 0 index: 0. Preceding OpId from leader: term: 2 index: 1. (index mismatch)
I20260709 14:50:48.741252 13426 consensus_queue.cc:1048] T 47bf0b49cd59411a97bd92c90f19a35b P cb2b27e213114d39a53d26738b196b45 [LEADER]: Connected to new peer: Peer: permanent_uuid: "af50c951ab8a4e9c93dadff99afeee33" member_type: VOTER last_known_addr { host: "127.11.170.67" port: 42387 }, Status: LMP_MISMATCH, Last received: 0.0, Next index: 1, Last known committed idx: 0, Time since last communication: 0.000s
I20260709 14:50:48.757715 13424 consensus_queue.cc:1048] T 695746c055e440a8a11975ac17e3764b P cb2b27e213114d39a53d26738b196b45 [LEADER]: Connected to new peer: Peer: permanent_uuid: "c34b6841054749aeb4ead9fb2cd59b47" member_type: VOTER last_known_addr { host: "127.11.170.65" port: 45405 }, Status: LMP_MISMATCH, Last received: 0.0, Next index: 1, Last known committed idx: 0, Time since last communication: 0.000s
I20260709 14:50:48.759130 13424 consensus_queue.cc:1048] T eee61c493306412db53c176868fadcd0 P cb2b27e213114d39a53d26738b196b45 [LEADER]: Connected to new peer: Peer: permanent_uuid: "af50c951ab8a4e9c93dadff99afeee33" member_type: VOTER last_known_addr { host: "127.11.170.67" port: 42387 }, Status: LMP_MISMATCH, Last received: 0.0, Next index: 1, Last known committed idx: 0, Time since last communication: 0.000s
I20260709 14:50:48.785503 13239 raft_consensus.cc:1275] T fc08b7eb302c4d3492e0f149d4bffe65 P af50c951ab8a4e9c93dadff99afeee33 [term 2 FOLLOWER]: Refusing update from remote peer cb2b27e213114d39a53d26738b196b45: Log matching property violated. Preceding OpId in replica: term: 0 index: 0. Preceding OpId from leader: term: 2 index: 1. (index mismatch)
I20260709 14:50:48.794049 13424 consensus_queue.cc:1048] T 47bf0b49cd59411a97bd92c90f19a35b P cb2b27e213114d39a53d26738b196b45 [LEADER]: Connected to new peer: Peer: permanent_uuid: "c34b6841054749aeb4ead9fb2cd59b47" member_type: VOTER last_known_addr { host: "127.11.170.65" port: 45405 }, Status: LMP_MISMATCH, Last received: 0.0, Next index: 1, Last known committed idx: 0, Time since last communication: 0.000s
I20260709 14:50:48.807621 13236 raft_consensus.cc:1275] T 695746c055e440a8a11975ac17e3764b P af50c951ab8a4e9c93dadff99afeee33 [term 2 FOLLOWER]: Refusing update from remote peer cb2b27e213114d39a53d26738b196b45: Log matching property violated. Preceding OpId in replica: term: 0 index: 0. Preceding OpId from leader: term: 2 index: 1. (index mismatch)
I20260709 14:50:48.812263 13426 consensus_queue.cc:1048] T fc08b7eb302c4d3492e0f149d4bffe65 P cb2b27e213114d39a53d26738b196b45 [LEADER]: Connected to new peer: Peer: permanent_uuid: "af50c951ab8a4e9c93dadff99afeee33" member_type: VOTER last_known_addr { host: "127.11.170.67" port: 42387 }, Status: LMP_MISMATCH, Last received: 0.0, Next index: 1, Last known committed idx: 0, Time since last communication: 0.000s
I20260709 14:50:48.819509 13426 consensus_queue.cc:1048] T 695746c055e440a8a11975ac17e3764b P cb2b27e213114d39a53d26738b196b45 [LEADER]: Connected to new peer: Peer: permanent_uuid: "af50c951ab8a4e9c93dadff99afeee33" member_type: VOTER last_known_addr { host: "127.11.170.67" port: 42387 }, Status: LMP_MISMATCH, Last received: 0.0, Next index: 1, Last known committed idx: 0, Time since last communication: 0.001s
I20260709 14:50:48.822777 13240 raft_consensus.cc:3060] T a90c6de71a2d4839840809f1322431d9 P af50c951ab8a4e9c93dadff99afeee33 [term 0 FOLLOWER]: Advancing to term 1
I20260709 14:50:48.824163 12988 catalog_manager.cc:5697] T 6a92cea259c747c3832d2c00357d1320 P cb2b27e213114d39a53d26738b196b45 reported cstate change: term changed from 0 to 1, leader changed from <none> to cb2b27e213114d39a53d26738b196b45 (127.11.170.66). New cstate: current_term: 1 leader_uuid: "cb2b27e213114d39a53d26738b196b45" committed_config { opid_index: -1 OBSOLETE_local: false peers { permanent_uuid: "c34b6841054749aeb4ead9fb2cd59b47" member_type: VOTER last_known_addr { host: "127.11.170.65" port: 45405 } health_report { overall_health: UNKNOWN } } peers { permanent_uuid: "cb2b27e213114d39a53d26738b196b45" member_type: VOTER last_known_addr { host: "127.11.170.66" port: 37881 } health_report { overall_health: HEALTHY } } peers { permanent_uuid: "af50c951ab8a4e9c93dadff99afeee33" member_type: VOTER last_known_addr { host: "127.11.170.67" port: 42387 } health_report { overall_health: UNKNOWN } } }
I20260709 14:50:48.830643 13281 tablet_bootstrap.cc:654] T 408d4f8096674d1aae9acea7c29ed5cc P c34b6841054749aeb4ead9fb2cd59b47: Neither blocks nor log segments found. Creating new log.
I20260709 14:50:48.835487 13289 raft_consensus.cc:493] T d6602882050246f4a11be100078cf413 P cb2b27e213114d39a53d26738b196b45 [term 0 FOLLOWER]: Starting pre-election (no leader contacted us within the election timeout)
I20260709 14:50:48.836359 13289 raft_consensus.cc:515] T d6602882050246f4a11be100078cf413 P cb2b27e213114d39a53d26738b196b45 [term 0 FOLLOWER]: Starting pre-election with config: opid_index: -1 OBSOLETE_local: false peers { permanent_uuid: "c34b6841054749aeb4ead9fb2cd59b47" member_type: VOTER last_known_addr { host: "127.11.170.65" port: 45405 } } peers { permanent_uuid: "cb2b27e213114d39a53d26738b196b45" member_type: VOTER last_known_addr { host: "127.11.170.66" port: 37881 } } peers { permanent_uuid: "af50c951ab8a4e9c93dadff99afeee33" member_type: VOTER last_known_addr { host: "127.11.170.67" port: 42387 } }
I20260709 14:50:48.839035 13289 leader_election.cc:290] T d6602882050246f4a11be100078cf413 P cb2b27e213114d39a53d26738b196b45 [CANDIDATE]: Term 1 pre-election: Requested pre-vote from peers c34b6841054749aeb4ead9fb2cd59b47 (127.11.170.65:45405), af50c951ab8a4e9c93dadff99afeee33 (127.11.170.67:42387)
I20260709 14:50:48.872831 13281 tablet_bootstrap.cc:492] T 408d4f8096674d1aae9acea7c29ed5cc P c34b6841054749aeb4ead9fb2cd59b47: No bootstrap required, opened a new log
I20260709 14:50:48.873319 13281 ts_tablet_manager.cc:1403] T 408d4f8096674d1aae9acea7c29ed5cc P c34b6841054749aeb4ead9fb2cd59b47: Time spent bootstrapping tablet: real 0.163s	user 0.012s	sys 0.000s
I20260709 14:50:48.876398 13283 tablet_bootstrap.cc:492] T e8a586da6acd42178c0de15e98b18655 P af50c951ab8a4e9c93dadff99afeee33: No bootstrap required, opened a new log
I20260709 14:50:48.876878 13283 ts_tablet_manager.cc:1403] T e8a586da6acd42178c0de15e98b18655 P af50c951ab8a4e9c93dadff99afeee33: Time spent bootstrapping tablet: real 0.169s	user 0.059s	sys 0.067s
I20260709 14:50:48.889959 13282 tablet_bootstrap.cc:492] T 4c6cebe7867142e29b867f6bd1f7d08a P cb2b27e213114d39a53d26738b196b45: No bootstrap required, opened a new log
I20260709 14:50:48.890520 13282 ts_tablet_manager.cc:1403] T 4c6cebe7867142e29b867f6bd1f7d08a P cb2b27e213114d39a53d26738b196b45: Time spent bootstrapping tablet: real 0.164s	user 0.038s	sys 0.064s
I20260709 14:50:48.897807 13283 raft_consensus.cc:359] T e8a586da6acd42178c0de15e98b18655 P af50c951ab8a4e9c93dadff99afeee33 [term 0 FOLLOWER]: Replica starting. Triggering 0 pending ops. Active config: opid_index: -1 OBSOLETE_local: false peers { permanent_uuid: "c34b6841054749aeb4ead9fb2cd59b47" member_type: VOTER last_known_addr { host: "127.11.170.65" port: 45405 } } peers { permanent_uuid: "cb2b27e213114d39a53d26738b196b45" member_type: VOTER last_known_addr { host: "127.11.170.66" port: 37881 } } peers { permanent_uuid: "af50c951ab8a4e9c93dadff99afeee33" member_type: VOTER last_known_addr { host: "127.11.170.67" port: 42387 } }
I20260709 14:50:48.898541 13283 raft_consensus.cc:385] T e8a586da6acd42178c0de15e98b18655 P af50c951ab8a4e9c93dadff99afeee33 [term 0 FOLLOWER]: Consensus starting up: Expiring failure detector timer to make a prompt election more likely
I20260709 14:50:48.898797 13283 raft_consensus.cc:740] T e8a586da6acd42178c0de15e98b18655 P af50c951ab8a4e9c93dadff99afeee33 [term 0 FOLLOWER]: Becoming Follower/Learner. State: Replica: af50c951ab8a4e9c93dadff99afeee33, State: Initialized, Role: FOLLOWER
I20260709 14:50:48.899454 13283 consensus_queue.cc:260] T e8a586da6acd42178c0de15e98b18655 P af50c951ab8a4e9c93dadff99afeee33 [NON_LEADER]: Queue going to NON_LEADER mode. State: All replicated index: 0, Majority replicated index: 0, Committed index: 0, Last appended: 0.0, Last appended by leader: 0, Current term: 0, Majority size: -1, State: 0, Mode: NON_LEADER, active raft config: opid_index: -1 OBSOLETE_local: false peers { permanent_uuid: "c34b6841054749aeb4ead9fb2cd59b47" member_type: VOTER last_known_addr { host: "127.11.170.65" port: 45405 } } peers { permanent_uuid: "cb2b27e213114d39a53d26738b196b45" member_type: VOTER last_known_addr { host: "127.11.170.66" port: 37881 } } peers { permanent_uuid: "af50c951ab8a4e9c93dadff99afeee33" member_type: VOTER last_known_addr { host: "127.11.170.67" port: 42387 } }
I20260709 14:50:48.901428 13283 ts_tablet_manager.cc:1434] T e8a586da6acd42178c0de15e98b18655 P af50c951ab8a4e9c93dadff99afeee33: Time spent starting tablet: real 0.024s	user 0.006s	sys 0.000s
I20260709 14:50:48.901259 13282 raft_consensus.cc:359] T 4c6cebe7867142e29b867f6bd1f7d08a P cb2b27e213114d39a53d26738b196b45 [term 0 FOLLOWER]: Replica starting. Triggering 0 pending ops. Active config: opid_index: -1 OBSOLETE_local: false peers { permanent_uuid: "c34b6841054749aeb4ead9fb2cd59b47" member_type: VOTER last_known_addr { host: "127.11.170.65" port: 45405 } } peers { permanent_uuid: "cb2b27e213114d39a53d26738b196b45" member_type: VOTER last_known_addr { host: "127.11.170.66" port: 37881 } } peers { permanent_uuid: "af50c951ab8a4e9c93dadff99afeee33" member_type: VOTER last_known_addr { host: "127.11.170.67" port: 42387 } }
I20260709 14:50:48.902477 13283 tablet_bootstrap.cc:492] T 8fd454e216a9461bb982ca4419dccdda P af50c951ab8a4e9c93dadff99afeee33: Bootstrap starting.
I20260709 14:50:48.902750 13282 raft_consensus.cc:385] T 4c6cebe7867142e29b867f6bd1f7d08a P cb2b27e213114d39a53d26738b196b45 [term 0 FOLLOWER]: Consensus starting up: Expiring failure detector timer to make a prompt election more likely
I20260709 14:50:48.903034 13282 raft_consensus.cc:740] T 4c6cebe7867142e29b867f6bd1f7d08a P cb2b27e213114d39a53d26738b196b45 [term 0 FOLLOWER]: Becoming Follower/Learner. State: Replica: cb2b27e213114d39a53d26738b196b45, State: Initialized, Role: FOLLOWER
I20260709 14:50:48.905293 13281 raft_consensus.cc:359] T 408d4f8096674d1aae9acea7c29ed5cc P c34b6841054749aeb4ead9fb2cd59b47 [term 0 FOLLOWER]: Replica starting. Triggering 0 pending ops. Active config: opid_index: -1 OBSOLETE_local: false peers { permanent_uuid: "c34b6841054749aeb4ead9fb2cd59b47" member_type: VOTER last_known_addr { host: "127.11.170.65" port: 45405 } } peers { permanent_uuid: "cb2b27e213114d39a53d26738b196b45" member_type: VOTER last_known_addr { host: "127.11.170.66" port: 37881 } } peers { permanent_uuid: "af50c951ab8a4e9c93dadff99afeee33" member_type: VOTER last_known_addr { host: "127.11.170.67" port: 42387 } }
I20260709 14:50:48.905937 13281 raft_consensus.cc:385] T 408d4f8096674d1aae9acea7c29ed5cc P c34b6841054749aeb4ead9fb2cd59b47 [term 0 FOLLOWER]: Consensus starting up: Expiring failure detector timer to make a prompt election more likely
I20260709 14:50:48.906208 13281 raft_consensus.cc:740] T 408d4f8096674d1aae9acea7c29ed5cc P c34b6841054749aeb4ead9fb2cd59b47 [term 0 FOLLOWER]: Becoming Follower/Learner. State: Replica: c34b6841054749aeb4ead9fb2cd59b47, State: Initialized, Role: FOLLOWER
I20260709 14:50:48.906992 13281 consensus_queue.cc:260] T 408d4f8096674d1aae9acea7c29ed5cc P c34b6841054749aeb4ead9fb2cd59b47 [NON_LEADER]: Queue going to NON_LEADER mode. State: All replicated index: 0, Majority replicated index: 0, Committed index: 0, Last appended: 0.0, Last appended by leader: 0, Current term: 0, Majority size: -1, State: 0, Mode: NON_LEADER, active raft config: opid_index: -1 OBSOLETE_local: false peers { permanent_uuid: "c34b6841054749aeb4ead9fb2cd59b47" member_type: VOTER last_known_addr { host: "127.11.170.65" port: 45405 } } peers { permanent_uuid: "cb2b27e213114d39a53d26738b196b45" member_type: VOTER last_known_addr { host: "127.11.170.66" port: 37881 } } peers { permanent_uuid: "af50c951ab8a4e9c93dadff99afeee33" member_type: VOTER last_known_addr { host: "127.11.170.67" port: 42387 } }
I20260709 14:50:48.907670 13282 consensus_queue.cc:260] T 4c6cebe7867142e29b867f6bd1f7d08a P cb2b27e213114d39a53d26738b196b45 [NON_LEADER]: Queue going to NON_LEADER mode. State: All replicated index: 0, Majority replicated index: 0, Committed index: 0, Last appended: 0.0, Last appended by leader: 0, Current term: 0, Majority size: -1, State: 0, Mode: NON_LEADER, active raft config: opid_index: -1 OBSOLETE_local: false peers { permanent_uuid: "c34b6841054749aeb4ead9fb2cd59b47" member_type: VOTER last_known_addr { host: "127.11.170.65" port: 45405 } } peers { permanent_uuid: "cb2b27e213114d39a53d26738b196b45" member_type: VOTER last_known_addr { host: "127.11.170.66" port: 37881 } } peers { permanent_uuid: "af50c951ab8a4e9c93dadff99afeee33" member_type: VOTER last_known_addr { host: "127.11.170.67" port: 42387 } }
I20260709 14:50:48.910568 13282 ts_tablet_manager.cc:1434] T 4c6cebe7867142e29b867f6bd1f7d08a P cb2b27e213114d39a53d26738b196b45: Time spent starting tablet: real 0.020s	user 0.005s	sys 0.001s
I20260709 14:50:48.911494 13282 tablet_bootstrap.cc:492] T 408d4f8096674d1aae9acea7c29ed5cc P cb2b27e213114d39a53d26738b196b45: Bootstrap starting.
I20260709 14:50:48.911468 13088 tablet_service.cc:1917] Received RequestConsensusVote() RPC: tablet_id: "d6602882050246f4a11be100078cf413" candidate_uuid: "cb2b27e213114d39a53d26738b196b45" candidate_term: 1 candidate_status { last_received { term: 0 index: 0 } } ignore_live_leader: false dest_uuid: "c34b6841054749aeb4ead9fb2cd59b47" is_pre_election: true
I20260709 14:50:48.912209 13088 raft_consensus.cc:2468] T d6602882050246f4a11be100078cf413 P c34b6841054749aeb4ead9fb2cd59b47 [term 0 FOLLOWER]: Leader pre-election vote request: Granting yes vote for candidate cb2b27e213114d39a53d26738b196b45 in term 0.
I20260709 14:50:48.917316 13239 tablet_service.cc:1917] Received RequestConsensusVote() RPC: tablet_id: "d6602882050246f4a11be100078cf413" candidate_uuid: "cb2b27e213114d39a53d26738b196b45" candidate_term: 1 candidate_status { last_received { term: 0 index: 0 } } ignore_live_leader: false dest_uuid: "af50c951ab8a4e9c93dadff99afeee33" is_pre_election: true
I20260709 14:50:48.918414 13283 tablet_bootstrap.cc:654] T 8fd454e216a9461bb982ca4419dccdda P af50c951ab8a4e9c93dadff99afeee33: Neither blocks nor log segments found. Creating new log.
W20260709 14:50:48.930552 13130 leader_election.cc:343] T d6602882050246f4a11be100078cf413 P cb2b27e213114d39a53d26738b196b45 [CANDIDATE]: Term 1 pre-election: Tablet error from VoteRequest() call to peer af50c951ab8a4e9c93dadff99afeee33 (127.11.170.67:42387): Illegal state: must be running to vote when last-logged opid is not known
I20260709 14:50:48.932371 13366 raft_consensus.cc:493] T dc25eb5738234bb7b8c8e8609d46eca3 P cb2b27e213114d39a53d26738b196b45 [term 0 FOLLOWER]: Starting pre-election (no leader contacted us within the election timeout)
I20260709 14:50:48.932955 13366 raft_consensus.cc:515] T dc25eb5738234bb7b8c8e8609d46eca3 P cb2b27e213114d39a53d26738b196b45 [term 0 FOLLOWER]: Starting pre-election with config: opid_index: -1 OBSOLETE_local: false peers { permanent_uuid: "c34b6841054749aeb4ead9fb2cd59b47" member_type: VOTER last_known_addr { host: "127.11.170.65" port: 45405 } } peers { permanent_uuid: "cb2b27e213114d39a53d26738b196b45" member_type: VOTER last_known_addr { host: "127.11.170.66" port: 37881 } } peers { permanent_uuid: "af50c951ab8a4e9c93dadff99afeee33" member_type: VOTER last_known_addr { host: "127.11.170.67" port: 42387 } }
I20260709 14:50:48.933422 13088 raft_consensus.cc:1275] T fc08b7eb302c4d3492e0f149d4bffe65 P c34b6841054749aeb4ead9fb2cd59b47 [term 2 FOLLOWER]: Refusing update from remote peer cb2b27e213114d39a53d26738b196b45: Log matching property violated. Preceding OpId in replica: term: 0 index: 0. Preceding OpId from leader: term: 2 index: 1. (index mismatch)
