I20260709 14:50:50.790218 13281 tablet_bootstrap.cc:654] T fb0f98a48ccc4ad89a41dc55cd730890 P c34b6841054749aeb4ead9fb2cd59b47: Neither blocks nor log segments found. Creating new log.
I20260709 14:50:50.793725 13283 tablet_bootstrap.cc:492] T a8bcc79bd4ae46c3ae5b0717ff7d055c P af50c951ab8a4e9c93dadff99afeee33: No bootstrap required, opened a new log
I20260709 14:50:50.794145 13283 ts_tablet_manager.cc:1403] T a8bcc79bd4ae46c3ae5b0717ff7d055c P af50c951ab8a4e9c93dadff99afeee33: Time spent bootstrapping tablet: real 0.067s	user 0.010s	sys 0.001s
I20260709 14:50:50.796504 13283 raft_consensus.cc:359] T a8bcc79bd4ae46c3ae5b0717ff7d055c P af50c951ab8a4e9c93dadff99afeee33 [term 0 FOLLOWER]: Replica starting. Triggering 0 pending ops. Active config: opid_index: -1 OBSOLETE_local: false peers { permanent_uuid: "c34b6841054749aeb4ead9fb2cd59b47" member_type: VOTER last_known_addr { host: "127.11.170.65" port: 45405 } } peers { permanent_uuid: "cb2b27e213114d39a53d26738b196b45" member_type: VOTER last_known_addr { host: "127.11.170.66" port: 37881 } } peers { permanent_uuid: "af50c951ab8a4e9c93dadff99afeee33" member_type: VOTER last_known_addr { host: "127.11.170.67" port: 42387 } }
I20260709 14:50:50.797152 13283 raft_consensus.cc:385] T a8bcc79bd4ae46c3ae5b0717ff7d055c P af50c951ab8a4e9c93dadff99afeee33 [term 0 FOLLOWER]: Consensus starting up: Expiring failure detector timer to make a prompt election more likely
I20260709 14:50:50.797422 13283 raft_consensus.cc:740] T a8bcc79bd4ae46c3ae5b0717ff7d055c P af50c951ab8a4e9c93dadff99afeee33 [term 0 FOLLOWER]: Becoming Follower/Learner. State: Replica: af50c951ab8a4e9c93dadff99afeee33, State: Initialized, Role: FOLLOWER
I20260709 14:50:50.798139 13283 consensus_queue.cc:260] T a8bcc79bd4ae46c3ae5b0717ff7d055c P af50c951ab8a4e9c93dadff99afeee33 [NON_LEADER]: Queue going to NON_LEADER mode. State: All replicated index: 0, Majority replicated index: 0, Committed index: 0, Last appended: 0.0, Last appended by leader: 0, Current term: 0, Majority size: -1, State: 0, Mode: NON_LEADER, active raft config: opid_index: -1 OBSOLETE_local: false peers { permanent_uuid: "c34b6841054749aeb4ead9fb2cd59b47" member_type: VOTER last_known_addr { host: "127.11.170.65" port: 45405 } } peers { permanent_uuid: "cb2b27e213114d39a53d26738b196b45" member_type: VOTER last_known_addr { host: "127.11.170.66" port: 37881 } } peers { permanent_uuid: "af50c951ab8a4e9c93dadff99afeee33" member_type: VOTER last_known_addr { host: "127.11.170.67" port: 42387 } }
I20260709 14:50:50.803205 13282 tablet_bootstrap.cc:492] T 8667f075bc7d4eec866e85dae7b7bd1f P cb2b27e213114d39a53d26738b196b45: No bootstrap required, opened a new log
I20260709 14:50:50.803215 13281 tablet_bootstrap.cc:492] T fb0f98a48ccc4ad89a41dc55cd730890 P c34b6841054749aeb4ead9fb2cd59b47: No bootstrap required, opened a new log
I20260709 14:50:50.803880 13281 ts_tablet_manager.cc:1403] T fb0f98a48ccc4ad89a41dc55cd730890 P c34b6841054749aeb4ead9fb2cd59b47: Time spent bootstrapping tablet: real 0.022s	user 0.016s	sys 0.004s
I20260709 14:50:50.804255 13282 ts_tablet_manager.cc:1403] T 8667f075bc7d4eec866e85dae7b7bd1f P cb2b27e213114d39a53d26738b196b45: Time spent bootstrapping tablet: real 0.033s	user 0.017s	sys 0.014s
I20260709 14:50:50.804956 13283 ts_tablet_manager.cc:1434] T a8bcc79bd4ae46c3ae5b0717ff7d055c P af50c951ab8a4e9c93dadff99afeee33: Time spent starting tablet: real 0.011s	user 0.007s	sys 0.000s
I20260709 14:50:50.805735 13283 tablet_bootstrap.cc:492] T 330dca4fe7174446acd3ed0b4744ea98 P af50c951ab8a4e9c93dadff99afeee33: Bootstrap starting.
I20260709 14:50:50.806458 13281 raft_consensus.cc:359] T fb0f98a48ccc4ad89a41dc55cd730890 P c34b6841054749aeb4ead9fb2cd59b47 [term 0 FOLLOWER]: Replica starting. Triggering 0 pending ops. Active config: opid_index: -1 OBSOLETE_local: false peers { permanent_uuid: "c34b6841054749aeb4ead9fb2cd59b47" member_type: VOTER last_known_addr { host: "127.11.170.65" port: 45405 } } peers { permanent_uuid: "cb2b27e213114d39a53d26738b196b45" member_type: VOTER last_known_addr { host: "127.11.170.66" port: 37881 } } peers { permanent_uuid: "af50c951ab8a4e9c93dadff99afeee33" member_type: VOTER last_known_addr { host: "127.11.170.67" port: 42387 } }
I20260709 14:50:50.806668 13282 raft_consensus.cc:359] T 8667f075bc7d4eec866e85dae7b7bd1f P cb2b27e213114d39a53d26738b196b45 [term 0 FOLLOWER]: Replica starting. Triggering 0 pending ops. Active config: opid_index: -1 OBSOLETE_local: false peers { permanent_uuid: "c34b6841054749aeb4ead9fb2cd59b47" member_type: VOTER last_known_addr { host: "127.11.170.65" port: 45405 } } peers { permanent_uuid: "cb2b27e213114d39a53d26738b196b45" member_type: VOTER last_known_addr { host: "127.11.170.66" port: 37881 } } peers { permanent_uuid: "af50c951ab8a4e9c93dadff99afeee33" member_type: VOTER last_known_addr { host: "127.11.170.67" port: 42387 } }
I20260709 14:50:50.807129 13281 raft_consensus.cc:385] T fb0f98a48ccc4ad89a41dc55cd730890 P c34b6841054749aeb4ead9fb2cd59b47 [term 0 FOLLOWER]: Consensus starting up: Expiring failure detector timer to make a prompt election more likely
I20260709 14:50:50.807255 13282 raft_consensus.cc:385] T 8667f075bc7d4eec866e85dae7b7bd1f P cb2b27e213114d39a53d26738b196b45 [term 0 FOLLOWER]: Consensus starting up: Expiring failure detector timer to make a prompt election more likely
I20260709 14:50:50.807438 13281 raft_consensus.cc:740] T fb0f98a48ccc4ad89a41dc55cd730890 P c34b6841054749aeb4ead9fb2cd59b47 [term 0 FOLLOWER]: Becoming Follower/Learner. State: Replica: c34b6841054749aeb4ead9fb2cd59b47, State: Initialized, Role: FOLLOWER
I20260709 14:50:50.807525 13282 raft_consensus.cc:740] T 8667f075bc7d4eec866e85dae7b7bd1f P cb2b27e213114d39a53d26738b196b45 [term 0 FOLLOWER]: Becoming Follower/Learner. State: Replica: cb2b27e213114d39a53d26738b196b45, State: Initialized, Role: FOLLOWER
I20260709 14:50:50.808483 13281 consensus_queue.cc:260] T fb0f98a48ccc4ad89a41dc55cd730890 P c34b6841054749aeb4ead9fb2cd59b47 [NON_LEADER]: Queue going to NON_LEADER mode. State: All replicated index: 0, Majority replicated index: 0, Committed index: 0, Last appended: 0.0, Last appended by leader: 0, Current term: 0, Majority size: -1, State: 0, Mode: NON_LEADER, active raft config: opid_index: -1 OBSOLETE_local: false peers { permanent_uuid: "c34b6841054749aeb4ead9fb2cd59b47" member_type: VOTER last_known_addr { host: "127.11.170.65" port: 45405 } } peers { permanent_uuid: "cb2b27e213114d39a53d26738b196b45" member_type: VOTER last_known_addr { host: "127.11.170.66" port: 37881 } } peers { permanent_uuid: "af50c951ab8a4e9c93dadff99afeee33" member_type: VOTER last_known_addr { host: "127.11.170.67" port: 42387 } }
I20260709 14:50:50.808436 13282 consensus_queue.cc:260] T 8667f075bc7d4eec866e85dae7b7bd1f P cb2b27e213114d39a53d26738b196b45 [NON_LEADER]: Queue going to NON_LEADER mode. State: All replicated index: 0, Majority replicated index: 0, Committed index: 0, Last appended: 0.0, Last appended by leader: 0, Current term: 0, Majority size: -1, State: 0, Mode: NON_LEADER, active raft config: opid_index: -1 OBSOLETE_local: false peers { permanent_uuid: "c34b6841054749aeb4ead9fb2cd59b47" member_type: VOTER last_known_addr { host: "127.11.170.65" port: 45405 } } peers { permanent_uuid: "cb2b27e213114d39a53d26738b196b45" member_type: VOTER last_known_addr { host: "127.11.170.66" port: 37881 } } peers { permanent_uuid: "af50c951ab8a4e9c93dadff99afeee33" member_type: VOTER last_known_addr { host: "127.11.170.67" port: 42387 } }
I20260709 14:50:50.810626 13281 ts_tablet_manager.cc:1434] T fb0f98a48ccc4ad89a41dc55cd730890 P c34b6841054749aeb4ead9fb2cd59b47: Time spent starting tablet: real 0.006s	user 0.006s	sys 0.000s
I20260709 14:50:50.810925 13282 ts_tablet_manager.cc:1434] T 8667f075bc7d4eec866e85dae7b7bd1f P cb2b27e213114d39a53d26738b196b45: Time spent starting tablet: real 0.006s	user 0.002s	sys 0.003s
I20260709 14:50:50.811537 13281 tablet_bootstrap.cc:492] T 9350c06472e345ec97b0e78348c4daf9 P c34b6841054749aeb4ead9fb2cd59b47: Bootstrap starting.
I20260709 14:50:50.811959 13282 tablet_bootstrap.cc:492] T 38f95e910f78490c8f4cade59f50d2eb P cb2b27e213114d39a53d26738b196b45: Bootstrap starting.
I20260709 14:50:50.817544 13282 tablet_bootstrap.cc:654] T 38f95e910f78490c8f4cade59f50d2eb P cb2b27e213114d39a53d26738b196b45: Neither blocks nor log segments found. Creating new log.
I20260709 14:50:50.817544 13281 tablet_bootstrap.cc:654] T 9350c06472e345ec97b0e78348c4daf9 P c34b6841054749aeb4ead9fb2cd59b47: Neither blocks nor log segments found. Creating new log.
I20260709 14:50:50.843320 13283 tablet_bootstrap.cc:654] T 330dca4fe7174446acd3ed0b4744ea98 P af50c951ab8a4e9c93dadff99afeee33: Neither blocks nor log segments found. Creating new log.
I20260709 14:50:50.845609 13544 raft_consensus.cc:493] T 753dc8d981064a36bd16c7c89df19c36 P cb2b27e213114d39a53d26738b196b45 [term 0 FOLLOWER]: Starting pre-election (no leader contacted us within the election timeout)
I20260709 14:50:50.846132 13544 raft_consensus.cc:515] T 753dc8d981064a36bd16c7c89df19c36 P cb2b27e213114d39a53d26738b196b45 [term 0 FOLLOWER]: Starting pre-election with config: opid_index: -1 OBSOLETE_local: false peers { permanent_uuid: "c34b6841054749aeb4ead9fb2cd59b47" member_type: VOTER last_known_addr { host: "127.11.170.65" port: 45405 } } peers { permanent_uuid: "cb2b27e213114d39a53d26738b196b45" member_type: VOTER last_known_addr { host: "127.11.170.66" port: 37881 } } peers { permanent_uuid: "af50c951ab8a4e9c93dadff99afeee33" member_type: VOTER last_known_addr { host: "127.11.170.67" port: 42387 } }
I20260709 14:50:50.848732 13544 leader_election.cc:290] T 753dc8d981064a36bd16c7c89df19c36 P cb2b27e213114d39a53d26738b196b45 [CANDIDATE]: Term 1 pre-election: Requested pre-vote from peers c34b6841054749aeb4ead9fb2cd59b47 (127.11.170.65:45405), af50c951ab8a4e9c93dadff99afeee33 (127.11.170.67:42387)
I20260709 14:50:50.850526 13090 tablet_service.cc:1917] Received RequestConsensusVote() RPC: tablet_id: "753dc8d981064a36bd16c7c89df19c36" candidate_uuid: "cb2b27e213114d39a53d26738b196b45" candidate_term: 1 candidate_status { last_received { term: 0 index: 0 } } ignore_live_leader: false dest_uuid: "c34b6841054749aeb4ead9fb2cd59b47" is_pre_election: true
I20260709 14:50:50.850888 13283 tablet_bootstrap.cc:492] T 330dca4fe7174446acd3ed0b4744ea98 P af50c951ab8a4e9c93dadff99afeee33: No bootstrap required, opened a new log
I20260709 14:50:50.850888 13281 tablet_bootstrap.cc:492] T 9350c06472e345ec97b0e78348c4daf9 P c34b6841054749aeb4ead9fb2cd59b47: No bootstrap required, opened a new log
I20260709 14:50:50.851464 13283 ts_tablet_manager.cc:1403] T 330dca4fe7174446acd3ed0b4744ea98 P af50c951ab8a4e9c93dadff99afeee33: Time spent bootstrapping tablet: real 0.046s	user 0.003s	sys 0.007s
I20260709 14:50:50.852075 13281 ts_tablet_manager.cc:1403] T 9350c06472e345ec97b0e78348c4daf9 P c34b6841054749aeb4ead9fb2cd59b47: Time spent bootstrapping tablet: real 0.041s	user 0.013s	sys 0.025s
W20260709 14:50:50.852491 13130 leader_election.cc:343] T 753dc8d981064a36bd16c7c89df19c36 P cb2b27e213114d39a53d26738b196b45 [CANDIDATE]: Term 1 pre-election: Tablet error from VoteRequest() call to peer c34b6841054749aeb4ead9fb2cd59b47 (127.11.170.65:45405): Illegal state: must be running to vote when last-logged opid is not known
I20260709 14:50:50.853704 13241 tablet_service.cc:1917] Received RequestConsensusVote() RPC: tablet_id: "753dc8d981064a36bd16c7c89df19c36" candidate_uuid: "cb2b27e213114d39a53d26738b196b45" candidate_term: 1 candidate_status { last_received { term: 0 index: 0 } } ignore_live_leader: false dest_uuid: "af50c951ab8a4e9c93dadff99afeee33" is_pre_election: true
I20260709 14:50:50.854357 13241 raft_consensus.cc:2468] T 753dc8d981064a36bd16c7c89df19c36 P af50c951ab8a4e9c93dadff99afeee33 [term 0 FOLLOWER]: Leader pre-election vote request: Granting yes vote for candidate cb2b27e213114d39a53d26738b196b45 in term 0.
I20260709 14:50:50.854198 13283 raft_consensus.cc:359] T 330dca4fe7174446acd3ed0b4744ea98 P af50c951ab8a4e9c93dadff99afeee33 [term 0 FOLLOWER]: Replica starting. Triggering 0 pending ops. Active config: opid_index: -1 OBSOLETE_local: false peers { permanent_uuid: "c34b6841054749aeb4ead9fb2cd59b47" member_type: VOTER last_known_addr { host: "127.11.170.65" port: 45405 } } peers { permanent_uuid: "cb2b27e213114d39a53d26738b196b45" member_type: VOTER last_known_addr { host: "127.11.170.66" port: 37881 } } peers { permanent_uuid: "af50c951ab8a4e9c93dadff99afeee33" member_type: VOTER last_known_addr { host: "127.11.170.67" port: 42387 } }
I20260709 14:50:50.854902 13283 raft_consensus.cc:385] T 330dca4fe7174446acd3ed0b4744ea98 P af50c951ab8a4e9c93dadff99afeee33 [term 0 FOLLOWER]: Consensus starting up: Expiring failure detector timer to make a prompt election more likely
I20260709 14:50:50.855194 13283 raft_consensus.cc:740] T 330dca4fe7174446acd3ed0b4744ea98 P af50c951ab8a4e9c93dadff99afeee33 [term 0 FOLLOWER]: Becoming Follower/Learner. State: Replica: af50c951ab8a4e9c93dadff99afeee33, State: Initialized, Role: FOLLOWER
I20260709 14:50:50.855016 13281 raft_consensus.cc:359] T 9350c06472e345ec97b0e78348c4daf9 P c34b6841054749aeb4ead9fb2cd59b47 [term 0 FOLLOWER]: Replica starting. Triggering 0 pending ops. Active config: opid_index: -1 OBSOLETE_local: false peers { permanent_uuid: "c34b6841054749aeb4ead9fb2cd59b47" member_type: VOTER last_known_addr { host: "127.11.170.65" port: 45405 } } peers { permanent_uuid: "cb2b27e213114d39a53d26738b196b45" member_type: VOTER last_known_addr { host: "127.11.170.66" port: 37881 } } peers { permanent_uuid: "af50c951ab8a4e9c93dadff99afeee33" member_type: VOTER last_known_addr { host: "127.11.170.67" port: 42387 } }
I20260709 14:50:50.855845 13281 raft_consensus.cc:385] T 9350c06472e345ec97b0e78348c4daf9 P c34b6841054749aeb4ead9fb2cd59b47 [term 0 FOLLOWER]: Consensus starting up: Expiring failure detector timer to make a prompt election more likely
I20260709 14:50:50.856751 13281 raft_consensus.cc:740] T 9350c06472e345ec97b0e78348c4daf9 P c34b6841054749aeb4ead9fb2cd59b47 [term 0 FOLLOWER]: Becoming Follower/Learner. State: Replica: c34b6841054749aeb4ead9fb2cd59b47, State: Initialized, Role: FOLLOWER
I20260709 14:50:50.857720 13282 tablet_bootstrap.cc:492] T 38f95e910f78490c8f4cade59f50d2eb P cb2b27e213114d39a53d26738b196b45: No bootstrap required, opened a new log
I20260709 14:50:50.857546 13281 consensus_queue.cc:260] T 9350c06472e345ec97b0e78348c4daf9 P c34b6841054749aeb4ead9fb2cd59b47 [NON_LEADER]: Queue going to NON_LEADER mode. State: All replicated index: 0, Majority replicated index: 0, Committed index: 0, Last appended: 0.0, Last appended by leader: 0, Current term: 0, Majority size: -1, State: 0, Mode: NON_LEADER, active raft config: opid_index: -1 OBSOLETE_local: false peers { permanent_uuid: "c34b6841054749aeb4ead9fb2cd59b47" member_type: VOTER last_known_addr { host: "127.11.170.65" port: 45405 } } peers { permanent_uuid: "cb2b27e213114d39a53d26738b196b45" member_type: VOTER last_known_addr { host: "127.11.170.66" port: 37881 } } peers { permanent_uuid: "af50c951ab8a4e9c93dadff99afeee33" member_type: VOTER last_known_addr { host: "127.11.170.67" port: 42387 } }
I20260709 14:50:50.858234 13282 ts_tablet_manager.cc:1403] T 38f95e910f78490c8f4cade59f50d2eb P cb2b27e213114d39a53d26738b196b45: Time spent bootstrapping tablet: real 0.047s	user 0.009s	sys 0.028s
I20260709 14:50:50.860081 13281 ts_tablet_manager.cc:1434] T 9350c06472e345ec97b0e78348c4daf9 P c34b6841054749aeb4ead9fb2cd59b47: Time spent starting tablet: real 0.008s	user 0.002s	sys 0.003s
I20260709 14:50:50.861150 13281 tablet_bootstrap.cc:492] T 9e55b336da7a40ae8f03b145f5a8ee95 P c34b6841054749aeb4ead9fb2cd59b47: Bootstrap starting.
I20260709 14:50:50.860962 13282 raft_consensus.cc:359] T 38f95e910f78490c8f4cade59f50d2eb P cb2b27e213114d39a53d26738b196b45 [term 0 FOLLOWER]: Replica starting. Triggering 0 pending ops. Active config: opid_index: -1 OBSOLETE_local: false peers { permanent_uuid: "c34b6841054749aeb4ead9fb2cd59b47" member_type: VOTER last_known_addr { host: "127.11.170.65" port: 45405 } } peers { permanent_uuid: "cb2b27e213114d39a53d26738b196b45" member_type: VOTER last_known_addr { host: "127.11.170.66" port: 37881 } } peers { permanent_uuid: "af50c951ab8a4e9c93dadff99afeee33" member_type: VOTER last_known_addr { host: "127.11.170.67" port: 42387 } }
I20260709 14:50:50.861636 13282 raft_consensus.cc:385] T 38f95e910f78490c8f4cade59f50d2eb P cb2b27e213114d39a53d26738b196b45 [term 0 FOLLOWER]: Consensus starting up: Expiring failure detector timer to make a prompt election more likely
I20260709 14:50:50.861927 13282 raft_consensus.cc:740] T 38f95e910f78490c8f4cade59f50d2eb P cb2b27e213114d39a53d26738b196b45 [term 0 FOLLOWER]: Becoming Follower/Learner. State: Replica: cb2b27e213114d39a53d26738b196b45, State: Initialized, Role: FOLLOWER
I20260709 14:50:50.862530 13282 consensus_queue.cc:260] T 38f95e910f78490c8f4cade59f50d2eb P cb2b27e213114d39a53d26738b196b45 [NON_LEADER]: Queue going to NON_LEADER mode. State: All replicated index: 0, Majority replicated index: 0, Committed index: 0, Last appended: 0.0, Last appended by leader: 0, Current term: 0, Majority size: -1, State: 0, Mode: NON_LEADER, active raft config: opid_index: -1 OBSOLETE_local: false peers { permanent_uuid: "c34b6841054749aeb4ead9fb2cd59b47" member_type: VOTER last_known_addr { host: "127.11.170.65" port: 45405 } } peers { permanent_uuid: "cb2b27e213114d39a53d26738b196b45" member_type: VOTER last_known_addr { host: "127.11.170.66" port: 37881 } } peers { permanent_uuid: "af50c951ab8a4e9c93dadff99afeee33" member_type: VOTER last_known_addr { host: "127.11.170.67" port: 42387 } }
I20260709 14:50:50.864573 13282 ts_tablet_manager.cc:1434] T 38f95e910f78490c8f4cade59f50d2eb P cb2b27e213114d39a53d26738b196b45: Time spent starting tablet: real 0.006s	user 0.002s	sys 0.000s
I20260709 14:50:50.865039 13531 raft_consensus.cc:493] T 19c84095142240b88f767934804fe340 P c34b6841054749aeb4ead9fb2cd59b47 [term 0 FOLLOWER]: Starting pre-election (no leader contacted us within the election timeout)
I20260709 14:50:50.855891 13283 consensus_queue.cc:260] T 330dca4fe7174446acd3ed0b4744ea98 P af50c951ab8a4e9c93dadff99afeee33 [NON_LEADER]: Queue going to NON_LEADER mode. State: All replicated index: 0, Majority replicated index: 0, Committed index: 0, Last appended: 0.0, Last appended by leader: 0, Current term: 0, Majority size: -1, State: 0, Mode: NON_LEADER, active raft config: opid_index: -1 OBSOLETE_local: false peers { permanent_uuid: "c34b6841054749aeb4ead9fb2cd59b47" member_type: VOTER last_known_addr { host: "127.11.170.65" port: 45405 } } peers { permanent_uuid: "cb2b27e213114d39a53d26738b196b45" member_type: VOTER last_known_addr { host: "127.11.170.66" port: 37881 } } peers { permanent_uuid: "af50c951ab8a4e9c93dadff99afeee33" member_type: VOTER last_known_addr { host: "127.11.170.67" port: 42387 } }
I20260709 14:50:50.865514 13531 raft_consensus.cc:515] T 19c84095142240b88f767934804fe340 P c34b6841054749aeb4ead9fb2cd59b47 [term 0 FOLLOWER]: Starting pre-election with config: opid_index: -1 OBSOLETE_local: false peers { permanent_uuid: "c34b6841054749aeb4ead9fb2cd59b47" member_type: VOTER last_known_addr { host: "127.11.170.65" port: 45405 } } peers { permanent_uuid: "cb2b27e213114d39a53d26738b196b45" member_type: VOTER last_known_addr { host: "127.11.170.66" port: 37881 } } peers { permanent_uuid: "af50c951ab8a4e9c93dadff99afeee33" member_type: VOTER last_known_addr { host: "127.11.170.67" port: 42387 } }
I20260709 14:50:50.866900 13281 tablet_bootstrap.cc:654] T 9e55b336da7a40ae8f03b145f5a8ee95 P c34b6841054749aeb4ead9fb2cd59b47: Neither blocks nor log segments found. Creating new log.
I20260709 14:50:50.866959 13283 ts_tablet_manager.cc:1434] T 330dca4fe7174446acd3ed0b4744ea98 P af50c951ab8a4e9c93dadff99afeee33: Time spent starting tablet: real 0.015s	user 0.006s	sys 0.000s
I20260709 14:50:50.867604 13531 leader_election.cc:290] T 19c84095142240b88f767934804fe340 P c34b6841054749aeb4ead9fb2cd59b47 [CANDIDATE]: Term 1 pre-election: Requested pre-vote from peers cb2b27e213114d39a53d26738b196b45 (127.11.170.66:37881), af50c951ab8a4e9c93dadff99afeee33 (127.11.170.67:42387)
I20260709 14:50:50.868220 13130 leader_election.cc:304] T 753dc8d981064a36bd16c7c89df19c36 P cb2b27e213114d39a53d26738b196b45 [CANDIDATE]: Term 1 pre-election: Election decided. Result: candidate won. Election summary: received 3 responses out of 3 voters: 2 yes votes; 1 no votes. yes voters: af50c951ab8a4e9c93dadff99afeee33, cb2b27e213114d39a53d26738b196b45; no voters: c34b6841054749aeb4ead9fb2cd59b47
I20260709 14:50:50.869261 13544 raft_consensus.cc:2804] T 753dc8d981064a36bd16c7c89df19c36 P cb2b27e213114d39a53d26738b196b45 [term 0 FOLLOWER]: Leader pre-election won for term 1
I20260709 14:50:50.869617 13544 raft_consensus.cc:493] T 753dc8d981064a36bd16c7c89df19c36 P cb2b27e213114d39a53d26738b196b45 [term 0 FOLLOWER]: Starting leader election (no leader contacted us within the election timeout)
I20260709 14:50:50.869956 13544 raft_consensus.cc:3060] T 753dc8d981064a36bd16c7c89df19c36 P cb2b27e213114d39a53d26738b196b45 [term 0 FOLLOWER]: Advancing to term 1
I20260709 14:50:50.871827 13241 tablet_service.cc:1917] Received RequestConsensusVote() RPC: tablet_id: "19c84095142240b88f767934804fe340" candidate_uuid: "c34b6841054749aeb4ead9fb2cd59b47" candidate_term: 1 candidate_status { last_received { term: 0 index: 0 } } ignore_live_leader: false dest_uuid: "af50c951ab8a4e9c93dadff99afeee33" is_pre_election: true
I20260709 14:50:50.873309 13283 tablet_bootstrap.cc:492] T 313aa3426610462492dcd5829eb4d9f4 P af50c951ab8a4e9c93dadff99afeee33: Bootstrap starting.
W20260709 14:50:50.873754 13055 leader_election.cc:343] T 19c84095142240b88f767934804fe340 P c34b6841054749aeb4ead9fb2cd59b47 [CANDIDATE]: Term 1 pre-election: Tablet error from VoteRequest() call to peer af50c951ab8a4e9c93dadff99afeee33 (127.11.170.67:42387): Illegal state: must be running to vote when last-logged opid is not known
I20260709 14:50:50.878609 13283 tablet_bootstrap.cc:654] T 313aa3426610462492dcd5829eb4d9f4 P af50c951ab8a4e9c93dadff99afeee33: Neither blocks nor log segments found. Creating new log.
I20260709 14:50:50.881273 13163 tablet_service.cc:1917] Received RequestConsensusVote() RPC: tablet_id: "19c84095142240b88f767934804fe340" candidate_uuid: "c34b6841054749aeb4ead9fb2cd59b47" candidate_term: 1 candidate_status { last_received { term: 0 index: 0 } } ignore_live_leader: false dest_uuid: "cb2b27e213114d39a53d26738b196b45" is_pre_election: true
I20260709 14:50:50.881961 13163 raft_consensus.cc:2468] T 19c84095142240b88f767934804fe340 P cb2b27e213114d39a53d26738b196b45 [term 0 FOLLOWER]: Leader pre-election vote request: Granting yes vote for candidate c34b6841054749aeb4ead9fb2cd59b47 in term 0.
I20260709 14:50:50.883428 13282 tablet_bootstrap.cc:492] T 39be890ace304fefbc2e6324eb80329f P cb2b27e213114d39a53d26738b196b45: Bootstrap starting.
I20260709 14:50:50.884958 13281 tablet_bootstrap.cc:492] T 9e55b336da7a40ae8f03b145f5a8ee95 P c34b6841054749aeb4ead9fb2cd59b47: No bootstrap required, opened a new log
I20260709 14:50:50.885454 13281 ts_tablet_manager.cc:1403] T 9e55b336da7a40ae8f03b145f5a8ee95 P c34b6841054749aeb4ead9fb2cd59b47: Time spent bootstrapping tablet: real 0.025s	user 0.007s	sys 0.005s
I20260709 14:50:50.886910 13058 leader_election.cc:304] T 19c84095142240b88f767934804fe340 P c34b6841054749aeb4ead9fb2cd59b47 [CANDIDATE]: Term 1 pre-election: Election decided. Result: candidate won. Election summary: received 3 responses out of 3 voters: 2 yes votes; 1 no votes. yes voters: c34b6841054749aeb4ead9fb2cd59b47, cb2b27e213114d39a53d26738b196b45; no voters: af50c951ab8a4e9c93dadff99afeee33
I20260709 14:50:50.888177 13281 raft_consensus.cc:359] T 9e55b336da7a40ae8f03b145f5a8ee95 P c34b6841054749aeb4ead9fb2cd59b47 [term 0 FOLLOWER]: Replica starting. Triggering 0 pending ops. Active config: opid_index: -1 OBSOLETE_local: false peers { permanent_uuid: "c34b6841054749aeb4ead9fb2cd59b47" member_type: VOTER last_known_addr { host: "127.11.170.65" port: 45405 } } peers { permanent_uuid: "cb2b27e213114d39a53d26738b196b45" member_type: VOTER last_known_addr { host: "127.11.170.66" port: 37881 } } peers { permanent_uuid: "af50c951ab8a4e9c93dadff99afeee33" member_type: VOTER last_known_addr { host: "127.11.170.67" port: 42387 } }
I20260709 14:50:50.888433 13548 raft_consensus.cc:2804] T 19c84095142240b88f767934804fe340 P c34b6841054749aeb4ead9fb2cd59b47 [term 0 FOLLOWER]: Leader pre-election won for term 1
I20260709 14:50:50.888926 13281 raft_consensus.cc:385] T 9e55b336da7a40ae8f03b145f5a8ee95 P c34b6841054749aeb4ead9fb2cd59b47 [term 0 FOLLOWER]: Consensus starting up: Expiring failure detector timer to make a prompt election more likely
I20260709 14:50:50.888978 13548 raft_consensus.cc:493] T 19c84095142240b88f767934804fe340 P c34b6841054749aeb4ead9fb2cd59b47 [term 0 FOLLOWER]: Starting leader election (no leader contacted us within the election timeout)
I20260709 14:50:50.889133 13531 raft_consensus.cc:493] T 4f9d69b627bb49a298f2b64c97790313 P c34b6841054749aeb4ead9fb2cd59b47 [term 0 FOLLOWER]: Starting pre-election (no leader contacted us within the election timeout)
I20260709 14:50:50.889417 13548 raft_consensus.cc:3060] T 19c84095142240b88f767934804fe340 P c34b6841054749aeb4ead9fb2cd59b47 [term 0 FOLLOWER]: Advancing to term 1
I20260709 14:50:50.889317 13281 raft_consensus.cc:740] T 9e55b336da7a40ae8f03b145f5a8ee95 P c34b6841054749aeb4ead9fb2cd59b47 [term 0 FOLLOWER]: Becoming Follower/Learner. State: Replica: c34b6841054749aeb4ead9fb2cd59b47, State: Initialized, Role: FOLLOWER
I20260709 14:50:50.889905 13531 raft_consensus.cc:515] T 4f9d69b627bb49a298f2b64c97790313 P c34b6841054749aeb4ead9fb2cd59b47 [term 0 FOLLOWER]: Starting pre-election with config: opid_index: -1 OBSOLETE_local: false peers { permanent_uuid: "c34b6841054749aeb4ead9fb2cd59b47" member_type: VOTER last_known_addr { host: "127.11.170.65" port: 45405 } } peers { permanent_uuid: "cb2b27e213114d39a53d26738b196b45" member_type: VOTER last_known_addr { host: "127.11.170.66" port: 37881 } } peers { permanent_uuid: "af50c951ab8a4e9c93dadff99afeee33" member_type: VOTER last_known_addr { host: "127.11.170.67" port: 42387 } }
I20260709 14:50:50.890249 13281 consensus_queue.cc:260] T 9e55b336da7a40ae8f03b145f5a8ee95 P c34b6841054749aeb4ead9fb2cd59b47 [NON_LEADER]: Queue going to NON_LEADER mode. State: All replicated index: 0, Majority replicated index: 0, Committed index: 0, Last appended: 0.0, Last appended by leader: 0, Current term: 0, Majority size: -1, State: 0, Mode: NON_LEADER, active raft config: opid_index: -1 OBSOLETE_local: false peers { permanent_uuid: "c34b6841054749aeb4ead9fb2cd59b47" member_type: VOTER last_known_addr { host: "127.11.170.65" port: 45405 } } peers { permanent_uuid: "cb2b27e213114d39a53d26738b196b45" member_type: VOTER last_known_addr { host: "127.11.170.66" port: 37881 } } peers { permanent_uuid: "af50c951ab8a4e9c93dadff99afeee33" member_type: VOTER last_known_addr { host: "127.11.170.67" port: 42387 } }
I20260709 14:50:50.892452 13281 ts_tablet_manager.cc:1434] T 9e55b336da7a40ae8f03b145f5a8ee95 P c34b6841054749aeb4ead9fb2cd59b47: Time spent starting tablet: real 0.007s	user 0.005s	sys 0.000s
I20260709 14:50:50.893443 13281 tablet_bootstrap.cc:492] T f43596b986f34a97a62a2fd09e441b5e P c34b6841054749aeb4ead9fb2cd59b47: Bootstrap starting.
I20260709 14:50:50.895814 13163 tablet_service.cc:1917] Received RequestConsensusVote() RPC: tablet_id: "4f9d69b627bb49a298f2b64c97790313" candidate_uuid: "c34b6841054749aeb4ead9fb2cd59b47" candidate_term: 1 candidate_status { last_received { term: 0 index: 0 } } ignore_live_leader: false dest_uuid: "cb2b27e213114d39a53d26738b196b45" is_pre_election: true
I20260709 14:50:50.897248 13537 raft_consensus.cc:493] T a8bcc79bd4ae46c3ae5b0717ff7d055c P af50c951ab8a4e9c93dadff99afeee33 [term 0 FOLLOWER]: Starting pre-election (no leader contacted us within the election timeout)
I20260709 14:50:50.897921 13537 raft_consensus.cc:515] T a8bcc79bd4ae46c3ae5b0717ff7d055c P af50c951ab8a4e9c93dadff99afeee33 [term 0 FOLLOWER]: Starting pre-election with config: opid_index: -1 OBSOLETE_local: false peers { permanent_uuid: "c34b6841054749aeb4ead9fb2cd59b47" member_type: VOTER last_known_addr { host: "127.11.170.65" port: 45405 } } peers { permanent_uuid: "cb2b27e213114d39a53d26738b196b45" member_type: VOTER last_known_addr { host: "127.11.170.66" port: 37881 } } peers { permanent_uuid: "af50c951ab8a4e9c93dadff99afeee33" member_type: VOTER last_known_addr { host: "127.11.170.67" port: 42387 } }
I20260709 14:50:50.899137 13282 tablet_bootstrap.cc:654] T 39be890ace304fefbc2e6324eb80329f P cb2b27e213114d39a53d26738b196b45: Neither blocks nor log segments found. Creating new log.
I20260709 14:50:50.900942 13281 tablet_bootstrap.cc:654] T f43596b986f34a97a62a2fd09e441b5e P c34b6841054749aeb4ead9fb2cd59b47: Neither blocks nor log segments found. Creating new log.
I20260709 14:50:50.901510 13548 raft_consensus.cc:515] T 19c84095142240b88f767934804fe340 P c34b6841054749aeb4ead9fb2cd59b47 [term 1 FOLLOWER]: Starting leader election with config: opid_index: -1 OBSOLETE_local: false peers { permanent_uuid: "c34b6841054749aeb4ead9fb2cd59b47" member_type: VOTER last_known_addr { host: "127.11.170.65" port: 45405 } } peers { permanent_uuid: "cb2b27e213114d39a53d26738b196b45" member_type: VOTER last_known_addr { host: "127.11.170.66" port: 37881 } } peers { permanent_uuid: "af50c951ab8a4e9c93dadff99afeee33" member_type: VOTER last_known_addr { host: "127.11.170.67" port: 42387 } }
I20260709 14:50:50.901680 13091 tablet_service.cc:1917] Received RequestConsensusVote() RPC: tablet_id: "a8bcc79bd4ae46c3ae5b0717ff7d055c" candidate_uuid: "af50c951ab8a4e9c93dadff99afeee33" candidate_term: 1 candidate_status { last_received { term: 0 index: 0 } } ignore_live_leader: false dest_uuid: "c34b6841054749aeb4ead9fb2cd59b47" is_pre_election: true
I20260709 14:50:50.910873 13091 raft_consensus.cc:2468] T a8bcc79bd4ae46c3ae5b0717ff7d055c P c34b6841054749aeb4ead9fb2cd59b47 [term 0 FOLLOWER]: Leader pre-election vote request: Granting yes vote for candidate af50c951ab8a4e9c93dadff99afeee33 in term 0.
I20260709 14:50:50.911439 13163 raft_consensus.cc:2468] T 4f9d69b627bb49a298f2b64c97790313 P cb2b27e213114d39a53d26738b196b45 [term 0 FOLLOWER]: Leader pre-election vote request: Granting yes vote for candidate c34b6841054749aeb4ead9fb2cd59b47 in term 0.
I20260709 14:50:50.913311 13548 leader_election.cc:290] T 19c84095142240b88f767934804fe340 P c34b6841054749aeb4ead9fb2cd59b47 [CANDIDATE]: Term 1 election: Requested vote from peers cb2b27e213114d39a53d26738b196b45 (127.11.170.66:37881), af50c951ab8a4e9c93dadff99afeee33 (127.11.170.67:42387)
I20260709 14:50:50.913457 13058 leader_election.cc:304] T 4f9d69b627bb49a298f2b64c97790313 P c34b6841054749aeb4ead9fb2cd59b47 [CANDIDATE]: Term 1 pre-election: Election decided. Result: candidate won. Election summary: received 2 responses out of 3 voters: 2 yes votes; 0 no votes. yes voters: c34b6841054749aeb4ead9fb2cd59b47, cb2b27e213114d39a53d26738b196b45; no voters: 
I20260709 14:50:50.914381 13241 tablet_service.cc:1917] Received RequestConsensusVote() RPC: tablet_id: "19c84095142240b88f767934804fe340" candidate_uuid: "c34b6841054749aeb4ead9fb2cd59b47" candidate_term: 1 candidate_status { last_received { term: 0 index: 0 } } ignore_live_leader: false dest_uuid: "af50c951ab8a4e9c93dadff99afeee33"
I20260709 14:50:50.915088 13204 leader_election.cc:304] T a8bcc79bd4ae46c3ae5b0717ff7d055c P af50c951ab8a4e9c93dadff99afeee33 [CANDIDATE]: Term 1 pre-election: Election decided. Result: candidate won. Election summary: received 2 responses out of 3 voters: 2 yes votes; 0 no votes. yes voters: af50c951ab8a4e9c93dadff99afeee33, c34b6841054749aeb4ead9fb2cd59b47; no voters: 
W20260709 14:50:50.915885 13055 leader_election.cc:343] T 19c84095142240b88f767934804fe340 P c34b6841054749aeb4ead9fb2cd59b47 [CANDIDATE]: Term 1 election: Tablet error from VoteRequest() call to peer af50c951ab8a4e9c93dadff99afeee33 (127.11.170.67:42387): Illegal state: must be running to vote when last-logged opid is not known
I20260709 14:50:50.916249 13536 raft_consensus.cc:2804] T a8bcc79bd4ae46c3ae5b0717ff7d055c P af50c951ab8a4e9c93dadff99afeee33 [term 0 FOLLOWER]: Leader pre-election won for term 1
I20260709 14:50:50.916574 13341 raft_consensus.cc:2804] T 4f9d69b627bb49a298f2b64c97790313 P c34b6841054749aeb4ead9fb2cd59b47 [term 0 FOLLOWER]: Leader pre-election won for term 1
I20260709 14:50:50.917065 13341 raft_consensus.cc:493] T 4f9d69b627bb49a298f2b64c97790313 P c34b6841054749aeb4ead9fb2cd59b47 [term 0 FOLLOWER]: Starting leader election (no leader contacted us within the election timeout)
I20260709 14:50:50.916637 13544 raft_consensus.cc:515] T 753dc8d981064a36bd16c7c89df19c36 P cb2b27e213114d39a53d26738b196b45 [term 1 FOLLOWER]: Starting leader election with config: opid_index: -1 OBSOLETE_local: false peers { permanent_uuid: "c34b6841054749aeb4ead9fb2cd59b47" member_type: VOTER last_known_addr { host: "127.11.170.65" port: 45405 } } peers { permanent_uuid: "cb2b27e213114d39a53d26738b196b45" member_type: VOTER last_known_addr { host: "127.11.170.66" port: 37881 } } peers { permanent_uuid: "af50c951ab8a4e9c93dadff99afeee33" member_type: VOTER last_known_addr { host: "127.11.170.67" port: 42387 } }
I20260709 14:50:50.917474 13341 raft_consensus.cc:3060] T 4f9d69b627bb49a298f2b64c97790313 P c34b6841054749aeb4ead9fb2cd59b47 [term 0 FOLLOWER]: Advancing to term 1
I20260709 14:50:50.917960 13166 tablet_service.cc:1917] Received RequestConsensusVote() RPC: tablet_id: "19c84095142240b88f767934804fe340" candidate_uuid: "c34b6841054749aeb4ead9fb2cd59b47" candidate_term: 1 candidate_status { last_received { term: 0 index: 0 } } ignore_live_leader: false dest_uuid: "cb2b27e213114d39a53d26738b196b45"
I20260709 14:50:50.918733 13166 raft_consensus.cc:3060] T 19c84095142240b88f767934804fe340 P cb2b27e213114d39a53d26738b196b45 [term 0 FOLLOWER]: Advancing to term 1
I20260709 14:50:50.919212 13544 leader_election.cc:290] T 753dc8d981064a36bd16c7c89df19c36 P cb2b27e213114d39a53d26738b196b45 [CANDIDATE]: Term 1 election: Requested vote from peers c34b6841054749aeb4ead9fb2cd59b47 (127.11.170.65:45405), af50c951ab8a4e9c93dadff99afeee33 (127.11.170.67:42387)
I20260709 14:50:50.921785 13091 tablet_service.cc:1917] Received RequestConsensusVote() RPC: tablet_id: "753dc8d981064a36bd16c7c89df19c36" candidate_uuid: "cb2b27e213114d39a53d26738b196b45" candidate_term: 1 candidate_status { last_received { term: 0 index: 0 } } ignore_live_leader: false dest_uuid: "c34b6841054749aeb4ead9fb2cd59b47"
I20260709 14:50:50.916797 13536 raft_consensus.cc:493] T a8bcc79bd4ae46c3ae5b0717ff7d055c P af50c951ab8a4e9c93dadff99afeee33 [term 0 FOLLOWER]: Starting leader election (no leader contacted us within the election timeout)
I20260709 14:50:50.925099 13536 raft_consensus.cc:3060] T a8bcc79bd4ae46c3ae5b0717ff7d055c P af50c951ab8a4e9c93dadff99afeee33 [term 0 FOLLOWER]: Advancing to term 1
I20260709 14:50:50.925982 13282 tablet_bootstrap.cc:492] T 39be890ace304fefbc2e6324eb80329f P cb2b27e213114d39a53d26738b196b45: No bootstrap required, opened a new log
I20260709 14:50:50.926800 13282 ts_tablet_manager.cc:1403] T 39be890ace304fefbc2e6324eb80329f P cb2b27e213114d39a53d26738b196b45: Time spent bootstrapping tablet: real 0.044s	user 0.003s	sys 0.008s
W20260709 14:50:50.929064 13130 leader_election.cc:343] T 753dc8d981064a36bd16c7c89df19c36 P cb2b27e213114d39a53d26738b196b45 [CANDIDATE]: Term 1 election: Tablet error from VoteRequest() call to peer c34b6841054749aeb4ead9fb2cd59b47 (127.11.170.65:45405): Illegal state: must be running to vote when last-logged opid is not known
I20260709 14:50:50.904109 13531 leader_election.cc:290] T 4f9d69b627bb49a298f2b64c97790313 P c34b6841054749aeb4ead9fb2cd59b47 [CANDIDATE]: Term 1 pre-election: Requested pre-vote from peers cb2b27e213114d39a53d26738b196b45 (127.11.170.66:37881), af50c951ab8a4e9c93dadff99afeee33 (127.11.170.67:42387)
I20260709 14:50:50.932989 13531 raft_consensus.cc:493] T 8b58b7a5a40549d0a18c9c86c7a37db8 P c34b6841054749aeb4ead9fb2cd59b47 [term 0 FOLLOWER]: Starting pre-election (no leader contacted us within the election timeout)
I20260709 14:50:50.933560 13531 raft_consensus.cc:515] T 8b58b7a5a40549d0a18c9c86c7a37db8 P c34b6841054749aeb4ead9fb2cd59b47 [term 0 FOLLOWER]: Starting pre-election with config: opid_index: -1 OBSOLETE_local: false peers { permanent_uuid: "c34b6841054749aeb4ead9fb2cd59b47" member_type: VOTER last_known_addr { host: "127.11.170.65" port: 45405 } } peers { permanent_uuid: "cb2b27e213114d39a53d26738b196b45" member_type: VOTER last_known_addr { host: "127.11.170.66" port: 37881 } } peers { permanent_uuid: "af50c951ab8a4e9c93dadff99afeee33" member_type: VOTER last_known_addr { host: "127.11.170.67" port: 42387 } }
I20260709 14:50:50.935729 13531 leader_election.cc:290] T 8b58b7a5a40549d0a18c9c86c7a37db8 P c34b6841054749aeb4ead9fb2cd59b47 [CANDIDATE]: Term 1 pre-election: Requested pre-vote from peers cb2b27e213114d39a53d26738b196b45 (127.11.170.66:37881), af50c951ab8a4e9c93dadff99afeee33 (127.11.170.67:42387)
I20260709 14:50:50.904774 13537 leader_election.cc:290] T a8bcc79bd4ae46c3ae5b0717ff7d055c P af50c951ab8a4e9c93dadff99afeee33 [CANDIDATE]: Term 1 pre-election: Requested pre-vote from peers c34b6841054749aeb4ead9fb2cd59b47 (127.11.170.65:45405), cb2b27e213114d39a53d26738b196b45 (127.11.170.66:37881)
I20260709 14:50:50.906883 13236 tablet_service.cc:1917] Received RequestConsensusVote() RPC: tablet_id: "4f9d69b627bb49a298f2b64c97790313" candidate_uuid: "c34b6841054749aeb4ead9fb2cd59b47" candidate_term: 1 candidate_status { last_received { term: 0 index: 0 } } ignore_live_leader: false dest_uuid: "af50c951ab8a4e9c93dadff99afeee33" is_pre_election: true
I20260709 14:50:50.904214 13167 tablet_service.cc:1917] Received RequestConsensusVote() RPC: tablet_id: "a8bcc79bd4ae46c3ae5b0717ff7d055c" candidate_uuid: "af50c951ab8a4e9c93dadff99afeee33" candidate_term: 1 candidate_status { last_received { term: 0 index: 0 } } ignore_live_leader: false dest_uuid: "cb2b27e213114d39a53d26738b196b45" is_pre_election: true
I20260709 14:50:50.937024 13281 tablet_bootstrap.cc:492] T f43596b986f34a97a62a2fd09e441b5e P c34b6841054749aeb4ead9fb2cd59b47: No bootstrap required, opened a new log
I20260709 14:50:50.937512 13281 ts_tablet_manager.cc:1403] T f43596b986f34a97a62a2fd09e441b5e P c34b6841054749aeb4ead9fb2cd59b47: Time spent bootstrapping tablet: real 0.044s	user 0.013s	sys 0.006s
I20260709 14:50:50.938699 13236 tablet_service.cc:1917] Received RequestConsensusVote() RPC: tablet_id: "8b58b7a5a40549d0a18c9c86c7a37db8" candidate_uuid: "c34b6841054749aeb4ead9fb2cd59b47" candidate_term: 1 candidate_status { last_received { term: 0 index: 0 } } ignore_live_leader: false dest_uuid: "af50c951ab8a4e9c93dadff99afeee33" is_pre_election: true
W20260709 14:50:50.940217 13055 leader_election.cc:343] T 4f9d69b627bb49a298f2b64c97790313 P c34b6841054749aeb4ead9fb2cd59b47 [CANDIDATE]: Term 1 pre-election: Tablet error from VoteRequest() call to peer af50c951ab8a4e9c93dadff99afeee33 (127.11.170.67:42387): Illegal state: must be running to vote when last-logged opid is not known
I20260709 14:50:50.940109 13281 raft_consensus.cc:359] T f43596b986f34a97a62a2fd09e441b5e P c34b6841054749aeb4ead9fb2cd59b47 [term 0 FOLLOWER]: Replica starting. Triggering 0 pending ops. Active config: opid_index: -1 OBSOLETE_local: false peers { permanent_uuid: "c34b6841054749aeb4ead9fb2cd59b47" member_type: VOTER last_known_addr { host: "127.11.170.65" port: 45405 } } peers { permanent_uuid: "cb2b27e213114d39a53d26738b196b45" member_type: VOTER last_known_addr { host: "127.11.170.66" port: 37881 } } peers { permanent_uuid: "af50c951ab8a4e9c93dadff99afeee33" member_type: VOTER last_known_addr { host: "127.11.170.67" port: 42387 } }
I20260709 14:50:50.940884 13281 raft_consensus.cc:385] T f43596b986f34a97a62a2fd09e441b5e P c34b6841054749aeb4ead9fb2cd59b47 [term 0 FOLLOWER]: Consensus starting up: Expiring failure detector timer to make a prompt election more likely
I20260709 14:50:50.941174 13281 raft_consensus.cc:740] T f43596b986f34a97a62a2fd09e441b5e P c34b6841054749aeb4ead9fb2cd59b47 [term 0 FOLLOWER]: Becoming Follower/Learner. State: Replica: c34b6841054749aeb4ead9fb2cd59b47, State: Initialized, Role: FOLLOWER
W20260709 14:50:50.941236 13055 leader_election.cc:343] T 8b58b7a5a40549d0a18c9c86c7a37db8 P c34b6841054749aeb4ead9fb2cd59b47 [CANDIDATE]: Term 1 pre-election: Tablet error from VoteRequest() call to peer af50c951ab8a4e9c93dadff99afeee33 (127.11.170.67:42387): Illegal state: must be running to vote when last-logged opid is not known
I20260709 14:50:50.941795 13281 consensus_queue.cc:260] T f43596b986f34a97a62a2fd09e441b5e P c34b6841054749aeb4ead9fb2cd59b47 [NON_LEADER]: Queue going to NON_LEADER mode. State: All replicated index: 0, Majority replicated index: 0, Committed index: 0, Last appended: 0.0, Last appended by leader: 0, Current term: 0, Majority size: -1, State: 0, Mode: NON_LEADER, active raft config: opid_index: -1 OBSOLETE_local: false peers { permanent_uuid: "c34b6841054749aeb4ead9fb2cd59b47" member_type: VOTER last_known_addr { host: "127.11.170.65" port: 45405 } } peers { permanent_uuid: "cb2b27e213114d39a53d26738b196b45" member_type: VOTER last_known_addr { host: "127.11.170.66" port: 37881 } } peers { permanent_uuid: "af50c951ab8a4e9c93dadff99afeee33" member_type: VOTER last_known_addr { host: "127.11.170.67" port: 42387 } }
I20260709 14:50:50.942054 13236 tablet_service.cc:1917] Received RequestConsensusVote() RPC: tablet_id: "753dc8d981064a36bd16c7c89df19c36" candidate_uuid: "cb2b27e213114d39a53d26738b196b45" candidate_term: 1 candidate_status { last_received { term: 0 index: 0 } } ignore_live_leader: false dest_uuid: "af50c951ab8a4e9c93dadff99afeee33"
I20260709 14:50:50.942616 13236 raft_consensus.cc:3060] T 753dc8d981064a36bd16c7c89df19c36 P af50c951ab8a4e9c93dadff99afeee33 [term 0 FOLLOWER]: Advancing to term 1
I20260709 14:50:50.943838 13281 ts_tablet_manager.cc:1434] T f43596b986f34a97a62a2fd09e441b5e P c34b6841054749aeb4ead9fb2cd59b47: Time spent starting tablet: real 0.006s	user 0.004s	sys 0.000s
I20260709 14:50:50.945015 13167 tablet_service.cc:1917] Received RequestConsensusVote() RPC: tablet_id: "8b58b7a5a40549d0a18c9c86c7a37db8" candidate_uuid: "c34b6841054749aeb4ead9fb2cd59b47" candidate_term: 1 candidate_status { last_received { term: 0 index: 0 } } ignore_live_leader: false dest_uuid: "cb2b27e213114d39a53d26738b196b45" is_pre_election: true
I20260709 14:50:50.945641 13167 raft_consensus.cc:2468] T 8b58b7a5a40549d0a18c9c86c7a37db8 P cb2b27e213114d39a53d26738b196b45 [term 0 FOLLOWER]: Leader pre-election vote request: Granting yes vote for candidate c34b6841054749aeb4ead9fb2cd59b47 in term 0.
I20260709 14:50:50.946725 13166 raft_consensus.cc:2468] T 19c84095142240b88f767934804fe340 P cb2b27e213114d39a53d26738b196b45 [term 1 FOLLOWER]: Leader election vote request: Granting yes vote for candidate c34b6841054749aeb4ead9fb2cd59b47 in term 1.
I20260709 14:50:50.943924 13282 raft_consensus.cc:359] T 39be890ace304fefbc2e6324eb80329f P cb2b27e213114d39a53d26738b196b45 [term 0 FOLLOWER]: Replica starting. Triggering 0 pending ops. Active config: opid_index: -1 OBSOLETE_local: false peers { permanent_uuid: "c34b6841054749aeb4ead9fb2cd59b47" member_type: VOTER last_known_addr { host: "127.11.170.65" port: 45405 } } peers { permanent_uuid: "cb2b27e213114d39a53d26738b196b45" member_type: VOTER last_known_addr { host: "127.11.170.66" port: 37881 } } peers { permanent_uuid: "af50c951ab8a4e9c93dadff99afeee33" member_type: VOTER last_known_addr { host: "127.11.170.67" port: 42387 } }
I20260709 14:50:50.947451 13282 raft_consensus.cc:385] T 39be890ace304fefbc2e6324eb80329f P cb2b27e213114d39a53d26738b196b45 [term 0 FOLLOWER]: Consensus starting up: Expiring failure detector timer to make a prompt election more likely
W20260709 14:50:50.946909 13207 leader_election.cc:343] T a8bcc79bd4ae46c3ae5b0717ff7d055c P af50c951ab8a4e9c93dadff99afeee33 [CANDIDATE]: Term 1 pre-election: Tablet error from VoteRequest() call to peer cb2b27e213114d39a53d26738b196b45 (127.11.170.66:37881): Illegal state: must be running to vote when last-logged opid is not known
I20260709 14:50:50.948278 13536 raft_consensus.cc:515] T a8bcc79bd4ae46c3ae5b0717ff7d055c P af50c951ab8a4e9c93dadff99afeee33 [term 1 FOLLOWER]: Starting leader election with config: opid_index: -1 OBSOLETE_local: false peers { permanent_uuid: "c34b6841054749aeb4ead9fb2cd59b47" member_type: VOTER last_known_addr { host: "127.11.170.65" port: 45405 } } peers { permanent_uuid: "cb2b27e213114d39a53d26738b196b45" member_type: VOTER last_known_addr { host: "127.11.170.66" port: 37881 } } peers { permanent_uuid: "af50c951ab8a4e9c93dadff99afeee33" member_type: VOTER last_known_addr { host: "127.11.170.67" port: 42387 } }
I20260709 14:50:50.948361 13282 raft_consensus.cc:740] T 39be890ace304fefbc2e6324eb80329f P cb2b27e213114d39a53d26738b196b45 [term 0 FOLLOWER]: Becoming Follower/Learner. State: Replica: cb2b27e213114d39a53d26738b196b45, State: Initialized, Role: FOLLOWER
I20260709 14:50:50.949972 13058 leader_election.cc:304] T 8b58b7a5a40549d0a18c9c86c7a37db8 P c34b6841054749aeb4ead9fb2cd59b47 [CANDIDATE]: Term 1 pre-election: Election decided. Result: candidate won. Election summary: received 3 responses out of 3 voters: 2 yes votes; 1 no votes. yes voters: c34b6841054749aeb4ead9fb2cd59b47, cb2b27e213114d39a53d26738b196b45; no voters: af50c951ab8a4e9c93dadff99afeee33
I20260709 14:50:50.948118 13341 raft_consensus.cc:515] T 4f9d69b627bb49a298f2b64c97790313 P c34b6841054749aeb4ead9fb2cd59b47 [term 1 FOLLOWER]: Starting leader election with config: opid_index: -1 OBSOLETE_local: false peers { permanent_uuid: "c34b6841054749aeb4ead9fb2cd59b47" member_type: VOTER last_known_addr { host: "127.11.170.65" port: 45405 } } peers { permanent_uuid: "cb2b27e213114d39a53d26738b196b45" member_type: VOTER last_known_addr { host: "127.11.170.66" port: 37881 } } peers { permanent_uuid: "af50c951ab8a4e9c93dadff99afeee33" member_type: VOTER last_known_addr { host: "127.11.170.67" port: 42387 } }
I20260709 14:50:50.952617 13091 tablet_service.cc:1917] Received RequestConsensusVote() RPC: tablet_id: "a8bcc79bd4ae46c3ae5b0717ff7d055c" candidate_uuid: "af50c951ab8a4e9c93dadff99afeee33" candidate_term: 1 candidate_status { last_received { term: 0 index: 0 } } ignore_live_leader: false dest_uuid: "c34b6841054749aeb4ead9fb2cd59b47"
I20260709 14:50:50.952700 13536 leader_election.cc:290] T a8bcc79bd4ae46c3ae5b0717ff7d055c P af50c951ab8a4e9c93dadff99afeee33 [CANDIDATE]: Term 1 election: Requested vote from peers c34b6841054749aeb4ead9fb2cd59b47 (127.11.170.65:45405), cb2b27e213114d39a53d26738b196b45 (127.11.170.66:37881)
I20260709 14:50:50.951749 13281 tablet_bootstrap.cc:492] T 313aa3426610462492dcd5829eb4d9f4 P c34b6841054749aeb4ead9fb2cd59b47: Bootstrap starting.
I20260709 14:50:50.951179 13548 raft_consensus.cc:2804] T 8b58b7a5a40549d0a18c9c86c7a37db8 P c34b6841054749aeb4ead9fb2cd59b47 [term 0 FOLLOWER]: Leader pre-election won for term 1
I20260709 14:50:50.953696 13548 raft_consensus.cc:493] T 8b58b7a5a40549d0a18c9c86c7a37db8 P c34b6841054749aeb4ead9fb2cd59b47 [term 0 FOLLOWER]: Starting leader election (no leader contacted us within the election timeout)
I20260709 14:50:50.953307 13091 raft_consensus.cc:3060] T a8bcc79bd4ae46c3ae5b0717ff7d055c P c34b6841054749aeb4ead9fb2cd59b47 [term 0 FOLLOWER]: Advancing to term 1
I20260709 14:50:50.954383 13166 tablet_service.cc:1917] Received RequestConsensusVote() RPC: tablet_id: "a8bcc79bd4ae46c3ae5b0717ff7d055c" candidate_uuid: "af50c951ab8a4e9c93dadff99afeee33" candidate_term: 1 candidate_status { last_received { term: 0 index: 0 } } ignore_live_leader: false dest_uuid: "cb2b27e213114d39a53d26738b196b45"
W20260709 14:50:50.955520 13207 leader_election.cc:343] T a8bcc79bd4ae46c3ae5b0717ff7d055c P af50c951ab8a4e9c93dadff99afeee33 [CANDIDATE]: Term 1 election: Tablet error from VoteRequest() call to peer cb2b27e213114d39a53d26738b196b45 (127.11.170.66:37881): Illegal state: must be running to vote when last-logged opid is not known
I20260709 14:50:50.956409 13058 leader_election.cc:304] T 19c84095142240b88f767934804fe340 P c34b6841054749aeb4ead9fb2cd59b47 [CANDIDATE]: Term 1 election: Election decided. Result: candidate won. Election summary: received 3 responses out of 3 voters: 2 yes votes; 1 no votes. yes voters: c34b6841054749aeb4ead9fb2cd59b47, cb2b27e213114d39a53d26738b196b45; no voters: af50c951ab8a4e9c93dadff99afeee33
I20260709 14:50:50.958108 13549 raft_consensus.cc:2804] T 19c84095142240b88f767934804fe340 P c34b6841054749aeb4ead9fb2cd59b47 [term 1 FOLLOWER]: Leader election won for term 1
I20260709 14:50:50.958639 13549 raft_consensus.cc:697] T 19c84095142240b88f767934804fe340 P c34b6841054749aeb4ead9fb2cd59b47 [term 1 LEADER]: Becoming Leader. State: Replica: c34b6841054749aeb4ead9fb2cd59b47, State: Running, Role: LEADER
I20260709 14:50:50.959600 13283 tablet_bootstrap.cc:492] T 313aa3426610462492dcd5829eb4d9f4 P af50c951ab8a4e9c93dadff99afeee33: No bootstrap required, opened a new log
I20260709 14:50:50.960070 13283 ts_tablet_manager.cc:1403] T 313aa3426610462492dcd5829eb4d9f4 P af50c951ab8a4e9c93dadff99afeee33: Time spent bootstrapping tablet: real 0.087s	user 0.033s	sys 0.031s
