I20260709 14:50:14.923426 18128 consensus_queue.cc:260] T e745ec62e3d9489aacae647e35022775 P c944323a17854ad48fa20e5f884009e2 [NON_LEADER]: Queue going to NON_LEADER mode. State: All replicated index: 0, Majority replicated index: 0, Committed index: 0, Last appended: 0.0, Last appended by leader: 0, Current term: 0, Majority size: -1, State: 0, Mode: NON_LEADER, active raft config: opid_index: -1 OBSOLETE_local: false peers { permanent_uuid: "c944323a17854ad48fa20e5f884009e2" member_type: VOTER last_known_addr { host: "127.17.98.65" port: 33837 } } peers { permanent_uuid: "722522d484cd4aeb9efec46bffd0549f" member_type: VOTER last_known_addr { host: "127.17.98.66" port: 34703 } } peers { permanent_uuid: "de9f24ecb58b461991d9a78842e9e475" member_type: VOTER last_known_addr { host: "127.17.98.67" port: 41117 } }
I20260709 14:50:14.925348 18009 tablet_service.cc:1917] Received RequestConsensusVote() RPC: tablet_id: "bd3acb2486a2461cb7c1920da7f73fec" candidate_uuid: "c944323a17854ad48fa20e5f884009e2" candidate_term: 1 candidate_status { last_received { term: 0 index: 0 } } ignore_live_leader: false dest_uuid: "722522d484cd4aeb9efec46bffd0549f"
I20260709 14:50:14.925909 18009 raft_consensus.cc:3060] T bd3acb2486a2461cb7c1920da7f73fec P 722522d484cd4aeb9efec46bffd0549f [term 0 FOLLOWER]: Advancing to term 1
I20260709 14:50:14.922197 18130 raft_consensus.cc:385] T bd3acb2486a2461cb7c1920da7f73fec P de9f24ecb58b461991d9a78842e9e475 [term 0 FOLLOWER]: Consensus starting up: Expiring failure detector timer to make a prompt election more likely
I20260709 14:50:14.925938 18128 ts_tablet_manager.cc:1434] T e745ec62e3d9489aacae647e35022775 P c944323a17854ad48fa20e5f884009e2: Time spent starting tablet: real 0.013s	user 0.003s	sys 0.003s
I20260709 14:50:14.933111 18163 leader_election.cc:290] T bd3acb2486a2461cb7c1920da7f73fec P c944323a17854ad48fa20e5f884009e2 [CANDIDATE]: Term 1 election: Requested vote from peers 722522d484cd4aeb9efec46bffd0549f (127.17.98.66:34703), de9f24ecb58b461991d9a78842e9e475 (127.17.98.67:41117)
I20260709 14:50:14.933321 18084 tablet_service.cc:1917] Received RequestConsensusVote() RPC: tablet_id: "bd3acb2486a2461cb7c1920da7f73fec" candidate_uuid: "c944323a17854ad48fa20e5f884009e2" candidate_term: 1 candidate_status { last_received { term: 0 index: 0 } } ignore_live_leader: false dest_uuid: "de9f24ecb58b461991d9a78842e9e475"
I20260709 14:50:14.928861 18130 raft_consensus.cc:740] T bd3acb2486a2461cb7c1920da7f73fec P de9f24ecb58b461991d9a78842e9e475 [term 0 FOLLOWER]: Becoming Follower/Learner. State: Replica: de9f24ecb58b461991d9a78842e9e475, State: Initialized, Role: FOLLOWER
I20260709 14:50:14.937042 18128 tablet_bootstrap.cc:492] T cb376521eeb642819ce4eedccf501270 P c944323a17854ad48fa20e5f884009e2: Bootstrap starting.
I20260709 14:50:14.934805 17830 catalog_manager.cc:5697] T cb376521eeb642819ce4eedccf501270 P 722522d484cd4aeb9efec46bffd0549f reported cstate change: term changed from 0 to 1, leader changed from <none> to 722522d484cd4aeb9efec46bffd0549f (127.17.98.66). New cstate: current_term: 1 leader_uuid: "722522d484cd4aeb9efec46bffd0549f" committed_config { opid_index: -1 OBSOLETE_local: false peers { permanent_uuid: "c944323a17854ad48fa20e5f884009e2" member_type: VOTER last_known_addr { host: "127.17.98.65" port: 33837 } health_report { overall_health: UNKNOWN } } peers { permanent_uuid: "722522d484cd4aeb9efec46bffd0549f" member_type: VOTER last_known_addr { host: "127.17.98.66" port: 34703 } health_report { overall_health: HEALTHY } } peers { permanent_uuid: "de9f24ecb58b461991d9a78842e9e475" member_type: VOTER last_known_addr { host: "127.17.98.67" port: 41117 } health_report { overall_health: UNKNOWN } } }
I20260709 14:50:14.942926 18009 raft_consensus.cc:2468] T bd3acb2486a2461cb7c1920da7f73fec P 722522d484cd4aeb9efec46bffd0549f [term 1 FOLLOWER]: Leader election vote request: Granting yes vote for candidate c944323a17854ad48fa20e5f884009e2 in term 1.
I20260709 14:50:14.941578 18130 consensus_queue.cc:260] T bd3acb2486a2461cb7c1920da7f73fec P de9f24ecb58b461991d9a78842e9e475 [NON_LEADER]: Queue going to NON_LEADER mode. State: All replicated index: 0, Majority replicated index: 0, Committed index: 0, Last appended: 0.0, Last appended by leader: 0, Current term: 0, Majority size: -1, State: 0, Mode: NON_LEADER, active raft config: opid_index: -1 OBSOLETE_local: false peers { permanent_uuid: "c944323a17854ad48fa20e5f884009e2" member_type: VOTER last_known_addr { host: "127.17.98.65" port: 33837 } } peers { permanent_uuid: "722522d484cd4aeb9efec46bffd0549f" member_type: VOTER last_known_addr { host: "127.17.98.66" port: 34703 } } peers { permanent_uuid: "de9f24ecb58b461991d9a78842e9e475" member_type: VOTER last_known_addr { host: "127.17.98.67" port: 41117 } }
I20260709 14:50:14.944438 18159 raft_consensus.cc:493] T bd3acb2486a2461cb7c1920da7f73fec P de9f24ecb58b461991d9a78842e9e475 [term 0 FOLLOWER]: Starting pre-election (no leader contacted us within the election timeout)
I20260709 14:50:14.945246 18159 raft_consensus.cc:515] T bd3acb2486a2461cb7c1920da7f73fec P de9f24ecb58b461991d9a78842e9e475 [term 0 FOLLOWER]: Starting pre-election with config: opid_index: -1 OBSOLETE_local: false peers { permanent_uuid: "c944323a17854ad48fa20e5f884009e2" member_type: VOTER last_known_addr { host: "127.17.98.65" port: 33837 } } peers { permanent_uuid: "722522d484cd4aeb9efec46bffd0549f" member_type: VOTER last_known_addr { host: "127.17.98.66" port: 34703 } } peers { permanent_uuid: "de9f24ecb58b461991d9a78842e9e475" member_type: VOTER last_known_addr { host: "127.17.98.67" port: 41117 } }
I20260709 14:50:14.946223 18084 raft_consensus.cc:3060] T bd3acb2486a2461cb7c1920da7f73fec P de9f24ecb58b461991d9a78842e9e475 [term 0 FOLLOWER]: Advancing to term 1
I20260709 14:50:14.947350 18159 leader_election.cc:290] T bd3acb2486a2461cb7c1920da7f73fec P de9f24ecb58b461991d9a78842e9e475 [CANDIDATE]: Term 1 pre-election: Requested pre-vote from peers c944323a17854ad48fa20e5f884009e2 (127.17.98.65:33837), 722522d484cd4aeb9efec46bffd0549f (127.17.98.66:34703)
I20260709 14:50:14.947458 18129 tablet_bootstrap.cc:492] T c9c66e792c81424983022068faca08f6 P 722522d484cd4aeb9efec46bffd0549f: No bootstrap required, opened a new log
I20260709 14:50:14.947937 18129 ts_tablet_manager.cc:1403] T c9c66e792c81424983022068faca08f6 P 722522d484cd4aeb9efec46bffd0549f: Time spent bootstrapping tablet: real 0.162s	user 0.017s	sys 0.003s
I20260709 14:50:14.950838 18129 raft_consensus.cc:359] T c9c66e792c81424983022068faca08f6 P 722522d484cd4aeb9efec46bffd0549f [term 0 FOLLOWER]: Replica starting. Triggering 0 pending ops. Active config: opid_index: -1 OBSOLETE_local: false peers { permanent_uuid: "c944323a17854ad48fa20e5f884009e2" member_type: VOTER last_known_addr { host: "127.17.98.65" port: 33837 } } peers { permanent_uuid: "722522d484cd4aeb9efec46bffd0549f" member_type: VOTER last_known_addr { host: "127.17.98.66" port: 34703 } } peers { permanent_uuid: "de9f24ecb58b461991d9a78842e9e475" member_type: VOTER last_known_addr { host: "127.17.98.67" port: 41117 } }
I20260709 14:50:14.951475 18129 raft_consensus.cc:385] T c9c66e792c81424983022068faca08f6 P 722522d484cd4aeb9efec46bffd0549f [term 0 FOLLOWER]: Consensus starting up: Expiring failure detector timer to make a prompt election more likely
I20260709 14:50:14.951743 18129 raft_consensus.cc:740] T c9c66e792c81424983022068faca08f6 P 722522d484cd4aeb9efec46bffd0549f [term 0 FOLLOWER]: Becoming Follower/Learner. State: Replica: 722522d484cd4aeb9efec46bffd0549f, State: Initialized, Role: FOLLOWER
I20260709 14:50:14.952154 17936 tablet_service.cc:1917] Received RequestConsensusVote() RPC: tablet_id: "bd3acb2486a2461cb7c1920da7f73fec" candidate_uuid: "de9f24ecb58b461991d9a78842e9e475" candidate_term: 1 candidate_status { last_received { term: 0 index: 0 } } ignore_live_leader: false dest_uuid: "c944323a17854ad48fa20e5f884009e2" is_pre_election: true
I20260709 14:50:14.952227 18084 raft_consensus.cc:2468] T bd3acb2486a2461cb7c1920da7f73fec P de9f24ecb58b461991d9a78842e9e475 [term 1 FOLLOWER]: Leader election vote request: Granting yes vote for candidate c944323a17854ad48fa20e5f884009e2 in term 1.
I20260709 14:50:14.952389 18129 consensus_queue.cc:260] T c9c66e792c81424983022068faca08f6 P 722522d484cd4aeb9efec46bffd0549f [NON_LEADER]: Queue going to NON_LEADER mode. State: All replicated index: 0, Majority replicated index: 0, Committed index: 0, Last appended: 0.0, Last appended by leader: 0, Current term: 0, Majority size: -1, State: 0, Mode: NON_LEADER, active raft config: opid_index: -1 OBSOLETE_local: false peers { permanent_uuid: "c944323a17854ad48fa20e5f884009e2" member_type: VOTER last_known_addr { host: "127.17.98.65" port: 33837 } } peers { permanent_uuid: "722522d484cd4aeb9efec46bffd0549f" member_type: VOTER last_known_addr { host: "127.17.98.66" port: 34703 } } peers { permanent_uuid: "de9f24ecb58b461991d9a78842e9e475" member_type: VOTER last_known_addr { host: "127.17.98.67" port: 41117 } }
I20260709 14:50:14.953176 18011 tablet_service.cc:1917] Received RequestConsensusVote() RPC: tablet_id: "bd3acb2486a2461cb7c1920da7f73fec" candidate_uuid: "de9f24ecb58b461991d9a78842e9e475" candidate_term: 1 candidate_status { last_received { term: 0 index: 0 } } ignore_live_leader: false dest_uuid: "722522d484cd4aeb9efec46bffd0549f" is_pre_election: true
I20260709 14:50:14.953930 18011 raft_consensus.cc:2393] T bd3acb2486a2461cb7c1920da7f73fec P 722522d484cd4aeb9efec46bffd0549f [term 1 FOLLOWER]: Leader pre-election vote request: Denying vote to candidate de9f24ecb58b461991d9a78842e9e475 in current term 1: Already voted for candidate c944323a17854ad48fa20e5f884009e2 in this term.
I20260709 14:50:14.954594 18129 ts_tablet_manager.cc:1434] T c9c66e792c81424983022068faca08f6 P 722522d484cd4aeb9efec46bffd0549f: Time spent starting tablet: real 0.006s	user 0.006s	sys 0.000s
I20260709 14:50:14.954842 17899 leader_election.cc:304] T bd3acb2486a2461cb7c1920da7f73fec P c944323a17854ad48fa20e5f884009e2 [CANDIDATE]: Term 1 election: Election decided. Result: candidate won. Election summary: received 2 responses out of 3 voters: 2 yes votes; 0 no votes. yes voters: c944323a17854ad48fa20e5f884009e2, de9f24ecb58b461991d9a78842e9e475; no voters: 
I20260709 14:50:14.955273 17936 raft_consensus.cc:2393] T bd3acb2486a2461cb7c1920da7f73fec P c944323a17854ad48fa20e5f884009e2 [term 1 FOLLOWER]: Leader pre-election vote request: Denying vote to candidate de9f24ecb58b461991d9a78842e9e475 in current term 1: Already voted for candidate c944323a17854ad48fa20e5f884009e2 in this term.
I20260709 14:50:14.955438 18129 tablet_bootstrap.cc:492] T 05420720b07141688fd83827ac11d5d0 P 722522d484cd4aeb9efec46bffd0549f: Bootstrap starting.
I20260709 14:50:14.955649 18161 raft_consensus.cc:2804] T bd3acb2486a2461cb7c1920da7f73fec P c944323a17854ad48fa20e5f884009e2 [term 1 FOLLOWER]: Leader election won for term 1
I20260709 14:50:14.956113 18161 raft_consensus.cc:697] T bd3acb2486a2461cb7c1920da7f73fec P c944323a17854ad48fa20e5f884009e2 [term 1 LEADER]: Becoming Leader. State: Replica: c944323a17854ad48fa20e5f884009e2, State: Running, Role: LEADER
I20260709 14:50:14.956387 18049 leader_election.cc:304] T bd3acb2486a2461cb7c1920da7f73fec P de9f24ecb58b461991d9a78842e9e475 [CANDIDATE]: Term 1 pre-election: Election decided. Result: candidate lost. Election summary: received 3 responses out of 3 voters: 1 yes votes; 2 no votes. yes voters: de9f24ecb58b461991d9a78842e9e475; no voters: 722522d484cd4aeb9efec46bffd0549f, c944323a17854ad48fa20e5f884009e2
I20260709 14:50:14.957355 18159 raft_consensus.cc:2749] T bd3acb2486a2461cb7c1920da7f73fec P de9f24ecb58b461991d9a78842e9e475 [term 1 FOLLOWER]: Leader pre-election lost for term 1. Reason: could not achieve majority
I20260709 14:50:14.957896 18161 consensus_queue.cc:237] T bd3acb2486a2461cb7c1920da7f73fec P c944323a17854ad48fa20e5f884009e2 [LEADER]: Queue going to LEADER mode. State: All replicated index: 0, Majority replicated index: 0, Committed index: 0, Last appended: 0.0, Last appended by leader: 0, Current term: 1, Majority size: 2, State: 0, Mode: LEADER, active raft config: opid_index: -1 OBSOLETE_local: false peers { permanent_uuid: "c944323a17854ad48fa20e5f884009e2" member_type: VOTER last_known_addr { host: "127.17.98.65" port: 33837 } } peers { permanent_uuid: "722522d484cd4aeb9efec46bffd0549f" member_type: VOTER last_known_addr { host: "127.17.98.66" port: 34703 } } peers { permanent_uuid: "de9f24ecb58b461991d9a78842e9e475" member_type: VOTER last_known_addr { host: "127.17.98.67" port: 41117 } }
I20260709 14:50:14.962607 18129 tablet_bootstrap.cc:654] T 05420720b07141688fd83827ac11d5d0 P 722522d484cd4aeb9efec46bffd0549f: Neither blocks nor log segments found. Creating new log.
I20260709 14:50:14.965361 18130 ts_tablet_manager.cc:1434] T bd3acb2486a2461cb7c1920da7f73fec P de9f24ecb58b461991d9a78842e9e475: Time spent starting tablet: real 0.049s	user 0.009s	sys 0.000s
I20260709 14:50:14.968034 18130 tablet_bootstrap.cc:492] T 05420720b07141688fd83827ac11d5d0 P de9f24ecb58b461991d9a78842e9e475: Bootstrap starting.
I20260709 14:50:14.967141 18128 tablet_bootstrap.cc:654] T cb376521eeb642819ce4eedccf501270 P c944323a17854ad48fa20e5f884009e2: Neither blocks nor log segments found. Creating new log.
I20260709 14:50:14.972378 18163 raft_consensus.cc:493] T c9c66e792c81424983022068faca08f6 P c944323a17854ad48fa20e5f884009e2 [term 0 FOLLOWER]: Starting pre-election (no leader contacted us within the election timeout)
I20260709 14:50:14.972878 18163 raft_consensus.cc:515] T c9c66e792c81424983022068faca08f6 P c944323a17854ad48fa20e5f884009e2 [term 0 FOLLOWER]: Starting pre-election with config: opid_index: -1 OBSOLETE_local: false peers { permanent_uuid: "c944323a17854ad48fa20e5f884009e2" member_type: VOTER last_known_addr { host: "127.17.98.65" port: 33837 } } peers { permanent_uuid: "722522d484cd4aeb9efec46bffd0549f" member_type: VOTER last_known_addr { host: "127.17.98.66" port: 34703 } } peers { permanent_uuid: "de9f24ecb58b461991d9a78842e9e475" member_type: VOTER last_known_addr { host: "127.17.98.67" port: 41117 } }
I20260709 14:50:14.975404 18009 tablet_service.cc:1917] Received RequestConsensusVote() RPC: tablet_id: "c9c66e792c81424983022068faca08f6" candidate_uuid: "c944323a17854ad48fa20e5f884009e2" candidate_term: 1 candidate_status { last_received { term: 0 index: 0 } } ignore_live_leader: false dest_uuid: "722522d484cd4aeb9efec46bffd0549f" is_pre_election: true
I20260709 14:50:14.976006 18009 raft_consensus.cc:2468] T c9c66e792c81424983022068faca08f6 P 722522d484cd4aeb9efec46bffd0549f [term 0 FOLLOWER]: Leader pre-election vote request: Granting yes vote for candidate c944323a17854ad48fa20e5f884009e2 in term 0.
I20260709 14:50:14.977154 17902 leader_election.cc:304] T c9c66e792c81424983022068faca08f6 P c944323a17854ad48fa20e5f884009e2 [CANDIDATE]: Term 1 pre-election: Election decided. Result: candidate won. Election summary: received 2 responses out of 3 voters: 2 yes votes; 0 no votes. yes voters: 722522d484cd4aeb9efec46bffd0549f, c944323a17854ad48fa20e5f884009e2; no voters: 
I20260709 14:50:14.977965 18134 raft_consensus.cc:2804] T c9c66e792c81424983022068faca08f6 P c944323a17854ad48fa20e5f884009e2 [term 0 FOLLOWER]: Leader pre-election won for term 1
I20260709 14:50:14.978406 18134 raft_consensus.cc:493] T c9c66e792c81424983022068faca08f6 P c944323a17854ad48fa20e5f884009e2 [term 0 FOLLOWER]: Starting leader election (no leader contacted us within the election timeout)
I20260709 14:50:14.978753 18134 raft_consensus.cc:3060] T c9c66e792c81424983022068faca08f6 P c944323a17854ad48fa20e5f884009e2 [term 0 FOLLOWER]: Advancing to term 1
I20260709 14:50:14.979817 18084 tablet_service.cc:1917] Received RequestConsensusVote() RPC: tablet_id: "c9c66e792c81424983022068faca08f6" candidate_uuid: "c944323a17854ad48fa20e5f884009e2" candidate_term: 1 candidate_status { last_received { term: 0 index: 0 } } ignore_live_leader: false dest_uuid: "de9f24ecb58b461991d9a78842e9e475" is_pre_election: true
I20260709 14:50:14.980413 18084 raft_consensus.cc:2468] T c9c66e792c81424983022068faca08f6 P de9f24ecb58b461991d9a78842e9e475 [term 0 FOLLOWER]: Leader pre-election vote request: Granting yes vote for candidate c944323a17854ad48fa20e5f884009e2 in term 0.
I20260709 14:50:14.980844 18163 leader_election.cc:290] T c9c66e792c81424983022068faca08f6 P c944323a17854ad48fa20e5f884009e2 [CANDIDATE]: Term 1 pre-election: Requested pre-vote from peers 722522d484cd4aeb9efec46bffd0549f (127.17.98.66:34703), de9f24ecb58b461991d9a78842e9e475 (127.17.98.67:41117)
I20260709 14:50:14.987438 18134 raft_consensus.cc:515] T c9c66e792c81424983022068faca08f6 P c944323a17854ad48fa20e5f884009e2 [term 1 FOLLOWER]: Starting leader election with config: opid_index: -1 OBSOLETE_local: false peers { permanent_uuid: "c944323a17854ad48fa20e5f884009e2" member_type: VOTER last_known_addr { host: "127.17.98.65" port: 33837 } } peers { permanent_uuid: "722522d484cd4aeb9efec46bffd0549f" member_type: VOTER last_known_addr { host: "127.17.98.66" port: 34703 } } peers { permanent_uuid: "de9f24ecb58b461991d9a78842e9e475" member_type: VOTER last_known_addr { host: "127.17.98.67" port: 41117 } }
I20260709 14:50:14.992539 18009 tablet_service.cc:1917] Received RequestConsensusVote() RPC: tablet_id: "c9c66e792c81424983022068faca08f6" candidate_uuid: "c944323a17854ad48fa20e5f884009e2" candidate_term: 1 candidate_status { last_received { term: 0 index: 0 } } ignore_live_leader: false dest_uuid: "722522d484cd4aeb9efec46bffd0549f"
I20260709 14:50:14.994975 18128 tablet_bootstrap.cc:492] T cb376521eeb642819ce4eedccf501270 P c944323a17854ad48fa20e5f884009e2: No bootstrap required, opened a new log
I20260709 14:50:14.995306 18128 ts_tablet_manager.cc:1403] T cb376521eeb642819ce4eedccf501270 P c944323a17854ad48fa20e5f884009e2: Time spent bootstrapping tablet: real 0.058s	user 0.012s	sys 0.003s
I20260709 14:50:14.994403 18009 raft_consensus.cc:3060] T c9c66e792c81424983022068faca08f6 P 722522d484cd4aeb9efec46bffd0549f [term 0 FOLLOWER]: Advancing to term 1
I20260709 14:50:14.994455 18084 tablet_service.cc:1917] Received RequestConsensusVote() RPC: tablet_id: "c9c66e792c81424983022068faca08f6" candidate_uuid: "c944323a17854ad48fa20e5f884009e2" candidate_term: 1 candidate_status { last_received { term: 0 index: 0 } } ignore_live_leader: false dest_uuid: "de9f24ecb58b461991d9a78842e9e475"
I20260709 14:50:14.992367 18134 leader_election.cc:290] T c9c66e792c81424983022068faca08f6 P c944323a17854ad48fa20e5f884009e2 [CANDIDATE]: Term 1 election: Requested vote from peers 722522d484cd4aeb9efec46bffd0549f (127.17.98.66:34703), de9f24ecb58b461991d9a78842e9e475 (127.17.98.67:41117)
I20260709 14:50:14.997171 18084 raft_consensus.cc:3060] T c9c66e792c81424983022068faca08f6 P de9f24ecb58b461991d9a78842e9e475 [term 0 FOLLOWER]: Advancing to term 1
I20260709 14:50:14.999541 18129 tablet_bootstrap.cc:492] T 05420720b07141688fd83827ac11d5d0 P 722522d484cd4aeb9efec46bffd0549f: No bootstrap required, opened a new log
I20260709 14:50:14.999962 18129 ts_tablet_manager.cc:1403] T 05420720b07141688fd83827ac11d5d0 P 722522d484cd4aeb9efec46bffd0549f: Time spent bootstrapping tablet: real 0.045s	user 0.028s	sys 0.007s
I20260709 14:50:15.000049 18128 raft_consensus.cc:359] T cb376521eeb642819ce4eedccf501270 P c944323a17854ad48fa20e5f884009e2 [term 0 FOLLOWER]: Replica starting. Triggering 0 pending ops. Active config: opid_index: -1 OBSOLETE_local: false peers { permanent_uuid: "c944323a17854ad48fa20e5f884009e2" member_type: VOTER last_known_addr { host: "127.17.98.65" port: 33837 } } peers { permanent_uuid: "722522d484cd4aeb9efec46bffd0549f" member_type: VOTER last_known_addr { host: "127.17.98.66" port: 34703 } } peers { permanent_uuid: "de9f24ecb58b461991d9a78842e9e475" member_type: VOTER last_known_addr { host: "127.17.98.67" port: 41117 } }
I20260709 14:50:15.000639 18128 raft_consensus.cc:385] T cb376521eeb642819ce4eedccf501270 P c944323a17854ad48fa20e5f884009e2 [term 0 FOLLOWER]: Consensus starting up: Expiring failure detector timer to make a prompt election more likely
I20260709 14:50:15.000936 18128 raft_consensus.cc:740] T cb376521eeb642819ce4eedccf501270 P c944323a17854ad48fa20e5f884009e2 [term 0 FOLLOWER]: Becoming Follower/Learner. State: Replica: c944323a17854ad48fa20e5f884009e2, State: Initialized, Role: FOLLOWER
I20260709 14:50:15.001540 18128 consensus_queue.cc:260] T cb376521eeb642819ce4eedccf501270 P c944323a17854ad48fa20e5f884009e2 [NON_LEADER]: Queue going to NON_LEADER mode. State: All replicated index: 0, Majority replicated index: 0, Committed index: 0, Last appended: 0.0, Last appended by leader: 0, Current term: 0, Majority size: -1, State: 0, Mode: NON_LEADER, active raft config: opid_index: -1 OBSOLETE_local: false peers { permanent_uuid: "c944323a17854ad48fa20e5f884009e2" member_type: VOTER last_known_addr { host: "127.17.98.65" port: 33837 } } peers { permanent_uuid: "722522d484cd4aeb9efec46bffd0549f" member_type: VOTER last_known_addr { host: "127.17.98.66" port: 34703 } } peers { permanent_uuid: "de9f24ecb58b461991d9a78842e9e475" member_type: VOTER last_known_addr { host: "127.17.98.67" port: 41117 } }
I20260709 14:50:15.003324 18130 tablet_bootstrap.cc:654] T 05420720b07141688fd83827ac11d5d0 P de9f24ecb58b461991d9a78842e9e475: Neither blocks nor log segments found. Creating new log.
I20260709 14:50:15.006562 18009 raft_consensus.cc:2468] T c9c66e792c81424983022068faca08f6 P 722522d484cd4aeb9efec46bffd0549f [term 1 FOLLOWER]: Leader election vote request: Granting yes vote for candidate c944323a17854ad48fa20e5f884009e2 in term 1.
I20260709 14:50:15.007993 17902 leader_election.cc:304] T c9c66e792c81424983022068faca08f6 P c944323a17854ad48fa20e5f884009e2 [CANDIDATE]: Term 1 election: Election decided. Result: candidate won. Election summary: received 2 responses out of 3 voters: 2 yes votes; 0 no votes. yes voters: 722522d484cd4aeb9efec46bffd0549f, c944323a17854ad48fa20e5f884009e2; no voters: 
I20260709 14:50:15.004930 18084 raft_consensus.cc:2468] T c9c66e792c81424983022068faca08f6 P de9f24ecb58b461991d9a78842e9e475 [term 1 FOLLOWER]: Leader election vote request: Granting yes vote for candidate c944323a17854ad48fa20e5f884009e2 in term 1.
I20260709 14:50:15.009555 18129 raft_consensus.cc:359] T 05420720b07141688fd83827ac11d5d0 P 722522d484cd4aeb9efec46bffd0549f [term 0 FOLLOWER]: Replica starting. Triggering 0 pending ops. Active config: opid_index: -1 OBSOLETE_local: false peers { permanent_uuid: "c944323a17854ad48fa20e5f884009e2" member_type: VOTER last_known_addr { host: "127.17.98.65" port: 33837 } } peers { permanent_uuid: "722522d484cd4aeb9efec46bffd0549f" member_type: VOTER last_known_addr { host: "127.17.98.66" port: 34703 } } peers { permanent_uuid: "de9f24ecb58b461991d9a78842e9e475" member_type: VOTER last_known_addr { host: "127.17.98.67" port: 41117 } }
I20260709 14:50:15.010219 18129 raft_consensus.cc:385] T 05420720b07141688fd83827ac11d5d0 P 722522d484cd4aeb9efec46bffd0549f [term 0 FOLLOWER]: Consensus starting up: Expiring failure detector timer to make a prompt election more likely
I20260709 14:50:15.010501 18134 raft_consensus.cc:2804] T c9c66e792c81424983022068faca08f6 P c944323a17854ad48fa20e5f884009e2 [term 1 FOLLOWER]: Leader election won for term 1
I20260709 14:50:15.010520 18129 raft_consensus.cc:740] T 05420720b07141688fd83827ac11d5d0 P 722522d484cd4aeb9efec46bffd0549f [term 0 FOLLOWER]: Becoming Follower/Learner. State: Replica: 722522d484cd4aeb9efec46bffd0549f, State: Initialized, Role: FOLLOWER
I20260709 14:50:15.011091 18128 ts_tablet_manager.cc:1434] T cb376521eeb642819ce4eedccf501270 P c944323a17854ad48fa20e5f884009e2: Time spent starting tablet: real 0.016s	user 0.005s	sys 0.001s
I20260709 14:50:15.011415 18134 raft_consensus.cc:697] T c9c66e792c81424983022068faca08f6 P c944323a17854ad48fa20e5f884009e2 [term 1 LEADER]: Becoming Leader. State: Replica: c944323a17854ad48fa20e5f884009e2, State: Running, Role: LEADER
I20260709 14:50:15.012077 18128 tablet_bootstrap.cc:492] T f586f1bc40624cbf8efaf19786f7e479 P c944323a17854ad48fa20e5f884009e2: Bootstrap starting.
I20260709 14:50:15.012773 18129 consensus_queue.cc:260] T 05420720b07141688fd83827ac11d5d0 P 722522d484cd4aeb9efec46bffd0549f [NON_LEADER]: Queue going to NON_LEADER mode. State: All replicated index: 0, Majority replicated index: 0, Committed index: 0, Last appended: 0.0, Last appended by leader: 0, Current term: 0, Majority size: -1, State: 0, Mode: NON_LEADER, active raft config: opid_index: -1 OBSOLETE_local: false peers { permanent_uuid: "c944323a17854ad48fa20e5f884009e2" member_type: VOTER last_known_addr { host: "127.17.98.65" port: 33837 } } peers { permanent_uuid: "722522d484cd4aeb9efec46bffd0549f" member_type: VOTER last_known_addr { host: "127.17.98.66" port: 34703 } } peers { permanent_uuid: "de9f24ecb58b461991d9a78842e9e475" member_type: VOTER last_known_addr { host: "127.17.98.67" port: 41117 } }
I20260709 14:50:15.014598 18134 consensus_queue.cc:237] T c9c66e792c81424983022068faca08f6 P c944323a17854ad48fa20e5f884009e2 [LEADER]: Queue going to LEADER mode. State: All replicated index: 0, Majority replicated index: 0, Committed index: 0, Last appended: 0.0, Last appended by leader: 0, Current term: 1, Majority size: 2, State: 0, Mode: LEADER, active raft config: opid_index: -1 OBSOLETE_local: false peers { permanent_uuid: "c944323a17854ad48fa20e5f884009e2" member_type: VOTER last_known_addr { host: "127.17.98.65" port: 33837 } } peers { permanent_uuid: "722522d484cd4aeb9efec46bffd0549f" member_type: VOTER last_known_addr { host: "127.17.98.66" port: 34703 } } peers { permanent_uuid: "de9f24ecb58b461991d9a78842e9e475" member_type: VOTER last_known_addr { host: "127.17.98.67" port: 41117 } }
I20260709 14:50:15.015911 17831 catalog_manager.cc:5697] T 3aa72d31a8fc4267a0e105fe9f07fbb5 P de9f24ecb58b461991d9a78842e9e475 reported cstate change: term changed from 0 to 1, leader changed from <none> to de9f24ecb58b461991d9a78842e9e475 (127.17.98.67). New cstate: current_term: 1 leader_uuid: "de9f24ecb58b461991d9a78842e9e475" committed_config { opid_index: -1 OBSOLETE_local: false peers { permanent_uuid: "c944323a17854ad48fa20e5f884009e2" member_type: VOTER last_known_addr { host: "127.17.98.65" port: 33837 } health_report { overall_health: UNKNOWN } } peers { permanent_uuid: "722522d484cd4aeb9efec46bffd0549f" member_type: VOTER last_known_addr { host: "127.17.98.66" port: 34703 } health_report { overall_health: UNKNOWN } } peers { permanent_uuid: "de9f24ecb58b461991d9a78842e9e475" member_type: VOTER last_known_addr { host: "127.17.98.67" port: 41117 } health_report { overall_health: HEALTHY } } }
I20260709 14:50:15.018080 18129 ts_tablet_manager.cc:1434] T 05420720b07141688fd83827ac11d5d0 P 722522d484cd4aeb9efec46bffd0549f: Time spent starting tablet: real 0.018s	user 0.003s	sys 0.009s
I20260709 14:50:15.018989 18129 tablet_bootstrap.cc:492] T f586f1bc40624cbf8efaf19786f7e479 P 722522d484cd4aeb9efec46bffd0549f: Bootstrap starting.
I20260709 14:50:15.024385 18129 tablet_bootstrap.cc:654] T f586f1bc40624cbf8efaf19786f7e479 P 722522d484cd4aeb9efec46bffd0549f: Neither blocks nor log segments found. Creating new log.
I20260709 14:50:15.027638 17833 catalog_manager.cc:5697] T 69de43f8345944d380465fe357f4c0de P c944323a17854ad48fa20e5f884009e2 reported cstate change: term changed from 0 to 1, leader changed from <none> to c944323a17854ad48fa20e5f884009e2 (127.17.98.65). New cstate: current_term: 1 leader_uuid: "c944323a17854ad48fa20e5f884009e2" committed_config { opid_index: -1 OBSOLETE_local: false peers { permanent_uuid: "c944323a17854ad48fa20e5f884009e2" member_type: VOTER last_known_addr { host: "127.17.98.65" port: 33837 } health_report { overall_health: HEALTHY } } peers { permanent_uuid: "722522d484cd4aeb9efec46bffd0549f" member_type: VOTER last_known_addr { host: "127.17.98.66" port: 34703 } health_report { overall_health: UNKNOWN } } peers { permanent_uuid: "de9f24ecb58b461991d9a78842e9e475" member_type: VOTER last_known_addr { host: "127.17.98.67" port: 41117 } health_report { overall_health: UNKNOWN } } }
I20260709 14:50:15.029539 17833 catalog_manager.cc:5697] T bd3acb2486a2461cb7c1920da7f73fec P c944323a17854ad48fa20e5f884009e2 reported cstate change: term changed from 0 to 1, leader changed from <none> to c944323a17854ad48fa20e5f884009e2 (127.17.98.65). New cstate: current_term: 1 leader_uuid: "c944323a17854ad48fa20e5f884009e2" committed_config { opid_index: -1 OBSOLETE_local: false peers { permanent_uuid: "c944323a17854ad48fa20e5f884009e2" member_type: VOTER last_known_addr { host: "127.17.98.65" port: 33837 } health_report { overall_health: HEALTHY } } peers { permanent_uuid: "722522d484cd4aeb9efec46bffd0549f" member_type: VOTER last_known_addr { host: "127.17.98.66" port: 34703 } health_report { overall_health: UNKNOWN } } peers { permanent_uuid: "de9f24ecb58b461991d9a78842e9e475" member_type: VOTER last_known_addr { host: "127.17.98.67" port: 41117 } health_report { overall_health: UNKNOWN } } }
I20260709 14:50:15.033327 18128 tablet_bootstrap.cc:654] T f586f1bc40624cbf8efaf19786f7e479 P c944323a17854ad48fa20e5f884009e2: Neither blocks nor log segments found. Creating new log.
I20260709 14:50:15.035580 18129 tablet_bootstrap.cc:492] T f586f1bc40624cbf8efaf19786f7e479 P 722522d484cd4aeb9efec46bffd0549f: No bootstrap required, opened a new log
I20260709 14:50:15.036016 18129 ts_tablet_manager.cc:1403] T f586f1bc40624cbf8efaf19786f7e479 P 722522d484cd4aeb9efec46bffd0549f: Time spent bootstrapping tablet: real 0.017s	user 0.013s	sys 0.001s
I20260709 14:50:15.037297 18130 tablet_bootstrap.cc:492] T 05420720b07141688fd83827ac11d5d0 P de9f24ecb58b461991d9a78842e9e475: No bootstrap required, opened a new log
I20260709 14:50:15.037741 18130 ts_tablet_manager.cc:1403] T 05420720b07141688fd83827ac11d5d0 P de9f24ecb58b461991d9a78842e9e475: Time spent bootstrapping tablet: real 0.070s	user 0.006s	sys 0.009s
I20260709 14:50:15.038302 18129 raft_consensus.cc:359] T f586f1bc40624cbf8efaf19786f7e479 P 722522d484cd4aeb9efec46bffd0549f [term 0 FOLLOWER]: Replica starting. Triggering 0 pending ops. Active config: opid_index: -1 OBSOLETE_local: false peers { permanent_uuid: "c944323a17854ad48fa20e5f884009e2" member_type: VOTER last_known_addr { host: "127.17.98.65" port: 33837 } } peers { permanent_uuid: "722522d484cd4aeb9efec46bffd0549f" member_type: VOTER last_known_addr { host: "127.17.98.66" port: 34703 } } peers { permanent_uuid: "de9f24ecb58b461991d9a78842e9e475" member_type: VOTER last_known_addr { host: "127.17.98.67" port: 41117 } }
I20260709 14:50:15.038938 18129 raft_consensus.cc:385] T f586f1bc40624cbf8efaf19786f7e479 P 722522d484cd4aeb9efec46bffd0549f [term 0 FOLLOWER]: Consensus starting up: Expiring failure detector timer to make a prompt election more likely
I20260709 14:50:15.039193 18129 raft_consensus.cc:740] T f586f1bc40624cbf8efaf19786f7e479 P 722522d484cd4aeb9efec46bffd0549f [term 0 FOLLOWER]: Becoming Follower/Learner. State: Replica: 722522d484cd4aeb9efec46bffd0549f, State: Initialized, Role: FOLLOWER
I20260709 14:50:15.039803 18129 consensus_queue.cc:260] T f586f1bc40624cbf8efaf19786f7e479 P 722522d484cd4aeb9efec46bffd0549f [NON_LEADER]: Queue going to NON_LEADER mode. State: All replicated index: 0, Majority replicated index: 0, Committed index: 0, Last appended: 0.0, Last appended by leader: 0, Current term: 0, Majority size: -1, State: 0, Mode: NON_LEADER, active raft config: opid_index: -1 OBSOLETE_local: false peers { permanent_uuid: "c944323a17854ad48fa20e5f884009e2" member_type: VOTER last_known_addr { host: "127.17.98.65" port: 33837 } } peers { permanent_uuid: "722522d484cd4aeb9efec46bffd0549f" member_type: VOTER last_known_addr { host: "127.17.98.66" port: 34703 } } peers { permanent_uuid: "de9f24ecb58b461991d9a78842e9e475" member_type: VOTER last_known_addr { host: "127.17.98.67" port: 41117 } }
I20260709 14:50:15.040437 18130 raft_consensus.cc:359] T 05420720b07141688fd83827ac11d5d0 P de9f24ecb58b461991d9a78842e9e475 [term 0 FOLLOWER]: Replica starting. Triggering 0 pending ops. Active config: opid_index: -1 OBSOLETE_local: false peers { permanent_uuid: "c944323a17854ad48fa20e5f884009e2" member_type: VOTER last_known_addr { host: "127.17.98.65" port: 33837 } } peers { permanent_uuid: "722522d484cd4aeb9efec46bffd0549f" member_type: VOTER last_known_addr { host: "127.17.98.66" port: 34703 } } peers { permanent_uuid: "de9f24ecb58b461991d9a78842e9e475" member_type: VOTER last_known_addr { host: "127.17.98.67" port: 41117 } }
I20260709 14:50:15.041128 18130 raft_consensus.cc:385] T 05420720b07141688fd83827ac11d5d0 P de9f24ecb58b461991d9a78842e9e475 [term 0 FOLLOWER]: Consensus starting up: Expiring failure detector timer to make a prompt election more likely
I20260709 14:50:15.041399 18130 raft_consensus.cc:740] T 05420720b07141688fd83827ac11d5d0 P de9f24ecb58b461991d9a78842e9e475 [term 0 FOLLOWER]: Becoming Follower/Learner. State: Replica: de9f24ecb58b461991d9a78842e9e475, State: Initialized, Role: FOLLOWER
I20260709 14:50:15.041898 18129 ts_tablet_manager.cc:1434] T f586f1bc40624cbf8efaf19786f7e479 P 722522d484cd4aeb9efec46bffd0549f: Time spent starting tablet: real 0.006s	user 0.006s	sys 0.000s
I20260709 14:50:15.042142 18130 consensus_queue.cc:260] T 05420720b07141688fd83827ac11d5d0 P de9f24ecb58b461991d9a78842e9e475 [NON_LEADER]: Queue going to NON_LEADER mode. State: All replicated index: 0, Majority replicated index: 0, Committed index: 0, Last appended: 0.0, Last appended by leader: 0, Current term: 0, Majority size: -1, State: 0, Mode: NON_LEADER, active raft config: opid_index: -1 OBSOLETE_local: false peers { permanent_uuid: "c944323a17854ad48fa20e5f884009e2" member_type: VOTER last_known_addr { host: "127.17.98.65" port: 33837 } } peers { permanent_uuid: "722522d484cd4aeb9efec46bffd0549f" member_type: VOTER last_known_addr { host: "127.17.98.66" port: 34703 } } peers { permanent_uuid: "de9f24ecb58b461991d9a78842e9e475" member_type: VOTER last_known_addr { host: "127.17.98.67" port: 41117 } }
I20260709 14:50:15.044440 18130 ts_tablet_manager.cc:1434] T 05420720b07141688fd83827ac11d5d0 P de9f24ecb58b461991d9a78842e9e475: Time spent starting tablet: real 0.006s	user 0.006s	sys 0.000s
I20260709 14:50:15.045447 18130 tablet_bootstrap.cc:492] T f586f1bc40624cbf8efaf19786f7e479 P de9f24ecb58b461991d9a78842e9e475: Bootstrap starting.
I20260709 14:50:15.060045 18134 raft_consensus.cc:493] T e745ec62e3d9489aacae647e35022775 P c944323a17854ad48fa20e5f884009e2 [term 0 FOLLOWER]: Starting pre-election (no leader contacted us within the election timeout)
I20260709 14:50:15.060557 18134 raft_consensus.cc:515] T e745ec62e3d9489aacae647e35022775 P c944323a17854ad48fa20e5f884009e2 [term 0 FOLLOWER]: Starting pre-election with config: opid_index: -1 OBSOLETE_local: false peers { permanent_uuid: "c944323a17854ad48fa20e5f884009e2" member_type: VOTER last_known_addr { host: "127.17.98.65" port: 33837 } } peers { permanent_uuid: "722522d484cd4aeb9efec46bffd0549f" member_type: VOTER last_known_addr { host: "127.17.98.66" port: 34703 } } peers { permanent_uuid: "de9f24ecb58b461991d9a78842e9e475" member_type: VOTER last_known_addr { host: "127.17.98.67" port: 41117 } }
I20260709 14:50:15.061489 17833 catalog_manager.cc:5697] T c9c66e792c81424983022068faca08f6 P c944323a17854ad48fa20e5f884009e2 reported cstate change: term changed from 0 to 1, leader changed from <none> to c944323a17854ad48fa20e5f884009e2 (127.17.98.65). New cstate: current_term: 1 leader_uuid: "c944323a17854ad48fa20e5f884009e2" committed_config { opid_index: -1 OBSOLETE_local: false peers { permanent_uuid: "c944323a17854ad48fa20e5f884009e2" member_type: VOTER last_known_addr { host: "127.17.98.65" port: 33837 } health_report { overall_health: HEALTHY } } peers { permanent_uuid: "722522d484cd4aeb9efec46bffd0549f" member_type: VOTER last_known_addr { host: "127.17.98.66" port: 34703 } health_report { overall_health: UNKNOWN } } peers { permanent_uuid: "de9f24ecb58b461991d9a78842e9e475" member_type: VOTER last_known_addr { host: "127.17.98.67" port: 41117 } health_report { overall_health: UNKNOWN } } }
I20260709 14:50:15.062662 18134 leader_election.cc:290] T e745ec62e3d9489aacae647e35022775 P c944323a17854ad48fa20e5f884009e2 [CANDIDATE]: Term 1 pre-election: Requested pre-vote from peers 722522d484cd4aeb9efec46bffd0549f (127.17.98.66:34703), de9f24ecb58b461991d9a78842e9e475 (127.17.98.67:41117)
I20260709 14:50:15.063721 18084 tablet_service.cc:1917] Received RequestConsensusVote() RPC: tablet_id: "e745ec62e3d9489aacae647e35022775" candidate_uuid: "c944323a17854ad48fa20e5f884009e2" candidate_term: 1 candidate_status { last_received { term: 0 index: 0 } } ignore_live_leader: false dest_uuid: "de9f24ecb58b461991d9a78842e9e475" is_pre_election: true
I20260709 14:50:15.064116 18009 tablet_service.cc:1917] Received RequestConsensusVote() RPC: tablet_id: "e745ec62e3d9489aacae647e35022775" candidate_uuid: "c944323a17854ad48fa20e5f884009e2" candidate_term: 1 candidate_status { last_received { term: 0 index: 0 } } ignore_live_leader: false dest_uuid: "722522d484cd4aeb9efec46bffd0549f" is_pre_election: true
I20260709 14:50:15.064339 18128 tablet_bootstrap.cc:492] T f586f1bc40624cbf8efaf19786f7e479 P c944323a17854ad48fa20e5f884009e2: No bootstrap required, opened a new log
I20260709 14:50:15.064857 18009 raft_consensus.cc:2393] T e745ec62e3d9489aacae647e35022775 P 722522d484cd4aeb9efec46bffd0549f [term 1 FOLLOWER]: Leader pre-election vote request: Denying vote to candidate c944323a17854ad48fa20e5f884009e2 in current term 1: Already voted for candidate de9f24ecb58b461991d9a78842e9e475 in this term.
I20260709 14:50:15.064919 18128 ts_tablet_manager.cc:1403] T f586f1bc40624cbf8efaf19786f7e479 P c944323a17854ad48fa20e5f884009e2: Time spent bootstrapping tablet: real 0.053s	user 0.014s	sys 0.006s
I20260709 14:50:15.066032 17902 leader_election.cc:304] T e745ec62e3d9489aacae647e35022775 P c944323a17854ad48fa20e5f884009e2 [CANDIDATE]: Term 1 pre-election: Election decided. Result: candidate lost. Election summary: received 3 responses out of 3 voters: 1 yes votes; 2 no votes. yes voters: c944323a17854ad48fa20e5f884009e2; no voters: 722522d484cd4aeb9efec46bffd0549f, de9f24ecb58b461991d9a78842e9e475
I20260709 14:50:15.068632 18134 raft_consensus.cc:3060] T e745ec62e3d9489aacae647e35022775 P c944323a17854ad48fa20e5f884009e2 [term 0 FOLLOWER]: Advancing to term 1
I20260709 14:50:15.069952 18130 tablet_bootstrap.cc:654] T f586f1bc40624cbf8efaf19786f7e479 P de9f24ecb58b461991d9a78842e9e475: Neither blocks nor log segments found. Creating new log.
I20260709 14:50:15.074064 18128 raft_consensus.cc:359] T f586f1bc40624cbf8efaf19786f7e479 P c944323a17854ad48fa20e5f884009e2 [term 0 FOLLOWER]: Replica starting. Triggering 0 pending ops. Active config: opid_index: -1 OBSOLETE_local: false peers { permanent_uuid: "c944323a17854ad48fa20e5f884009e2" member_type: VOTER last_known_addr { host: "127.17.98.65" port: 33837 } } peers { permanent_uuid: "722522d484cd4aeb9efec46bffd0549f" member_type: VOTER last_known_addr { host: "127.17.98.66" port: 34703 } } peers { permanent_uuid: "de9f24ecb58b461991d9a78842e9e475" member_type: VOTER last_known_addr { host: "127.17.98.67" port: 41117 } }
I20260709 14:50:15.074939 18134 raft_consensus.cc:2749] T e745ec62e3d9489aacae647e35022775 P c944323a17854ad48fa20e5f884009e2 [term 1 FOLLOWER]: Leader pre-election lost for term 1. Reason: could not achieve majority
I20260709 14:50:15.075017 18128 raft_consensus.cc:385] T f586f1bc40624cbf8efaf19786f7e479 P c944323a17854ad48fa20e5f884009e2 [term 0 FOLLOWER]: Consensus starting up: Expiring failure detector timer to make a prompt election more likely
I20260709 14:50:15.075479 18128 raft_consensus.cc:740] T f586f1bc40624cbf8efaf19786f7e479 P c944323a17854ad48fa20e5f884009e2 [term 0 FOLLOWER]: Becoming Follower/Learner. State: Replica: c944323a17854ad48fa20e5f884009e2, State: Initialized, Role: FOLLOWER
I20260709 14:50:15.077939 18128 consensus_queue.cc:260] T f586f1bc40624cbf8efaf19786f7e479 P c944323a17854ad48fa20e5f884009e2 [NON_LEADER]: Queue going to NON_LEADER mode. State: All replicated index: 0, Majority replicated index: 0, Committed index: 0, Last appended: 0.0, Last appended by leader: 0, Current term: 0, Majority size: -1, State: 0, Mode: NON_LEADER, active raft config: opid_index: -1 OBSOLETE_local: false peers { permanent_uuid: "c944323a17854ad48fa20e5f884009e2" member_type: VOTER last_known_addr { host: "127.17.98.65" port: 33837 } } peers { permanent_uuid: "722522d484cd4aeb9efec46bffd0549f" member_type: VOTER last_known_addr { host: "127.17.98.66" port: 34703 } } peers { permanent_uuid: "de9f24ecb58b461991d9a78842e9e475" member_type: VOTER last_known_addr { host: "127.17.98.67" port: 41117 } }
I20260709 14:50:15.079905 18128 ts_tablet_manager.cc:1434] T f586f1bc40624cbf8efaf19786f7e479 P c944323a17854ad48fa20e5f884009e2: Time spent starting tablet: real 0.014s	user 0.004s	sys 0.001s
I20260709 14:50:15.082870 18130 tablet_bootstrap.cc:492] T f586f1bc40624cbf8efaf19786f7e479 P de9f24ecb58b461991d9a78842e9e475: No bootstrap required, opened a new log
I20260709 14:50:15.083272 18130 ts_tablet_manager.cc:1403] T f586f1bc40624cbf8efaf19786f7e479 P de9f24ecb58b461991d9a78842e9e475: Time spent bootstrapping tablet: real 0.038s	user 0.010s	sys 0.004s
I20260709 14:50:15.085759 18130 raft_consensus.cc:359] T f586f1bc40624cbf8efaf19786f7e479 P de9f24ecb58b461991d9a78842e9e475 [term 0 FOLLOWER]: Replica starting. Triggering 0 pending ops. Active config: opid_index: -1 OBSOLETE_local: false peers { permanent_uuid: "c944323a17854ad48fa20e5f884009e2" member_type: VOTER last_known_addr { host: "127.17.98.65" port: 33837 } } peers { permanent_uuid: "722522d484cd4aeb9efec46bffd0549f" member_type: VOTER last_known_addr { host: "127.17.98.66" port: 34703 } } peers { permanent_uuid: "de9f24ecb58b461991d9a78842e9e475" member_type: VOTER last_known_addr { host: "127.17.98.67" port: 41117 } }
I20260709 14:50:15.086309 18130 raft_consensus.cc:385] T f586f1bc40624cbf8efaf19786f7e479 P de9f24ecb58b461991d9a78842e9e475 [term 0 FOLLOWER]: Consensus starting up: Expiring failure detector timer to make a prompt election more likely
I20260709 14:50:15.086539 18130 raft_consensus.cc:740] T f586f1bc40624cbf8efaf19786f7e479 P de9f24ecb58b461991d9a78842e9e475 [term 0 FOLLOWER]: Becoming Follower/Learner. State: Replica: de9f24ecb58b461991d9a78842e9e475, State: Initialized, Role: FOLLOWER
I20260709 14:50:15.087085 18130 consensus_queue.cc:260] T f586f1bc40624cbf8efaf19786f7e479 P de9f24ecb58b461991d9a78842e9e475 [NON_LEADER]: Queue going to NON_LEADER mode. State: All replicated index: 0, Majority replicated index: 0, Committed index: 0, Last appended: 0.0, Last appended by leader: 0, Current term: 0, Majority size: -1, State: 0, Mode: NON_LEADER, active raft config: opid_index: -1 OBSOLETE_local: false peers { permanent_uuid: "c944323a17854ad48fa20e5f884009e2" member_type: VOTER last_known_addr { host: "127.17.98.65" port: 33837 } } peers { permanent_uuid: "722522d484cd4aeb9efec46bffd0549f" member_type: VOTER last_known_addr { host: "127.17.98.66" port: 34703 } } peers { permanent_uuid: "de9f24ecb58b461991d9a78842e9e475" member_type: VOTER last_known_addr { host: "127.17.98.67" port: 41117 } }
I20260709 14:50:15.088730 18130 ts_tablet_manager.cc:1434] T f586f1bc40624cbf8efaf19786f7e479 P de9f24ecb58b461991d9a78842e9e475: Time spent starting tablet: real 0.005s	user 0.003s	sys 0.000s
I20260709 14:50:15.089632 18130 tablet_bootstrap.cc:492] T 69de43f8345944d380465fe357f4c0de P de9f24ecb58b461991d9a78842e9e475: Bootstrap starting.
I20260709 14:50:15.094552 18130 tablet_bootstrap.cc:654] T 69de43f8345944d380465fe357f4c0de P de9f24ecb58b461991d9a78842e9e475: Neither blocks nor log segments found. Creating new log.
I20260709 14:50:15.098677 18130 tablet_bootstrap.cc:492] T 69de43f8345944d380465fe357f4c0de P de9f24ecb58b461991d9a78842e9e475: No bootstrap required, opened a new log
I20260709 14:50:15.099047 18130 ts_tablet_manager.cc:1403] T 69de43f8345944d380465fe357f4c0de P de9f24ecb58b461991d9a78842e9e475: Time spent bootstrapping tablet: real 0.010s	user 0.007s	sys 0.001s
I20260709 14:50:15.100793 18130 raft_consensus.cc:359] T 69de43f8345944d380465fe357f4c0de P de9f24ecb58b461991d9a78842e9e475 [term 0 FOLLOWER]: Replica starting. Triggering 0 pending ops. Active config: opid_index: -1 OBSOLETE_local: false peers { permanent_uuid: "c944323a17854ad48fa20e5f884009e2" member_type: VOTER last_known_addr { host: "127.17.98.65" port: 33837 } } peers { permanent_uuid: "722522d484cd4aeb9efec46bffd0549f" member_type: VOTER last_known_addr { host: "127.17.98.66" port: 34703 } } peers { permanent_uuid: "de9f24ecb58b461991d9a78842e9e475" member_type: VOTER last_known_addr { host: "127.17.98.67" port: 41117 } }
I20260709 14:50:15.101270 18130 raft_consensus.cc:385] T 69de43f8345944d380465fe357f4c0de P de9f24ecb58b461991d9a78842e9e475 [term 0 FOLLOWER]: Consensus starting up: Expiring failure detector timer to make a prompt election more likely
I20260709 14:50:15.101468 18130 raft_consensus.cc:740] T 69de43f8345944d380465fe357f4c0de P de9f24ecb58b461991d9a78842e9e475 [term 0 FOLLOWER]: Becoming Follower/Learner. State: Replica: de9f24ecb58b461991d9a78842e9e475, State: Initialized, Role: FOLLOWER
I20260709 14:50:15.101962 18130 consensus_queue.cc:260] T 69de43f8345944d380465fe357f4c0de P de9f24ecb58b461991d9a78842e9e475 [NON_LEADER]: Queue going to NON_LEADER mode. State: All replicated index: 0, Majority replicated index: 0, Committed index: 0, Last appended: 0.0, Last appended by leader: 0, Current term: 0, Majority size: -1, State: 0, Mode: NON_LEADER, active raft config: opid_index: -1 OBSOLETE_local: false peers { permanent_uuid: "c944323a17854ad48fa20e5f884009e2" member_type: VOTER last_known_addr { host: "127.17.98.65" port: 33837 } } peers { permanent_uuid: "722522d484cd4aeb9efec46bffd0549f" member_type: VOTER last_known_addr { host: "127.17.98.66" port: 34703 } } peers { permanent_uuid: "de9f24ecb58b461991d9a78842e9e475" member_type: VOTER last_known_addr { host: "127.17.98.67" port: 41117 } }
I20260709 14:50:15.103513 18130 ts_tablet_manager.cc:1434] T 69de43f8345944d380465fe357f4c0de P de9f24ecb58b461991d9a78842e9e475: Time spent starting tablet: real 0.004s	user 0.003s	sys 0.000s
I20260709 14:50:15.170132 18136 raft_consensus.cc:493] T 05420720b07141688fd83827ac11d5d0 P 722522d484cd4aeb9efec46bffd0549f [term 0 FOLLOWER]: Starting pre-election (no leader contacted us within the election timeout)
I20260709 14:50:15.170572 18136 raft_consensus.cc:515] T 05420720b07141688fd83827ac11d5d0 P 722522d484cd4aeb9efec46bffd0549f [term 0 FOLLOWER]: Starting pre-election with config: opid_index: -1 OBSOLETE_local: false peers { permanent_uuid: "c944323a17854ad48fa20e5f884009e2" member_type: VOTER last_known_addr { host: "127.17.98.65" port: 33837 } } peers { permanent_uuid: "722522d484cd4aeb9efec46bffd0549f" member_type: VOTER last_known_addr { host: "127.17.98.66" port: 34703 } } peers { permanent_uuid: "de9f24ecb58b461991d9a78842e9e475" member_type: VOTER last_known_addr { host: "127.17.98.67" port: 41117 } }
I20260709 14:50:15.172147 18136 leader_election.cc:290] T 05420720b07141688fd83827ac11d5d0 P 722522d484cd4aeb9efec46bffd0549f [CANDIDATE]: Term 1 pre-election: Requested pre-vote from peers c944323a17854ad48fa20e5f884009e2 (127.17.98.65:33837), de9f24ecb58b461991d9a78842e9e475 (127.17.98.67:41117)
I20260709 14:50:15.173027 17936 tablet_service.cc:1917] Received RequestConsensusVote() RPC: tablet_id: "05420720b07141688fd83827ac11d5d0" candidate_uuid: "722522d484cd4aeb9efec46bffd0549f" candidate_term: 1 candidate_status { last_received { term: 0 index: 0 } } ignore_live_leader: false dest_uuid: "c944323a17854ad48fa20e5f884009e2" is_pre_election: true
I20260709 14:50:15.173254 18084 tablet_service.cc:1917] Received RequestConsensusVote() RPC: tablet_id: "05420720b07141688fd83827ac11d5d0" candidate_uuid: "722522d484cd4aeb9efec46bffd0549f" candidate_term: 1 candidate_status { last_received { term: 0 index: 0 } } ignore_live_leader: false dest_uuid: "de9f24ecb58b461991d9a78842e9e475" is_pre_election: true
I20260709 14:50:15.173524 17936 raft_consensus.cc:2468] T 05420720b07141688fd83827ac11d5d0 P c944323a17854ad48fa20e5f884009e2 [term 0 FOLLOWER]: Leader pre-election vote request: Granting yes vote for candidate 722522d484cd4aeb9efec46bffd0549f in term 0.
I20260709 14:50:15.173895 18084 raft_consensus.cc:2468] T 05420720b07141688fd83827ac11d5d0 P de9f24ecb58b461991d9a78842e9e475 [term 0 FOLLOWER]: Leader pre-election vote request: Granting yes vote for candidate 722522d484cd4aeb9efec46bffd0549f in term 0.
I20260709 14:50:15.174407 17975 leader_election.cc:304] T 05420720b07141688fd83827ac11d5d0 P 722522d484cd4aeb9efec46bffd0549f [CANDIDATE]: Term 1 pre-election: Election decided. Result: candidate won. Election summary: received 2 responses out of 3 voters: 2 yes votes; 0 no votes. yes voters: 722522d484cd4aeb9efec46bffd0549f, c944323a17854ad48fa20e5f884009e2; no voters: 
I20260709 14:50:15.175208 18136 raft_consensus.cc:2804] T 05420720b07141688fd83827ac11d5d0 P 722522d484cd4aeb9efec46bffd0549f [term 0 FOLLOWER]: Leader pre-election won for term 1
I20260709 14:50:15.175571 18136 raft_consensus.cc:493] T 05420720b07141688fd83827ac11d5d0 P 722522d484cd4aeb9efec46bffd0549f [term 0 FOLLOWER]: Starting leader election (no leader contacted us within the election timeout)
I20260709 14:50:15.175890 18136 raft_consensus.cc:3060] T 05420720b07141688fd83827ac11d5d0 P 722522d484cd4aeb9efec46bffd0549f [term 0 FOLLOWER]: Advancing to term 1
