I20260709 14:50:08.754442 11574 tablet_service.cc:1917] Received RequestConsensusVote() RPC: tablet_id: "1b3dd68b1f70457c93be9f3845c194f1" candidate_uuid: "e1e03068e27d47b9b647c55ccd395915" candidate_term: 2 candidate_status { last_received { term: 1 index: 1 } } ignore_live_leader: true dest_uuid: "e081310781a5465b9ec855c977f62fb3"
I20260709 14:50:08.754591 11723 tablet_service.cc:1917] Received RequestConsensusVote() RPC: tablet_id: "1b3dd68b1f70457c93be9f3845c194f1" candidate_uuid: "e1e03068e27d47b9b647c55ccd395915" candidate_term: 2 candidate_status { last_received { term: 1 index: 1 } } ignore_live_leader: true dest_uuid: "f7d3b223087e4e9aa2bfa197fd668f35"
I20260709 14:50:08.755089 11574 raft_consensus.cc:3055] T 1b3dd68b1f70457c93be9f3845c194f1 P e081310781a5465b9ec855c977f62fb3 [term 1 LEADER]: Stepping down as leader of term 1
I20260709 14:50:08.755196 11723 raft_consensus.cc:3060] T 1b3dd68b1f70457c93be9f3845c194f1 P f7d3b223087e4e9aa2bfa197fd668f35 [term 1 FOLLOWER]: Advancing to term 2
I20260709 14:50:08.755453 11574 raft_consensus.cc:740] T 1b3dd68b1f70457c93be9f3845c194f1 P e081310781a5465b9ec855c977f62fb3 [term 1 LEADER]: Becoming Follower/Learner. State: Replica: e081310781a5465b9ec855c977f62fb3, State: Running, Role: LEADER
I20260709 14:50:08.756399 11574 consensus_queue.cc:260] T 1b3dd68b1f70457c93be9f3845c194f1 P e081310781a5465b9ec855c977f62fb3 [NON_LEADER]: Queue going to NON_LEADER mode. State: All replicated index: 0, Majority replicated index: 1, Committed index: 1, Last appended: 1.1, Last appended by leader: 1, Current term: 1, Majority size: -1, State: 0, Mode: NON_LEADER, active raft config: opid_index: -1 OBSOLETE_local: false peers { permanent_uuid: "e081310781a5465b9ec855c977f62fb3" member_type: VOTER last_known_addr { host: "127.11.43.193" port: 39239 } } peers { permanent_uuid: "e1e03068e27d47b9b647c55ccd395915" member_type: VOTER last_known_addr { host: "127.11.43.194" port: 46455 } } peers { permanent_uuid: "f7d3b223087e4e9aa2bfa197fd668f35" member_type: VOTER last_known_addr { host: "127.11.43.195" port: 42521 } }
I20260709 14:50:08.757542 11574 raft_consensus.cc:3060] T 1b3dd68b1f70457c93be9f3845c194f1 P e081310781a5465b9ec855c977f62fb3 [term 1 FOLLOWER]: Advancing to term 2
I20260709 14:50:08.760145 11723 raft_consensus.cc:2468] T 1b3dd68b1f70457c93be9f3845c194f1 P f7d3b223087e4e9aa2bfa197fd668f35 [term 2 FOLLOWER]: Leader election vote request: Granting yes vote for candidate e1e03068e27d47b9b647c55ccd395915 in term 2.
I20260709 14:50:08.761111 11612 leader_election.cc:304] T 1b3dd68b1f70457c93be9f3845c194f1 P e1e03068e27d47b9b647c55ccd395915 [CANDIDATE]: Term 2 election: Election decided. Result: candidate won. Election summary: received 2 responses out of 3 voters: 2 yes votes; 0 no votes. yes voters: e1e03068e27d47b9b647c55ccd395915, f7d3b223087e4e9aa2bfa197fd668f35; no voters: 
I20260709 14:50:08.761780 11790 raft_consensus.cc:2804] T 1b3dd68b1f70457c93be9f3845c194f1 P e1e03068e27d47b9b647c55ccd395915 [term 2 FOLLOWER]: Leader election won for term 2
I20260709 14:50:08.762233 11790 raft_consensus.cc:697] T 1b3dd68b1f70457c93be9f3845c194f1 P e1e03068e27d47b9b647c55ccd395915 [term 2 LEADER]: Becoming Leader. State: Replica: e1e03068e27d47b9b647c55ccd395915, State: Running, Role: LEADER
I20260709 14:50:08.763051 11790 consensus_queue.cc:237] T 1b3dd68b1f70457c93be9f3845c194f1 P e1e03068e27d47b9b647c55ccd395915 [LEADER]: Queue going to LEADER mode. State: All replicated index: 0, Majority replicated index: 1, Committed index: 1, Last appended: 1.1, Last appended by leader: 1, Current term: 2, Majority size: 2, State: 0, Mode: LEADER, active raft config: opid_index: -1 OBSOLETE_local: false peers { permanent_uuid: "e081310781a5465b9ec855c977f62fb3" member_type: VOTER last_known_addr { host: "127.11.43.193" port: 39239 } } peers { permanent_uuid: "e1e03068e27d47b9b647c55ccd395915" member_type: VOTER last_known_addr { host: "127.11.43.194" port: 46455 } } peers { permanent_uuid: "f7d3b223087e4e9aa2bfa197fd668f35" member_type: VOTER last_known_addr { host: "127.11.43.195" port: 42521 } }
I20260709 14:50:08.763746 11574 raft_consensus.cc:2468] T 1b3dd68b1f70457c93be9f3845c194f1 P e081310781a5465b9ec855c977f62fb3 [term 2 FOLLOWER]: Leader election vote request: Granting yes vote for candidate e1e03068e27d47b9b647c55ccd395915 in term 2.
I20260709 14:50:08.770164 11470 catalog_manager.cc:5697] T 1b3dd68b1f70457c93be9f3845c194f1 P e1e03068e27d47b9b647c55ccd395915 reported cstate change: term changed from 1 to 2, leader changed from e081310781a5465b9ec855c977f62fb3 (127.11.43.193) to e1e03068e27d47b9b647c55ccd395915 (127.11.43.194). New cstate: current_term: 2 leader_uuid: "e1e03068e27d47b9b647c55ccd395915" committed_config { opid_index: -1 OBSOLETE_local: false peers { permanent_uuid: "e081310781a5465b9ec855c977f62fb3" member_type: VOTER last_known_addr { host: "127.11.43.193" port: 39239 } health_report { overall_health: UNKNOWN } } peers { permanent_uuid: "e1e03068e27d47b9b647c55ccd395915" member_type: VOTER last_known_addr { host: "127.11.43.194" port: 46455 } health_report { overall_health: HEALTHY } } peers { permanent_uuid: "f7d3b223087e4e9aa2bfa197fd668f35" member_type: VOTER last_known_addr { host: "127.11.43.195" port: 42521 } health_report { overall_health: UNKNOWN } } }
I20260709 14:50:08.853392 11838 raft_consensus.cc:993] T c3c92c98fd824c659027ef8c6cc4be31 P f7d3b223087e4e9aa2bfa197fd668f35: : Instructing follower e081310781a5465b9ec855c977f62fb3 to start an election
I20260709 14:50:08.853912 11806 raft_consensus.cc:1081] T c3c92c98fd824c659027ef8c6cc4be31 P f7d3b223087e4e9aa2bfa197fd668f35 [term 1 LEADER]: Signalling peer e081310781a5465b9ec855c977f62fb3 to start an election
I20260709 14:50:08.855422 11574 tablet_service.cc:2044] Received Run Leader Election RPC: tablet_id: "c3c92c98fd824c659027ef8c6cc4be31"
dest_uuid: "e081310781a5465b9ec855c977f62fb3"
 from {username='slave'} at 127.0.0.1:60880
I20260709 14:50:08.856076 11574 raft_consensus.cc:493] T c3c92c98fd824c659027ef8c6cc4be31 P e081310781a5465b9ec855c977f62fb3 [term 1 FOLLOWER]: Starting forced leader election (received explicit request)
I20260709 14:50:08.856463 11574 raft_consensus.cc:3060] T c3c92c98fd824c659027ef8c6cc4be31 P e081310781a5465b9ec855c977f62fb3 [term 1 FOLLOWER]: Advancing to term 2
I20260709 14:50:08.863306 11574 raft_consensus.cc:515] T c3c92c98fd824c659027ef8c6cc4be31 P e081310781a5465b9ec855c977f62fb3 [term 2 FOLLOWER]: Starting forced leader election with config: opid_index: -1 OBSOLETE_local: false peers { permanent_uuid: "e081310781a5465b9ec855c977f62fb3" member_type: VOTER last_known_addr { host: "127.11.43.193" port: 39239 } } peers { permanent_uuid: "e1e03068e27d47b9b647c55ccd395915" member_type: VOTER last_known_addr { host: "127.11.43.194" port: 46455 } } peers { permanent_uuid: "f7d3b223087e4e9aa2bfa197fd668f35" member_type: VOTER last_known_addr { host: "127.11.43.195" port: 42521 } }
I20260709 14:50:08.865450 11574 leader_election.cc:290] T c3c92c98fd824c659027ef8c6cc4be31 P e081310781a5465b9ec855c977f62fb3 [CANDIDATE]: Term 2 election: Requested vote from peers e1e03068e27d47b9b647c55ccd395915 (127.11.43.194:46455), f7d3b223087e4e9aa2bfa197fd668f35 (127.11.43.195:42521)
I20260709 14:50:08.866909 11648 tablet_service.cc:1917] Received RequestConsensusVote() RPC: tablet_id: "c3c92c98fd824c659027ef8c6cc4be31" candidate_uuid: "e081310781a5465b9ec855c977f62fb3" candidate_term: 2 candidate_status { last_received { term: 1 index: 1 } } ignore_live_leader: true dest_uuid: "e1e03068e27d47b9b647c55ccd395915"
I20260709 14:50:08.866896 11723 tablet_service.cc:1917] Received RequestConsensusVote() RPC: tablet_id: "c3c92c98fd824c659027ef8c6cc4be31" candidate_uuid: "e081310781a5465b9ec855c977f62fb3" candidate_term: 2 candidate_status { last_received { term: 1 index: 1 } } ignore_live_leader: true dest_uuid: "f7d3b223087e4e9aa2bfa197fd668f35"
I20260709 14:50:08.867777 11648 raft_consensus.cc:3060] T c3c92c98fd824c659027ef8c6cc4be31 P e1e03068e27d47b9b647c55ccd395915 [term 1 FOLLOWER]: Advancing to term 2
I20260709 14:50:08.868835 11723 raft_consensus.cc:3055] T c3c92c98fd824c659027ef8c6cc4be31 P f7d3b223087e4e9aa2bfa197fd668f35 [term 1 LEADER]: Stepping down as leader of term 1
I20260709 14:50:08.869222 11723 raft_consensus.cc:740] T c3c92c98fd824c659027ef8c6cc4be31 P f7d3b223087e4e9aa2bfa197fd668f35 [term 1 LEADER]: Becoming Follower/Learner. State: Replica: f7d3b223087e4e9aa2bfa197fd668f35, State: Running, Role: LEADER
I20260709 14:50:08.870085 11723 consensus_queue.cc:260] T c3c92c98fd824c659027ef8c6cc4be31 P f7d3b223087e4e9aa2bfa197fd668f35 [NON_LEADER]: Queue going to NON_LEADER mode. State: All replicated index: 0, Majority replicated index: 1, Committed index: 1, Last appended: 1.1, Last appended by leader: 1, Current term: 1, Majority size: -1, State: 0, Mode: NON_LEADER, active raft config: opid_index: -1 OBSOLETE_local: false peers { permanent_uuid: "e081310781a5465b9ec855c977f62fb3" member_type: VOTER last_known_addr { host: "127.11.43.193" port: 39239 } } peers { permanent_uuid: "e1e03068e27d47b9b647c55ccd395915" member_type: VOTER last_known_addr { host: "127.11.43.194" port: 46455 } } peers { permanent_uuid: "f7d3b223087e4e9aa2bfa197fd668f35" member_type: VOTER last_known_addr { host: "127.11.43.195" port: 42521 } }
I20260709 14:50:08.871366 11723 raft_consensus.cc:3060] T c3c92c98fd824c659027ef8c6cc4be31 P f7d3b223087e4e9aa2bfa197fd668f35 [term 1 FOLLOWER]: Advancing to term 2
I20260709 14:50:08.875726 11648 raft_consensus.cc:2468] T c3c92c98fd824c659027ef8c6cc4be31 P e1e03068e27d47b9b647c55ccd395915 [term 2 FOLLOWER]: Leader election vote request: Granting yes vote for candidate e081310781a5465b9ec855c977f62fb3 in term 2.
I20260709 14:50:08.877106 11540 leader_election.cc:304] T c3c92c98fd824c659027ef8c6cc4be31 P e081310781a5465b9ec855c977f62fb3 [CANDIDATE]: Term 2 election: Election decided. Result: candidate won. Election summary: received 2 responses out of 3 voters: 2 yes votes; 0 no votes. yes voters: e081310781a5465b9ec855c977f62fb3, e1e03068e27d47b9b647c55ccd395915; no voters: 
I20260709 14:50:08.877949 11798 raft_consensus.cc:2804] T c3c92c98fd824c659027ef8c6cc4be31 P e081310781a5465b9ec855c977f62fb3 [term 2 FOLLOWER]: Leader election won for term 2
I20260709 14:50:08.878444 11798 raft_consensus.cc:697] T c3c92c98fd824c659027ef8c6cc4be31 P e081310781a5465b9ec855c977f62fb3 [term 2 LEADER]: Becoming Leader. State: Replica: e081310781a5465b9ec855c977f62fb3, State: Running, Role: LEADER
I20260709 14:50:08.878463 11723 raft_consensus.cc:2468] T c3c92c98fd824c659027ef8c6cc4be31 P f7d3b223087e4e9aa2bfa197fd668f35 [term 2 FOLLOWER]: Leader election vote request: Granting yes vote for candidate e081310781a5465b9ec855c977f62fb3 in term 2.
I20260709 14:50:08.879910 11798 consensus_queue.cc:237] T c3c92c98fd824c659027ef8c6cc4be31 P e081310781a5465b9ec855c977f62fb3 [LEADER]: Queue going to LEADER mode. State: All replicated index: 0, Majority replicated index: 1, Committed index: 1, Last appended: 1.1, Last appended by leader: 1, Current term: 2, Majority size: 2, State: 0, Mode: LEADER, active raft config: opid_index: -1 OBSOLETE_local: false peers { permanent_uuid: "e081310781a5465b9ec855c977f62fb3" member_type: VOTER last_known_addr { host: "127.11.43.193" port: 39239 } } peers { permanent_uuid: "e1e03068e27d47b9b647c55ccd395915" member_type: VOTER last_known_addr { host: "127.11.43.194" port: 46455 } } peers { permanent_uuid: "f7d3b223087e4e9aa2bfa197fd668f35" member_type: VOTER last_known_addr { host: "127.11.43.195" port: 42521 } }
I20260709 14:50:08.887320 11470 catalog_manager.cc:5697] T c3c92c98fd824c659027ef8c6cc4be31 P e081310781a5465b9ec855c977f62fb3 reported cstate change: term changed from 1 to 2, leader changed from f7d3b223087e4e9aa2bfa197fd668f35 (127.11.43.195) to e081310781a5465b9ec855c977f62fb3 (127.11.43.193). New cstate: current_term: 2 leader_uuid: "e081310781a5465b9ec855c977f62fb3" committed_config { opid_index: -1 OBSOLETE_local: false peers { permanent_uuid: "e081310781a5465b9ec855c977f62fb3" member_type: VOTER last_known_addr { host: "127.11.43.193" port: 39239 } health_report { overall_health: HEALTHY } } peers { permanent_uuid: "e1e03068e27d47b9b647c55ccd395915" member_type: VOTER last_known_addr { host: "127.11.43.194" port: 46455 } health_report { overall_health: UNKNOWN } } peers { permanent_uuid: "f7d3b223087e4e9aa2bfa197fd668f35" member_type: VOTER last_known_addr { host: "127.11.43.195" port: 42521 } health_report { overall_health: UNKNOWN } } }
I20260709 14:50:09.060207 11574 raft_consensus.cc:1275] T a4744535704b4b60823ee8c4437cf412 P e081310781a5465b9ec855c977f62fb3 [term 2 FOLLOWER]: Refusing update from remote peer e1e03068e27d47b9b647c55ccd395915: Log matching property violated. Preceding OpId in replica: term: 1 index: 1. Preceding OpId from leader: term: 2 index: 2. (index mismatch)
I20260709 14:50:09.061349 11790 consensus_queue.cc:1048] T a4744535704b4b60823ee8c4437cf412 P e1e03068e27d47b9b647c55ccd395915 [LEADER]: Connected to new peer: Peer: permanent_uuid: "e081310781a5465b9ec855c977f62fb3" member_type: VOTER last_known_addr { host: "127.11.43.193" port: 39239 }, Status: LMP_MISMATCH, Last received: 0.0, Next index: 2, Last known committed idx: 1, Time since last communication: 0.000s
I20260709 14:50:09.068951 11723 raft_consensus.cc:1275] T a4744535704b4b60823ee8c4437cf412 P f7d3b223087e4e9aa2bfa197fd668f35 [term 2 FOLLOWER]: Refusing update from remote peer e1e03068e27d47b9b647c55ccd395915: Log matching property violated. Preceding OpId in replica: term: 1 index: 1. Preceding OpId from leader: term: 2 index: 2. (index mismatch)
I20260709 14:50:09.070487 11851 consensus_queue.cc:1048] T a4744535704b4b60823ee8c4437cf412 P e1e03068e27d47b9b647c55ccd395915 [LEADER]: Connected to new peer: Peer: permanent_uuid: "f7d3b223087e4e9aa2bfa197fd668f35" member_type: VOTER last_known_addr { host: "127.11.43.195" port: 42521 }, Status: LMP_MISMATCH, Last received: 0.0, Next index: 2, Last known committed idx: 1, Time since last communication: 0.001s
I20260709 14:50:09.117029 11723 raft_consensus.cc:1275] T 02f09035149a4f568fc9cee22d956fa3 P f7d3b223087e4e9aa2bfa197fd668f35 [term 2 FOLLOWER]: Refusing update from remote peer e081310781a5465b9ec855c977f62fb3: Log matching property violated. Preceding OpId in replica: term: 1 index: 1. Preceding OpId from leader: term: 2 index: 2. (index mismatch)
I20260709 14:50:09.120065 11798 consensus_queue.cc:1048] T 02f09035149a4f568fc9cee22d956fa3 P e081310781a5465b9ec855c977f62fb3 [LEADER]: Connected to new peer: Peer: permanent_uuid: "f7d3b223087e4e9aa2bfa197fd668f35" member_type: VOTER last_known_addr { host: "127.11.43.195" port: 42521 }, Status: LMP_MISMATCH, Last received: 0.0, Next index: 2, Last known committed idx: 1, Time since last communication: 0.001s
I20260709 14:50:09.169546 11723 raft_consensus.cc:1275] T 1edc2c61de10496ba301e33fd1912d66 P f7d3b223087e4e9aa2bfa197fd668f35 [term 2 FOLLOWER]: Refusing update from remote peer e1e03068e27d47b9b647c55ccd395915: Log matching property violated. Preceding OpId in replica: term: 1 index: 1. Preceding OpId from leader: term: 2 index: 2. (index mismatch)
I20260709 14:50:09.171634 11851 consensus_queue.cc:1048] T 1edc2c61de10496ba301e33fd1912d66 P e1e03068e27d47b9b647c55ccd395915 [LEADER]: Connected to new peer: Peer: permanent_uuid: "f7d3b223087e4e9aa2bfa197fd668f35" member_type: VOTER last_known_addr { host: "127.11.43.195" port: 42521 }, Status: LMP_MISMATCH, Last received: 0.0, Next index: 2, Last known committed idx: 1, Time since last communication: 0.000s
I20260709 14:50:09.182000 11721 raft_consensus.cc:1275] T 1b3dd68b1f70457c93be9f3845c194f1 P f7d3b223087e4e9aa2bfa197fd668f35 [term 2 FOLLOWER]: Refusing update from remote peer e1e03068e27d47b9b647c55ccd395915: Log matching property violated. Preceding OpId in replica: term: 1 index: 1. Preceding OpId from leader: term: 2 index: 2. (index mismatch)
I20260709 14:50:09.330121 11573 raft_consensus.cc:1275] T d7d7d4514eab4d4889313b87859e5f81 P e081310781a5465b9ec855c977f62fb3 [term 2 FOLLOWER]: Refusing update from remote peer f7d3b223087e4e9aa2bfa197fd668f35: Log matching property violated. Preceding OpId in replica: term: 1 index: 1. Preceding OpId from leader: term: 2 index: 2. (index mismatch)
I20260709 14:50:09.331650 11806 consensus_queue.cc:1048] T d7d7d4514eab4d4889313b87859e5f81 P f7d3b223087e4e9aa2bfa197fd668f35 [LEADER]: Connected to new peer: Peer: permanent_uuid: "e081310781a5465b9ec855c977f62fb3" member_type: VOTER last_known_addr { host: "127.11.43.193" port: 39239 }, Status: LMP_MISMATCH, Last received: 0.0, Next index: 2, Last known committed idx: 1, Time since last communication: 0.000s
I20260709 14:50:09.361606 11574 raft_consensus.cc:1275] T 1edc2c61de10496ba301e33fd1912d66 P e081310781a5465b9ec855c977f62fb3 [term 2 FOLLOWER]: Refusing update from remote peer e1e03068e27d47b9b647c55ccd395915: Log matching property violated. Preceding OpId in replica: term: 1 index: 1. Preceding OpId from leader: term: 2 index: 2. (index mismatch)
I20260709 14:50:09.378856 11774 consensus_queue.cc:1048] T 1edc2c61de10496ba301e33fd1912d66 P e1e03068e27d47b9b647c55ccd395915 [LEADER]: Connected to new peer: Peer: permanent_uuid: "e081310781a5465b9ec855c977f62fb3" member_type: VOTER last_known_addr { host: "127.11.43.193" port: 39239 }, Status: LMP_MISMATCH, Last received: 0.0, Next index: 2, Last known committed idx: 1, Time since last communication: 0.000s
I20260709 14:50:09.379801 11855 consensus_queue.cc:1048] T 1b3dd68b1f70457c93be9f3845c194f1 P e1e03068e27d47b9b647c55ccd395915 [LEADER]: Connected to new peer: Peer: permanent_uuid: "f7d3b223087e4e9aa2bfa197fd668f35" member_type: VOTER last_known_addr { host: "127.11.43.195" port: 42521 }, Status: LMP_MISMATCH, Last received: 0.0, Next index: 2, Last known committed idx: 1, Time since last communication: 0.001s
I20260709 14:50:09.382927 11574 raft_consensus.cc:1275] T 1b3dd68b1f70457c93be9f3845c194f1 P e081310781a5465b9ec855c977f62fb3 [term 2 FOLLOWER]: Refusing update from remote peer e1e03068e27d47b9b647c55ccd395915: Log matching property violated. Preceding OpId in replica: term: 1 index: 1. Preceding OpId from leader: term: 2 index: 2. (index mismatch)
I20260709 14:50:09.385061 11649 raft_consensus.cc:1275] T 02f09035149a4f568fc9cee22d956fa3 P e1e03068e27d47b9b647c55ccd395915 [term 2 FOLLOWER]: Refusing update from remote peer e081310781a5465b9ec855c977f62fb3: Log matching property violated. Preceding OpId in replica: term: 1 index: 1. Preceding OpId from leader: term: 2 index: 2. (index mismatch)
I20260709 14:50:09.386113 11790 consensus_queue.cc:1048] T 1b3dd68b1f70457c93be9f3845c194f1 P e1e03068e27d47b9b647c55ccd395915 [LEADER]: Connected to new peer: Peer: permanent_uuid: "e081310781a5465b9ec855c977f62fb3" member_type: VOTER last_known_addr { host: "127.11.43.193" port: 39239 }, Status: LMP_MISMATCH, Last received: 0.0, Next index: 2, Last known committed idx: 1, Time since last communication: 0.000s
I20260709 14:50:09.391028 11853 consensus_queue.cc:1048] T 02f09035149a4f568fc9cee22d956fa3 P e081310781a5465b9ec855c977f62fb3 [LEADER]: Connected to new peer: Peer: permanent_uuid: "e1e03068e27d47b9b647c55ccd395915" member_type: VOTER last_known_addr { host: "127.11.43.194" port: 46455 }, Status: LMP_MISMATCH, Last received: 0.0, Next index: 2, Last known committed idx: 1, Time since last communication: 0.001s
I20260709 14:50:09.407116 11720 raft_consensus.cc:1275] T c3c92c98fd824c659027ef8c6cc4be31 P f7d3b223087e4e9aa2bfa197fd668f35 [term 2 FOLLOWER]: Refusing update from remote peer e081310781a5465b9ec855c977f62fb3: Log matching property violated. Preceding OpId in replica: term: 1 index: 1. Preceding OpId from leader: term: 2 index: 2. (index mismatch)
I20260709 14:50:09.424255 11649 raft_consensus.cc:1275] T d7d7d4514eab4d4889313b87859e5f81 P e1e03068e27d47b9b647c55ccd395915 [term 2 FOLLOWER]: Refusing update from remote peer f7d3b223087e4e9aa2bfa197fd668f35: Log matching property violated. Preceding OpId in replica: term: 1 index: 1. Preceding OpId from leader: term: 2 index: 2. (index mismatch)
I20260709 14:50:09.432916 11853 consensus_queue.cc:1048] T c3c92c98fd824c659027ef8c6cc4be31 P e081310781a5465b9ec855c977f62fb3 [LEADER]: Connected to new peer: Peer: permanent_uuid: "f7d3b223087e4e9aa2bfa197fd668f35" member_type: VOTER last_known_addr { host: "127.11.43.195" port: 42521 }, Status: LMP_MISMATCH, Last received: 0.0, Next index: 2, Last known committed idx: 1, Time since last communication: 0.001s
I20260709 14:50:09.433425 11806 consensus_queue.cc:1048] T d7d7d4514eab4d4889313b87859e5f81 P f7d3b223087e4e9aa2bfa197fd668f35 [LEADER]: Connected to new peer: Peer: permanent_uuid: "e1e03068e27d47b9b647c55ccd395915" member_type: VOTER last_known_addr { host: "127.11.43.194" port: 46455 }, Status: LMP_MISMATCH, Last received: 0.0, Next index: 2, Last known committed idx: 1, Time since last communication: 0.000s
I20260709 14:50:09.475906 11647 raft_consensus.cc:1275] T c3c92c98fd824c659027ef8c6cc4be31 P e1e03068e27d47b9b647c55ccd395915 [term 2 FOLLOWER]: Refusing update from remote peer e081310781a5465b9ec855c977f62fb3: Log matching property violated. Preceding OpId in replica: term: 1 index: 1. Preceding OpId from leader: term: 2 index: 2. (index mismatch)
I20260709 14:50:09.477499 11852 consensus_queue.cc:1048] T c3c92c98fd824c659027ef8c6cc4be31 P e081310781a5465b9ec855c977f62fb3 [LEADER]: Connected to new peer: Peer: permanent_uuid: "e1e03068e27d47b9b647c55ccd395915" member_type: VOTER last_known_addr { host: "127.11.43.194" port: 46455 }, Status: LMP_MISMATCH, Last received: 0.0, Next index: 2, Last known committed idx: 1, Time since last communication: 0.000s
W20260709 14:50:10.285075 11595 debug-util.cc:398] Leaking SignalData structure 0x7b08000e6060 after lost signal to thread 11442
W20260709 14:50:10.285888 11595 debug-util.cc:398] Leaking SignalData structure 0x7b08000e6740 after lost signal to thread 11505
W20260709 14:50:10.286863 11595 debug-util.cc:398] Leaking SignalData structure 0x7b080014abc0 after lost signal to thread 11598
W20260709 14:50:10.287592 11595 debug-util.cc:398] Leaking SignalData structure 0x7b080014a380 after lost signal to thread 11673
W20260709 14:50:10.288390 11595 debug-util.cc:398] Leaking SignalData structure 0x7b08001eae80 after lost signal to thread 11747
I20260709 14:50:11.634348 11439 auto_leader_rebalancer-test.cc:378] The leader distribution is 
I20260709 14:50:11.635510 11439 auto_leader_rebalancer.cc:141] leader rebalance for table test-workload
I20260709 14:50:11.662441 11647 tablet_service.cc:2072] Received LeaderStepDown RPC: tablet_id: "a4744535704b4b60823ee8c4437cf412"
dest_uuid: "e1e03068e27d47b9b647c55ccd395915"
mode: GRACEFUL
new_leader_uuid: "f7d3b223087e4e9aa2bfa197fd668f35"
 from {username='slave'} at 127.0.0.1:40944
I20260709 14:50:11.662981 11647 raft_consensus.cc:606] T a4744535704b4b60823ee8c4437cf412 P e1e03068e27d47b9b647c55ccd395915 [term 2 LEADER]: Received request to transfer leadership to TS f7d3b223087e4e9aa2bfa197fd668f35
I20260709 14:50:11.676131 11573 tablet_service.cc:2072] Received LeaderStepDown RPC: tablet_id: "c3c92c98fd824c659027ef8c6cc4be31"
dest_uuid: "e081310781a5465b9ec855c977f62fb3"
mode: GRACEFUL
new_leader_uuid: "f7d3b223087e4e9aa2bfa197fd668f35"
 from {username='slave'} at 127.0.0.1:49128
I20260709 14:50:11.676807 11573 raft_consensus.cc:606] T c3c92c98fd824c659027ef8c6cc4be31 P e081310781a5465b9ec855c977f62fb3 [term 2 LEADER]: Received request to transfer leadership to TS f7d3b223087e4e9aa2bfa197fd668f35
I20260709 14:50:11.678176 11439 auto_leader_rebalancer.cc:452] table: test-workload, leader rebalance finish, leader transfer count: 2
I20260709 14:50:11.678800 11439 auto_leader_rebalancer.cc:527] All tables' leader rebalancing finished this round
I20260709 14:50:11.812798 11872 raft_consensus.cc:993] T c3c92c98fd824c659027ef8c6cc4be31 P e081310781a5465b9ec855c977f62fb3: : Instructing follower f7d3b223087e4e9aa2bfa197fd668f35 to start an election
I20260709 14:50:11.813315 11872 raft_consensus.cc:1081] T c3c92c98fd824c659027ef8c6cc4be31 P e081310781a5465b9ec855c977f62fb3 [term 2 LEADER]: Signalling peer f7d3b223087e4e9aa2bfa197fd668f35 to start an election
I20260709 14:50:11.814972 11719 tablet_service.cc:2044] Received Run Leader Election RPC: tablet_id: "c3c92c98fd824c659027ef8c6cc4be31"
dest_uuid: "f7d3b223087e4e9aa2bfa197fd668f35"
 from {username='slave'} at 127.0.0.1:32924
I20260709 14:50:11.815608 11719 raft_consensus.cc:493] T c3c92c98fd824c659027ef8c6cc4be31 P f7d3b223087e4e9aa2bfa197fd668f35 [term 2 FOLLOWER]: Starting forced leader election (received explicit request)
I20260709 14:50:11.816064 11719 raft_consensus.cc:3060] T c3c92c98fd824c659027ef8c6cc4be31 P f7d3b223087e4e9aa2bfa197fd668f35 [term 2 FOLLOWER]: Advancing to term 3
I20260709 14:50:11.823616 11719 raft_consensus.cc:515] T c3c92c98fd824c659027ef8c6cc4be31 P f7d3b223087e4e9aa2bfa197fd668f35 [term 3 FOLLOWER]: Starting forced leader election with config: opid_index: -1 OBSOLETE_local: false peers { permanent_uuid: "e081310781a5465b9ec855c977f62fb3" member_type: VOTER last_known_addr { host: "127.11.43.193" port: 39239 } } peers { permanent_uuid: "e1e03068e27d47b9b647c55ccd395915" member_type: VOTER last_known_addr { host: "127.11.43.194" port: 46455 } } peers { permanent_uuid: "f7d3b223087e4e9aa2bfa197fd668f35" member_type: VOTER last_known_addr { host: "127.11.43.195" port: 42521 } }
I20260709 14:50:11.825907 11719 leader_election.cc:290] T c3c92c98fd824c659027ef8c6cc4be31 P f7d3b223087e4e9aa2bfa197fd668f35 [CANDIDATE]: Term 3 election: Requested vote from peers e081310781a5465b9ec855c977f62fb3 (127.11.43.193:39239), e1e03068e27d47b9b647c55ccd395915 (127.11.43.194:46455)
I20260709 14:50:11.826727 11573 tablet_service.cc:1917] Received RequestConsensusVote() RPC: tablet_id: "c3c92c98fd824c659027ef8c6cc4be31" candidate_uuid: "f7d3b223087e4e9aa2bfa197fd668f35" candidate_term: 3 candidate_status { last_received { term: 2 index: 2 } } ignore_live_leader: true dest_uuid: "e081310781a5465b9ec855c977f62fb3"
I20260709 14:50:11.827001 11647 tablet_service.cc:1917] Received RequestConsensusVote() RPC: tablet_id: "c3c92c98fd824c659027ef8c6cc4be31" candidate_uuid: "f7d3b223087e4e9aa2bfa197fd668f35" candidate_term: 3 candidate_status { last_received { term: 2 index: 2 } } ignore_live_leader: true dest_uuid: "e1e03068e27d47b9b647c55ccd395915"
I20260709 14:50:11.827425 11573 raft_consensus.cc:3055] T c3c92c98fd824c659027ef8c6cc4be31 P e081310781a5465b9ec855c977f62fb3 [term 2 LEADER]: Stepping down as leader of term 2
I20260709 14:50:11.827631 11647 raft_consensus.cc:3060] T c3c92c98fd824c659027ef8c6cc4be31 P e1e03068e27d47b9b647c55ccd395915 [term 2 FOLLOWER]: Advancing to term 3
I20260709 14:50:11.827917 11573 raft_consensus.cc:740] T c3c92c98fd824c659027ef8c6cc4be31 P e081310781a5465b9ec855c977f62fb3 [term 2 LEADER]: Becoming Follower/Learner. State: Replica: e081310781a5465b9ec855c977f62fb3, State: Running, Role: LEADER
I20260709 14:50:11.828775 11573 consensus_queue.cc:260] T c3c92c98fd824c659027ef8c6cc4be31 P e081310781a5465b9ec855c977f62fb3 [NON_LEADER]: Queue going to NON_LEADER mode. State: All replicated index: 0, Majority replicated index: 2, Committed index: 2, Last appended: 2.2, Last appended by leader: 2, Current term: 2, Majority size: -1, State: 0, Mode: NON_LEADER, active raft config: opid_index: -1 OBSOLETE_local: false peers { permanent_uuid: "e081310781a5465b9ec855c977f62fb3" member_type: VOTER last_known_addr { host: "127.11.43.193" port: 39239 } } peers { permanent_uuid: "e1e03068e27d47b9b647c55ccd395915" member_type: VOTER last_known_addr { host: "127.11.43.194" port: 46455 } } peers { permanent_uuid: "f7d3b223087e4e9aa2bfa197fd668f35" member_type: VOTER last_known_addr { host: "127.11.43.195" port: 42521 } }
I20260709 14:50:11.829720 11573 raft_consensus.cc:3060] T c3c92c98fd824c659027ef8c6cc4be31 P e081310781a5465b9ec855c977f62fb3 [term 2 FOLLOWER]: Advancing to term 3
I20260709 14:50:11.834800 11573 raft_consensus.cc:2468] T c3c92c98fd824c659027ef8c6cc4be31 P e081310781a5465b9ec855c977f62fb3 [term 3 FOLLOWER]: Leader election vote request: Granting yes vote for candidate f7d3b223087e4e9aa2bfa197fd668f35 in term 3.
I20260709 14:50:11.835814 11647 raft_consensus.cc:2468] T c3c92c98fd824c659027ef8c6cc4be31 P e1e03068e27d47b9b647c55ccd395915 [term 3 FOLLOWER]: Leader election vote request: Granting yes vote for candidate f7d3b223087e4e9aa2bfa197fd668f35 in term 3.
I20260709 14:50:11.836120 11687 leader_election.cc:304] T c3c92c98fd824c659027ef8c6cc4be31 P f7d3b223087e4e9aa2bfa197fd668f35 [CANDIDATE]: Term 3 election: Election decided. Result: candidate won. Election summary: received 2 responses out of 3 voters: 2 yes votes; 0 no votes. yes voters: e081310781a5465b9ec855c977f62fb3, f7d3b223087e4e9aa2bfa197fd668f35; no voters: 
I20260709 14:50:11.837265 11806 raft_consensus.cc:2804] T c3c92c98fd824c659027ef8c6cc4be31 P f7d3b223087e4e9aa2bfa197fd668f35 [term 3 FOLLOWER]: Leader election won for term 3
I20260709 14:50:11.838982 11806 raft_consensus.cc:697] T c3c92c98fd824c659027ef8c6cc4be31 P f7d3b223087e4e9aa2bfa197fd668f35 [term 3 LEADER]: Becoming Leader. State: Replica: f7d3b223087e4e9aa2bfa197fd668f35, State: Running, Role: LEADER
I20260709 14:50:11.839967 11806 consensus_queue.cc:237] T c3c92c98fd824c659027ef8c6cc4be31 P f7d3b223087e4e9aa2bfa197fd668f35 [LEADER]: Queue going to LEADER mode. State: All replicated index: 0, Majority replicated index: 2, Committed index: 2, Last appended: 2.2, Last appended by leader: 2, Current term: 3, Majority size: 2, State: 0, Mode: LEADER, active raft config: opid_index: -1 OBSOLETE_local: false peers { permanent_uuid: "e081310781a5465b9ec855c977f62fb3" member_type: VOTER last_known_addr { host: "127.11.43.193" port: 39239 } } peers { permanent_uuid: "e1e03068e27d47b9b647c55ccd395915" member_type: VOTER last_known_addr { host: "127.11.43.194" port: 46455 } } peers { permanent_uuid: "f7d3b223087e4e9aa2bfa197fd668f35" member_type: VOTER last_known_addr { host: "127.11.43.195" port: 42521 } }
I20260709 14:50:11.849005 11471 catalog_manager.cc:5697] T c3c92c98fd824c659027ef8c6cc4be31 P f7d3b223087e4e9aa2bfa197fd668f35 reported cstate change: term changed from 2 to 3, leader changed from e081310781a5465b9ec855c977f62fb3 (127.11.43.193) to f7d3b223087e4e9aa2bfa197fd668f35 (127.11.43.195). New cstate: current_term: 3 leader_uuid: "f7d3b223087e4e9aa2bfa197fd668f35" committed_config { opid_index: -1 OBSOLETE_local: false peers { permanent_uuid: "e081310781a5465b9ec855c977f62fb3" member_type: VOTER last_known_addr { host: "127.11.43.193" port: 39239 } health_report { overall_health: UNKNOWN } } peers { permanent_uuid: "e1e03068e27d47b9b647c55ccd395915" member_type: VOTER last_known_addr { host: "127.11.43.194" port: 46455 } health_report { overall_health: UNKNOWN } } peers { permanent_uuid: "f7d3b223087e4e9aa2bfa197fd668f35" member_type: VOTER last_known_addr { host: "127.11.43.195" port: 42521 } health_report { overall_health: HEALTHY } } }
I20260709 14:50:12.018342 11879 raft_consensus.cc:993] T a4744535704b4b60823ee8c4437cf412 P e1e03068e27d47b9b647c55ccd395915: : Instructing follower f7d3b223087e4e9aa2bfa197fd668f35 to start an election
I20260709 14:50:12.018838 11774 raft_consensus.cc:1081] T a4744535704b4b60823ee8c4437cf412 P e1e03068e27d47b9b647c55ccd395915 [term 2 LEADER]: Signalling peer f7d3b223087e4e9aa2bfa197fd668f35 to start an election
I20260709 14:50:12.020514 11719 tablet_service.cc:2044] Received Run Leader Election RPC: tablet_id: "a4744535704b4b60823ee8c4437cf412"
dest_uuid: "f7d3b223087e4e9aa2bfa197fd668f35"
 from {username='slave'} at 127.0.0.1:32928
I20260709 14:50:12.021034 11719 raft_consensus.cc:493] T a4744535704b4b60823ee8c4437cf412 P f7d3b223087e4e9aa2bfa197fd668f35 [term 2 FOLLOWER]: Starting forced leader election (received explicit request)
I20260709 14:50:12.021353 11719 raft_consensus.cc:3060] T a4744535704b4b60823ee8c4437cf412 P f7d3b223087e4e9aa2bfa197fd668f35 [term 2 FOLLOWER]: Advancing to term 3
I20260709 14:50:12.025894 11719 raft_consensus.cc:515] T a4744535704b4b60823ee8c4437cf412 P f7d3b223087e4e9aa2bfa197fd668f35 [term 3 FOLLOWER]: Starting forced leader election with config: opid_index: -1 OBSOLETE_local: false peers { permanent_uuid: "e081310781a5465b9ec855c977f62fb3" member_type: VOTER last_known_addr { host: "127.11.43.193" port: 39239 } } peers { permanent_uuid: "e1e03068e27d47b9b647c55ccd395915" member_type: VOTER last_known_addr { host: "127.11.43.194" port: 46455 } } peers { permanent_uuid: "f7d3b223087e4e9aa2bfa197fd668f35" member_type: VOTER last_known_addr { host: "127.11.43.195" port: 42521 } }
I20260709 14:50:12.027789 11719 leader_election.cc:290] T a4744535704b4b60823ee8c4437cf412 P f7d3b223087e4e9aa2bfa197fd668f35 [CANDIDATE]: Term 3 election: Requested vote from peers e081310781a5465b9ec855c977f62fb3 (127.11.43.193:39239), e1e03068e27d47b9b647c55ccd395915 (127.11.43.194:46455)
I20260709 14:50:12.028650 11573 tablet_service.cc:1917] Received RequestConsensusVote() RPC: tablet_id: "a4744535704b4b60823ee8c4437cf412" candidate_uuid: "f7d3b223087e4e9aa2bfa197fd668f35" candidate_term: 3 candidate_status { last_received { term: 2 index: 2 } } ignore_live_leader: true dest_uuid: "e081310781a5465b9ec855c977f62fb3"
I20260709 14:50:12.029011 11647 tablet_service.cc:1917] Received RequestConsensusVote() RPC: tablet_id: "a4744535704b4b60823ee8c4437cf412" candidate_uuid: "f7d3b223087e4e9aa2bfa197fd668f35" candidate_term: 3 candidate_status { last_received { term: 2 index: 2 } } ignore_live_leader: true dest_uuid: "e1e03068e27d47b9b647c55ccd395915"
I20260709 14:50:12.029330 11573 raft_consensus.cc:3060] T a4744535704b4b60823ee8c4437cf412 P e081310781a5465b9ec855c977f62fb3 [term 2 FOLLOWER]: Advancing to term 3
I20260709 14:50:12.029616 11647 raft_consensus.cc:3055] T a4744535704b4b60823ee8c4437cf412 P e1e03068e27d47b9b647c55ccd395915 [term 2 LEADER]: Stepping down as leader of term 2
I20260709 14:50:12.030009 11647 raft_consensus.cc:740] T a4744535704b4b60823ee8c4437cf412 P e1e03068e27d47b9b647c55ccd395915 [term 2 LEADER]: Becoming Follower/Learner. State: Replica: e1e03068e27d47b9b647c55ccd395915, State: Running, Role: LEADER
I20260709 14:50:12.030748 11647 consensus_queue.cc:260] T a4744535704b4b60823ee8c4437cf412 P e1e03068e27d47b9b647c55ccd395915 [NON_LEADER]: Queue going to NON_LEADER mode. State: All replicated index: 0, Majority replicated index: 2, Committed index: 2, Last appended: 2.2, Last appended by leader: 2, Current term: 2, Majority size: -1, State: 0, Mode: NON_LEADER, active raft config: opid_index: -1 OBSOLETE_local: false peers { permanent_uuid: "e081310781a5465b9ec855c977f62fb3" member_type: VOTER last_known_addr { host: "127.11.43.193" port: 39239 } } peers { permanent_uuid: "e1e03068e27d47b9b647c55ccd395915" member_type: VOTER last_known_addr { host: "127.11.43.194" port: 46455 } } peers { permanent_uuid: "f7d3b223087e4e9aa2bfa197fd668f35" member_type: VOTER last_known_addr { host: "127.11.43.195" port: 42521 } }
I20260709 14:50:12.031930 11647 raft_consensus.cc:3060] T a4744535704b4b60823ee8c4437cf412 P e1e03068e27d47b9b647c55ccd395915 [term 2 FOLLOWER]: Advancing to term 3
I20260709 14:50:12.036446 11647 raft_consensus.cc:2468] T a4744535704b4b60823ee8c4437cf412 P e1e03068e27d47b9b647c55ccd395915 [term 3 FOLLOWER]: Leader election vote request: Granting yes vote for candidate f7d3b223087e4e9aa2bfa197fd668f35 in term 3.
I20260709 14:50:12.036959 11573 raft_consensus.cc:2468] T a4744535704b4b60823ee8c4437cf412 P e081310781a5465b9ec855c977f62fb3 [term 3 FOLLOWER]: Leader election vote request: Granting yes vote for candidate f7d3b223087e4e9aa2bfa197fd668f35 in term 3.
I20260709 14:50:12.037637 11689 leader_election.cc:304] T a4744535704b4b60823ee8c4437cf412 P f7d3b223087e4e9aa2bfa197fd668f35 [CANDIDATE]: Term 3 election: Election decided. Result: candidate won. Election summary: received 2 responses out of 3 voters: 2 yes votes; 0 no votes. yes voters: e1e03068e27d47b9b647c55ccd395915, f7d3b223087e4e9aa2bfa197fd668f35; no voters: 
I20260709 14:50:12.038498 11806 raft_consensus.cc:2804] T a4744535704b4b60823ee8c4437cf412 P f7d3b223087e4e9aa2bfa197fd668f35 [term 3 FOLLOWER]: Leader election won for term 3
I20260709 14:50:12.039003 11806 raft_consensus.cc:697] T a4744535704b4b60823ee8c4437cf412 P f7d3b223087e4e9aa2bfa197fd668f35 [term 3 LEADER]: Becoming Leader. State: Replica: f7d3b223087e4e9aa2bfa197fd668f35, State: Running, Role: LEADER
I20260709 14:50:12.039758 11806 consensus_queue.cc:237] T a4744535704b4b60823ee8c4437cf412 P f7d3b223087e4e9aa2bfa197fd668f35 [LEADER]: Queue going to LEADER mode. State: All replicated index: 0, Majority replicated index: 2, Committed index: 2, Last appended: 2.2, Last appended by leader: 2, Current term: 3, Majority size: 2, State: 0, Mode: LEADER, active raft config: opid_index: -1 OBSOLETE_local: false peers { permanent_uuid: "e081310781a5465b9ec855c977f62fb3" member_type: VOTER last_known_addr { host: "127.11.43.193" port: 39239 } } peers { permanent_uuid: "e1e03068e27d47b9b647c55ccd395915" member_type: VOTER last_known_addr { host: "127.11.43.194" port: 46455 } } peers { permanent_uuid: "f7d3b223087e4e9aa2bfa197fd668f35" member_type: VOTER last_known_addr { host: "127.11.43.195" port: 42521 } }
I20260709 14:50:12.048678 11471 catalog_manager.cc:5697] T a4744535704b4b60823ee8c4437cf412 P f7d3b223087e4e9aa2bfa197fd668f35 reported cstate change: term changed from 2 to 3, leader changed from e1e03068e27d47b9b647c55ccd395915 (127.11.43.194) to f7d3b223087e4e9aa2bfa197fd668f35 (127.11.43.195). New cstate: current_term: 3 leader_uuid: "f7d3b223087e4e9aa2bfa197fd668f35" committed_config { opid_index: -1 OBSOLETE_local: false peers { permanent_uuid: "e081310781a5465b9ec855c977f62fb3" member_type: VOTER last_known_addr { host: "127.11.43.193" port: 39239 } health_report { overall_health: UNKNOWN } } peers { permanent_uuid: "e1e03068e27d47b9b647c55ccd395915" member_type: VOTER last_known_addr { host: "127.11.43.194" port: 46455 } health_report { overall_health: UNKNOWN } } peers { permanent_uuid: "f7d3b223087e4e9aa2bfa197fd668f35" member_type: VOTER last_known_addr { host: "127.11.43.195" port: 42521 } health_report { overall_health: HEALTHY } } }
I20260709 14:50:12.235401 11573 raft_consensus.cc:1275] T c3c92c98fd824c659027ef8c6cc4be31 P e081310781a5465b9ec855c977f62fb3 [term 3 FOLLOWER]: Refusing update from remote peer f7d3b223087e4e9aa2bfa197fd668f35: Log matching property violated. Preceding OpId in replica: term: 2 index: 2. Preceding OpId from leader: term: 3 index: 3. (index mismatch)
I20260709 14:50:12.236778 11806 consensus_queue.cc:1048] T c3c92c98fd824c659027ef8c6cc4be31 P f7d3b223087e4e9aa2bfa197fd668f35 [LEADER]: Connected to new peer: Peer: permanent_uuid: "e081310781a5465b9ec855c977f62fb3" member_type: VOTER last_known_addr { host: "127.11.43.193" port: 39239 }, Status: LMP_MISMATCH, Last received: 0.0, Next index: 3, Last known committed idx: 2, Time since last communication: 0.000s
I20260709 14:50:12.257491 11647 raft_consensus.cc:1275] T c3c92c98fd824c659027ef8c6cc4be31 P e1e03068e27d47b9b647c55ccd395915 [term 3 FOLLOWER]: Refusing update from remote peer f7d3b223087e4e9aa2bfa197fd668f35: Log matching property violated. Preceding OpId in replica: term: 2 index: 2. Preceding OpId from leader: term: 3 index: 3. (index mismatch)
I20260709 14:50:12.261442 11806 consensus_queue.cc:1048] T c3c92c98fd824c659027ef8c6cc4be31 P f7d3b223087e4e9aa2bfa197fd668f35 [LEADER]: Connected to new peer: Peer: permanent_uuid: "e1e03068e27d47b9b647c55ccd395915" member_type: VOTER last_known_addr { host: "127.11.43.194" port: 46455 }, Status: LMP_MISMATCH, Last received: 0.0, Next index: 3, Last known committed idx: 2, Time since last communication: 0.001s
I20260709 14:50:12.638787 11647 raft_consensus.cc:1275] T a4744535704b4b60823ee8c4437cf412 P e1e03068e27d47b9b647c55ccd395915 [term 3 FOLLOWER]: Refusing update from remote peer f7d3b223087e4e9aa2bfa197fd668f35: Log matching property violated. Preceding OpId in replica: term: 2 index: 2. Preceding OpId from leader: term: 3 index: 3. (index mismatch)
I20260709 14:50:12.638916 11573 raft_consensus.cc:1275] T a4744535704b4b60823ee8c4437cf412 P e081310781a5465b9ec855c977f62fb3 [term 3 FOLLOWER]: Refusing update from remote peer f7d3b223087e4e9aa2bfa197fd668f35: Log matching property violated. Preceding OpId in replica: term: 2 index: 2. Preceding OpId from leader: term: 3 index: 3. (index mismatch)
I20260709 14:50:12.640290 11873 consensus_queue.cc:1048] T a4744535704b4b60823ee8c4437cf412 P f7d3b223087e4e9aa2bfa197fd668f35 [LEADER]: Connected to new peer: Peer: permanent_uuid: "e1e03068e27d47b9b647c55ccd395915" member_type: VOTER last_known_addr { host: "127.11.43.194" port: 46455 }, Status: LMP_MISMATCH, Last received: 0.0, Next index: 3, Last known committed idx: 2, Time since last communication: 0.000s
I20260709 14:50:12.641047 11884 consensus_queue.cc:1048] T a4744535704b4b60823ee8c4437cf412 P f7d3b223087e4e9aa2bfa197fd668f35 [LEADER]: Connected to new peer: Peer: permanent_uuid: "e081310781a5465b9ec855c977f62fb3" member_type: VOTER last_known_addr { host: "127.11.43.193" port: 39239 }, Status: LMP_MISMATCH, Last received: 0.0, Next index: 3, Last known committed idx: 2, Time since last communication: 0.000s
I20260709 14:50:12.679768 11439 auto_leader_rebalancer.cc:141] leader rebalance for table test-workload
I20260709 14:50:12.693733 11572 tablet_service.cc:2072] Received LeaderStepDown RPC: tablet_id: "7e3712241fd14c8abee1323cf634ff2c"
dest_uuid: "e081310781a5465b9ec855c977f62fb3"
mode: GRACEFUL
new_leader_uuid: "e1e03068e27d47b9b647c55ccd395915"
 from {username='slave'} at 127.0.0.1:49122
I20260709 14:50:12.694445 11572 raft_consensus.cc:606] T 7e3712241fd14c8abee1323cf634ff2c P e081310781a5465b9ec855c977f62fb3 [term 1 LEADER]: Received request to transfer leadership to TS e1e03068e27d47b9b647c55ccd395915
I20260709 14:50:12.700176 11572 tablet_service.cc:2072] Received LeaderStepDown RPC: tablet_id: "02f09035149a4f568fc9cee22d956fa3"
dest_uuid: "e081310781a5465b9ec855c977f62fb3"
mode: GRACEFUL
new_leader_uuid: "e1e03068e27d47b9b647c55ccd395915"
 from {username='slave'} at 127.0.0.1:49122
I20260709 14:50:12.700845 11572 raft_consensus.cc:606] T 02f09035149a4f568fc9cee22d956fa3 P e081310781a5465b9ec855c977f62fb3 [term 2 LEADER]: Received request to transfer leadership to TS e1e03068e27d47b9b647c55ccd395915
I20260709 14:50:12.706521 11719 tablet_service.cc:2072] Received LeaderStepDown RPC: tablet_id: "c3c92c98fd824c659027ef8c6cc4be31"
dest_uuid: "f7d3b223087e4e9aa2bfa197fd668f35"
mode: GRACEFUL
new_leader_uuid: "e1e03068e27d47b9b647c55ccd395915"
 from {username='slave'} at 127.0.0.1:52258
I20260709 14:50:12.707176 11719 raft_consensus.cc:606] T c3c92c98fd824c659027ef8c6cc4be31 P f7d3b223087e4e9aa2bfa197fd668f35 [term 3 LEADER]: Received request to transfer leadership to TS e1e03068e27d47b9b647c55ccd395915
I20260709 14:50:12.713410 11572 tablet_service.cc:2072] Received LeaderStepDown RPC: tablet_id: "c7ccb8cd8f854cd4b32f0f0324923455"
dest_uuid: "e081310781a5465b9ec855c977f62fb3"
mode: GRACEFUL
new_leader_uuid: "e1e03068e27d47b9b647c55ccd395915"
 from {username='slave'} at 127.0.0.1:49122
I20260709 14:50:12.714056 11572 raft_consensus.cc:606] T c7ccb8cd8f854cd4b32f0f0324923455 P e081310781a5465b9ec855c977f62fb3 [term 1 LEADER]: Received request to transfer leadership to TS e1e03068e27d47b9b647c55ccd395915
I20260709 14:50:12.721532 11719 tablet_service.cc:2072] Received LeaderStepDown RPC: tablet_id: "a4744535704b4b60823ee8c4437cf412"
dest_uuid: "f7d3b223087e4e9aa2bfa197fd668f35"
mode: GRACEFUL
new_leader_uuid: "e1e03068e27d47b9b647c55ccd395915"
 from {username='slave'} at 127.0.0.1:52258
I20260709 14:50:12.722088 11719 raft_consensus.cc:606] T a4744535704b4b60823ee8c4437cf412 P f7d3b223087e4e9aa2bfa197fd668f35 [term 3 LEADER]: Received request to transfer leadership to TS e1e03068e27d47b9b647c55ccd395915
I20260709 14:50:12.745937 11872 raft_consensus.cc:993] T 7e3712241fd14c8abee1323cf634ff2c P e081310781a5465b9ec855c977f62fb3: : Instructing follower e1e03068e27d47b9b647c55ccd395915 to start an election
I20260709 14:50:12.746389 11887 raft_consensus.cc:1081] T 7e3712241fd14c8abee1323cf634ff2c P e081310781a5465b9ec855c977f62fb3 [term 1 LEADER]: Signalling peer e1e03068e27d47b9b647c55ccd395915 to start an election
I20260709 14:50:12.747928 11647 tablet_service.cc:2044] Received Run Leader Election RPC: tablet_id: "7e3712241fd14c8abee1323cf634ff2c"
dest_uuid: "e1e03068e27d47b9b647c55ccd395915"
 from {username='slave'} at 127.0.0.1:39270
I20260709 14:50:12.748426 11647 raft_consensus.cc:493] T 7e3712241fd14c8abee1323cf634ff2c P e1e03068e27d47b9b647c55ccd395915 [term 1 FOLLOWER]: Starting forced leader election (received explicit request)
I20260709 14:50:12.748737 11647 raft_consensus.cc:3060] T 7e3712241fd14c8abee1323cf634ff2c P e1e03068e27d47b9b647c55ccd395915 [term 1 FOLLOWER]: Advancing to term 2
I20260709 14:50:12.753429 11647 raft_consensus.cc:515] T 7e3712241fd14c8abee1323cf634ff2c P e1e03068e27d47b9b647c55ccd395915 [term 2 FOLLOWER]: Starting forced leader election with config: opid_index: -1 OBSOLETE_local: false peers { permanent_uuid: "e1e03068e27d47b9b647c55ccd395915" member_type: VOTER last_known_addr { host: "127.11.43.194" port: 46455 } } peers { permanent_uuid: "e081310781a5465b9ec855c977f62fb3" member_type: VOTER last_known_addr { host: "127.11.43.193" port: 39239 } } peers { permanent_uuid: "f7d3b223087e4e9aa2bfa197fd668f35" member_type: VOTER last_known_addr { host: "127.11.43.195" port: 42521 } }
I20260709 14:50:12.755208 11647 leader_election.cc:290] T 7e3712241fd14c8abee1323cf634ff2c P e1e03068e27d47b9b647c55ccd395915 [CANDIDATE]: Term 2 election: Requested vote from peers e081310781a5465b9ec855c977f62fb3 (127.11.43.193:39239), f7d3b223087e4e9aa2bfa197fd668f35 (127.11.43.195:42521)
I20260709 14:50:12.756196 11572 tablet_service.cc:1917] Received RequestConsensusVote() RPC: tablet_id: "7e3712241fd14c8abee1323cf634ff2c" candidate_uuid: "e1e03068e27d47b9b647c55ccd395915" candidate_term: 2 candidate_status { last_received { term: 1 index: 1 } } ignore_live_leader: true dest_uuid: "e081310781a5465b9ec855c977f62fb3"
I20260709 14:50:12.756742 11719 tablet_service.cc:1917] Received RequestConsensusVote() RPC: tablet_id: "7e3712241fd14c8abee1323cf634ff2c" candidate_uuid: "e1e03068e27d47b9b647c55ccd395915" candidate_term: 2 candidate_status { last_received { term: 1 index: 1 } } ignore_live_leader: true dest_uuid: "f7d3b223087e4e9aa2bfa197fd668f35"
I20260709 14:50:12.756997 11572 raft_consensus.cc:3055] T 7e3712241fd14c8abee1323cf634ff2c P e081310781a5465b9ec855c977f62fb3 [term 1 LEADER]: Stepping down as leader of term 1
I20260709 14:50:12.757328 11572 raft_consensus.cc:740] T 7e3712241fd14c8abee1323cf634ff2c P e081310781a5465b9ec855c977f62fb3 [term 1 LEADER]: Becoming Follower/Learner. State: Replica: e081310781a5465b9ec855c977f62fb3, State: Running, Role: LEADER
I20260709 14:50:12.757395 11719 raft_consensus.cc:3060] T 7e3712241fd14c8abee1323cf634ff2c P f7d3b223087e4e9aa2bfa197fd668f35 [term 1 FOLLOWER]: Advancing to term 2
I20260709 14:50:12.758116 11572 consensus_queue.cc:260] T 7e3712241fd14c8abee1323cf634ff2c P e081310781a5465b9ec855c977f62fb3 [NON_LEADER]: Queue going to NON_LEADER mode. State: All replicated index: 0, Majority replicated index: 1, Committed index: 1, Last appended: 1.1, Last appended by leader: 1, Current term: 1, Majority size: -1, State: 0, Mode: NON_LEADER, active raft config: opid_index: -1 OBSOLETE_local: false peers { permanent_uuid: "e1e03068e27d47b9b647c55ccd395915" member_type: VOTER last_known_addr { host: "127.11.43.194" port: 46455 } } peers { permanent_uuid: "e081310781a5465b9ec855c977f62fb3" member_type: VOTER last_known_addr { host: "127.11.43.193" port: 39239 } } peers { permanent_uuid: "f7d3b223087e4e9aa2bfa197fd668f35" member_type: VOTER last_known_addr { host: "127.11.43.195" port: 42521 } }
I20260709 14:50:12.759042 11572 raft_consensus.cc:3060] T 7e3712241fd14c8abee1323cf634ff2c P e081310781a5465b9ec855c977f62fb3 [term 1 FOLLOWER]: Advancing to term 2
I20260709 14:50:12.763643 11572 raft_consensus.cc:2468] T 7e3712241fd14c8abee1323cf634ff2c P e081310781a5465b9ec855c977f62fb3 [term 2 FOLLOWER]: Leader election vote request: Granting yes vote for candidate e1e03068e27d47b9b647c55ccd395915 in term 2.
I20260709 14:50:12.764744 11613 leader_election.cc:304] T 7e3712241fd14c8abee1323cf634ff2c P e1e03068e27d47b9b647c55ccd395915 [CANDIDATE]: Term 2 election: Election decided. Result: candidate won. Election summary: received 2 responses out of 3 voters: 2 yes votes; 0 no votes. yes voters: e081310781a5465b9ec855c977f62fb3, e1e03068e27d47b9b647c55ccd395915; no voters: 
I20260709 14:50:12.765472 11774 raft_consensus.cc:2804] T 7e3712241fd14c8abee1323cf634ff2c P e1e03068e27d47b9b647c55ccd395915 [term 2 FOLLOWER]: Leader election won for term 2
I20260709 14:50:12.765532 11719 raft_consensus.cc:2468] T 7e3712241fd14c8abee1323cf634ff2c P f7d3b223087e4e9aa2bfa197fd668f35 [term 2 FOLLOWER]: Leader election vote request: Granting yes vote for candidate e1e03068e27d47b9b647c55ccd395915 in term 2.
I20260709 14:50:12.766731 11774 raft_consensus.cc:697] T 7e3712241fd14c8abee1323cf634ff2c P e1e03068e27d47b9b647c55ccd395915 [term 2 LEADER]: Becoming Leader. State: Replica: e1e03068e27d47b9b647c55ccd395915, State: Running, Role: LEADER
