I20260709 14:50:35.959240  7740 catalog_manager.cc:5697] T cea5268c30984f91ad455f0dbfe98f87 P 85e64cd620af4000bf09b08f2a80ab73 reported cstate change: term changed from 0 to 2, leader changed from <none> to 85e64cd620af4000bf09b08f2a80ab73 (127.6.133.195). New cstate: current_term: 2 leader_uuid: "85e64cd620af4000bf09b08f2a80ab73" committed_config { opid_index: -1 OBSOLETE_local: false peers { permanent_uuid: "e07e82a49dab4bacbab6fab2e010bafa" member_type: VOTER last_known_addr { host: "127.6.133.193" port: 34775 } health_report { overall_health: UNKNOWN } } peers { permanent_uuid: "79718c93c69d455d9318123300017cb9" member_type: VOTER last_known_addr { host: "127.6.133.194" port: 44245 } health_report { overall_health: UNKNOWN } } peers { permanent_uuid: "85e64cd620af4000bf09b08f2a80ab73" member_type: VOTER last_known_addr { host: "127.6.133.195" port: 43269 } health_report { overall_health: HEALTHY } } }
I20260709 14:50:35.961488  8033 ts_tablet_manager.cc:1434] T 2192f696b98f4dd395b3088430b9a42c P 79718c93c69d455d9318123300017cb9: Time spent starting tablet: real 0.008s	user 0.006s	sys 0.000s
I20260709 14:50:35.962365  8033 tablet_bootstrap.cc:492] T f0a95b3063f54902910c92e6de99d7f0 P 79718c93c69d455d9318123300017cb9: Bootstrap starting.
I20260709 14:50:35.964289  8035 tablet_bootstrap.cc:492] T 283ecc2005784e48bb2dc083e38fd4b9 P e07e82a49dab4bacbab6fab2e010bafa: No bootstrap required, opened a new log
I20260709 14:50:35.964789  8035 ts_tablet_manager.cc:1403] T 283ecc2005784e48bb2dc083e38fd4b9 P e07e82a49dab4bacbab6fab2e010bafa: Time spent bootstrapping tablet: real 0.060s	user 0.015s	sys 0.000s
W20260709 14:50:35.966307  7956 consensus_peers.cc:597] T 84ca3f909bb84f0db1638a9ba8d2133c P 85e64cd620af4000bf09b08f2a80ab73 -> Peer e07e82a49dab4bacbab6fab2e010bafa (127.6.133.193:34775): Couldn't send request to peer e07e82a49dab4bacbab6fab2e010bafa. Error code: TABLET_NOT_RUNNING (12). Status: Illegal state: Tablet not RUNNING: INITIALIZED. This is attempt 1: this message will repeat every 5th retry.
I20260709 14:50:35.967337  7914 tablet_service.cc:1917] Received RequestConsensusVote() RPC: tablet_id: "98ffe46427f34928a2a96db1f46375c0" candidate_uuid: "e07e82a49dab4bacbab6fab2e010bafa" candidate_term: 1 candidate_status { last_received { term: 0 index: 0 } } ignore_live_leader: false dest_uuid: "79718c93c69d455d9318123300017cb9" is_pre_election: true
I20260709 14:50:35.981138  7808 leader_election.cc:304] T 98ffe46427f34928a2a96db1f46375c0 P e07e82a49dab4bacbab6fab2e010bafa [CANDIDATE]: Term 1 pre-election: Election decided. Result: candidate lost. Election summary: received 3 responses out of 3 voters: 1 yes votes; 2 no votes. yes voters: e07e82a49dab4bacbab6fab2e010bafa; no voters: 79718c93c69d455d9318123300017cb9, 85e64cd620af4000bf09b08f2a80ab73
I20260709 14:50:35.982779  8035 raft_consensus.cc:359] T 283ecc2005784e48bb2dc083e38fd4b9 P e07e82a49dab4bacbab6fab2e010bafa [term 0 FOLLOWER]: Replica starting. Triggering 0 pending ops. Active config: opid_index: -1 OBSOLETE_local: false peers { permanent_uuid: "e07e82a49dab4bacbab6fab2e010bafa" member_type: VOTER last_known_addr { host: "127.6.133.193" port: 34775 } } peers { permanent_uuid: "79718c93c69d455d9318123300017cb9" member_type: VOTER last_known_addr { host: "127.6.133.194" port: 44245 } } peers { permanent_uuid: "85e64cd620af4000bf09b08f2a80ab73" member_type: VOTER last_known_addr { host: "127.6.133.195" port: 43269 } }
I20260709 14:50:35.983497  8035 raft_consensus.cc:385] T 283ecc2005784e48bb2dc083e38fd4b9 P e07e82a49dab4bacbab6fab2e010bafa [term 0 FOLLOWER]: Consensus starting up: Expiring failure detector timer to make a prompt election more likely
I20260709 14:50:35.965588  7842 raft_consensus.cc:3060] T 98ffe46427f34928a2a96db1f46375c0 P e07e82a49dab4bacbab6fab2e010bafa [term 0 FOLLOWER]: Advancing to term 1
I20260709 14:50:35.983775  8035 raft_consensus.cc:740] T 283ecc2005784e48bb2dc083e38fd4b9 P e07e82a49dab4bacbab6fab2e010bafa [term 0 FOLLOWER]: Becoming Follower/Learner. State: Replica: e07e82a49dab4bacbab6fab2e010bafa, State: Initialized, Role: FOLLOWER
I20260709 14:50:35.985854  8035 consensus_queue.cc:260] T 283ecc2005784e48bb2dc083e38fd4b9 P e07e82a49dab4bacbab6fab2e010bafa [NON_LEADER]: Queue going to NON_LEADER mode. State: All replicated index: 0, Majority replicated index: 0, Committed index: 0, Last appended: 0.0, Last appended by leader: 0, Current term: 0, Majority size: -1, State: 0, Mode: NON_LEADER, active raft config: opid_index: -1 OBSOLETE_local: false peers { permanent_uuid: "e07e82a49dab4bacbab6fab2e010bafa" member_type: VOTER last_known_addr { host: "127.6.133.193" port: 34775 } } peers { permanent_uuid: "79718c93c69d455d9318123300017cb9" member_type: VOTER last_known_addr { host: "127.6.133.194" port: 44245 } } peers { permanent_uuid: "85e64cd620af4000bf09b08f2a80ab73" member_type: VOTER last_known_addr { host: "127.6.133.195" port: 43269 } }
I20260709 14:50:35.995807  8033 tablet_bootstrap.cc:654] T f0a95b3063f54902910c92e6de99d7f0 P 79718c93c69d455d9318123300017cb9: Neither blocks nor log segments found. Creating new log.
I20260709 14:50:36.000523  8035 ts_tablet_manager.cc:1434] T 283ecc2005784e48bb2dc083e38fd4b9 P e07e82a49dab4bacbab6fab2e010bafa: Time spent starting tablet: real 0.035s	user 0.008s	sys 0.001s
I20260709 14:50:36.011777  8035 tablet_bootstrap.cc:492] T 84ca3f909bb84f0db1638a9ba8d2133c P e07e82a49dab4bacbab6fab2e010bafa: Bootstrap starting.
I20260709 14:50:36.017215  8263 raft_consensus.cc:493] T 68b52ac0f8774249baed74b08e0d7ccc P e07e82a49dab4bacbab6fab2e010bafa [term 0 FOLLOWER]: Starting pre-election (no leader contacted us within the election timeout)
I20260709 14:50:36.017793  8263 raft_consensus.cc:515] T 68b52ac0f8774249baed74b08e0d7ccc P e07e82a49dab4bacbab6fab2e010bafa [term 0 FOLLOWER]: Starting pre-election with config: opid_index: -1 OBSOLETE_local: false peers { permanent_uuid: "e07e82a49dab4bacbab6fab2e010bafa" member_type: VOTER last_known_addr { host: "127.6.133.193" port: 34775 } } peers { permanent_uuid: "79718c93c69d455d9318123300017cb9" member_type: VOTER last_known_addr { host: "127.6.133.194" port: 44245 } } peers { permanent_uuid: "85e64cd620af4000bf09b08f2a80ab73" member_type: VOTER last_known_addr { host: "127.6.133.195" port: 43269 } }
I20260709 14:50:36.020165  8035 tablet_bootstrap.cc:654] T 84ca3f909bb84f0db1638a9ba8d2133c P e07e82a49dab4bacbab6fab2e010bafa: Neither blocks nor log segments found. Creating new log.
I20260709 14:50:36.020421  8338 raft_consensus.cc:493] T 283ecc2005784e48bb2dc083e38fd4b9 P e07e82a49dab4bacbab6fab2e010bafa [term 0 FOLLOWER]: Starting pre-election (no leader contacted us within the election timeout)
I20260709 14:50:36.021353  8338 raft_consensus.cc:515] T 283ecc2005784e48bb2dc083e38fd4b9 P e07e82a49dab4bacbab6fab2e010bafa [term 0 FOLLOWER]: Starting pre-election with config: opid_index: -1 OBSOLETE_local: false peers { permanent_uuid: "e07e82a49dab4bacbab6fab2e010bafa" member_type: VOTER last_known_addr { host: "127.6.133.193" port: 34775 } } peers { permanent_uuid: "79718c93c69d455d9318123300017cb9" member_type: VOTER last_known_addr { host: "127.6.133.194" port: 44245 } } peers { permanent_uuid: "85e64cd620af4000bf09b08f2a80ab73" member_type: VOTER last_known_addr { host: "127.6.133.195" port: 43269 } }
I20260709 14:50:36.023140  7985 tablet_service.cc:1917] Received RequestConsensusVote() RPC: tablet_id: "68b52ac0f8774249baed74b08e0d7ccc" candidate_uuid: "e07e82a49dab4bacbab6fab2e010bafa" candidate_term: 1 candidate_status { last_received { term: 0 index: 0 } } ignore_live_leader: false dest_uuid: "85e64cd620af4000bf09b08f2a80ab73" is_pre_election: true
I20260709 14:50:36.023511  8338 leader_election.cc:290] T 283ecc2005784e48bb2dc083e38fd4b9 P e07e82a49dab4bacbab6fab2e010bafa [CANDIDATE]: Term 1 pre-election: Requested pre-vote from peers 79718c93c69d455d9318123300017cb9 (127.6.133.194:44245), 85e64cd620af4000bf09b08f2a80ab73 (127.6.133.195:43269)
I20260709 14:50:36.020725  7916 tablet_service.cc:1917] Received RequestConsensusVote() RPC: tablet_id: "68b52ac0f8774249baed74b08e0d7ccc" candidate_uuid: "e07e82a49dab4bacbab6fab2e010bafa" candidate_term: 1 candidate_status { last_received { term: 0 index: 0 } } ignore_live_leader: false dest_uuid: "79718c93c69d455d9318123300017cb9" is_pre_election: true
I20260709 14:50:36.023770  7985 raft_consensus.cc:2468] T 68b52ac0f8774249baed74b08e0d7ccc P 85e64cd620af4000bf09b08f2a80ab73 [term 0 FOLLOWER]: Leader pre-election vote request: Granting yes vote for candidate e07e82a49dab4bacbab6fab2e010bafa in term 0.
I20260709 14:50:36.024164  7916 raft_consensus.cc:2468] T 68b52ac0f8774249baed74b08e0d7ccc P 79718c93c69d455d9318123300017cb9 [term 0 FOLLOWER]: Leader pre-election vote request: Granting yes vote for candidate e07e82a49dab4bacbab6fab2e010bafa in term 0.
I20260709 14:50:36.021678  8263 leader_election.cc:290] T 68b52ac0f8774249baed74b08e0d7ccc P e07e82a49dab4bacbab6fab2e010bafa [CANDIDATE]: Term 1 pre-election: Requested pre-vote from peers 79718c93c69d455d9318123300017cb9 (127.6.133.194:44245), 85e64cd620af4000bf09b08f2a80ab73 (127.6.133.195:43269)
I20260709 14:50:36.033717  7808 leader_election.cc:304] T 68b52ac0f8774249baed74b08e0d7ccc P e07e82a49dab4bacbab6fab2e010bafa [CANDIDATE]: Term 1 pre-election: Election decided. Result: candidate won. Election summary: received 2 responses out of 3 voters: 2 yes votes; 0 no votes. yes voters: 79718c93c69d455d9318123300017cb9, e07e82a49dab4bacbab6fab2e010bafa; no voters: 
I20260709 14:50:36.035378  7916 tablet_service.cc:1917] Received RequestConsensusVote() RPC: tablet_id: "283ecc2005784e48bb2dc083e38fd4b9" candidate_uuid: "e07e82a49dab4bacbab6fab2e010bafa" candidate_term: 1 candidate_status { last_received { term: 0 index: 0 } } ignore_live_leader: false dest_uuid: "79718c93c69d455d9318123300017cb9" is_pre_election: true
I20260709 14:50:36.036201  8338 raft_consensus.cc:2804] T 68b52ac0f8774249baed74b08e0d7ccc P e07e82a49dab4bacbab6fab2e010bafa [term 0 FOLLOWER]: Leader pre-election won for term 1
I20260709 14:50:36.036599  8338 raft_consensus.cc:493] T 68b52ac0f8774249baed74b08e0d7ccc P e07e82a49dab4bacbab6fab2e010bafa [term 0 FOLLOWER]: Starting leader election (no leader contacted us within the election timeout)
I20260709 14:50:36.037091  8338 raft_consensus.cc:3060] T 68b52ac0f8774249baed74b08e0d7ccc P e07e82a49dab4bacbab6fab2e010bafa [term 0 FOLLOWER]: Advancing to term 1
I20260709 14:50:36.049261  8033 tablet_bootstrap.cc:492] T f0a95b3063f54902910c92e6de99d7f0 P 79718c93c69d455d9318123300017cb9: No bootstrap required, opened a new log
I20260709 14:50:36.049913  8033 ts_tablet_manager.cc:1403] T f0a95b3063f54902910c92e6de99d7f0 P 79718c93c69d455d9318123300017cb9: Time spent bootstrapping tablet: real 0.088s	user 0.033s	sys 0.019s
I20260709 14:50:36.052384  8033 raft_consensus.cc:359] T f0a95b3063f54902910c92e6de99d7f0 P 79718c93c69d455d9318123300017cb9 [term 0 FOLLOWER]: Replica starting. Triggering 0 pending ops. Active config: opid_index: -1 OBSOLETE_local: false peers { permanent_uuid: "e07e82a49dab4bacbab6fab2e010bafa" member_type: VOTER last_known_addr { host: "127.6.133.193" port: 34775 } } peers { permanent_uuid: "79718c93c69d455d9318123300017cb9" member_type: VOTER last_known_addr { host: "127.6.133.194" port: 44245 } } peers { permanent_uuid: "85e64cd620af4000bf09b08f2a80ab73" member_type: VOTER last_known_addr { host: "127.6.133.195" port: 43269 } }
I20260709 14:50:36.052906  8033 raft_consensus.cc:385] T f0a95b3063f54902910c92e6de99d7f0 P 79718c93c69d455d9318123300017cb9 [term 0 FOLLOWER]: Consensus starting up: Expiring failure detector timer to make a prompt election more likely
I20260709 14:50:36.053141  8033 raft_consensus.cc:740] T f0a95b3063f54902910c92e6de99d7f0 P 79718c93c69d455d9318123300017cb9 [term 0 FOLLOWER]: Becoming Follower/Learner. State: Replica: 79718c93c69d455d9318123300017cb9, State: Initialized, Role: FOLLOWER
I20260709 14:50:36.053787  8033 consensus_queue.cc:260] T f0a95b3063f54902910c92e6de99d7f0 P 79718c93c69d455d9318123300017cb9 [NON_LEADER]: Queue going to NON_LEADER mode. State: All replicated index: 0, Majority replicated index: 0, Committed index: 0, Last appended: 0.0, Last appended by leader: 0, Current term: 0, Majority size: -1, State: 0, Mode: NON_LEADER, active raft config: opid_index: -1 OBSOLETE_local: false peers { permanent_uuid: "e07e82a49dab4bacbab6fab2e010bafa" member_type: VOTER last_known_addr { host: "127.6.133.193" port: 34775 } } peers { permanent_uuid: "79718c93c69d455d9318123300017cb9" member_type: VOTER last_known_addr { host: "127.6.133.194" port: 44245 } } peers { permanent_uuid: "85e64cd620af4000bf09b08f2a80ab73" member_type: VOTER last_known_addr { host: "127.6.133.195" port: 43269 } }
I20260709 14:50:36.055532  8033 ts_tablet_manager.cc:1434] T f0a95b3063f54902910c92e6de99d7f0 P 79718c93c69d455d9318123300017cb9: Time spent starting tablet: real 0.005s	user 0.003s	sys 0.000s
I20260709 14:50:36.057395  7985 tablet_service.cc:1917] Received RequestConsensusVote() RPC: tablet_id: "283ecc2005784e48bb2dc083e38fd4b9" candidate_uuid: "e07e82a49dab4bacbab6fab2e010bafa" candidate_term: 1 candidate_status { last_received { term: 0 index: 0 } } ignore_live_leader: false dest_uuid: "85e64cd620af4000bf09b08f2a80ab73" is_pre_election: true
I20260709 14:50:36.059631  8033 tablet_bootstrap.cc:492] T 50d3c185a7e7460d9713a69ea585bfd8 P 79718c93c69d455d9318123300017cb9: Bootstrap starting.
I20260709 14:50:36.065485  8033 tablet_bootstrap.cc:654] T 50d3c185a7e7460d9713a69ea585bfd8 P 79718c93c69d455d9318123300017cb9: Neither blocks nor log segments found. Creating new log.
I20260709 14:50:36.077241  8338 raft_consensus.cc:515] T 68b52ac0f8774249baed74b08e0d7ccc P e07e82a49dab4bacbab6fab2e010bafa [term 1 FOLLOWER]: Starting leader election with config: opid_index: -1 OBSOLETE_local: false peers { permanent_uuid: "e07e82a49dab4bacbab6fab2e010bafa" member_type: VOTER last_known_addr { host: "127.6.133.193" port: 34775 } } peers { permanent_uuid: "79718c93c69d455d9318123300017cb9" member_type: VOTER last_known_addr { host: "127.6.133.194" port: 44245 } } peers { permanent_uuid: "85e64cd620af4000bf09b08f2a80ab73" member_type: VOTER last_known_addr { host: "127.6.133.195" port: 43269 } }
I20260709 14:50:36.079231  8338 leader_election.cc:290] T 68b52ac0f8774249baed74b08e0d7ccc P e07e82a49dab4bacbab6fab2e010bafa [CANDIDATE]: Term 1 election: Requested vote from peers 79718c93c69d455d9318123300017cb9 (127.6.133.194:44245), 85e64cd620af4000bf09b08f2a80ab73 (127.6.133.195:43269)
I20260709 14:50:36.083392  8040 raft_consensus.cc:2749] T 98ffe46427f34928a2a96db1f46375c0 P e07e82a49dab4bacbab6fab2e010bafa [term 1 FOLLOWER]: Leader pre-election lost for term 1. Reason: could not achieve majority
I20260709 14:50:36.086694  8033 tablet_bootstrap.cc:492] T 50d3c185a7e7460d9713a69ea585bfd8 P 79718c93c69d455d9318123300017cb9: No bootstrap required, opened a new log
I20260709 14:50:36.087154  8033 ts_tablet_manager.cc:1403] T 50d3c185a7e7460d9713a69ea585bfd8 P 79718c93c69d455d9318123300017cb9: Time spent bootstrapping tablet: real 0.028s	user 0.005s	sys 0.005s
I20260709 14:50:36.089354  8034 tablet_bootstrap.cc:492] T 24a49b5be320483e8cc76b2f539dc87d P 85e64cd620af4000bf09b08f2a80ab73: No bootstrap required, opened a new log
I20260709 14:50:36.089862  8034 ts_tablet_manager.cc:1403] T 24a49b5be320483e8cc76b2f539dc87d P 85e64cd620af4000bf09b08f2a80ab73: Time spent bootstrapping tablet: real 0.154s	user 0.011s	sys 0.002s
I20260709 14:50:36.089643  8033 raft_consensus.cc:359] T 50d3c185a7e7460d9713a69ea585bfd8 P 79718c93c69d455d9318123300017cb9 [term 0 FOLLOWER]: Replica starting. Triggering 0 pending ops. Active config: opid_index: -1 OBSOLETE_local: false peers { permanent_uuid: "e07e82a49dab4bacbab6fab2e010bafa" member_type: VOTER last_known_addr { host: "127.6.133.193" port: 34775 } } peers { permanent_uuid: "79718c93c69d455d9318123300017cb9" member_type: VOTER last_known_addr { host: "127.6.133.194" port: 44245 } } peers { permanent_uuid: "85e64cd620af4000bf09b08f2a80ab73" member_type: VOTER last_known_addr { host: "127.6.133.195" port: 43269 } }
I20260709 14:50:36.090317  8033 raft_consensus.cc:385] T 50d3c185a7e7460d9713a69ea585bfd8 P 79718c93c69d455d9318123300017cb9 [term 0 FOLLOWER]: Consensus starting up: Expiring failure detector timer to make a prompt election more likely
I20260709 14:50:36.090637  8033 raft_consensus.cc:740] T 50d3c185a7e7460d9713a69ea585bfd8 P 79718c93c69d455d9318123300017cb9 [term 0 FOLLOWER]: Becoming Follower/Learner. State: Replica: 79718c93c69d455d9318123300017cb9, State: Initialized, Role: FOLLOWER
I20260709 14:50:36.091250  8033 consensus_queue.cc:260] T 50d3c185a7e7460d9713a69ea585bfd8 P 79718c93c69d455d9318123300017cb9 [NON_LEADER]: Queue going to NON_LEADER mode. State: All replicated index: 0, Majority replicated index: 0, Committed index: 0, Last appended: 0.0, Last appended by leader: 0, Current term: 0, Majority size: -1, State: 0, Mode: NON_LEADER, active raft config: opid_index: -1 OBSOLETE_local: false peers { permanent_uuid: "e07e82a49dab4bacbab6fab2e010bafa" member_type: VOTER last_known_addr { host: "127.6.133.193" port: 34775 } } peers { permanent_uuid: "79718c93c69d455d9318123300017cb9" member_type: VOTER last_known_addr { host: "127.6.133.194" port: 44245 } } peers { permanent_uuid: "85e64cd620af4000bf09b08f2a80ab73" member_type: VOTER last_known_addr { host: "127.6.133.195" port: 43269 } }
I20260709 14:50:36.108280  8033 ts_tablet_manager.cc:1434] T 50d3c185a7e7460d9713a69ea585bfd8 P 79718c93c69d455d9318123300017cb9: Time spent starting tablet: real 0.021s	user 0.008s	sys 0.000s
I20260709 14:50:36.109428  8033 tablet_bootstrap.cc:492] T ee5517edd21d4097a84819e8ae89297e P 79718c93c69d455d9318123300017cb9: Bootstrap starting.
I20260709 14:50:36.113839  8255 consensus_queue.cc:1048] T 98ffe46427f34928a2a96db1f46375c0 P 79718c93c69d455d9318123300017cb9 [LEADER]: Connected to new peer: Peer: permanent_uuid: "e07e82a49dab4bacbab6fab2e010bafa" member_type: VOTER last_known_addr { host: "127.6.133.193" port: 34775 }, Status: LMP_MISMATCH, Last received: 0.0, Next index: 1, Last known committed idx: 0, Time since last communication: 0.001s
I20260709 14:50:36.122308  8033 tablet_bootstrap.cc:654] T ee5517edd21d4097a84819e8ae89297e P 79718c93c69d455d9318123300017cb9: Neither blocks nor log segments found. Creating new log.
I20260709 14:50:36.106994  8034 raft_consensus.cc:359] T 24a49b5be320483e8cc76b2f539dc87d P 85e64cd620af4000bf09b08f2a80ab73 [term 0 FOLLOWER]: Replica starting. Triggering 0 pending ops. Active config: opid_index: -1 OBSOLETE_local: false peers { permanent_uuid: "e07e82a49dab4bacbab6fab2e010bafa" member_type: VOTER last_known_addr { host: "127.6.133.193" port: 34775 } } peers { permanent_uuid: "79718c93c69d455d9318123300017cb9" member_type: VOTER last_known_addr { host: "127.6.133.194" port: 44245 } } peers { permanent_uuid: "85e64cd620af4000bf09b08f2a80ab73" member_type: VOTER last_known_addr { host: "127.6.133.195" port: 43269 } }
I20260709 14:50:36.137516  8034 raft_consensus.cc:385] T 24a49b5be320483e8cc76b2f539dc87d P 85e64cd620af4000bf09b08f2a80ab73 [term 0 FOLLOWER]: Consensus starting up: Expiring failure detector timer to make a prompt election more likely
I20260709 14:50:36.137991  8034 raft_consensus.cc:740] T 24a49b5be320483e8cc76b2f539dc87d P 85e64cd620af4000bf09b08f2a80ab73 [term 0 FOLLOWER]: Becoming Follower/Learner. State: Replica: 85e64cd620af4000bf09b08f2a80ab73, State: Initialized, Role: FOLLOWER
I20260709 14:50:36.138873  8034 consensus_queue.cc:260] T 24a49b5be320483e8cc76b2f539dc87d P 85e64cd620af4000bf09b08f2a80ab73 [NON_LEADER]: Queue going to NON_LEADER mode. State: All replicated index: 0, Majority replicated index: 0, Committed index: 0, Last appended: 0.0, Last appended by leader: 0, Current term: 0, Majority size: -1, State: 0, Mode: NON_LEADER, active raft config: opid_index: -1 OBSOLETE_local: false peers { permanent_uuid: "e07e82a49dab4bacbab6fab2e010bafa" member_type: VOTER last_known_addr { host: "127.6.133.193" port: 34775 } } peers { permanent_uuid: "79718c93c69d455d9318123300017cb9" member_type: VOTER last_known_addr { host: "127.6.133.194" port: 44245 } } peers { permanent_uuid: "85e64cd620af4000bf09b08f2a80ab73" member_type: VOTER last_known_addr { host: "127.6.133.195" port: 43269 } }
I20260709 14:50:36.144691  8255 raft_consensus.cc:493] T f0a95b3063f54902910c92e6de99d7f0 P 79718c93c69d455d9318123300017cb9 [term 0 FOLLOWER]: Starting pre-election (no leader contacted us within the election timeout)
I20260709 14:50:36.145385  8255 raft_consensus.cc:515] T f0a95b3063f54902910c92e6de99d7f0 P 79718c93c69d455d9318123300017cb9 [term 0 FOLLOWER]: Starting pre-election with config: opid_index: -1 OBSOLETE_local: false peers { permanent_uuid: "e07e82a49dab4bacbab6fab2e010bafa" member_type: VOTER last_known_addr { host: "127.6.133.193" port: 34775 } } peers { permanent_uuid: "79718c93c69d455d9318123300017cb9" member_type: VOTER last_known_addr { host: "127.6.133.194" port: 44245 } } peers { permanent_uuid: "85e64cd620af4000bf09b08f2a80ab73" member_type: VOTER last_known_addr { host: "127.6.133.195" port: 43269 } }
I20260709 14:50:36.148555  8255 leader_election.cc:290] T f0a95b3063f54902910c92e6de99d7f0 P 79718c93c69d455d9318123300017cb9 [CANDIDATE]: Term 1 pre-election: Requested pre-vote from peers e07e82a49dab4bacbab6fab2e010bafa (127.6.133.193:34775), 85e64cd620af4000bf09b08f2a80ab73 (127.6.133.195:43269)
I20260709 14:50:36.153667  8034 ts_tablet_manager.cc:1434] T 24a49b5be320483e8cc76b2f539dc87d P 85e64cd620af4000bf09b08f2a80ab73: Time spent starting tablet: real 0.063s	user 0.016s	sys 0.000s
I20260709 14:50:36.157294  8034 tablet_bootstrap.cc:492] T 8ed582f46ead401288442cd07c495701 P 85e64cd620af4000bf09b08f2a80ab73: Bootstrap starting.
I20260709 14:50:36.167527  8034 tablet_bootstrap.cc:654] T 8ed582f46ead401288442cd07c495701 P 85e64cd620af4000bf09b08f2a80ab73: Neither blocks nor log segments found. Creating new log.
I20260709 14:50:36.181880  7842 raft_consensus.cc:3060] T 5dfc7b2a91c04cb5bc0f7fcfb62e7813 P e07e82a49dab4bacbab6fab2e010bafa [term 0 FOLLOWER]: Advancing to term 1
I20260709 14:50:36.183249  8034 tablet_bootstrap.cc:492] T 8ed582f46ead401288442cd07c495701 P 85e64cd620af4000bf09b08f2a80ab73: No bootstrap required, opened a new log
I20260709 14:50:36.183981  8034 ts_tablet_manager.cc:1403] T 8ed582f46ead401288442cd07c495701 P 85e64cd620af4000bf09b08f2a80ab73: Time spent bootstrapping tablet: real 0.027s	user 0.020s	sys 0.002s
I20260709 14:50:36.188403  8255 raft_consensus.cc:493] T 2192f696b98f4dd395b3088430b9a42c P 79718c93c69d455d9318123300017cb9 [term 0 FOLLOWER]: Starting pre-election (no leader contacted us within the election timeout)
I20260709 14:50:36.189098  8255 raft_consensus.cc:515] T 2192f696b98f4dd395b3088430b9a42c P 79718c93c69d455d9318123300017cb9 [term 0 FOLLOWER]: Starting pre-election with config: opid_index: -1 OBSOLETE_local: false peers { permanent_uuid: "e07e82a49dab4bacbab6fab2e010bafa" member_type: VOTER last_known_addr { host: "127.6.133.193" port: 34775 } } peers { permanent_uuid: "79718c93c69d455d9318123300017cb9" member_type: VOTER last_known_addr { host: "127.6.133.194" port: 44245 } } peers { permanent_uuid: "85e64cd620af4000bf09b08f2a80ab73" member_type: VOTER last_known_addr { host: "127.6.133.195" port: 43269 } }
I20260709 14:50:36.192202  8255 leader_election.cc:290] T 2192f696b98f4dd395b3088430b9a42c P 79718c93c69d455d9318123300017cb9 [CANDIDATE]: Term 1 pre-election: Requested pre-vote from peers e07e82a49dab4bacbab6fab2e010bafa (127.6.133.193:34775), 85e64cd620af4000bf09b08f2a80ab73 (127.6.133.195:43269)
I20260709 14:50:36.196338  8078 consensus_queue.cc:1048] T 98ffe46427f34928a2a96db1f46375c0 P 79718c93c69d455d9318123300017cb9 [LEADER]: Connected to new peer: Peer: permanent_uuid: "85e64cd620af4000bf09b08f2a80ab73" member_type: VOTER last_known_addr { host: "127.6.133.195" port: 43269 }, Status: LMP_MISMATCH, Last received: 0.0, Next index: 1, Last known committed idx: 0, Time since last communication: 0.001s
I20260709 14:50:36.191372  8034 raft_consensus.cc:359] T 8ed582f46ead401288442cd07c495701 P 85e64cd620af4000bf09b08f2a80ab73 [term 0 FOLLOWER]: Replica starting. Triggering 0 pending ops. Active config: opid_index: -1 OBSOLETE_local: false peers { permanent_uuid: "e07e82a49dab4bacbab6fab2e010bafa" member_type: VOTER last_known_addr { host: "127.6.133.193" port: 34775 } } peers { permanent_uuid: "79718c93c69d455d9318123300017cb9" member_type: VOTER last_known_addr { host: "127.6.133.194" port: 44245 } } peers { permanent_uuid: "85e64cd620af4000bf09b08f2a80ab73" member_type: VOTER last_known_addr { host: "127.6.133.195" port: 43269 } }
I20260709 14:50:36.207690  8034 raft_consensus.cc:385] T 8ed582f46ead401288442cd07c495701 P 85e64cd620af4000bf09b08f2a80ab73 [term 0 FOLLOWER]: Consensus starting up: Expiring failure detector timer to make a prompt election more likely
I20260709 14:50:36.207882  7836 tablet_service.cc:1917] Received RequestConsensusVote() RPC: tablet_id: "f0a95b3063f54902910c92e6de99d7f0" candidate_uuid: "79718c93c69d455d9318123300017cb9" candidate_term: 1 candidate_status { last_received { term: 0 index: 0 } } ignore_live_leader: false dest_uuid: "e07e82a49dab4bacbab6fab2e010bafa" is_pre_election: true
I20260709 14:50:36.208633  8034 raft_consensus.cc:740] T 8ed582f46ead401288442cd07c495701 P 85e64cd620af4000bf09b08f2a80ab73 [term 0 FOLLOWER]: Becoming Follower/Learner. State: Replica: 85e64cd620af4000bf09b08f2a80ab73, State: Initialized, Role: FOLLOWER
I20260709 14:50:36.208972  7836 raft_consensus.cc:2468] T f0a95b3063f54902910c92e6de99d7f0 P e07e82a49dab4bacbab6fab2e010bafa [term 0 FOLLOWER]: Leader pre-election vote request: Granting yes vote for candidate 79718c93c69d455d9318123300017cb9 in term 0.
I20260709 14:50:36.210110  8034 consensus_queue.cc:260] T 8ed582f46ead401288442cd07c495701 P 85e64cd620af4000bf09b08f2a80ab73 [NON_LEADER]: Queue going to NON_LEADER mode. State: All replicated index: 0, Majority replicated index: 0, Committed index: 0, Last appended: 0.0, Last appended by leader: 0, Current term: 0, Majority size: -1, State: 0, Mode: NON_LEADER, active raft config: opid_index: -1 OBSOLETE_local: false peers { permanent_uuid: "e07e82a49dab4bacbab6fab2e010bafa" member_type: VOTER last_known_addr { host: "127.6.133.193" port: 34775 } } peers { permanent_uuid: "79718c93c69d455d9318123300017cb9" member_type: VOTER last_known_addr { host: "127.6.133.194" port: 44245 } } peers { permanent_uuid: "85e64cd620af4000bf09b08f2a80ab73" member_type: VOTER last_known_addr { host: "127.6.133.195" port: 43269 } }
I20260709 14:50:36.212745  8034 ts_tablet_manager.cc:1434] T 8ed582f46ead401288442cd07c495701 P 85e64cd620af4000bf09b08f2a80ab73: Time spent starting tablet: real 0.028s	user 0.009s	sys 0.000s
W20260709 14:50:36.214138  7808 outbound_call.cc:321] RPC callback for RPC call kudu.consensus.ConsensusService.UpdateConsensus -> {remote=127.6.133.195:43269, user_credentials={real_user=slave}} blocked reactor thread for 143469us
I20260709 14:50:36.216423  7808 leader_election.cc:304] T 283ecc2005784e48bb2dc083e38fd4b9 P e07e82a49dab4bacbab6fab2e010bafa [CANDIDATE]: Term 1 pre-election: Election decided. Result: candidate lost. Election summary: received 3 responses out of 3 voters: 1 yes votes; 2 no votes. yes voters: e07e82a49dab4bacbab6fab2e010bafa; no voters: 79718c93c69d455d9318123300017cb9, 85e64cd620af4000bf09b08f2a80ab73
I20260709 14:50:36.217391  8263 raft_consensus.cc:2749] T 283ecc2005784e48bb2dc083e38fd4b9 P e07e82a49dab4bacbab6fab2e010bafa [term 0 FOLLOWER]: Leader pre-election lost for term 1. Reason: could not achieve majority
I20260709 14:50:36.220819  7836 tablet_service.cc:1917] Received RequestConsensusVote() RPC: tablet_id: "2192f696b98f4dd395b3088430b9a42c" candidate_uuid: "79718c93c69d455d9318123300017cb9" candidate_term: 1 candidate_status { last_received { term: 0 index: 0 } } ignore_live_leader: false dest_uuid: "e07e82a49dab4bacbab6fab2e010bafa" is_pre_election: true
I20260709 14:50:36.222996  8078 raft_consensus.cc:493] T 50d3c185a7e7460d9713a69ea585bfd8 P 79718c93c69d455d9318123300017cb9 [term 0 FOLLOWER]: Starting pre-election (no leader contacted us within the election timeout)
I20260709 14:50:36.223574  8078 raft_consensus.cc:515] T 50d3c185a7e7460d9713a69ea585bfd8 P 79718c93c69d455d9318123300017cb9 [term 0 FOLLOWER]: Starting pre-election with config: opid_index: -1 OBSOLETE_local: false peers { permanent_uuid: "e07e82a49dab4bacbab6fab2e010bafa" member_type: VOTER last_known_addr { host: "127.6.133.193" port: 34775 } } peers { permanent_uuid: "79718c93c69d455d9318123300017cb9" member_type: VOTER last_known_addr { host: "127.6.133.194" port: 44245 } } peers { permanent_uuid: "85e64cd620af4000bf09b08f2a80ab73" member_type: VOTER last_known_addr { host: "127.6.133.195" port: 43269 } }
I20260709 14:50:36.225950  8078 leader_election.cc:290] T 50d3c185a7e7460d9713a69ea585bfd8 P 79718c93c69d455d9318123300017cb9 [CANDIDATE]: Term 1 pre-election: Requested pre-vote from peers e07e82a49dab4bacbab6fab2e010bafa (127.6.133.193:34775), 85e64cd620af4000bf09b08f2a80ab73 (127.6.133.195:43269)
I20260709 14:50:36.228462  7916 tablet_service.cc:1917] Received RequestConsensusVote() RPC: tablet_id: "68b52ac0f8774249baed74b08e0d7ccc" candidate_uuid: "e07e82a49dab4bacbab6fab2e010bafa" candidate_term: 1 candidate_status { last_received { term: 0 index: 0 } } ignore_live_leader: false dest_uuid: "79718c93c69d455d9318123300017cb9"
I20260709 14:50:36.229053  7916 raft_consensus.cc:3060] T 68b52ac0f8774249baed74b08e0d7ccc P 79718c93c69d455d9318123300017cb9 [term 0 FOLLOWER]: Advancing to term 1
I20260709 14:50:36.233664  8251 raft_consensus.cc:493] T 2b34531080de4133bf49dc452704073d P 79718c93c69d455d9318123300017cb9 [term 0 FOLLOWER]: Starting pre-election (no leader contacted us within the election timeout)
I20260709 14:50:36.234153  8251 raft_consensus.cc:515] T 2b34531080de4133bf49dc452704073d P 79718c93c69d455d9318123300017cb9 [term 0 FOLLOWER]: Starting pre-election with config: opid_index: -1 OBSOLETE_local: false peers { permanent_uuid: "e07e82a49dab4bacbab6fab2e010bafa" member_type: VOTER last_known_addr { host: "127.6.133.193" port: 34775 } } peers { permanent_uuid: "79718c93c69d455d9318123300017cb9" member_type: VOTER last_known_addr { host: "127.6.133.194" port: 44245 } } peers { permanent_uuid: "85e64cd620af4000bf09b08f2a80ab73" member_type: VOTER last_known_addr { host: "127.6.133.195" port: 43269 } }
I20260709 14:50:36.234406  7993 tablet_service.cc:1917] Received RequestConsensusVote() RPC: tablet_id: "f0a95b3063f54902910c92e6de99d7f0" candidate_uuid: "79718c93c69d455d9318123300017cb9" candidate_term: 1 candidate_status { last_received { term: 0 index: 0 } } ignore_live_leader: false dest_uuid: "85e64cd620af4000bf09b08f2a80ab73" is_pre_election: true
I20260709 14:50:36.235344  7916 raft_consensus.cc:2468] T 68b52ac0f8774249baed74b08e0d7ccc P 79718c93c69d455d9318123300017cb9 [term 1 FOLLOWER]: Leader election vote request: Granting yes vote for candidate e07e82a49dab4bacbab6fab2e010bafa in term 1.
I20260709 14:50:36.235440  7993 raft_consensus.cc:2468] T f0a95b3063f54902910c92e6de99d7f0 P 85e64cd620af4000bf09b08f2a80ab73 [term 0 FOLLOWER]: Leader pre-election vote request: Granting yes vote for candidate 79718c93c69d455d9318123300017cb9 in term 0.
I20260709 14:50:36.236248  8251 leader_election.cc:290] T 2b34531080de4133bf49dc452704073d P 79718c93c69d455d9318123300017cb9 [CANDIDATE]: Term 1 pre-election: Requested pre-vote from peers e07e82a49dab4bacbab6fab2e010bafa (127.6.133.193:34775), 85e64cd620af4000bf09b08f2a80ab73 (127.6.133.195:43269)
I20260709 14:50:36.237625  7993 tablet_service.cc:1917] Received RequestConsensusVote() RPC: tablet_id: "68b52ac0f8774249baed74b08e0d7ccc" candidate_uuid: "e07e82a49dab4bacbab6fab2e010bafa" candidate_term: 1 candidate_status { last_received { term: 0 index: 0 } } ignore_live_leader: false dest_uuid: "85e64cd620af4000bf09b08f2a80ab73"
I20260709 14:50:36.238545  7993 raft_consensus.cc:3060] T 68b52ac0f8774249baed74b08e0d7ccc P 85e64cd620af4000bf09b08f2a80ab73 [term 0 FOLLOWER]: Advancing to term 1
I20260709 14:50:36.246002  8225 raft_consensus.cc:493] T 8ed582f46ead401288442cd07c495701 P 85e64cd620af4000bf09b08f2a80ab73 [term 0 FOLLOWER]: Starting pre-election (no leader contacted us within the election timeout)
I20260709 14:50:36.246610  8225 raft_consensus.cc:515] T 8ed582f46ead401288442cd07c495701 P 85e64cd620af4000bf09b08f2a80ab73 [term 0 FOLLOWER]: Starting pre-election with config: opid_index: -1 OBSOLETE_local: false peers { permanent_uuid: "e07e82a49dab4bacbab6fab2e010bafa" member_type: VOTER last_known_addr { host: "127.6.133.193" port: 34775 } } peers { permanent_uuid: "79718c93c69d455d9318123300017cb9" member_type: VOTER last_known_addr { host: "127.6.133.194" port: 44245 } } peers { permanent_uuid: "85e64cd620af4000bf09b08f2a80ab73" member_type: VOTER last_known_addr { host: "127.6.133.195" port: 43269 } }
I20260709 14:50:36.250206  8225 leader_election.cc:290] T 8ed582f46ead401288442cd07c495701 P 85e64cd620af4000bf09b08f2a80ab73 [CANDIDATE]: Term 1 pre-election: Requested pre-vote from peers e07e82a49dab4bacbab6fab2e010bafa (127.6.133.193:34775), 79718c93c69d455d9318123300017cb9 (127.6.133.194:44245)
I20260709 14:50:36.250551  7985 tablet_service.cc:1917] Received RequestConsensusVote() RPC: tablet_id: "2192f696b98f4dd395b3088430b9a42c" candidate_uuid: "79718c93c69d455d9318123300017cb9" candidate_term: 1 candidate_status { last_received { term: 0 index: 0 } } ignore_live_leader: false dest_uuid: "85e64cd620af4000bf09b08f2a80ab73" is_pre_election: true
I20260709 14:50:36.252322  8225 raft_consensus.cc:493] T ee5517edd21d4097a84819e8ae89297e P 85e64cd620af4000bf09b08f2a80ab73 [term 0 FOLLOWER]: Starting pre-election (no leader contacted us within the election timeout)
I20260709 14:50:36.253242  8225 raft_consensus.cc:515] T ee5517edd21d4097a84819e8ae89297e P 85e64cd620af4000bf09b08f2a80ab73 [term 0 FOLLOWER]: Starting pre-election with config: opid_index: -1 OBSOLETE_local: false peers { permanent_uuid: "e07e82a49dab4bacbab6fab2e010bafa" member_type: VOTER last_known_addr { host: "127.6.133.193" port: 34775 } } peers { permanent_uuid: "79718c93c69d455d9318123300017cb9" member_type: VOTER last_known_addr { host: "127.6.133.194" port: 44245 } } peers { permanent_uuid: "85e64cd620af4000bf09b08f2a80ab73" member_type: VOTER last_known_addr { host: "127.6.133.195" port: 43269 } }
I20260709 14:50:36.253986  7808 leader_election.cc:304] T 68b52ac0f8774249baed74b08e0d7ccc P e07e82a49dab4bacbab6fab2e010bafa [CANDIDATE]: Term 1 election: Election decided. Result: candidate won. Election summary: received 2 responses out of 3 voters: 2 yes votes; 0 no votes. yes voters: 79718c93c69d455d9318123300017cb9, e07e82a49dab4bacbab6fab2e010bafa; no voters: 
I20260709 14:50:36.254730  8263 raft_consensus.cc:2804] T 68b52ac0f8774249baed74b08e0d7ccc P e07e82a49dab4bacbab6fab2e010bafa [term 1 FOLLOWER]: Leader election won for term 1
I20260709 14:50:36.255218  8263 raft_consensus.cc:697] T 68b52ac0f8774249baed74b08e0d7ccc P e07e82a49dab4bacbab6fab2e010bafa [term 1 LEADER]: Becoming Leader. State: Replica: e07e82a49dab4bacbab6fab2e010bafa, State: Running, Role: LEADER
I20260709 14:50:36.255057  7989 tablet_service.cc:1917] Received RequestConsensusVote() RPC: tablet_id: "50d3c185a7e7460d9713a69ea585bfd8" candidate_uuid: "79718c93c69d455d9318123300017cb9" candidate_term: 1 candidate_status { last_received { term: 0 index: 0 } } ignore_live_leader: false dest_uuid: "85e64cd620af4000bf09b08f2a80ab73" is_pre_election: true
I20260709 14:50:36.255921  8225 leader_election.cc:290] T ee5517edd21d4097a84819e8ae89297e P 85e64cd620af4000bf09b08f2a80ab73 [CANDIDATE]: Term 1 pre-election: Requested pre-vote from peers e07e82a49dab4bacbab6fab2e010bafa (127.6.133.193:34775), 79718c93c69d455d9318123300017cb9 (127.6.133.194:44245)
I20260709 14:50:36.256167  8263 consensus_queue.cc:237] T 68b52ac0f8774249baed74b08e0d7ccc P e07e82a49dab4bacbab6fab2e010bafa [LEADER]: Queue going to LEADER mode. State: All replicated index: 0, Majority replicated index: 0, Committed index: 0, Last appended: 0.0, Last appended by leader: 0, Current term: 1, Majority size: 2, State: 0, Mode: LEADER, active raft config: opid_index: -1 OBSOLETE_local: false peers { permanent_uuid: "e07e82a49dab4bacbab6fab2e010bafa" member_type: VOTER last_known_addr { host: "127.6.133.193" port: 34775 } } peers { permanent_uuid: "79718c93c69d455d9318123300017cb9" member_type: VOTER last_known_addr { host: "127.6.133.194" port: 44245 } } peers { permanent_uuid: "85e64cd620af4000bf09b08f2a80ab73" member_type: VOTER last_known_addr { host: "127.6.133.195" port: 43269 } }
I20260709 14:50:36.258584  7989 tablet_service.cc:1917] Received RequestConsensusVote() RPC: tablet_id: "2b34531080de4133bf49dc452704073d" candidate_uuid: "79718c93c69d455d9318123300017cb9" candidate_term: 1 candidate_status { last_received { term: 0 index: 0 } } ignore_live_leader: false dest_uuid: "85e64cd620af4000bf09b08f2a80ab73" is_pre_election: true
I20260709 14:50:36.265288  8035 tablet_bootstrap.cc:492] T 84ca3f909bb84f0db1638a9ba8d2133c P e07e82a49dab4bacbab6fab2e010bafa: No bootstrap required, opened a new log
I20260709 14:50:36.266739  8035 ts_tablet_manager.cc:1403] T 84ca3f909bb84f0db1638a9ba8d2133c P e07e82a49dab4bacbab6fab2e010bafa: Time spent bootstrapping tablet: real 0.255s	user 0.053s	sys 0.074s
I20260709 14:50:36.278493  7738 catalog_manager.cc:5697] T 68b52ac0f8774249baed74b08e0d7ccc P e07e82a49dab4bacbab6fab2e010bafa reported cstate change: term changed from 0 to 1, leader changed from <none> to e07e82a49dab4bacbab6fab2e010bafa (127.6.133.193). New cstate: current_term: 1 leader_uuid: "e07e82a49dab4bacbab6fab2e010bafa" committed_config { opid_index: -1 OBSOLETE_local: false peers { permanent_uuid: "e07e82a49dab4bacbab6fab2e010bafa" member_type: VOTER last_known_addr { host: "127.6.133.193" port: 34775 } health_report { overall_health: HEALTHY } } peers { permanent_uuid: "79718c93c69d455d9318123300017cb9" member_type: VOTER last_known_addr { host: "127.6.133.194" port: 44245 } health_report { overall_health: UNKNOWN } } peers { permanent_uuid: "85e64cd620af4000bf09b08f2a80ab73" member_type: VOTER last_known_addr { host: "127.6.133.195" port: 43269 } health_report { overall_health: UNKNOWN } } }
I20260709 14:50:36.283370  7882 leader_election.cc:304] T f0a95b3063f54902910c92e6de99d7f0 P 79718c93c69d455d9318123300017cb9 [CANDIDATE]: Term 1 pre-election: Election decided. Result: candidate won. Election summary: received 2 responses out of 3 voters: 2 yes votes; 0 no votes. yes voters: 79718c93c69d455d9318123300017cb9, e07e82a49dab4bacbab6fab2e010bafa; no voters: 
W20260709 14:50:36.284593  7882 leader_election.cc:343] T 2192f696b98f4dd395b3088430b9a42c P 79718c93c69d455d9318123300017cb9 [CANDIDATE]: Term 1 pre-election: Tablet error from VoteRequest() call to peer e07e82a49dab4bacbab6fab2e010bafa (127.6.133.193:34775): Illegal state: must be running to vote when last-logged opid is not known
I20260709 14:50:36.285718  8189 raft_consensus.cc:2804] T f0a95b3063f54902910c92e6de99d7f0 P 79718c93c69d455d9318123300017cb9 [term 0 FOLLOWER]: Leader pre-election won for term 1
I20260709 14:50:36.286159  8189 raft_consensus.cc:493] T f0a95b3063f54902910c92e6de99d7f0 P 79718c93c69d455d9318123300017cb9 [term 0 FOLLOWER]: Starting leader election (no leader contacted us within the election timeout)
I20260709 14:50:36.286542  8189 raft_consensus.cc:3060] T f0a95b3063f54902910c92e6de99d7f0 P 79718c93c69d455d9318123300017cb9 [term 0 FOLLOWER]: Advancing to term 1
I20260709 14:50:36.280359  8034 tablet_bootstrap.cc:492] T 2b34531080de4133bf49dc452704073d P 85e64cd620af4000bf09b08f2a80ab73: Bootstrap starting.
I20260709 14:50:36.292402  7840 tablet_service.cc:1917] Received RequestConsensusVote() RPC: tablet_id: "ee5517edd21d4097a84819e8ae89297e" candidate_uuid: "85e64cd620af4000bf09b08f2a80ab73" candidate_term: 1 candidate_status { last_received { term: 0 index: 0 } } ignore_live_leader: false dest_uuid: "e07e82a49dab4bacbab6fab2e010bafa" is_pre_election: true
I20260709 14:50:36.297955  7840 raft_consensus.cc:3060] T 283ecc2005784e48bb2dc083e38fd4b9 P e07e82a49dab4bacbab6fab2e010bafa [term 0 FOLLOWER]: Advancing to term 1
I20260709 14:50:36.299134  8034 tablet_bootstrap.cc:654] T 2b34531080de4133bf49dc452704073d P 85e64cd620af4000bf09b08f2a80ab73: Neither blocks nor log segments found. Creating new log.
I20260709 14:50:36.285504  7836 tablet_service.cc:1917] Received RequestConsensusVote() RPC: tablet_id: "8ed582f46ead401288442cd07c495701" candidate_uuid: "85e64cd620af4000bf09b08f2a80ab73" candidate_term: 1 candidate_status { last_received { term: 0 index: 0 } } ignore_live_leader: false dest_uuid: "e07e82a49dab4bacbab6fab2e010bafa" is_pre_election: true
I20260709 14:50:36.309074  8189 raft_consensus.cc:515] T f0a95b3063f54902910c92e6de99d7f0 P 79718c93c69d455d9318123300017cb9 [term 1 FOLLOWER]: Starting leader election with config: opid_index: -1 OBSOLETE_local: false peers { permanent_uuid: "e07e82a49dab4bacbab6fab2e010bafa" member_type: VOTER last_known_addr { host: "127.6.133.193" port: 34775 } } peers { permanent_uuid: "79718c93c69d455d9318123300017cb9" member_type: VOTER last_known_addr { host: "127.6.133.194" port: 44245 } } peers { permanent_uuid: "85e64cd620af4000bf09b08f2a80ab73" member_type: VOTER last_known_addr { host: "127.6.133.195" port: 43269 } }
W20260709 14:50:36.315541  7883 leader_election.cc:343] T 2192f696b98f4dd395b3088430b9a42c P 79718c93c69d455d9318123300017cb9 [CANDIDATE]: Term 1 pre-election: Tablet error from VoteRequest() call to peer 85e64cd620af4000bf09b08f2a80ab73 (127.6.133.195:43269): Illegal state: must be running to vote when last-logged opid is not known
I20260709 14:50:36.317157  7883 leader_election.cc:304] T 2192f696b98f4dd395b3088430b9a42c P 79718c93c69d455d9318123300017cb9 [CANDIDATE]: Term 1 pre-election: Election decided. Result: candidate lost. Election summary: received 3 responses out of 3 voters: 1 yes votes; 2 no votes. yes voters: 79718c93c69d455d9318123300017cb9; no voters: 85e64cd620af4000bf09b08f2a80ab73, e07e82a49dab4bacbab6fab2e010bafa
I20260709 14:50:36.317835  7914 tablet_service.cc:1917] Received RequestConsensusVote() RPC: tablet_id: "ee5517edd21d4097a84819e8ae89297e" candidate_uuid: "85e64cd620af4000bf09b08f2a80ab73" candidate_term: 1 candidate_status { last_received { term: 0 index: 0 } } ignore_live_leader: false dest_uuid: "79718c93c69d455d9318123300017cb9" is_pre_election: true
W20260709 14:50:36.318290  7883 leader_election.cc:343] T 50d3c185a7e7460d9713a69ea585bfd8 P 79718c93c69d455d9318123300017cb9 [CANDIDATE]: Term 1 pre-election: Tablet error from VoteRequest() call to peer 85e64cd620af4000bf09b08f2a80ab73 (127.6.133.195:43269): Illegal state: must be running to vote when last-logged opid is not known
W20260709 14:50:36.318938  7883 leader_election.cc:343] T 2b34531080de4133bf49dc452704073d P 79718c93c69d455d9318123300017cb9 [CANDIDATE]: Term 1 pre-election: Tablet error from VoteRequest() call to peer 85e64cd620af4000bf09b08f2a80ab73 (127.6.133.195:43269): Illegal state: must be running to vote when last-logged opid is not known
I20260709 14:50:36.316565  7915 tablet_service.cc:1917] Received RequestConsensusVote() RPC: tablet_id: "8ed582f46ead401288442cd07c495701" candidate_uuid: "85e64cd620af4000bf09b08f2a80ab73" candidate_term: 1 candidate_status { last_received { term: 0 index: 0 } } ignore_live_leader: false dest_uuid: "79718c93c69d455d9318123300017cb9" is_pre_election: true
I20260709 14:50:36.318979  8189 leader_election.cc:290] T f0a95b3063f54902910c92e6de99d7f0 P 79718c93c69d455d9318123300017cb9 [CANDIDATE]: Term 1 election: Requested vote from peers e07e82a49dab4bacbab6fab2e010bafa (127.6.133.193:34775), 85e64cd620af4000bf09b08f2a80ab73 (127.6.133.195:43269)
I20260709 14:50:36.321031  8251 raft_consensus.cc:2749] T 2192f696b98f4dd395b3088430b9a42c P 79718c93c69d455d9318123300017cb9 [term 0 FOLLOWER]: Leader pre-election lost for term 1. Reason: could not achieve majority
I20260709 14:50:36.321774  8033 tablet_bootstrap.cc:492] T ee5517edd21d4097a84819e8ae89297e P 79718c93c69d455d9318123300017cb9: No bootstrap required, opened a new log
I20260709 14:50:36.322211  8033 ts_tablet_manager.cc:1403] T ee5517edd21d4097a84819e8ae89297e P 79718c93c69d455d9318123300017cb9: Time spent bootstrapping tablet: real 0.213s	user 0.041s	sys 0.072s
I20260709 14:50:36.322926  8034 tablet_bootstrap.cc:492] T 2b34531080de4133bf49dc452704073d P 85e64cd620af4000bf09b08f2a80ab73: No bootstrap required, opened a new log
I20260709 14:50:36.323499  8034 ts_tablet_manager.cc:1403] T 2b34531080de4133bf49dc452704073d P 85e64cd620af4000bf09b08f2a80ab73: Time spent bootstrapping tablet: real 0.043s	user 0.013s	sys 0.004s
I20260709 14:50:36.328387  8033 raft_consensus.cc:359] T ee5517edd21d4097a84819e8ae89297e P 79718c93c69d455d9318123300017cb9 [term 0 FOLLOWER]: Replica starting. Triggering 0 pending ops. Active config: opid_index: -1 OBSOLETE_local: false peers { permanent_uuid: "e07e82a49dab4bacbab6fab2e010bafa" member_type: VOTER last_known_addr { host: "127.6.133.193" port: 34775 } } peers { permanent_uuid: "79718c93c69d455d9318123300017cb9" member_type: VOTER last_known_addr { host: "127.6.133.194" port: 44245 } } peers { permanent_uuid: "85e64cd620af4000bf09b08f2a80ab73" member_type: VOTER last_known_addr { host: "127.6.133.195" port: 43269 } }
I20260709 14:50:36.329336  8033 raft_consensus.cc:385] T ee5517edd21d4097a84819e8ae89297e P 79718c93c69d455d9318123300017cb9 [term 0 FOLLOWER]: Consensus starting up: Expiring failure detector timer to make a prompt election more likely
I20260709 14:50:36.329674  8033 raft_consensus.cc:740] T ee5517edd21d4097a84819e8ae89297e P 79718c93c69d455d9318123300017cb9 [term 0 FOLLOWER]: Becoming Follower/Learner. State: Replica: 79718c93c69d455d9318123300017cb9, State: Initialized, Role: FOLLOWER
I20260709 14:50:36.332809  7839 tablet_service.cc:1917] Received RequestConsensusVote() RPC: tablet_id: "2b34531080de4133bf49dc452704073d" candidate_uuid: "79718c93c69d455d9318123300017cb9" candidate_term: 1 candidate_status { last_received { term: 0 index: 0 } } ignore_live_leader: false dest_uuid: "e07e82a49dab4bacbab6fab2e010bafa" is_pre_election: true
I20260709 14:50:36.336118  8034 raft_consensus.cc:359] T 2b34531080de4133bf49dc452704073d P 85e64cd620af4000bf09b08f2a80ab73 [term 0 FOLLOWER]: Replica starting. Triggering 0 pending ops. Active config: opid_index: -1 OBSOLETE_local: false peers { permanent_uuid: "e07e82a49dab4bacbab6fab2e010bafa" member_type: VOTER last_known_addr { host: "127.6.133.193" port: 34775 } } peers { permanent_uuid: "79718c93c69d455d9318123300017cb9" member_type: VOTER last_known_addr { host: "127.6.133.194" port: 44245 } } peers { permanent_uuid: "85e64cd620af4000bf09b08f2a80ab73" member_type: VOTER last_known_addr { host: "127.6.133.195" port: 43269 } }
I20260709 14:50:36.336500  8033 consensus_queue.cc:260] T ee5517edd21d4097a84819e8ae89297e P 79718c93c69d455d9318123300017cb9 [NON_LEADER]: Queue going to NON_LEADER mode. State: All replicated index: 0, Majority replicated index: 0, Committed index: 0, Last appended: 0.0, Last appended by leader: 0, Current term: 0, Majority size: -1, State: 0, Mode: NON_LEADER, active raft config: opid_index: -1 OBSOLETE_local: false peers { permanent_uuid: "e07e82a49dab4bacbab6fab2e010bafa" member_type: VOTER last_known_addr { host: "127.6.133.193" port: 34775 } } peers { permanent_uuid: "79718c93c69d455d9318123300017cb9" member_type: VOTER last_known_addr { host: "127.6.133.194" port: 44245 } } peers { permanent_uuid: "85e64cd620af4000bf09b08f2a80ab73" member_type: VOTER last_known_addr { host: "127.6.133.195" port: 43269 } }
I20260709 14:50:36.337934  8034 raft_consensus.cc:385] T 2b34531080de4133bf49dc452704073d P 85e64cd620af4000bf09b08f2a80ab73 [term 0 FOLLOWER]: Consensus starting up: Expiring failure detector timer to make a prompt election more likely
I20260709 14:50:36.338541  8034 raft_consensus.cc:740] T 2b34531080de4133bf49dc452704073d P 85e64cd620af4000bf09b08f2a80ab73 [term 0 FOLLOWER]: Becoming Follower/Learner. State: Replica: 85e64cd620af4000bf09b08f2a80ab73, State: Initialized, Role: FOLLOWER
I20260709 14:50:36.339407  8034 consensus_queue.cc:260] T 2b34531080de4133bf49dc452704073d P 85e64cd620af4000bf09b08f2a80ab73 [NON_LEADER]: Queue going to NON_LEADER mode. State: All replicated index: 0, Majority replicated index: 0, Committed index: 0, Last appended: 0.0, Last appended by leader: 0, Current term: 0, Majority size: -1, State: 0, Mode: NON_LEADER, active raft config: opid_index: -1 OBSOLETE_local: false peers { permanent_uuid: "e07e82a49dab4bacbab6fab2e010bafa" member_type: VOTER last_known_addr { host: "127.6.133.193" port: 34775 } } peers { permanent_uuid: "79718c93c69d455d9318123300017cb9" member_type: VOTER last_known_addr { host: "127.6.133.194" port: 44245 } } peers { permanent_uuid: "85e64cd620af4000bf09b08f2a80ab73" member_type: VOTER last_known_addr { host: "127.6.133.195" port: 43269 } }
W20260709 14:50:36.344559  7882 leader_election.cc:343] T 2b34531080de4133bf49dc452704073d P 79718c93c69d455d9318123300017cb9 [CANDIDATE]: Term 1 pre-election: Tablet error from VoteRequest() call to peer e07e82a49dab4bacbab6fab2e010bafa (127.6.133.193:34775): Illegal state: must be running to vote when last-logged opid is not known
I20260709 14:50:36.345137  7882 leader_election.cc:304] T 2b34531080de4133bf49dc452704073d P 79718c93c69d455d9318123300017cb9 [CANDIDATE]: Term 1 pre-election: Election decided. Result: candidate lost. Election summary: received 3 responses out of 3 voters: 1 yes votes; 2 no votes. yes voters: 79718c93c69d455d9318123300017cb9; no voters: 85e64cd620af4000bf09b08f2a80ab73, e07e82a49dab4bacbab6fab2e010bafa
