I20260709 14:50:49.897784   715 raft_consensus.cc:1275] T 31bf95858cf9424c852f5cdeb04c2829 P c81eb15a05d440b0bd64bd2586fefb66 [term 4 FOLLOWER]: Refusing update from remote peer 784994a9c91f47758d8849b6f20e0b92: Log matching property violated. Preceding OpId in replica: term: 3 index: 3. Preceding OpId from leader: term: 4 index: 4. (index mismatch)
I20260709 14:50:49.898916   881 consensus_queue.cc:1048] T 31bf95858cf9424c852f5cdeb04c2829 P 784994a9c91f47758d8849b6f20e0b92 [LEADER]: Connected to new peer: Peer: permanent_uuid: "c81eb15a05d440b0bd64bd2586fefb66" member_type: VOTER last_known_addr { host: "127.0.107.195" port: 41007 }, Status: LMP_MISMATCH, Last received: 0.0, Next index: 4, Last known committed idx: 3, Time since last communication: 0.000s
I20260709 14:50:49.906903   566 raft_consensus.cc:1275] T 31bf95858cf9424c852f5cdeb04c2829 P d5bef89995ae48c887d2b67a5a264526 [term 4 FOLLOWER]: Refusing update from remote peer 784994a9c91f47758d8849b6f20e0b92: Log matching property violated. Preceding OpId in replica: term: 3 index: 3. Preceding OpId from leader: term: 4 index: 4. (index mismatch)
I20260709 14:50:49.908229   858 consensus_queue.cc:1048] T 31bf95858cf9424c852f5cdeb04c2829 P 784994a9c91f47758d8849b6f20e0b92 [LEADER]: Connected to new peer: Peer: permanent_uuid: "d5bef89995ae48c887d2b67a5a264526" member_type: VOTER last_known_addr { host: "127.0.107.193" port: 39035 }, Status: LMP_MISMATCH, Last received: 0.0, Next index: 4, Last known committed idx: 3, Time since last communication: 0.000s
I20260709 14:50:52.054210   431 auto_leader_rebalancer.cc:141] leader rebalance for table test-workload
I20260709 14:50:52.061169   640 tablet_service.cc:2072] Received LeaderStepDown RPC: tablet_id: "0e9902a52dcf4258a7185cfd195fd78e"
dest_uuid: "784994a9c91f47758d8849b6f20e0b92"
mode: GRACEFUL
new_leader_uuid: "c81eb15a05d440b0bd64bd2586fefb66"
 from {username='slave'} at 127.0.0.1:56408
I20260709 14:50:52.061767   640 raft_consensus.cc:606] T 0e9902a52dcf4258a7185cfd195fd78e P 784994a9c91f47758d8849b6f20e0b92 [term 2 LEADER]: Received request to transfer leadership to TS c81eb15a05d440b0bd64bd2586fefb66
I20260709 14:50:52.064148   640 tablet_service.cc:2072] Received LeaderStepDown RPC: tablet_id: "31bf95858cf9424c852f5cdeb04c2829"
dest_uuid: "784994a9c91f47758d8849b6f20e0b92"
mode: GRACEFUL
new_leader_uuid: "d5bef89995ae48c887d2b67a5a264526"
 from {username='slave'} at 127.0.0.1:56408
I20260709 14:50:52.064531   640 raft_consensus.cc:606] T 31bf95858cf9424c852f5cdeb04c2829 P 784994a9c91f47758d8849b6f20e0b92 [term 4 LEADER]: Received request to transfer leadership to TS d5bef89995ae48c887d2b67a5a264526
I20260709 14:50:52.066617   640 tablet_service.cc:2072] Received LeaderStepDown RPC: tablet_id: "68607ffb332441a0975db53410599770"
dest_uuid: "784994a9c91f47758d8849b6f20e0b92"
mode: GRACEFUL
new_leader_uuid: "c81eb15a05d440b0bd64bd2586fefb66"
 from {username='slave'} at 127.0.0.1:56408
I20260709 14:50:52.067000   640 raft_consensus.cc:606] T 68607ffb332441a0975db53410599770 P 784994a9c91f47758d8849b6f20e0b92 [term 1 LEADER]: Received request to transfer leadership to TS c81eb15a05d440b0bd64bd2586fefb66
I20260709 14:50:52.069058   640 tablet_service.cc:2072] Received LeaderStepDown RPC: tablet_id: "8f2da4717be6486f9aeae2ee97b741ae"
dest_uuid: "784994a9c91f47758d8849b6f20e0b92"
mode: GRACEFUL
new_leader_uuid: "d5bef89995ae48c887d2b67a5a264526"
 from {username='slave'} at 127.0.0.1:56408
I20260709 14:50:52.069420   640 raft_consensus.cc:606] T 8f2da4717be6486f9aeae2ee97b741ae P 784994a9c91f47758d8849b6f20e0b92 [term 2 LEADER]: Received request to transfer leadership to TS d5bef89995ae48c887d2b67a5a264526
I20260709 14:50:52.071430   640 tablet_service.cc:2072] Received LeaderStepDown RPC: tablet_id: "a8d1a2c5d5cb47068255eeed9a371263"
dest_uuid: "784994a9c91f47758d8849b6f20e0b92"
mode: GRACEFUL
new_leader_uuid: "d5bef89995ae48c887d2b67a5a264526"
 from {username='slave'} at 127.0.0.1:56408
I20260709 14:50:52.071761   640 raft_consensus.cc:606] T a8d1a2c5d5cb47068255eeed9a371263 P 784994a9c91f47758d8849b6f20e0b92 [term 2 LEADER]: Received request to transfer leadership to TS d5bef89995ae48c887d2b67a5a264526
I20260709 14:50:52.072636   431 auto_leader_rebalancer.cc:452] table: test-workload, leader rebalance finish, leader transfer count: 5
I20260709 14:50:52.073038   431 auto_leader_rebalancer.cc:527] All tables' leader rebalancing finished this round
I20260709 14:50:52.152521   902 raft_consensus.cc:993] T 68607ffb332441a0975db53410599770 P 784994a9c91f47758d8849b6f20e0b92: : Instructing follower c81eb15a05d440b0bd64bd2586fefb66 to start an election
I20260709 14:50:52.153120   858 raft_consensus.cc:1081] T 68607ffb332441a0975db53410599770 P 784994a9c91f47758d8849b6f20e0b92 [term 1 LEADER]: Signalling peer c81eb15a05d440b0bd64bd2586fefb66 to start an election
I20260709 14:50:52.154750   715 tablet_service.cc:2044] Received Run Leader Election RPC: tablet_id: "68607ffb332441a0975db53410599770"
dest_uuid: "c81eb15a05d440b0bd64bd2586fefb66"
 from {username='slave'} at 127.0.0.1:37920
I20260709 14:50:52.155182   715 raft_consensus.cc:493] T 68607ffb332441a0975db53410599770 P c81eb15a05d440b0bd64bd2586fefb66 [term 1 FOLLOWER]: Starting forced leader election (received explicit request)
I20260709 14:50:52.155505   715 raft_consensus.cc:3060] T 68607ffb332441a0975db53410599770 P c81eb15a05d440b0bd64bd2586fefb66 [term 1 FOLLOWER]: Advancing to term 2
I20260709 14:50:52.159963   715 raft_consensus.cc:515] T 68607ffb332441a0975db53410599770 P c81eb15a05d440b0bd64bd2586fefb66 [term 2 FOLLOWER]: Starting forced leader election with config: opid_index: -1 OBSOLETE_local: false peers { permanent_uuid: "d5bef89995ae48c887d2b67a5a264526" member_type: VOTER last_known_addr { host: "127.0.107.193" port: 39035 } } peers { permanent_uuid: "784994a9c91f47758d8849b6f20e0b92" member_type: VOTER last_known_addr { host: "127.0.107.194" port: 38249 } } peers { permanent_uuid: "c81eb15a05d440b0bd64bd2586fefb66" member_type: VOTER last_known_addr { host: "127.0.107.195" port: 41007 } }
I20260709 14:50:52.161630   715 leader_election.cc:290] T 68607ffb332441a0975db53410599770 P c81eb15a05d440b0bd64bd2586fefb66 [CANDIDATE]: Term 2 election: Requested vote from peers d5bef89995ae48c887d2b67a5a264526 (127.0.107.193:39035), 784994a9c91f47758d8849b6f20e0b92 (127.0.107.194:38249)
I20260709 14:50:52.162549   563 tablet_service.cc:1917] Received RequestConsensusVote() RPC: tablet_id: "68607ffb332441a0975db53410599770" candidate_uuid: "c81eb15a05d440b0bd64bd2586fefb66" candidate_term: 2 candidate_status { last_received { term: 1 index: 1 } } ignore_live_leader: true dest_uuid: "d5bef89995ae48c887d2b67a5a264526"
I20260709 14:50:52.162654   640 tablet_service.cc:1917] Received RequestConsensusVote() RPC: tablet_id: "68607ffb332441a0975db53410599770" candidate_uuid: "c81eb15a05d440b0bd64bd2586fefb66" candidate_term: 2 candidate_status { last_received { term: 1 index: 1 } } ignore_live_leader: true dest_uuid: "784994a9c91f47758d8849b6f20e0b92"
I20260709 14:50:52.163156   563 raft_consensus.cc:3060] T 68607ffb332441a0975db53410599770 P d5bef89995ae48c887d2b67a5a264526 [term 1 FOLLOWER]: Advancing to term 2
I20260709 14:50:52.163203   640 raft_consensus.cc:3055] T 68607ffb332441a0975db53410599770 P 784994a9c91f47758d8849b6f20e0b92 [term 1 LEADER]: Stepping down as leader of term 1
I20260709 14:50:52.163574   640 raft_consensus.cc:740] T 68607ffb332441a0975db53410599770 P 784994a9c91f47758d8849b6f20e0b92 [term 1 LEADER]: Becoming Follower/Learner. State: Replica: 784994a9c91f47758d8849b6f20e0b92, State: Running, Role: LEADER
I20260709 14:50:52.164247   640 consensus_queue.cc:260] T 68607ffb332441a0975db53410599770 P 784994a9c91f47758d8849b6f20e0b92 [NON_LEADER]: Queue going to NON_LEADER mode. State: All replicated index: 0, Majority replicated index: 1, Committed index: 1, Last appended: 1.1, Last appended by leader: 1, Current term: 1, Majority size: -1, State: 0, Mode: NON_LEADER, active raft config: opid_index: -1 OBSOLETE_local: false peers { permanent_uuid: "d5bef89995ae48c887d2b67a5a264526" member_type: VOTER last_known_addr { host: "127.0.107.193" port: 39035 } } peers { permanent_uuid: "784994a9c91f47758d8849b6f20e0b92" member_type: VOTER last_known_addr { host: "127.0.107.194" port: 38249 } } peers { permanent_uuid: "c81eb15a05d440b0bd64bd2586fefb66" member_type: VOTER last_known_addr { host: "127.0.107.195" port: 41007 } }
I20260709 14:50:52.165089   640 raft_consensus.cc:3060] T 68607ffb332441a0975db53410599770 P 784994a9c91f47758d8849b6f20e0b92 [term 1 FOLLOWER]: Advancing to term 2
I20260709 14:50:52.167835   563 raft_consensus.cc:2468] T 68607ffb332441a0975db53410599770 P d5bef89995ae48c887d2b67a5a264526 [term 2 FOLLOWER]: Leader election vote request: Granting yes vote for candidate c81eb15a05d440b0bd64bd2586fefb66 in term 2.
I20260709 14:50:52.168913   680 leader_election.cc:304] T 68607ffb332441a0975db53410599770 P c81eb15a05d440b0bd64bd2586fefb66 [CANDIDATE]: Term 2 election: Election decided. Result: candidate won. Election summary: received 2 responses out of 3 voters: 2 yes votes; 0 no votes. yes voters: c81eb15a05d440b0bd64bd2586fefb66, d5bef89995ae48c887d2b67a5a264526; no voters: 
I20260709 14:50:52.169251   640 raft_consensus.cc:2468] T 68607ffb332441a0975db53410599770 P 784994a9c91f47758d8849b6f20e0b92 [term 2 FOLLOWER]: Leader election vote request: Granting yes vote for candidate c81eb15a05d440b0bd64bd2586fefb66 in term 2.
I20260709 14:50:52.169657   868 raft_consensus.cc:2804] T 68607ffb332441a0975db53410599770 P c81eb15a05d440b0bd64bd2586fefb66 [term 2 FOLLOWER]: Leader election won for term 2
I20260709 14:50:52.170655   868 raft_consensus.cc:697] T 68607ffb332441a0975db53410599770 P c81eb15a05d440b0bd64bd2586fefb66 [term 2 LEADER]: Becoming Leader. State: Replica: c81eb15a05d440b0bd64bd2586fefb66, State: Running, Role: LEADER
I20260709 14:50:52.171454   868 consensus_queue.cc:237] T 68607ffb332441a0975db53410599770 P c81eb15a05d440b0bd64bd2586fefb66 [LEADER]: Queue going to LEADER mode. State: All replicated index: 0, Majority replicated index: 1, Committed index: 1, Last appended: 1.1, Last appended by leader: 1, Current term: 2, Majority size: 2, State: 0, Mode: LEADER, active raft config: opid_index: -1 OBSOLETE_local: false peers { permanent_uuid: "d5bef89995ae48c887d2b67a5a264526" member_type: VOTER last_known_addr { host: "127.0.107.193" port: 39035 } } peers { permanent_uuid: "784994a9c91f47758d8849b6f20e0b92" member_type: VOTER last_known_addr { host: "127.0.107.194" port: 38249 } } peers { permanent_uuid: "c81eb15a05d440b0bd64bd2586fefb66" member_type: VOTER last_known_addr { host: "127.0.107.195" port: 41007 } }
I20260709 14:50:52.178131   461 catalog_manager.cc:5697] T 68607ffb332441a0975db53410599770 P c81eb15a05d440b0bd64bd2586fefb66 reported cstate change: term changed from 1 to 2, leader changed from 784994a9c91f47758d8849b6f20e0b92 (127.0.107.194) to c81eb15a05d440b0bd64bd2586fefb66 (127.0.107.195). New cstate: current_term: 2 leader_uuid: "c81eb15a05d440b0bd64bd2586fefb66" committed_config { opid_index: -1 OBSOLETE_local: false peers { permanent_uuid: "d5bef89995ae48c887d2b67a5a264526" member_type: VOTER last_known_addr { host: "127.0.107.193" port: 39035 } health_report { overall_health: UNKNOWN } } peers { permanent_uuid: "784994a9c91f47758d8849b6f20e0b92" member_type: VOTER last_known_addr { host: "127.0.107.194" port: 38249 } health_report { overall_health: UNKNOWN } } peers { permanent_uuid: "c81eb15a05d440b0bd64bd2586fefb66" member_type: VOTER last_known_addr { host: "127.0.107.195" port: 41007 } health_report { overall_health: HEALTHY } } }
I20260709 14:50:52.204171   902 raft_consensus.cc:993] T 0e9902a52dcf4258a7185cfd195fd78e P 784994a9c91f47758d8849b6f20e0b92: : Instructing follower c81eb15a05d440b0bd64bd2586fefb66 to start an election
I20260709 14:50:52.204586   858 raft_consensus.cc:1081] T 0e9902a52dcf4258a7185cfd195fd78e P 784994a9c91f47758d8849b6f20e0b92 [term 2 LEADER]: Signalling peer c81eb15a05d440b0bd64bd2586fefb66 to start an election
I20260709 14:50:52.205855   715 tablet_service.cc:2044] Received Run Leader Election RPC: tablet_id: "0e9902a52dcf4258a7185cfd195fd78e"
dest_uuid: "c81eb15a05d440b0bd64bd2586fefb66"
 from {username='slave'} at 127.0.0.1:37920
I20260709 14:50:52.206247   715 raft_consensus.cc:493] T 0e9902a52dcf4258a7185cfd195fd78e P c81eb15a05d440b0bd64bd2586fefb66 [term 2 FOLLOWER]: Starting forced leader election (received explicit request)
I20260709 14:50:52.206511   715 raft_consensus.cc:3060] T 0e9902a52dcf4258a7185cfd195fd78e P c81eb15a05d440b0bd64bd2586fefb66 [term 2 FOLLOWER]: Advancing to term 3
I20260709 14:50:52.210256   715 raft_consensus.cc:515] T 0e9902a52dcf4258a7185cfd195fd78e P c81eb15a05d440b0bd64bd2586fefb66 [term 3 FOLLOWER]: Starting forced leader election with config: opid_index: -1 OBSOLETE_local: false peers { permanent_uuid: "d5bef89995ae48c887d2b67a5a264526" member_type: VOTER last_known_addr { host: "127.0.107.193" port: 39035 } } peers { permanent_uuid: "784994a9c91f47758d8849b6f20e0b92" member_type: VOTER last_known_addr { host: "127.0.107.194" port: 38249 } } peers { permanent_uuid: "c81eb15a05d440b0bd64bd2586fefb66" member_type: VOTER last_known_addr { host: "127.0.107.195" port: 41007 } }
I20260709 14:50:52.211548   715 leader_election.cc:290] T 0e9902a52dcf4258a7185cfd195fd78e P c81eb15a05d440b0bd64bd2586fefb66 [CANDIDATE]: Term 3 election: Requested vote from peers d5bef89995ae48c887d2b67a5a264526 (127.0.107.193:39035), 784994a9c91f47758d8849b6f20e0b92 (127.0.107.194:38249)
I20260709 14:50:52.212280   563 tablet_service.cc:1917] Received RequestConsensusVote() RPC: tablet_id: "0e9902a52dcf4258a7185cfd195fd78e" candidate_uuid: "c81eb15a05d440b0bd64bd2586fefb66" candidate_term: 3 candidate_status { last_received { term: 2 index: 2 } } ignore_live_leader: true dest_uuid: "d5bef89995ae48c887d2b67a5a264526"
I20260709 14:50:52.212497   640 tablet_service.cc:1917] Received RequestConsensusVote() RPC: tablet_id: "0e9902a52dcf4258a7185cfd195fd78e" candidate_uuid: "c81eb15a05d440b0bd64bd2586fefb66" candidate_term: 3 candidate_status { last_received { term: 2 index: 2 } } ignore_live_leader: true dest_uuid: "784994a9c91f47758d8849b6f20e0b92"
I20260709 14:50:52.212863   563 raft_consensus.cc:3060] T 0e9902a52dcf4258a7185cfd195fd78e P d5bef89995ae48c887d2b67a5a264526 [term 2 FOLLOWER]: Advancing to term 3
I20260709 14:50:52.212957   640 raft_consensus.cc:3055] T 0e9902a52dcf4258a7185cfd195fd78e P 784994a9c91f47758d8849b6f20e0b92 [term 2 LEADER]: Stepping down as leader of term 2
I20260709 14:50:52.213263   640 raft_consensus.cc:740] T 0e9902a52dcf4258a7185cfd195fd78e P 784994a9c91f47758d8849b6f20e0b92 [term 2 LEADER]: Becoming Follower/Learner. State: Replica: 784994a9c91f47758d8849b6f20e0b92, State: Running, Role: LEADER
I20260709 14:50:52.213811   640 consensus_queue.cc:260] T 0e9902a52dcf4258a7185cfd195fd78e P 784994a9c91f47758d8849b6f20e0b92 [NON_LEADER]: Queue going to NON_LEADER mode. State: All replicated index: 0, Majority replicated index: 2, Committed index: 2, Last appended: 2.2, Last appended by leader: 2, Current term: 2, Majority size: -1, State: 0, Mode: NON_LEADER, active raft config: opid_index: -1 OBSOLETE_local: false peers { permanent_uuid: "d5bef89995ae48c887d2b67a5a264526" member_type: VOTER last_known_addr { host: "127.0.107.193" port: 39035 } } peers { permanent_uuid: "784994a9c91f47758d8849b6f20e0b92" member_type: VOTER last_known_addr { host: "127.0.107.194" port: 38249 } } peers { permanent_uuid: "c81eb15a05d440b0bd64bd2586fefb66" member_type: VOTER last_known_addr { host: "127.0.107.195" port: 41007 } }
I20260709 14:50:52.214673   640 raft_consensus.cc:3060] T 0e9902a52dcf4258a7185cfd195fd78e P 784994a9c91f47758d8849b6f20e0b92 [term 2 FOLLOWER]: Advancing to term 3
I20260709 14:50:52.217561   563 raft_consensus.cc:2468] T 0e9902a52dcf4258a7185cfd195fd78e P d5bef89995ae48c887d2b67a5a264526 [term 3 FOLLOWER]: Leader election vote request: Granting yes vote for candidate c81eb15a05d440b0bd64bd2586fefb66 in term 3.
I20260709 14:50:52.218341   640 raft_consensus.cc:2468] T 0e9902a52dcf4258a7185cfd195fd78e P 784994a9c91f47758d8849b6f20e0b92 [term 3 FOLLOWER]: Leader election vote request: Granting yes vote for candidate c81eb15a05d440b0bd64bd2586fefb66 in term 3.
I20260709 14:50:52.218508   680 leader_election.cc:304] T 0e9902a52dcf4258a7185cfd195fd78e P c81eb15a05d440b0bd64bd2586fefb66 [CANDIDATE]: Term 3 election: Election decided. Result: candidate won. Election summary: received 2 responses out of 3 voters: 2 yes votes; 0 no votes. yes voters: c81eb15a05d440b0bd64bd2586fefb66, d5bef89995ae48c887d2b67a5a264526; no voters: 
I20260709 14:50:52.219254   868 raft_consensus.cc:2804] T 0e9902a52dcf4258a7185cfd195fd78e P c81eb15a05d440b0bd64bd2586fefb66 [term 3 FOLLOWER]: Leader election won for term 3
I20260709 14:50:52.219687   868 raft_consensus.cc:697] T 0e9902a52dcf4258a7185cfd195fd78e P c81eb15a05d440b0bd64bd2586fefb66 [term 3 LEADER]: Becoming Leader. State: Replica: c81eb15a05d440b0bd64bd2586fefb66, State: Running, Role: LEADER
I20260709 14:50:52.220369   868 consensus_queue.cc:237] T 0e9902a52dcf4258a7185cfd195fd78e P c81eb15a05d440b0bd64bd2586fefb66 [LEADER]: Queue going to LEADER mode. State: All replicated index: 0, Majority replicated index: 2, Committed index: 2, Last appended: 2.2, Last appended by leader: 2, Current term: 3, Majority size: 2, State: 0, Mode: LEADER, active raft config: opid_index: -1 OBSOLETE_local: false peers { permanent_uuid: "d5bef89995ae48c887d2b67a5a264526" member_type: VOTER last_known_addr { host: "127.0.107.193" port: 39035 } } peers { permanent_uuid: "784994a9c91f47758d8849b6f20e0b92" member_type: VOTER last_known_addr { host: "127.0.107.194" port: 38249 } } peers { permanent_uuid: "c81eb15a05d440b0bd64bd2586fefb66" member_type: VOTER last_known_addr { host: "127.0.107.195" port: 41007 } }
I20260709 14:50:52.226512   461 catalog_manager.cc:5697] T 0e9902a52dcf4258a7185cfd195fd78e P c81eb15a05d440b0bd64bd2586fefb66 reported cstate change: term changed from 2 to 3, leader changed from 784994a9c91f47758d8849b6f20e0b92 (127.0.107.194) to c81eb15a05d440b0bd64bd2586fefb66 (127.0.107.195). New cstate: current_term: 3 leader_uuid: "c81eb15a05d440b0bd64bd2586fefb66" committed_config { opid_index: -1 OBSOLETE_local: false peers { permanent_uuid: "d5bef89995ae48c887d2b67a5a264526" member_type: VOTER last_known_addr { host: "127.0.107.193" port: 39035 } health_report { overall_health: UNKNOWN } } peers { permanent_uuid: "784994a9c91f47758d8849b6f20e0b92" member_type: VOTER last_known_addr { host: "127.0.107.194" port: 38249 } health_report { overall_health: UNKNOWN } } peers { permanent_uuid: "c81eb15a05d440b0bd64bd2586fefb66" member_type: VOTER last_known_addr { host: "127.0.107.195" port: 41007 } health_report { overall_health: HEALTHY } } }
I20260709 14:50:52.374275   902 raft_consensus.cc:993] T a8d1a2c5d5cb47068255eeed9a371263 P 784994a9c91f47758d8849b6f20e0b92: : Instructing follower d5bef89995ae48c887d2b67a5a264526 to start an election
I20260709 14:50:52.374672   858 raft_consensus.cc:1081] T a8d1a2c5d5cb47068255eeed9a371263 P 784994a9c91f47758d8849b6f20e0b92 [term 2 LEADER]: Signalling peer d5bef89995ae48c887d2b67a5a264526 to start an election
I20260709 14:50:52.375958   563 tablet_service.cc:2044] Received Run Leader Election RPC: tablet_id: "a8d1a2c5d5cb47068255eeed9a371263"
dest_uuid: "d5bef89995ae48c887d2b67a5a264526"
 from {username='slave'} at 127.0.0.1:39876
I20260709 14:50:52.376399   563 raft_consensus.cc:493] T a8d1a2c5d5cb47068255eeed9a371263 P d5bef89995ae48c887d2b67a5a264526 [term 2 FOLLOWER]: Starting forced leader election (received explicit request)
I20260709 14:50:52.376691   563 raft_consensus.cc:3060] T a8d1a2c5d5cb47068255eeed9a371263 P d5bef89995ae48c887d2b67a5a264526 [term 2 FOLLOWER]: Advancing to term 3
I20260709 14:50:52.380872   563 raft_consensus.cc:515] T a8d1a2c5d5cb47068255eeed9a371263 P d5bef89995ae48c887d2b67a5a264526 [term 3 FOLLOWER]: Starting forced leader election with config: opid_index: -1 OBSOLETE_local: false peers { permanent_uuid: "784994a9c91f47758d8849b6f20e0b92" member_type: VOTER last_known_addr { host: "127.0.107.194" port: 38249 } } peers { permanent_uuid: "d5bef89995ae48c887d2b67a5a264526" member_type: VOTER last_known_addr { host: "127.0.107.193" port: 39035 } } peers { permanent_uuid: "c81eb15a05d440b0bd64bd2586fefb66" member_type: VOTER last_known_addr { host: "127.0.107.195" port: 41007 } }
I20260709 14:50:52.382443   563 leader_election.cc:290] T a8d1a2c5d5cb47068255eeed9a371263 P d5bef89995ae48c887d2b67a5a264526 [CANDIDATE]: Term 3 election: Requested vote from peers 784994a9c91f47758d8849b6f20e0b92 (127.0.107.194:38249), c81eb15a05d440b0bd64bd2586fefb66 (127.0.107.195:41007)
I20260709 14:50:52.383417   640 tablet_service.cc:1917] Received RequestConsensusVote() RPC: tablet_id: "a8d1a2c5d5cb47068255eeed9a371263" candidate_uuid: "d5bef89995ae48c887d2b67a5a264526" candidate_term: 3 candidate_status { last_received { term: 2 index: 2 } } ignore_live_leader: true dest_uuid: "784994a9c91f47758d8849b6f20e0b92"
I20260709 14:50:52.383558   715 tablet_service.cc:1917] Received RequestConsensusVote() RPC: tablet_id: "a8d1a2c5d5cb47068255eeed9a371263" candidate_uuid: "d5bef89995ae48c887d2b67a5a264526" candidate_term: 3 candidate_status { last_received { term: 2 index: 2 } } ignore_live_leader: true dest_uuid: "c81eb15a05d440b0bd64bd2586fefb66"
I20260709 14:50:52.383989   640 raft_consensus.cc:3055] T a8d1a2c5d5cb47068255eeed9a371263 P 784994a9c91f47758d8849b6f20e0b92 [term 2 LEADER]: Stepping down as leader of term 2
I20260709 14:50:52.384013   715 raft_consensus.cc:3060] T a8d1a2c5d5cb47068255eeed9a371263 P c81eb15a05d440b0bd64bd2586fefb66 [term 2 FOLLOWER]: Advancing to term 3
I20260709 14:50:52.384402   640 raft_consensus.cc:740] T a8d1a2c5d5cb47068255eeed9a371263 P 784994a9c91f47758d8849b6f20e0b92 [term 2 LEADER]: Becoming Follower/Learner. State: Replica: 784994a9c91f47758d8849b6f20e0b92, State: Running, Role: LEADER
I20260709 14:50:52.385116   640 consensus_queue.cc:260] T a8d1a2c5d5cb47068255eeed9a371263 P 784994a9c91f47758d8849b6f20e0b92 [NON_LEADER]: Queue going to NON_LEADER mode. State: All replicated index: 0, Majority replicated index: 2, Committed index: 2, Last appended: 2.2, Last appended by leader: 2, Current term: 2, Majority size: -1, State: 0, Mode: NON_LEADER, active raft config: opid_index: -1 OBSOLETE_local: false peers { permanent_uuid: "784994a9c91f47758d8849b6f20e0b92" member_type: VOTER last_known_addr { host: "127.0.107.194" port: 38249 } } peers { permanent_uuid: "d5bef89995ae48c887d2b67a5a264526" member_type: VOTER last_known_addr { host: "127.0.107.193" port: 39035 } } peers { permanent_uuid: "c81eb15a05d440b0bd64bd2586fefb66" member_type: VOTER last_known_addr { host: "127.0.107.195" port: 41007 } }
I20260709 14:50:52.386152   640 raft_consensus.cc:3060] T a8d1a2c5d5cb47068255eeed9a371263 P 784994a9c91f47758d8849b6f20e0b92 [term 2 FOLLOWER]: Advancing to term 3
I20260709 14:50:52.389894   715 raft_consensus.cc:2468] T a8d1a2c5d5cb47068255eeed9a371263 P c81eb15a05d440b0bd64bd2586fefb66 [term 3 FOLLOWER]: Leader election vote request: Granting yes vote for candidate d5bef89995ae48c887d2b67a5a264526 in term 3.
I20260709 14:50:52.391197   529 leader_election.cc:304] T a8d1a2c5d5cb47068255eeed9a371263 P d5bef89995ae48c887d2b67a5a264526 [CANDIDATE]: Term 3 election: Election decided. Result: candidate won. Election summary: received 2 responses out of 3 voters: 2 yes votes; 0 no votes. yes voters: c81eb15a05d440b0bd64bd2586fefb66, d5bef89995ae48c887d2b67a5a264526; no voters: 
I20260709 14:50:52.391637   640 raft_consensus.cc:2468] T a8d1a2c5d5cb47068255eeed9a371263 P 784994a9c91f47758d8849b6f20e0b92 [term 3 FOLLOWER]: Leader election vote request: Granting yes vote for candidate d5bef89995ae48c887d2b67a5a264526 in term 3.
I20260709 14:50:52.392922   910 raft_consensus.cc:2804] T a8d1a2c5d5cb47068255eeed9a371263 P d5bef89995ae48c887d2b67a5a264526 [term 3 FOLLOWER]: Leader election won for term 3
I20260709 14:50:52.393887   910 raft_consensus.cc:697] T a8d1a2c5d5cb47068255eeed9a371263 P d5bef89995ae48c887d2b67a5a264526 [term 3 LEADER]: Becoming Leader. State: Replica: d5bef89995ae48c887d2b67a5a264526, State: Running, Role: LEADER
I20260709 14:50:52.394578   910 consensus_queue.cc:237] T a8d1a2c5d5cb47068255eeed9a371263 P d5bef89995ae48c887d2b67a5a264526 [LEADER]: Queue going to LEADER mode. State: All replicated index: 0, Majority replicated index: 2, Committed index: 2, Last appended: 2.2, Last appended by leader: 2, Current term: 3, Majority size: 2, State: 0, Mode: LEADER, active raft config: opid_index: -1 OBSOLETE_local: false peers { permanent_uuid: "784994a9c91f47758d8849b6f20e0b92" member_type: VOTER last_known_addr { host: "127.0.107.194" port: 38249 } } peers { permanent_uuid: "d5bef89995ae48c887d2b67a5a264526" member_type: VOTER last_known_addr { host: "127.0.107.193" port: 39035 } } peers { permanent_uuid: "c81eb15a05d440b0bd64bd2586fefb66" member_type: VOTER last_known_addr { host: "127.0.107.195" port: 41007 } }
I20260709 14:50:52.401305   461 catalog_manager.cc:5697] T a8d1a2c5d5cb47068255eeed9a371263 P d5bef89995ae48c887d2b67a5a264526 reported cstate change: term changed from 2 to 3, leader changed from 784994a9c91f47758d8849b6f20e0b92 (127.0.107.194) to d5bef89995ae48c887d2b67a5a264526 (127.0.107.193). New cstate: current_term: 3 leader_uuid: "d5bef89995ae48c887d2b67a5a264526" committed_config { opid_index: -1 OBSOLETE_local: false peers { permanent_uuid: "784994a9c91f47758d8849b6f20e0b92" member_type: VOTER last_known_addr { host: "127.0.107.194" port: 38249 } health_report { overall_health: UNKNOWN } } peers { permanent_uuid: "d5bef89995ae48c887d2b67a5a264526" member_type: VOTER last_known_addr { host: "127.0.107.193" port: 39035 } health_report { overall_health: HEALTHY } } peers { permanent_uuid: "c81eb15a05d440b0bd64bd2586fefb66" member_type: VOTER last_known_addr { host: "127.0.107.195" port: 41007 } health_report { overall_health: UNKNOWN } } }
I20260709 14:50:52.419030   902 raft_consensus.cc:993] T 8f2da4717be6486f9aeae2ee97b741ae P 784994a9c91f47758d8849b6f20e0b92: : Instructing follower d5bef89995ae48c887d2b67a5a264526 to start an election
I20260709 14:50:52.419498   858 raft_consensus.cc:1081] T 8f2da4717be6486f9aeae2ee97b741ae P 784994a9c91f47758d8849b6f20e0b92 [term 2 LEADER]: Signalling peer d5bef89995ae48c887d2b67a5a264526 to start an election
I20260709 14:50:52.420912   563 tablet_service.cc:2044] Received Run Leader Election RPC: tablet_id: "8f2da4717be6486f9aeae2ee97b741ae"
dest_uuid: "d5bef89995ae48c887d2b67a5a264526"
 from {username='slave'} at 127.0.0.1:39876
I20260709 14:50:52.421343   563 raft_consensus.cc:493] T 8f2da4717be6486f9aeae2ee97b741ae P d5bef89995ae48c887d2b67a5a264526 [term 2 FOLLOWER]: Starting forced leader election (received explicit request)
I20260709 14:50:52.421627   563 raft_consensus.cc:3060] T 8f2da4717be6486f9aeae2ee97b741ae P d5bef89995ae48c887d2b67a5a264526 [term 2 FOLLOWER]: Advancing to term 3
I20260709 14:50:52.425616   563 raft_consensus.cc:515] T 8f2da4717be6486f9aeae2ee97b741ae P d5bef89995ae48c887d2b67a5a264526 [term 3 FOLLOWER]: Starting forced leader election with config: opid_index: -1 OBSOLETE_local: false peers { permanent_uuid: "d5bef89995ae48c887d2b67a5a264526" member_type: VOTER last_known_addr { host: "127.0.107.193" port: 39035 } } peers { permanent_uuid: "784994a9c91f47758d8849b6f20e0b92" member_type: VOTER last_known_addr { host: "127.0.107.194" port: 38249 } } peers { permanent_uuid: "c81eb15a05d440b0bd64bd2586fefb66" member_type: VOTER last_known_addr { host: "127.0.107.195" port: 41007 } }
I20260709 14:50:52.427089   563 leader_election.cc:290] T 8f2da4717be6486f9aeae2ee97b741ae P d5bef89995ae48c887d2b67a5a264526 [CANDIDATE]: Term 3 election: Requested vote from peers 784994a9c91f47758d8849b6f20e0b92 (127.0.107.194:38249), c81eb15a05d440b0bd64bd2586fefb66 (127.0.107.195:41007)
I20260709 14:50:52.428114   640 tablet_service.cc:1917] Received RequestConsensusVote() RPC: tablet_id: "8f2da4717be6486f9aeae2ee97b741ae" candidate_uuid: "d5bef89995ae48c887d2b67a5a264526" candidate_term: 3 candidate_status { last_received { term: 2 index: 2 } } ignore_live_leader: true dest_uuid: "784994a9c91f47758d8849b6f20e0b92"
I20260709 14:50:52.428115   715 tablet_service.cc:1917] Received RequestConsensusVote() RPC: tablet_id: "8f2da4717be6486f9aeae2ee97b741ae" candidate_uuid: "d5bef89995ae48c887d2b67a5a264526" candidate_term: 3 candidate_status { last_received { term: 2 index: 2 } } ignore_live_leader: true dest_uuid: "c81eb15a05d440b0bd64bd2586fefb66"
I20260709 14:50:52.428614   640 raft_consensus.cc:3055] T 8f2da4717be6486f9aeae2ee97b741ae P 784994a9c91f47758d8849b6f20e0b92 [term 2 LEADER]: Stepping down as leader of term 2
I20260709 14:50:52.428654   715 raft_consensus.cc:3060] T 8f2da4717be6486f9aeae2ee97b741ae P c81eb15a05d440b0bd64bd2586fefb66 [term 2 FOLLOWER]: Advancing to term 3
I20260709 14:50:52.428884   640 raft_consensus.cc:740] T 8f2da4717be6486f9aeae2ee97b741ae P 784994a9c91f47758d8849b6f20e0b92 [term 2 LEADER]: Becoming Follower/Learner. State: Replica: 784994a9c91f47758d8849b6f20e0b92, State: Running, Role: LEADER
I20260709 14:50:52.429508   640 consensus_queue.cc:260] T 8f2da4717be6486f9aeae2ee97b741ae P 784994a9c91f47758d8849b6f20e0b92 [NON_LEADER]: Queue going to NON_LEADER mode. State: All replicated index: 0, Majority replicated index: 2, Committed index: 2, Last appended: 2.2, Last appended by leader: 2, Current term: 2, Majority size: -1, State: 0, Mode: NON_LEADER, active raft config: opid_index: -1 OBSOLETE_local: false peers { permanent_uuid: "d5bef89995ae48c887d2b67a5a264526" member_type: VOTER last_known_addr { host: "127.0.107.193" port: 39035 } } peers { permanent_uuid: "784994a9c91f47758d8849b6f20e0b92" member_type: VOTER last_known_addr { host: "127.0.107.194" port: 38249 } } peers { permanent_uuid: "c81eb15a05d440b0bd64bd2586fefb66" member_type: VOTER last_known_addr { host: "127.0.107.195" port: 41007 } }
I20260709 14:50:52.430327   640 raft_consensus.cc:3060] T 8f2da4717be6486f9aeae2ee97b741ae P 784994a9c91f47758d8849b6f20e0b92 [term 2 FOLLOWER]: Advancing to term 3
I20260709 14:50:52.432471   715 raft_consensus.cc:2468] T 8f2da4717be6486f9aeae2ee97b741ae P c81eb15a05d440b0bd64bd2586fefb66 [term 3 FOLLOWER]: Leader election vote request: Granting yes vote for candidate d5bef89995ae48c887d2b67a5a264526 in term 3.
I20260709 14:50:52.433277   529 leader_election.cc:304] T 8f2da4717be6486f9aeae2ee97b741ae P d5bef89995ae48c887d2b67a5a264526 [CANDIDATE]: Term 3 election: Election decided. Result: candidate won. Election summary: received 2 responses out of 3 voters: 2 yes votes; 0 no votes. yes voters: c81eb15a05d440b0bd64bd2586fefb66, d5bef89995ae48c887d2b67a5a264526; no voters: 
I20260709 14:50:52.433879   910 raft_consensus.cc:2804] T 8f2da4717be6486f9aeae2ee97b741ae P d5bef89995ae48c887d2b67a5a264526 [term 3 FOLLOWER]: Leader election won for term 3
I20260709 14:50:52.434034   640 raft_consensus.cc:2468] T 8f2da4717be6486f9aeae2ee97b741ae P 784994a9c91f47758d8849b6f20e0b92 [term 3 FOLLOWER]: Leader election vote request: Granting yes vote for candidate d5bef89995ae48c887d2b67a5a264526 in term 3.
I20260709 14:50:52.434369   910 raft_consensus.cc:697] T 8f2da4717be6486f9aeae2ee97b741ae P d5bef89995ae48c887d2b67a5a264526 [term 3 LEADER]: Becoming Leader. State: Replica: d5bef89995ae48c887d2b67a5a264526, State: Running, Role: LEADER
I20260709 14:50:52.435225   910 consensus_queue.cc:237] T 8f2da4717be6486f9aeae2ee97b741ae P d5bef89995ae48c887d2b67a5a264526 [LEADER]: Queue going to LEADER mode. State: All replicated index: 0, Majority replicated index: 2, Committed index: 2, Last appended: 2.2, Last appended by leader: 2, Current term: 3, Majority size: 2, State: 0, Mode: LEADER, active raft config: opid_index: -1 OBSOLETE_local: false peers { permanent_uuid: "d5bef89995ae48c887d2b67a5a264526" member_type: VOTER last_known_addr { host: "127.0.107.193" port: 39035 } } peers { permanent_uuid: "784994a9c91f47758d8849b6f20e0b92" member_type: VOTER last_known_addr { host: "127.0.107.194" port: 38249 } } peers { permanent_uuid: "c81eb15a05d440b0bd64bd2586fefb66" member_type: VOTER last_known_addr { host: "127.0.107.195" port: 41007 } }
I20260709 14:50:52.441464   461 catalog_manager.cc:5697] T 8f2da4717be6486f9aeae2ee97b741ae P d5bef89995ae48c887d2b67a5a264526 reported cstate change: term changed from 2 to 3, leader changed from 784994a9c91f47758d8849b6f20e0b92 (127.0.107.194) to d5bef89995ae48c887d2b67a5a264526 (127.0.107.193). New cstate: current_term: 3 leader_uuid: "d5bef89995ae48c887d2b67a5a264526" committed_config { opid_index: -1 OBSOLETE_local: false peers { permanent_uuid: "d5bef89995ae48c887d2b67a5a264526" member_type: VOTER last_known_addr { host: "127.0.107.193" port: 39035 } health_report { overall_health: HEALTHY } } peers { permanent_uuid: "784994a9c91f47758d8849b6f20e0b92" member_type: VOTER last_known_addr { host: "127.0.107.194" port: 38249 } health_report { overall_health: UNKNOWN } } peers { permanent_uuid: "c81eb15a05d440b0bd64bd2586fefb66" member_type: VOTER last_known_addr { host: "127.0.107.195" port: 41007 } health_report { overall_health: UNKNOWN } } }
I20260709 14:50:52.586490   563 raft_consensus.cc:1275] T 68607ffb332441a0975db53410599770 P d5bef89995ae48c887d2b67a5a264526 [term 2 FOLLOWER]: Refusing update from remote peer c81eb15a05d440b0bd64bd2586fefb66: Log matching property violated. Preceding OpId in replica: term: 1 index: 1. Preceding OpId from leader: term: 2 index: 2. (index mismatch)
I20260709 14:50:52.587612   868 consensus_queue.cc:1048] T 68607ffb332441a0975db53410599770 P c81eb15a05d440b0bd64bd2586fefb66 [LEADER]: Connected to new peer: Peer: permanent_uuid: "d5bef89995ae48c887d2b67a5a264526" member_type: VOTER last_known_addr { host: "127.0.107.193" port: 39035 }, Status: LMP_MISMATCH, Last received: 0.0, Next index: 2, Last known committed idx: 1, Time since last communication: 0.000s
I20260709 14:50:52.596834   640 raft_consensus.cc:1275] T 68607ffb332441a0975db53410599770 P 784994a9c91f47758d8849b6f20e0b92 [term 2 FOLLOWER]: Refusing update from remote peer c81eb15a05d440b0bd64bd2586fefb66: Log matching property violated. Preceding OpId in replica: term: 1 index: 1. Preceding OpId from leader: term: 2 index: 2. (index mismatch)
I20260709 14:50:52.598601   917 consensus_queue.cc:1048] T 68607ffb332441a0975db53410599770 P c81eb15a05d440b0bd64bd2586fefb66 [LEADER]: Connected to new peer: Peer: permanent_uuid: "784994a9c91f47758d8849b6f20e0b92" member_type: VOTER last_known_addr { host: "127.0.107.194" port: 38249 }, Status: LMP_MISMATCH, Last received: 0.0, Next index: 2, Last known committed idx: 1, Time since last communication: 0.001s
I20260709 14:50:52.610863   902 raft_consensus.cc:993] T 31bf95858cf9424c852f5cdeb04c2829 P 784994a9c91f47758d8849b6f20e0b92: : Instructing follower d5bef89995ae48c887d2b67a5a264526 to start an election
I20260709 14:50:52.611327   858 raft_consensus.cc:1081] T 31bf95858cf9424c852f5cdeb04c2829 P 784994a9c91f47758d8849b6f20e0b92 [term 4 LEADER]: Signalling peer d5bef89995ae48c887d2b67a5a264526 to start an election
I20260709 14:50:52.612593   563 tablet_service.cc:2044] Received Run Leader Election RPC: tablet_id: "31bf95858cf9424c852f5cdeb04c2829"
dest_uuid: "d5bef89995ae48c887d2b67a5a264526"
 from {username='slave'} at 127.0.0.1:39876
I20260709 14:50:52.612977   563 raft_consensus.cc:493] T 31bf95858cf9424c852f5cdeb04c2829 P d5bef89995ae48c887d2b67a5a264526 [term 4 FOLLOWER]: Starting forced leader election (received explicit request)
I20260709 14:50:52.613252   563 raft_consensus.cc:3060] T 31bf95858cf9424c852f5cdeb04c2829 P d5bef89995ae48c887d2b67a5a264526 [term 4 FOLLOWER]: Advancing to term 5
I20260709 14:50:52.616958   563 raft_consensus.cc:515] T 31bf95858cf9424c852f5cdeb04c2829 P d5bef89995ae48c887d2b67a5a264526 [term 5 FOLLOWER]: Starting forced leader election with config: opid_index: -1 OBSOLETE_local: false peers { permanent_uuid: "d5bef89995ae48c887d2b67a5a264526" member_type: VOTER last_known_addr { host: "127.0.107.193" port: 39035 } } peers { permanent_uuid: "784994a9c91f47758d8849b6f20e0b92" member_type: VOTER last_known_addr { host: "127.0.107.194" port: 38249 } } peers { permanent_uuid: "c81eb15a05d440b0bd64bd2586fefb66" member_type: VOTER last_known_addr { host: "127.0.107.195" port: 41007 } }
I20260709 14:50:52.618525   563 leader_election.cc:290] T 31bf95858cf9424c852f5cdeb04c2829 P d5bef89995ae48c887d2b67a5a264526 [CANDIDATE]: Term 5 election: Requested vote from peers 784994a9c91f47758d8849b6f20e0b92 (127.0.107.194:38249), c81eb15a05d440b0bd64bd2586fefb66 (127.0.107.195:41007)
I20260709 14:50:52.619204   640 tablet_service.cc:1917] Received RequestConsensusVote() RPC: tablet_id: "31bf95858cf9424c852f5cdeb04c2829" candidate_uuid: "d5bef89995ae48c887d2b67a5a264526" candidate_term: 5 candidate_status { last_received { term: 4 index: 4 } } ignore_live_leader: true dest_uuid: "784994a9c91f47758d8849b6f20e0b92"
I20260709 14:50:52.619465   715 tablet_service.cc:1917] Received RequestConsensusVote() RPC: tablet_id: "31bf95858cf9424c852f5cdeb04c2829" candidate_uuid: "d5bef89995ae48c887d2b67a5a264526" candidate_term: 5 candidate_status { last_received { term: 4 index: 4 } } ignore_live_leader: true dest_uuid: "c81eb15a05d440b0bd64bd2586fefb66"
I20260709 14:50:52.619755   640 raft_consensus.cc:3055] T 31bf95858cf9424c852f5cdeb04c2829 P 784994a9c91f47758d8849b6f20e0b92 [term 4 LEADER]: Stepping down as leader of term 4
I20260709 14:50:52.619885   715 raft_consensus.cc:3060] T 31bf95858cf9424c852f5cdeb04c2829 P c81eb15a05d440b0bd64bd2586fefb66 [term 4 FOLLOWER]: Advancing to term 5
I20260709 14:50:52.620080   640 raft_consensus.cc:740] T 31bf95858cf9424c852f5cdeb04c2829 P 784994a9c91f47758d8849b6f20e0b92 [term 4 LEADER]: Becoming Follower/Learner. State: Replica: 784994a9c91f47758d8849b6f20e0b92, State: Running, Role: LEADER
I20260709 14:50:52.620864   640 consensus_queue.cc:260] T 31bf95858cf9424c852f5cdeb04c2829 P 784994a9c91f47758d8849b6f20e0b92 [NON_LEADER]: Queue going to NON_LEADER mode. State: All replicated index: 0, Majority replicated index: 4, Committed index: 4, Last appended: 4.4, Last appended by leader: 4, Current term: 4, Majority size: -1, State: 0, Mode: NON_LEADER, active raft config: opid_index: -1 OBSOLETE_local: false peers { permanent_uuid: "d5bef89995ae48c887d2b67a5a264526" member_type: VOTER last_known_addr { host: "127.0.107.193" port: 39035 } } peers { permanent_uuid: "784994a9c91f47758d8849b6f20e0b92" member_type: VOTER last_known_addr { host: "127.0.107.194" port: 38249 } } peers { permanent_uuid: "c81eb15a05d440b0bd64bd2586fefb66" member_type: VOTER last_known_addr { host: "127.0.107.195" port: 41007 } }
I20260709 14:50:52.621600   563 raft_consensus.cc:1275] T 0e9902a52dcf4258a7185cfd195fd78e P d5bef89995ae48c887d2b67a5a264526 [term 3 FOLLOWER]: Refusing update from remote peer c81eb15a05d440b0bd64bd2586fefb66: Log matching property violated. Preceding OpId in replica: term: 2 index: 2. Preceding OpId from leader: term: 3 index: 3. (index mismatch)
I20260709 14:50:52.621683   640 raft_consensus.cc:3060] T 31bf95858cf9424c852f5cdeb04c2829 P 784994a9c91f47758d8849b6f20e0b92 [term 4 FOLLOWER]: Advancing to term 5
I20260709 14:50:52.622784   917 consensus_queue.cc:1048] T 0e9902a52dcf4258a7185cfd195fd78e P c81eb15a05d440b0bd64bd2586fefb66 [LEADER]: Connected to new peer: Peer: permanent_uuid: "d5bef89995ae48c887d2b67a5a264526" member_type: VOTER last_known_addr { host: "127.0.107.193" port: 39035 }, Status: LMP_MISMATCH, Last received: 0.0, Next index: 3, Last known committed idx: 2, Time since last communication: 0.000s
I20260709 14:50:52.624382   715 raft_consensus.cc:2468] T 31bf95858cf9424c852f5cdeb04c2829 P c81eb15a05d440b0bd64bd2586fefb66 [term 5 FOLLOWER]: Leader election vote request: Granting yes vote for candidate d5bef89995ae48c887d2b67a5a264526 in term 5.
I20260709 14:50:52.625322   529 leader_election.cc:304] T 31bf95858cf9424c852f5cdeb04c2829 P d5bef89995ae48c887d2b67a5a264526 [CANDIDATE]: Term 5 election: Election decided. Result: candidate won. Election summary: received 2 responses out of 3 voters: 2 yes votes; 0 no votes. yes voters: c81eb15a05d440b0bd64bd2586fefb66, d5bef89995ae48c887d2b67a5a264526; no voters: 
I20260709 14:50:52.626199   911 raft_consensus.cc:2804] T 31bf95858cf9424c852f5cdeb04c2829 P d5bef89995ae48c887d2b67a5a264526 [term 5 FOLLOWER]: Leader election won for term 5
I20260709 14:50:52.626678   911 raft_consensus.cc:697] T 31bf95858cf9424c852f5cdeb04c2829 P d5bef89995ae48c887d2b67a5a264526 [term 5 LEADER]: Becoming Leader. State: Replica: d5bef89995ae48c887d2b67a5a264526, State: Running, Role: LEADER
I20260709 14:50:52.626837   640 raft_consensus.cc:2468] T 31bf95858cf9424c852f5cdeb04c2829 P 784994a9c91f47758d8849b6f20e0b92 [term 5 FOLLOWER]: Leader election vote request: Granting yes vote for candidate d5bef89995ae48c887d2b67a5a264526 in term 5.
I20260709 14:50:52.627533   911 consensus_queue.cc:237] T 31bf95858cf9424c852f5cdeb04c2829 P d5bef89995ae48c887d2b67a5a264526 [LEADER]: Queue going to LEADER mode. State: All replicated index: 0, Majority replicated index: 4, Committed index: 4, Last appended: 4.4, Last appended by leader: 4, Current term: 5, Majority size: 2, State: 0, Mode: LEADER, active raft config: opid_index: -1 OBSOLETE_local: false peers { permanent_uuid: "d5bef89995ae48c887d2b67a5a264526" member_type: VOTER last_known_addr { host: "127.0.107.193" port: 39035 } } peers { permanent_uuid: "784994a9c91f47758d8849b6f20e0b92" member_type: VOTER last_known_addr { host: "127.0.107.194" port: 38249 } } peers { permanent_uuid: "c81eb15a05d440b0bd64bd2586fefb66" member_type: VOTER last_known_addr { host: "127.0.107.195" port: 41007 } }
I20260709 14:50:52.634573   640 raft_consensus.cc:1275] T 0e9902a52dcf4258a7185cfd195fd78e P 784994a9c91f47758d8849b6f20e0b92 [term 3 FOLLOWER]: Refusing update from remote peer c81eb15a05d440b0bd64bd2586fefb66: Log matching property violated. Preceding OpId in replica: term: 2 index: 2. Preceding OpId from leader: term: 3 index: 3. (index mismatch)
I20260709 14:50:52.636127   903 consensus_queue.cc:1048] T 0e9902a52dcf4258a7185cfd195fd78e P c81eb15a05d440b0bd64bd2586fefb66 [LEADER]: Connected to new peer: Peer: permanent_uuid: "784994a9c91f47758d8849b6f20e0b92" member_type: VOTER last_known_addr { host: "127.0.107.194" port: 38249 }, Status: LMP_MISMATCH, Last received: 0.0, Next index: 3, Last known committed idx: 2, Time since last communication: 0.000s
I20260709 14:50:52.639046   461 catalog_manager.cc:5697] T 31bf95858cf9424c852f5cdeb04c2829 P d5bef89995ae48c887d2b67a5a264526 reported cstate change: term changed from 4 to 5, leader changed from 784994a9c91f47758d8849b6f20e0b92 (127.0.107.194) to d5bef89995ae48c887d2b67a5a264526 (127.0.107.193). New cstate: current_term: 5 leader_uuid: "d5bef89995ae48c887d2b67a5a264526" committed_config { opid_index: -1 OBSOLETE_local: false peers { permanent_uuid: "d5bef89995ae48c887d2b67a5a264526" member_type: VOTER last_known_addr { host: "127.0.107.193" port: 39035 } health_report { overall_health: HEALTHY } } peers { permanent_uuid: "784994a9c91f47758d8849b6f20e0b92" member_type: VOTER last_known_addr { host: "127.0.107.194" port: 38249 } health_report { overall_health: UNKNOWN } } peers { permanent_uuid: "c81eb15a05d440b0bd64bd2586fefb66" member_type: VOTER last_known_addr { host: "127.0.107.195" port: 41007 } health_report { overall_health: UNKNOWN } } }
I20260709 14:50:52.846426   640 raft_consensus.cc:1275] T a8d1a2c5d5cb47068255eeed9a371263 P 784994a9c91f47758d8849b6f20e0b92 [term 3 FOLLOWER]: Refusing update from remote peer d5bef89995ae48c887d2b67a5a264526: Log matching property violated. Preceding OpId in replica: term: 2 index: 2. Preceding OpId from leader: term: 3 index: 3. (index mismatch)
I20260709 14:50:52.847463   911 consensus_queue.cc:1048] T a8d1a2c5d5cb47068255eeed9a371263 P d5bef89995ae48c887d2b67a5a264526 [LEADER]: Connected to new peer: Peer: permanent_uuid: "784994a9c91f47758d8849b6f20e0b92" member_type: VOTER last_known_addr { host: "127.0.107.194" port: 38249 }, Status: LMP_MISMATCH, Last received: 0.0, Next index: 3, Last known committed idx: 2, Time since last communication: 0.000s
I20260709 14:50:52.855218   715 raft_consensus.cc:1275] T a8d1a2c5d5cb47068255eeed9a371263 P c81eb15a05d440b0bd64bd2586fefb66 [term 3 FOLLOWER]: Refusing update from remote peer d5bef89995ae48c887d2b67a5a264526: Log matching property violated. Preceding OpId in replica: term: 2 index: 2. Preceding OpId from leader: term: 3 index: 3. (index mismatch)
I20260709 14:50:52.856359   911 consensus_queue.cc:1048] T a8d1a2c5d5cb47068255eeed9a371263 P d5bef89995ae48c887d2b67a5a264526 [LEADER]: Connected to new peer: Peer: permanent_uuid: "c81eb15a05d440b0bd64bd2586fefb66" member_type: VOTER last_known_addr { host: "127.0.107.195" port: 41007 }, Status: LMP_MISMATCH, Last received: 0.0, Next index: 3, Last known committed idx: 2, Time since last communication: 0.000s
I20260709 14:50:52.921219   640 raft_consensus.cc:1275] T 8f2da4717be6486f9aeae2ee97b741ae P 784994a9c91f47758d8849b6f20e0b92 [term 3 FOLLOWER]: Refusing update from remote peer d5bef89995ae48c887d2b67a5a264526: Log matching property violated. Preceding OpId in replica: term: 2 index: 2. Preceding OpId from leader: term: 3 index: 3. (index mismatch)
I20260709 14:50:52.922312   911 consensus_queue.cc:1048] T 8f2da4717be6486f9aeae2ee97b741ae P d5bef89995ae48c887d2b67a5a264526 [LEADER]: Connected to new peer: Peer: permanent_uuid: "784994a9c91f47758d8849b6f20e0b92" member_type: VOTER last_known_addr { host: "127.0.107.194" port: 38249 }, Status: LMP_MISMATCH, Last received: 0.0, Next index: 3, Last known committed idx: 2, Time since last communication: 0.000s
I20260709 14:50:52.930589   715 raft_consensus.cc:1275] T 8f2da4717be6486f9aeae2ee97b741ae P c81eb15a05d440b0bd64bd2586fefb66 [term 3 FOLLOWER]: Refusing update from remote peer d5bef89995ae48c887d2b67a5a264526: Log matching property violated. Preceding OpId in replica: term: 2 index: 2. Preceding OpId from leader: term: 3 index: 3. (index mismatch)
I20260709 14:50:52.931996   925 consensus_queue.cc:1048] T 8f2da4717be6486f9aeae2ee97b741ae P d5bef89995ae48c887d2b67a5a264526 [LEADER]: Connected to new peer: Peer: permanent_uuid: "c81eb15a05d440b0bd64bd2586fefb66" member_type: VOTER last_known_addr { host: "127.0.107.195" port: 41007 }, Status: LMP_MISMATCH, Last received: 0.0, Next index: 3, Last known committed idx: 2, Time since last communication: 0.000s
I20260709 14:50:53.073868   431 auto_leader_rebalancer.cc:141] leader rebalance for table test-workload
I20260709 14:50:53.079324   431 tablet_server.cc:179] TabletServer@127.0.107.193:0 shutting down...
I20260709 14:50:53.100485   431 ts_tablet_manager.cc:1507] Shutting down tablet manager...
I20260709 14:50:53.101171   431 tablet_replica.cc:333] T 0e9902a52dcf4258a7185cfd195fd78e P d5bef89995ae48c887d2b67a5a264526: stopping tablet replica
I20260709 14:50:53.101864   431 raft_consensus.cc:2243] T 0e9902a52dcf4258a7185cfd195fd78e P d5bef89995ae48c887d2b67a5a264526 [term 3 FOLLOWER]: Raft consensus shutting down.
I20260709 14:50:53.102348   431 raft_consensus.cc:2272] T 0e9902a52dcf4258a7185cfd195fd78e P d5bef89995ae48c887d2b67a5a264526 [term 3 FOLLOWER]: Raft consensus is shut down!
I20260709 14:50:53.104918   431 tablet_replica.cc:333] T 8f2da4717be6486f9aeae2ee97b741ae P d5bef89995ae48c887d2b67a5a264526: stopping tablet replica
I20260709 14:50:53.105417   431 raft_consensus.cc:2243] T 8f2da4717be6486f9aeae2ee97b741ae P d5bef89995ae48c887d2b67a5a264526 [term 3 LEADER]: Raft consensus shutting down.
I20260709 14:50:53.106118   431 raft_consensus.cc:2272] T 8f2da4717be6486f9aeae2ee97b741ae P d5bef89995ae48c887d2b67a5a264526 [term 3 FOLLOWER]: Raft consensus is shut down!
I20260709 14:50:53.108011   431 tablet_replica.cc:333] T 31bf95858cf9424c852f5cdeb04c2829 P d5bef89995ae48c887d2b67a5a264526: stopping tablet replica
I20260709 14:50:53.108479   431 raft_consensus.cc:2243] T 31bf95858cf9424c852f5cdeb04c2829 P d5bef89995ae48c887d2b67a5a264526 [term 5 LEADER]: Raft consensus shutting down.
I20260709 14:50:53.109023   431 pending_rounds.cc:70] T 31bf95858cf9424c852f5cdeb04c2829 P d5bef89995ae48c887d2b67a5a264526: Trying to abort 1 pending ops.
I20260709 14:50:53.109226   431 pending_rounds.cc:77] T 31bf95858cf9424c852f5cdeb04c2829 P d5bef89995ae48c887d2b67a5a264526: Aborting op as it isn't in flight: id { term: 5 index: 5 } timestamp: 7305661041171439616 op_type: NO_OP noop_request { }
I20260709 14:50:53.109532   431 raft_consensus.cc:2889] T 31bf95858cf9424c852f5cdeb04c2829 P d5bef89995ae48c887d2b67a5a264526 [term 5 LEADER]: NO_OP replication failed: Aborted: Op aborted
I20260709 14:50:53.109800   431 raft_consensus.cc:2272] T 31bf95858cf9424c852f5cdeb04c2829 P d5bef89995ae48c887d2b67a5a264526 [term 5 FOLLOWER]: Raft consensus is shut down!
I20260709 14:50:53.111573   431 tablet_replica.cc:333] T 282198e4b4824a56baa46eda8410629c P d5bef89995ae48c887d2b67a5a264526: stopping tablet replica
I20260709 14:50:53.112035   431 raft_consensus.cc:2243] T 282198e4b4824a56baa46eda8410629c P d5bef89995ae48c887d2b67a5a264526 [term 2 FOLLOWER]: Raft consensus shutting down.
I20260709 14:50:53.112416   431 raft_consensus.cc:2272] T 282198e4b4824a56baa46eda8410629c P d5bef89995ae48c887d2b67a5a264526 [term 2 FOLLOWER]: Raft consensus is shut down!
I20260709 14:50:53.114095   431 tablet_replica.cc:333] T 0c312b09390d440ba5947810110070f1 P d5bef89995ae48c887d2b67a5a264526: stopping tablet replica
I20260709 14:50:53.114535   431 raft_consensus.cc:2243] T 0c312b09390d440ba5947810110070f1 P d5bef89995ae48c887d2b67a5a264526 [term 4 FOLLOWER]: Raft consensus shutting down.
