I20260709 14:49:50.305202 13615 consensus_queue.cc:237] T 345c0e607a9c465ab9834ccbbc796e69 P 720b84a2a5c341309893b72834e37038 [LEADER]: Queue going to LEADER mode. State: All replicated index: 0, Majority replicated index: 2, Committed index: 2, Last appended: 2.2, Last appended by leader: 2, Current term: 3, Majority size: 2, State: 0, Mode: LEADER, active raft config: opid_index: -1 OBSOLETE_local: false peers { permanent_uuid: "720b84a2a5c341309893b72834e37038" member_type: VOTER last_known_addr { host: "127.12.214.129" port: 37517 } } peers { permanent_uuid: "045e9a56f75849c8ab9ca7c64dcea637" member_type: VOTER last_known_addr { host: "127.12.214.130" port: 42549 } } peers { permanent_uuid: "25ecc6e4e77a4e4ca0d7000360424744" member_type: VOTER last_known_addr { host: "127.12.214.131" port: 44489 } }
I20260709 14:49:50.311023 13177 catalog_manager.cc:5697] T 345c0e607a9c465ab9834ccbbc796e69 P 720b84a2a5c341309893b72834e37038 reported cstate change: term changed from 2 to 3, leader changed from 045e9a56f75849c8ab9ca7c64dcea637 (127.12.214.130) to 720b84a2a5c341309893b72834e37038 (127.12.214.129). New cstate: current_term: 3 leader_uuid: "720b84a2a5c341309893b72834e37038" committed_config { opid_index: -1 OBSOLETE_local: false peers { permanent_uuid: "720b84a2a5c341309893b72834e37038" member_type: VOTER last_known_addr { host: "127.12.214.129" port: 37517 } health_report { overall_health: HEALTHY } } peers { permanent_uuid: "045e9a56f75849c8ab9ca7c64dcea637" member_type: VOTER last_known_addr { host: "127.12.214.130" port: 42549 } health_report { overall_health: UNKNOWN } } peers { permanent_uuid: "25ecc6e4e77a4e4ca0d7000360424744" member_type: VOTER last_known_addr { host: "127.12.214.131" port: 44489 } health_report { overall_health: UNKNOWN } } }
I20260709 14:49:50.409871 13279 raft_consensus.cc:1275] T f2afe692c90443dba2101d38166896e7 P 720b84a2a5c341309893b72834e37038 [term 4 FOLLOWER]: Refusing update from remote peer 25ecc6e4e77a4e4ca0d7000360424744: Log matching property violated. Preceding OpId in replica: term: 3 index: 3. Preceding OpId from leader: term: 4 index: 4. (index mismatch)
I20260709 14:49:50.411000 13483 consensus_queue.cc:1048] T f2afe692c90443dba2101d38166896e7 P 25ecc6e4e77a4e4ca0d7000360424744 [LEADER]: Connected to new peer: Peer: permanent_uuid: "720b84a2a5c341309893b72834e37038" member_type: VOTER last_known_addr { host: "127.12.214.129" port: 37517 }, Status: LMP_MISMATCH, Last received: 0.0, Next index: 4, Last known committed idx: 3, Time since last communication: 0.000s
I20260709 14:49:50.421242 13354 raft_consensus.cc:1275] T f2afe692c90443dba2101d38166896e7 P 045e9a56f75849c8ab9ca7c64dcea637 [term 4 FOLLOWER]: Refusing update from remote peer 25ecc6e4e77a4e4ca0d7000360424744: Log matching property violated. Preceding OpId in replica: term: 3 index: 3. Preceding OpId from leader: term: 4 index: 4. (index mismatch)
I20260709 14:49:50.422529 13625 consensus_queue.cc:1048] T f2afe692c90443dba2101d38166896e7 P 25ecc6e4e77a4e4ca0d7000360424744 [LEADER]: Connected to new peer: Peer: permanent_uuid: "045e9a56f75849c8ab9ca7c64dcea637" member_type: VOTER last_known_addr { host: "127.12.214.130" port: 42549 }, Status: LMP_MISMATCH, Last received: 0.0, Next index: 4, Last known committed idx: 3, Time since last communication: 0.000s
I20260709 14:49:50.597224 13428 raft_consensus.cc:1275] T 124dbe71abdf451393b434382ffd5068 P 25ecc6e4e77a4e4ca0d7000360424744 [term 3 FOLLOWER]: Refusing update from remote peer 720b84a2a5c341309893b72834e37038: Log matching property violated. Preceding OpId in replica: term: 2 index: 2. Preceding OpId from leader: term: 3 index: 3. (index mismatch)
I20260709 14:49:50.598420 13615 consensus_queue.cc:1048] T 124dbe71abdf451393b434382ffd5068 P 720b84a2a5c341309893b72834e37038 [LEADER]: Connected to new peer: Peer: permanent_uuid: "25ecc6e4e77a4e4ca0d7000360424744" member_type: VOTER last_known_addr { host: "127.12.214.131" port: 44489 }, Status: LMP_MISMATCH, Last received: 0.0, Next index: 3, Last known committed idx: 2, Time since last communication: 0.000s
I20260709 14:49:50.606978 13354 raft_consensus.cc:1275] T 124dbe71abdf451393b434382ffd5068 P 045e9a56f75849c8ab9ca7c64dcea637 [term 3 FOLLOWER]: Refusing update from remote peer 720b84a2a5c341309893b72834e37038: Log matching property violated. Preceding OpId in replica: term: 2 index: 2. Preceding OpId from leader: term: 3 index: 3. (index mismatch)
I20260709 14:49:50.608117 13615 consensus_queue.cc:1048] T 124dbe71abdf451393b434382ffd5068 P 720b84a2a5c341309893b72834e37038 [LEADER]: Connected to new peer: Peer: permanent_uuid: "045e9a56f75849c8ab9ca7c64dcea637" member_type: VOTER last_known_addr { host: "127.12.214.130" port: 42549 }, Status: LMP_MISMATCH, Last received: 0.0, Next index: 3, Last known committed idx: 2, Time since last communication: 0.000s
I20260709 14:49:50.657130 13428 raft_consensus.cc:1275] T ba4ec4c870c645dcb6d0dc337fbbf09b P 25ecc6e4e77a4e4ca0d7000360424744 [term 3 FOLLOWER]: Refusing update from remote peer 720b84a2a5c341309893b72834e37038: Log matching property violated. Preceding OpId in replica: term: 2 index: 2. Preceding OpId from leader: term: 3 index: 3. (index mismatch)
I20260709 14:49:50.658317 13634 consensus_queue.cc:1048] T ba4ec4c870c645dcb6d0dc337fbbf09b P 720b84a2a5c341309893b72834e37038 [LEADER]: Connected to new peer: Peer: permanent_uuid: "25ecc6e4e77a4e4ca0d7000360424744" member_type: VOTER last_known_addr { host: "127.12.214.131" port: 44489 }, Status: LMP_MISMATCH, Last received: 0.0, Next index: 3, Last known committed idx: 2, Time since last communication: 0.000s
I20260709 14:49:50.667577 13354 raft_consensus.cc:1275] T ba4ec4c870c645dcb6d0dc337fbbf09b P 045e9a56f75849c8ab9ca7c64dcea637 [term 3 FOLLOWER]: Refusing update from remote peer 720b84a2a5c341309893b72834e37038: Log matching property violated. Preceding OpId in replica: term: 2 index: 2. Preceding OpId from leader: term: 3 index: 3. (index mismatch)
I20260709 14:49:50.669407 13616 consensus_queue.cc:1048] T ba4ec4c870c645dcb6d0dc337fbbf09b P 720b84a2a5c341309893b72834e37038 [LEADER]: Connected to new peer: Peer: permanent_uuid: "045e9a56f75849c8ab9ca7c64dcea637" member_type: VOTER last_known_addr { host: "127.12.214.130" port: 42549 }, Status: LMP_MISMATCH, Last received: 0.0, Next index: 3, Last known committed idx: 2, Time since last communication: 0.001s
I20260709 14:49:50.807662 13279 raft_consensus.cc:1275] T 33363decad954774a28fb09e2456a7bf P 720b84a2a5c341309893b72834e37038 [term 5 FOLLOWER]: Refusing update from remote peer 25ecc6e4e77a4e4ca0d7000360424744: Log matching property violated. Preceding OpId in replica: term: 4 index: 4. Preceding OpId from leader: term: 5 index: 5. (index mismatch)
I20260709 14:49:50.808739 13625 consensus_queue.cc:1048] T 33363decad954774a28fb09e2456a7bf P 25ecc6e4e77a4e4ca0d7000360424744 [LEADER]: Connected to new peer: Peer: permanent_uuid: "720b84a2a5c341309893b72834e37038" member_type: VOTER last_known_addr { host: "127.12.214.129" port: 37517 }, Status: LMP_MISMATCH, Last received: 0.0, Next index: 5, Last known committed idx: 4, Time since last communication: 0.000s
I20260709 14:49:50.819005 13354 raft_consensus.cc:1275] T 33363decad954774a28fb09e2456a7bf P 045e9a56f75849c8ab9ca7c64dcea637 [term 5 FOLLOWER]: Refusing update from remote peer 25ecc6e4e77a4e4ca0d7000360424744: Log matching property violated. Preceding OpId in replica: term: 4 index: 4. Preceding OpId from leader: term: 5 index: 5. (index mismatch)
I20260709 14:49:50.820586 13619 consensus_queue.cc:1048] T 33363decad954774a28fb09e2456a7bf P 25ecc6e4e77a4e4ca0d7000360424744 [LEADER]: Connected to new peer: Peer: permanent_uuid: "045e9a56f75849c8ab9ca7c64dcea637" member_type: VOTER last_known_addr { host: "127.12.214.130" port: 42549 }, Status: LMP_MISMATCH, Last received: 0.0, Next index: 5, Last known committed idx: 4, Time since last communication: 0.000s
I20260709 14:49:50.852101 13428 raft_consensus.cc:1275] T 345c0e607a9c465ab9834ccbbc796e69 P 25ecc6e4e77a4e4ca0d7000360424744 [term 3 FOLLOWER]: Refusing update from remote peer 720b84a2a5c341309893b72834e37038: Log matching property violated. Preceding OpId in replica: term: 2 index: 2. Preceding OpId from leader: term: 3 index: 3. (index mismatch)
I20260709 14:49:50.853281 13616 consensus_queue.cc:1048] T 345c0e607a9c465ab9834ccbbc796e69 P 720b84a2a5c341309893b72834e37038 [LEADER]: Connected to new peer: Peer: permanent_uuid: "25ecc6e4e77a4e4ca0d7000360424744" member_type: VOTER last_known_addr { host: "127.12.214.131" port: 44489 }, Status: LMP_MISMATCH, Last received: 0.0, Next index: 3, Last known committed idx: 2, Time since last communication: 0.000s
I20260709 14:49:50.861049 13354 raft_consensus.cc:1275] T 345c0e607a9c465ab9834ccbbc796e69 P 045e9a56f75849c8ab9ca7c64dcea637 [term 3 FOLLOWER]: Refusing update from remote peer 720b84a2a5c341309893b72834e37038: Log matching property violated. Preceding OpId in replica: term: 2 index: 2. Preceding OpId from leader: term: 3 index: 3. (index mismatch)
I20260709 14:49:50.863562 13634 consensus_queue.cc:1048] T 345c0e607a9c465ab9834ccbbc796e69 P 720b84a2a5c341309893b72834e37038 [LEADER]: Connected to new peer: Peer: permanent_uuid: "045e9a56f75849c8ab9ca7c64dcea637" member_type: VOTER last_known_addr { host: "127.12.214.130" port: 42549 }, Status: LMP_MISMATCH, Last received: 0.0, Next index: 3, Last known committed idx: 2, Time since last communication: 0.000s
I20260709 14:49:50.907256 13146 auto_leader_rebalancer.cc:141] leader rebalance for table test-workload
I20260709 14:49:50.912511 13146 tablet_server.cc:179] TabletServer@127.12.214.129:0 shutting down...
I20260709 14:49:50.935688 13146 ts_tablet_manager.cc:1507] Shutting down tablet manager...
I20260709 14:49:50.936462 13146 tablet_replica.cc:333] T 33363decad954774a28fb09e2456a7bf P 720b84a2a5c341309893b72834e37038: stopping tablet replica
I20260709 14:49:50.937290 13146 raft_consensus.cc:2243] T 33363decad954774a28fb09e2456a7bf P 720b84a2a5c341309893b72834e37038 [term 5 FOLLOWER]: Raft consensus shutting down.
I20260709 14:49:50.937796 13146 raft_consensus.cc:2272] T 33363decad954774a28fb09e2456a7bf P 720b84a2a5c341309893b72834e37038 [term 5 FOLLOWER]: Raft consensus is shut down!
I20260709 14:49:50.940284 13146 tablet_replica.cc:333] T 8b6c686958544da2adcb5159c719448b P 720b84a2a5c341309893b72834e37038: stopping tablet replica
I20260709 14:49:50.940797 13146 raft_consensus.cc:2243] T 8b6c686958544da2adcb5159c719448b P 720b84a2a5c341309893b72834e37038 [term 1 FOLLOWER]: Raft consensus shutting down.
I20260709 14:49:50.941177 13146 raft_consensus.cc:2272] T 8b6c686958544da2adcb5159c719448b P 720b84a2a5c341309893b72834e37038 [term 1 FOLLOWER]: Raft consensus is shut down!
I20260709 14:49:50.942786 13146 tablet_replica.cc:333] T 345c0e607a9c465ab9834ccbbc796e69 P 720b84a2a5c341309893b72834e37038: stopping tablet replica
I20260709 14:49:50.943213 13146 raft_consensus.cc:2243] T 345c0e607a9c465ab9834ccbbc796e69 P 720b84a2a5c341309893b72834e37038 [term 3 LEADER]: Raft consensus shutting down.
I20260709 14:49:50.943871 13146 raft_consensus.cc:2272] T 345c0e607a9c465ab9834ccbbc796e69 P 720b84a2a5c341309893b72834e37038 [term 3 FOLLOWER]: Raft consensus is shut down!
I20260709 14:49:50.945601 13146 tablet_replica.cc:333] T a5f09fb875694289a456a3b52680efc9 P 720b84a2a5c341309893b72834e37038: stopping tablet replica
I20260709 14:49:50.946069 13146 raft_consensus.cc:2243] T a5f09fb875694289a456a3b52680efc9 P 720b84a2a5c341309893b72834e37038 [term 3 FOLLOWER]: Raft consensus shutting down.
I20260709 14:49:50.946439 13146 raft_consensus.cc:2272] T a5f09fb875694289a456a3b52680efc9 P 720b84a2a5c341309893b72834e37038 [term 3 FOLLOWER]: Raft consensus is shut down!
I20260709 14:49:50.947817 13146 tablet_replica.cc:333] T 124dbe71abdf451393b434382ffd5068 P 720b84a2a5c341309893b72834e37038: stopping tablet replica
I20260709 14:49:50.948238 13146 raft_consensus.cc:2243] T 124dbe71abdf451393b434382ffd5068 P 720b84a2a5c341309893b72834e37038 [term 3 LEADER]: Raft consensus shutting down.
I20260709 14:49:50.948853 13146 raft_consensus.cc:2272] T 124dbe71abdf451393b434382ffd5068 P 720b84a2a5c341309893b72834e37038 [term 3 FOLLOWER]: Raft consensus is shut down!
I20260709 14:49:50.950570 13146 tablet_replica.cc:333] T 7f870ddf23df4795bfcfd198ab86b827 P 720b84a2a5c341309893b72834e37038: stopping tablet replica
I20260709 14:49:50.951010 13146 raft_consensus.cc:2243] T 7f870ddf23df4795bfcfd198ab86b827 P 720b84a2a5c341309893b72834e37038 [term 3 FOLLOWER]: Raft consensus shutting down.
I20260709 14:49:50.951392 13146 raft_consensus.cc:2272] T 7f870ddf23df4795bfcfd198ab86b827 P 720b84a2a5c341309893b72834e37038 [term 3 FOLLOWER]: Raft consensus is shut down!
I20260709 14:49:50.952922 13146 tablet_replica.cc:333] T ba4ec4c870c645dcb6d0dc337fbbf09b P 720b84a2a5c341309893b72834e37038: stopping tablet replica
I20260709 14:49:50.953372 13146 raft_consensus.cc:2243] T ba4ec4c870c645dcb6d0dc337fbbf09b P 720b84a2a5c341309893b72834e37038 [term 3 LEADER]: Raft consensus shutting down.
I20260709 14:49:50.953991 13146 raft_consensus.cc:2272] T ba4ec4c870c645dcb6d0dc337fbbf09b P 720b84a2a5c341309893b72834e37038 [term 3 FOLLOWER]: Raft consensus is shut down!
I20260709 14:49:50.955624 13146 tablet_replica.cc:333] T 6707e0729ba0420ea3ee0370f697be98 P 720b84a2a5c341309893b72834e37038: stopping tablet replica
I20260709 14:49:50.956036 13146 raft_consensus.cc:2243] T 6707e0729ba0420ea3ee0370f697be98 P 720b84a2a5c341309893b72834e37038 [term 3 FOLLOWER]: Raft consensus shutting down.
I20260709 14:49:50.956405 13146 raft_consensus.cc:2272] T 6707e0729ba0420ea3ee0370f697be98 P 720b84a2a5c341309893b72834e37038 [term 3 FOLLOWER]: Raft consensus is shut down!
I20260709 14:49:50.957751 13146 tablet_replica.cc:333] T f2afe692c90443dba2101d38166896e7 P 720b84a2a5c341309893b72834e37038: stopping tablet replica
I20260709 14:49:50.958181 13146 raft_consensus.cc:2243] T f2afe692c90443dba2101d38166896e7 P 720b84a2a5c341309893b72834e37038 [term 4 FOLLOWER]: Raft consensus shutting down.
I20260709 14:49:50.958537 13146 raft_consensus.cc:2272] T f2afe692c90443dba2101d38166896e7 P 720b84a2a5c341309893b72834e37038 [term 4 FOLLOWER]: Raft consensus is shut down!
W20260709 14:49:51.047279 13396 proxy.cc:239] Call had error, refreshing address and retrying: Network error: Client connection negotiation failed: client connection to 127.12.214.129:37517: connect: Connection refused (error 111)
I20260709 14:49:51.048879 13146 tablet_server.cc:196] TabletServer@127.12.214.129:0 shutdown complete.
W20260709 14:49:51.051102 13396 consensus_peers.cc:597] T f2afe692c90443dba2101d38166896e7 P 25ecc6e4e77a4e4ca0d7000360424744 -> Peer 720b84a2a5c341309893b72834e37038 (127.12.214.129:37517): Couldn't send request to peer 720b84a2a5c341309893b72834e37038. Status: Network error: Client connection negotiation failed: client connection to 127.12.214.129:37517: connect: Connection refused (error 111). This is attempt 1: this message will repeat every 5th retry.
I20260709 14:49:51.066650 13146 tablet_server.cc:179] TabletServer@127.12.214.130:0 shutting down...
I20260709 14:49:51.088372 13146 ts_tablet_manager.cc:1507] Shutting down tablet manager...
I20260709 14:49:51.088945 13146 tablet_replica.cc:333] T 8b6c686958544da2adcb5159c719448b P 045e9a56f75849c8ab9ca7c64dcea637: stopping tablet replica
I20260709 14:49:51.089453 13146 raft_consensus.cc:2243] T 8b6c686958544da2adcb5159c719448b P 045e9a56f75849c8ab9ca7c64dcea637 [term 1 FOLLOWER]: Raft consensus shutting down.
I20260709 14:49:51.089897 13146 raft_consensus.cc:2272] T 8b6c686958544da2adcb5159c719448b P 045e9a56f75849c8ab9ca7c64dcea637 [term 1 FOLLOWER]: Raft consensus is shut down!
I20260709 14:49:51.091516 13146 tablet_replica.cc:333] T 33363decad954774a28fb09e2456a7bf P 045e9a56f75849c8ab9ca7c64dcea637: stopping tablet replica
I20260709 14:49:51.091985 13146 raft_consensus.cc:2243] T 33363decad954774a28fb09e2456a7bf P 045e9a56f75849c8ab9ca7c64dcea637 [term 5 FOLLOWER]: Raft consensus shutting down.
I20260709 14:49:51.092350 13146 raft_consensus.cc:2272] T 33363decad954774a28fb09e2456a7bf P 045e9a56f75849c8ab9ca7c64dcea637 [term 5 FOLLOWER]: Raft consensus is shut down!
I20260709 14:49:51.094177 13146 tablet_replica.cc:333] T 345c0e607a9c465ab9834ccbbc796e69 P 045e9a56f75849c8ab9ca7c64dcea637: stopping tablet replica
I20260709 14:49:51.094632 13146 raft_consensus.cc:2243] T 345c0e607a9c465ab9834ccbbc796e69 P 045e9a56f75849c8ab9ca7c64dcea637 [term 3 FOLLOWER]: Raft consensus shutting down.
I20260709 14:49:51.094973 13146 raft_consensus.cc:2272] T 345c0e607a9c465ab9834ccbbc796e69 P 045e9a56f75849c8ab9ca7c64dcea637 [term 3 FOLLOWER]: Raft consensus is shut down!
I20260709 14:49:51.097122 13146 tablet_replica.cc:333] T 124dbe71abdf451393b434382ffd5068 P 045e9a56f75849c8ab9ca7c64dcea637: stopping tablet replica
I20260709 14:49:51.097553 13146 raft_consensus.cc:2243] T 124dbe71abdf451393b434382ffd5068 P 045e9a56f75849c8ab9ca7c64dcea637 [term 3 FOLLOWER]: Raft consensus shutting down.
I20260709 14:49:51.097903 13146 raft_consensus.cc:2272] T 124dbe71abdf451393b434382ffd5068 P 045e9a56f75849c8ab9ca7c64dcea637 [term 3 FOLLOWER]: Raft consensus is shut down!
I20260709 14:49:51.099656 13146 tablet_replica.cc:333] T a5f09fb875694289a456a3b52680efc9 P 045e9a56f75849c8ab9ca7c64dcea637: stopping tablet replica
I20260709 14:49:51.100076 13146 raft_consensus.cc:2243] T a5f09fb875694289a456a3b52680efc9 P 045e9a56f75849c8ab9ca7c64dcea637 [term 3 LEADER]: Raft consensus shutting down.
I20260709 14:49:51.100721 13146 raft_consensus.cc:2272] T a5f09fb875694289a456a3b52680efc9 P 045e9a56f75849c8ab9ca7c64dcea637 [term 3 FOLLOWER]: Raft consensus is shut down!
I20260709 14:49:51.102380 13146 tablet_replica.cc:333] T 6707e0729ba0420ea3ee0370f697be98 P 045e9a56f75849c8ab9ca7c64dcea637: stopping tablet replica
I20260709 14:49:51.102814 13146 raft_consensus.cc:2243] T 6707e0729ba0420ea3ee0370f697be98 P 045e9a56f75849c8ab9ca7c64dcea637 [term 3 LEADER]: Raft consensus shutting down.
I20260709 14:49:51.103489 13146 raft_consensus.cc:2272] T 6707e0729ba0420ea3ee0370f697be98 P 045e9a56f75849c8ab9ca7c64dcea637 [term 3 FOLLOWER]: Raft consensus is shut down!
I20260709 14:49:51.105007 13146 tablet_replica.cc:333] T ba4ec4c870c645dcb6d0dc337fbbf09b P 045e9a56f75849c8ab9ca7c64dcea637: stopping tablet replica
I20260709 14:49:51.105409 13146 raft_consensus.cc:2243] T ba4ec4c870c645dcb6d0dc337fbbf09b P 045e9a56f75849c8ab9ca7c64dcea637 [term 3 FOLLOWER]: Raft consensus shutting down.
I20260709 14:49:51.105758 13146 raft_consensus.cc:2272] T ba4ec4c870c645dcb6d0dc337fbbf09b P 045e9a56f75849c8ab9ca7c64dcea637 [term 3 FOLLOWER]: Raft consensus is shut down!
I20260709 14:49:51.107460 13146 tablet_replica.cc:333] T 7f870ddf23df4795bfcfd198ab86b827 P 045e9a56f75849c8ab9ca7c64dcea637: stopping tablet replica
I20260709 14:49:51.107887 13146 raft_consensus.cc:2243] T 7f870ddf23df4795bfcfd198ab86b827 P 045e9a56f75849c8ab9ca7c64dcea637 [term 3 LEADER]: Raft consensus shutting down.
I20260709 14:49:51.108512 13146 raft_consensus.cc:2272] T 7f870ddf23df4795bfcfd198ab86b827 P 045e9a56f75849c8ab9ca7c64dcea637 [term 3 FOLLOWER]: Raft consensus is shut down!
I20260709 14:49:51.109933 13146 tablet_replica.cc:333] T f2afe692c90443dba2101d38166896e7 P 045e9a56f75849c8ab9ca7c64dcea637: stopping tablet replica
I20260709 14:49:51.110342 13146 raft_consensus.cc:2243] T f2afe692c90443dba2101d38166896e7 P 045e9a56f75849c8ab9ca7c64dcea637 [term 4 FOLLOWER]: Raft consensus shutting down.
I20260709 14:49:51.110680 13146 raft_consensus.cc:2272] T f2afe692c90443dba2101d38166896e7 P 045e9a56f75849c8ab9ca7c64dcea637 [term 4 FOLLOWER]: Raft consensus is shut down!
I20260709 14:49:51.136037 13146 tablet_server.cc:196] TabletServer@127.12.214.130:0 shutdown complete.
I20260709 14:49:51.151312 13146 tablet_server.cc:179] TabletServer@127.12.214.131:0 shutting down...
I20260709 14:49:51.170387 13146 ts_tablet_manager.cc:1507] Shutting down tablet manager...
I20260709 14:49:51.170950 13146 tablet_replica.cc:333] T 33363decad954774a28fb09e2456a7bf P 25ecc6e4e77a4e4ca0d7000360424744: stopping tablet replica
I20260709 14:49:51.171566 13146 raft_consensus.cc:2243] T 33363decad954774a28fb09e2456a7bf P 25ecc6e4e77a4e4ca0d7000360424744 [term 5 LEADER]: Raft consensus shutting down.
I20260709 14:49:51.172324 13146 raft_consensus.cc:2272] T 33363decad954774a28fb09e2456a7bf P 25ecc6e4e77a4e4ca0d7000360424744 [term 5 FOLLOWER]: Raft consensus is shut down!
I20260709 14:49:51.174239 13146 tablet_replica.cc:333] T 8b6c686958544da2adcb5159c719448b P 25ecc6e4e77a4e4ca0d7000360424744: stopping tablet replica
I20260709 14:49:51.174700 13146 raft_consensus.cc:2243] T 8b6c686958544da2adcb5159c719448b P 25ecc6e4e77a4e4ca0d7000360424744 [term 1 LEADER]: Raft consensus shutting down.
I20260709 14:49:51.175343 13146 raft_consensus.cc:2272] T 8b6c686958544da2adcb5159c719448b P 25ecc6e4e77a4e4ca0d7000360424744 [term 1 FOLLOWER]: Raft consensus is shut down!
I20260709 14:49:51.176836 13146 tablet_replica.cc:333] T 345c0e607a9c465ab9834ccbbc796e69 P 25ecc6e4e77a4e4ca0d7000360424744: stopping tablet replica
I20260709 14:49:51.177273 13146 raft_consensus.cc:2243] T 345c0e607a9c465ab9834ccbbc796e69 P 25ecc6e4e77a4e4ca0d7000360424744 [term 3 FOLLOWER]: Raft consensus shutting down.
I20260709 14:49:51.177659 13146 raft_consensus.cc:2272] T 345c0e607a9c465ab9834ccbbc796e69 P 25ecc6e4e77a4e4ca0d7000360424744 [term 3 FOLLOWER]: Raft consensus is shut down!
I20260709 14:49:51.179471 13146 tablet_replica.cc:333] T 124dbe71abdf451393b434382ffd5068 P 25ecc6e4e77a4e4ca0d7000360424744: stopping tablet replica
I20260709 14:49:51.179917 13146 raft_consensus.cc:2243] T 124dbe71abdf451393b434382ffd5068 P 25ecc6e4e77a4e4ca0d7000360424744 [term 3 FOLLOWER]: Raft consensus shutting down.
I20260709 14:49:51.180297 13146 raft_consensus.cc:2272] T 124dbe71abdf451393b434382ffd5068 P 25ecc6e4e77a4e4ca0d7000360424744 [term 3 FOLLOWER]: Raft consensus is shut down!
I20260709 14:49:51.182083 13146 tablet_replica.cc:333] T a5f09fb875694289a456a3b52680efc9 P 25ecc6e4e77a4e4ca0d7000360424744: stopping tablet replica
I20260709 14:49:51.182516 13146 raft_consensus.cc:2243] T a5f09fb875694289a456a3b52680efc9 P 25ecc6e4e77a4e4ca0d7000360424744 [term 3 FOLLOWER]: Raft consensus shutting down.
I20260709 14:49:51.182884 13146 raft_consensus.cc:2272] T a5f09fb875694289a456a3b52680efc9 P 25ecc6e4e77a4e4ca0d7000360424744 [term 3 FOLLOWER]: Raft consensus is shut down!
I20260709 14:49:51.184270 13146 tablet_replica.cc:333] T f2afe692c90443dba2101d38166896e7 P 25ecc6e4e77a4e4ca0d7000360424744: stopping tablet replica
I20260709 14:49:51.184682 13146 raft_consensus.cc:2243] T f2afe692c90443dba2101d38166896e7 P 25ecc6e4e77a4e4ca0d7000360424744 [term 4 LEADER]: Raft consensus shutting down.
I20260709 14:49:51.185285 13146 raft_consensus.cc:2272] T f2afe692c90443dba2101d38166896e7 P 25ecc6e4e77a4e4ca0d7000360424744 [term 4 FOLLOWER]: Raft consensus is shut down!
I20260709 14:49:51.186916 13146 tablet_replica.cc:333] T ba4ec4c870c645dcb6d0dc337fbbf09b P 25ecc6e4e77a4e4ca0d7000360424744: stopping tablet replica
I20260709 14:49:51.187351 13146 raft_consensus.cc:2243] T ba4ec4c870c645dcb6d0dc337fbbf09b P 25ecc6e4e77a4e4ca0d7000360424744 [term 3 FOLLOWER]: Raft consensus shutting down.
I20260709 14:49:51.187738 13146 raft_consensus.cc:2272] T ba4ec4c870c645dcb6d0dc337fbbf09b P 25ecc6e4e77a4e4ca0d7000360424744 [term 3 FOLLOWER]: Raft consensus is shut down!
I20260709 14:49:51.189530 13146 tablet_replica.cc:333] T 6707e0729ba0420ea3ee0370f697be98 P 25ecc6e4e77a4e4ca0d7000360424744: stopping tablet replica
I20260709 14:49:51.189931 13146 raft_consensus.cc:2243] T 6707e0729ba0420ea3ee0370f697be98 P 25ecc6e4e77a4e4ca0d7000360424744 [term 3 FOLLOWER]: Raft consensus shutting down.
I20260709 14:49:51.190326 13146 raft_consensus.cc:2272] T 6707e0729ba0420ea3ee0370f697be98 P 25ecc6e4e77a4e4ca0d7000360424744 [term 3 FOLLOWER]: Raft consensus is shut down!
I20260709 14:49:51.191784 13146 tablet_replica.cc:333] T 7f870ddf23df4795bfcfd198ab86b827 P 25ecc6e4e77a4e4ca0d7000360424744: stopping tablet replica
I20260709 14:49:51.192181 13146 raft_consensus.cc:2243] T 7f870ddf23df4795bfcfd198ab86b827 P 25ecc6e4e77a4e4ca0d7000360424744 [term 3 FOLLOWER]: Raft consensus shutting down.
I20260709 14:49:51.192556 13146 raft_consensus.cc:2272] T 7f870ddf23df4795bfcfd198ab86b827 P 25ecc6e4e77a4e4ca0d7000360424744 [term 3 FOLLOWER]: Raft consensus is shut down!
I20260709 14:49:51.216463 13146 tablet_server.cc:196] TabletServer@127.12.214.131:0 shutdown complete.
I20260709 14:49:51.231822 13146 master.cc:562] Master@127.12.214.190:41017 shutting down...
I20260709 14:49:51.370143 13146 raft_consensus.cc:2243] T 00000000000000000000000000000000 P 27210ead6eb144bab7039827289d23c4 [term 1 LEADER]: Raft consensus shutting down.
I20260709 14:49:51.370656 13146 raft_consensus.cc:2272] T 00000000000000000000000000000000 P 27210ead6eb144bab7039827289d23c4 [term 1 FOLLOWER]: Raft consensus is shut down!
I20260709 14:49:51.370965 13146 tablet_replica.cc:333] T 00000000000000000000000000000000 P 27210ead6eb144bab7039827289d23c4: stopping tablet replica
I20260709 14:49:51.389320 13146 master.cc:584] Master@127.12.214.190:41017 shutdown complete.
045e9a56f75849c8ab9ca7c64dcea637  4
25ecc6e4e77a4e4ca0d7000360424744  1
720b84a2a5c341309893b72834e37038  4
[       OK ] LeaderRebalancerTest.FunctionalTestForDivided (12282 ms)
[ RUN      ] LeaderRebalancerTest.FunctionalTestForNotDivided
I20260709 14:49:51.424870 13146 internal_mini_cluster.cc:156] Creating distributed mini masters. Addrs: 127.12.214.190:34073
I20260709 14:49:51.425966 13146 file_cache.cc:504] Constructed file cache file cache with capacity 419430
W20260709 14:49:51.430962 13645 instance_detector.cc:116] could not retrieve AWS instance metadata: Network error: curl error: HTTP response code said error: The requested URL returned error: 404
W20260709 14:49:51.431457 13646 instance_detector.cc:116] could not retrieve Azure instance metadata: Network error: curl error: HTTP response code said error: The requested URL returned error: 404
W20260709 14:49:51.432390 13648 instance_detector.cc:116] could not retrieve OpenStack instance metadata: Network error: curl error: HTTP response code said error: The requested URL returned error: 404
I20260709 14:49:51.433288 13146 server_base.cc:1061] running on GCE node
I20260709 14:49:51.433979 13146 hybrid_clock.cc:584] initializing the hybrid clock with 'system_unsync' time source
W20260709 14:49:51.434211 13146 system_unsync_time.cc:38] NTP support is disabled. Clock error bounds will not be accurate. This configuration is not suitable for distributed clusters.
I20260709 14:49:51.434377 13146 hybrid_clock.cc:648] HybridClock initialized: now 1783608591434354 us; error 0 us; skew 500 ppm
I20260709 14:49:51.434880 13146 server_base.cc:861] Flag tcmalloc_max_total_thread_cache_bytes is not working since tcmalloc is not enabled.
I20260709 14:49:51.437273 13146 webserver.cc:533] Webserver started at http://127.12.214.190:33859/ using document root <none> and password file <none>
I20260709 14:49:51.437747 13146 fs_manager.cc:362] Metadata directory not provided
I20260709 14:49:51.437919 13146 fs_manager.cc:368] Using write-ahead log directory (fs_wal_dir) as metadata directory
I20260709 14:49:51.438205 13146 server_base.cc:909] This appears to be a new deployment of Kudu; creating new FS layout
I20260709 14:49:51.439246 13146 fs_manager.cc:1068] Generated new instance metadata in path /tmp/dist-test-taskQ5ccW1/test-tmp/auto_leader_rebalancer-test.0.LeaderRebalancerTest.FunctionalTestForNotDivided.1783608578981292-13146-0/minicluster-data/master-0-root/instance:
uuid: "ad0cc548eaaf44acbbe32bfa890f6a5a"
format_stamp: "Formatted at 2026-07-09 14:49:51 on dist-test-slave-322g"
I20260709 14:49:51.443331 13146 fs_manager.cc:696] Time spent creating directory manager: real 0.004s	user 0.005s	sys 0.000s
I20260709 14:49:51.446564 13653 log_block_manager.cc:4127] Time spent loading block containers with low live blocks: real 0.000s	user 0.000s	sys 0.000s
I20260709 14:49:51.447256 13146 fs_manager.cc:730] Time spent opening block manager: real 0.002s	user 0.002s	sys 0.001s
I20260709 14:49:51.447535 13146 fs_manager.cc:647] Opened local filesystem: /tmp/dist-test-taskQ5ccW1/test-tmp/auto_leader_rebalancer-test.0.LeaderRebalancerTest.FunctionalTestForNotDivided.1783608578981292-13146-0/minicluster-data/master-0-root
uuid: "ad0cc548eaaf44acbbe32bfa890f6a5a"
format_stamp: "Formatted at 2026-07-09 14:49:51 on dist-test-slave-322g"
I20260709 14:49:51.447830 13146 fs_report.cc:389] FS layout report
--------------------
wal directory: /tmp/dist-test-taskQ5ccW1/test-tmp/auto_leader_rebalancer-test.0.LeaderRebalancerTest.FunctionalTestForNotDivided.1783608578981292-13146-0/minicluster-data/master-0-root
metadata directory: /tmp/dist-test-taskQ5ccW1/test-tmp/auto_leader_rebalancer-test.0.LeaderRebalancerTest.FunctionalTestForNotDivided.1783608578981292-13146-0/minicluster-data/master-0-root
1 data directories: /tmp/dist-test-taskQ5ccW1/test-tmp/auto_leader_rebalancer-test.0.LeaderRebalancerTest.FunctionalTestForNotDivided.1783608578981292-13146-0/minicluster-data/master-0-root/data
Total live blocks: 0
Total live bytes: 0
Total live bytes (after alignment): 0
Total number of LBM containers: 0 (0 full)
Did not check for missing blocks
Did not check for orphaned blocks
Total full LBM containers with extra space: 0 (0 repaired)
Total full LBM container extra space in bytes: 0 (0 repaired)
Total incomplete LBM containers: 0 (0 repaired)
Total LBM partial records: 0 (0 repaired)
Total corrupted LBM metadata records in RocksDB: 0 (0 repaired)
I20260709 14:49:51.471109 13146 rpc_server.cc:225] running with OpenSSL 1.1.1  11 Sep 2018
I20260709 14:49:51.472289 13146 kserver.cc:163] Server-wide thread pool size limit: 3276
I20260709 14:49:51.507620 13146 rpc_server.cc:307] RPC server started. Bound to: 127.12.214.190:34073
I20260709 14:49:51.507704 13704 acceptor_pool.cc:272] collecting diagnostics on the listening RPC socket 127.12.214.190:34073 every 8 connection(s)
I20260709 14:49:51.511226 13705 data_dirs.cc:400] Could only allocate 1 dirs of requested 3 for tablet 00000000000000000000000000000000. 1 dirs total, 0 dirs full, 0 dirs failed
I20260709 14:49:51.519948 13705 tablet_bootstrap.cc:492] T 00000000000000000000000000000000 P ad0cc548eaaf44acbbe32bfa890f6a5a: Bootstrap starting.
I20260709 14:49:51.524268 13705 tablet_bootstrap.cc:654] T 00000000000000000000000000000000 P ad0cc548eaaf44acbbe32bfa890f6a5a: Neither blocks nor log segments found. Creating new log.
I20260709 14:49:51.528069 13705 tablet_bootstrap.cc:492] T 00000000000000000000000000000000 P ad0cc548eaaf44acbbe32bfa890f6a5a: No bootstrap required, opened a new log
I20260709 14:49:51.530068 13705 raft_consensus.cc:359] T 00000000000000000000000000000000 P ad0cc548eaaf44acbbe32bfa890f6a5a [term 0 FOLLOWER]: Replica starting. Triggering 0 pending ops. Active config: opid_index: -1 OBSOLETE_local: true peers { permanent_uuid: "ad0cc548eaaf44acbbe32bfa890f6a5a" member_type: VOTER }
I20260709 14:49:51.530427 13705 raft_consensus.cc:385] T 00000000000000000000000000000000 P ad0cc548eaaf44acbbe32bfa890f6a5a [term 0 FOLLOWER]: Consensus starting up: Expiring failure detector timer to make a prompt election more likely
I20260709 14:49:51.530627 13705 raft_consensus.cc:740] T 00000000000000000000000000000000 P ad0cc548eaaf44acbbe32bfa890f6a5a [term 0 FOLLOWER]: Becoming Follower/Learner. State: Replica: ad0cc548eaaf44acbbe32bfa890f6a5a, State: Initialized, Role: FOLLOWER
I20260709 14:49:51.531128 13705 consensus_queue.cc:260] T 00000000000000000000000000000000 P ad0cc548eaaf44acbbe32bfa890f6a5a [NON_LEADER]: Queue going to NON_LEADER mode. State: All replicated index: 0, Majority replicated index: 0, Committed index: 0, Last appended: 0.0, Last appended by leader: 0, Current term: 0, Majority size: -1, State: 0, Mode: NON_LEADER, active raft config: opid_index: -1 OBSOLETE_local: true peers { permanent_uuid: "ad0cc548eaaf44acbbe32bfa890f6a5a" member_type: VOTER }
I20260709 14:49:51.531546 13705 raft_consensus.cc:399] T 00000000000000000000000000000000 P ad0cc548eaaf44acbbe32bfa890f6a5a [term 0 FOLLOWER]: Only one voter in the Raft config. Triggering election immediately
I20260709 14:49:51.531746 13705 raft_consensus.cc:493] T 00000000000000000000000000000000 P ad0cc548eaaf44acbbe32bfa890f6a5a [term 0 FOLLOWER]: Starting leader election (initial election of a single-replica configuration)
I20260709 14:49:51.531985 13705 raft_consensus.cc:3060] T 00000000000000000000000000000000 P ad0cc548eaaf44acbbe32bfa890f6a5a [term 0 FOLLOWER]: Advancing to term 1
I20260709 14:49:51.535640 13705 raft_consensus.cc:515] T 00000000000000000000000000000000 P ad0cc548eaaf44acbbe32bfa890f6a5a [term 1 FOLLOWER]: Starting leader election with config: opid_index: -1 OBSOLETE_local: true peers { permanent_uuid: "ad0cc548eaaf44acbbe32bfa890f6a5a" member_type: VOTER }
I20260709 14:49:51.536094 13705 leader_election.cc:304] T 00000000000000000000000000000000 P ad0cc548eaaf44acbbe32bfa890f6a5a [CANDIDATE]: Term 1 election: Election decided. Result: candidate won. Election summary: received 1 responses out of 1 voters: 1 yes votes; 0 no votes. yes voters: ad0cc548eaaf44acbbe32bfa890f6a5a; no voters: 
I20260709 14:49:51.537129 13705 leader_election.cc:290] T 00000000000000000000000000000000 P ad0cc548eaaf44acbbe32bfa890f6a5a [CANDIDATE]: Term 1 election: Requested vote from peers 
I20260709 14:49:51.537407 13708 raft_consensus.cc:2804] T 00000000000000000000000000000000 P ad0cc548eaaf44acbbe32bfa890f6a5a [term 1 FOLLOWER]: Leader election won for term 1
I20260709 14:49:51.538867 13708 raft_consensus.cc:697] T 00000000000000000000000000000000 P ad0cc548eaaf44acbbe32bfa890f6a5a [term 1 LEADER]: Becoming Leader. State: Replica: ad0cc548eaaf44acbbe32bfa890f6a5a, State: Running, Role: LEADER
I20260709 14:49:51.539477 13708 consensus_queue.cc:237] T 00000000000000000000000000000000 P ad0cc548eaaf44acbbe32bfa890f6a5a [LEADER]: Queue going to LEADER mode. State: All replicated index: 0, Majority replicated index: 0, Committed index: 0, Last appended: 0.0, Last appended by leader: 0, Current term: 1, Majority size: 1, State: 0, Mode: LEADER, active raft config: opid_index: -1 OBSOLETE_local: true peers { permanent_uuid: "ad0cc548eaaf44acbbe32bfa890f6a5a" member_type: VOTER }
I20260709 14:49:51.539744 13705 sys_catalog.cc:565] T 00000000000000000000000000000000 P ad0cc548eaaf44acbbe32bfa890f6a5a [sys.catalog]: configured and running, proceeding with master startup.
I20260709 14:49:51.543919 13710 sys_catalog.cc:455] T 00000000000000000000000000000000 P ad0cc548eaaf44acbbe32bfa890f6a5a [sys.catalog]: SysCatalogTable state changed. Reason: New leader ad0cc548eaaf44acbbe32bfa890f6a5a. Latest consensus state: current_term: 1 leader_uuid: "ad0cc548eaaf44acbbe32bfa890f6a5a" committed_config { opid_index: -1 OBSOLETE_local: true peers { permanent_uuid: "ad0cc548eaaf44acbbe32bfa890f6a5a" member_type: VOTER } }
I20260709 14:49:51.544778 13709 sys_catalog.cc:455] T 00000000000000000000000000000000 P ad0cc548eaaf44acbbe32bfa890f6a5a [sys.catalog]: SysCatalogTable state changed. Reason: RaftConsensus started. Latest consensus state: current_term: 1 leader_uuid: "ad0cc548eaaf44acbbe32bfa890f6a5a" committed_config { opid_index: -1 OBSOLETE_local: true peers { permanent_uuid: "ad0cc548eaaf44acbbe32bfa890f6a5a" member_type: VOTER } }
I20260709 14:49:51.545348 13710 sys_catalog.cc:458] T 00000000000000000000000000000000 P ad0cc548eaaf44acbbe32bfa890f6a5a [sys.catalog]: This master's current role is: LEADER
I20260709 14:49:51.545469 13709 sys_catalog.cc:458] T 00000000000000000000000000000000 P ad0cc548eaaf44acbbe32bfa890f6a5a [sys.catalog]: This master's current role is: LEADER
I20260709 14:49:51.547235 13717 catalog_manager.cc:1511] Loading table and tablet metadata into memory...
I20260709 14:49:51.552273 13717 catalog_manager.cc:1520] Initializing Kudu cluster ID...
I20260709 14:49:51.553272 13146 internal_mini_cluster.cc:184] Waiting to initialize catalog manager on master 0
I20260709 14:49:51.560191 13717 catalog_manager.cc:1383] Generated new cluster ID: 80b3e56d3fd548c985a02d8a07d24749
I20260709 14:49:51.560420 13717 catalog_manager.cc:1531] Initializing Kudu internal certificate authority...
I20260709 14:49:51.587358 13717 catalog_manager.cc:1406] Generated new certificate authority record
I20260709 14:49:51.588486 13717 catalog_manager.cc:1540] Loading token signing keys...
I20260709 14:49:51.600520 13717 catalog_manager.cc:6070] T 00000000000000000000000000000000 P ad0cc548eaaf44acbbe32bfa890f6a5a: Generated new TSK 0
I20260709 14:49:51.601048 13717 catalog_manager.cc:1550] Initializing in-progress tserver states...
I20260709 14:49:51.619267 13146 file_cache.cc:504] Constructed file cache file cache with capacity 419430
W20260709 14:49:51.624686 13726 instance_detector.cc:116] could not retrieve AWS instance metadata: Network error: curl error: HTTP response code said error: The requested URL returned error: 404
W20260709 14:49:51.625734 13727 instance_detector.cc:116] could not retrieve Azure instance metadata: Network error: curl error: HTTP response code said error: The requested URL returned error: 404
W20260709 14:49:51.626863 13729 instance_detector.cc:116] could not retrieve OpenStack instance metadata: Network error: curl error: HTTP response code said error: The requested URL returned error: 404
I20260709 14:49:51.627071 13146 server_base.cc:1061] running on GCE node
I20260709 14:49:51.627907 13146 hybrid_clock.cc:584] initializing the hybrid clock with 'system_unsync' time source
W20260709 14:49:51.628080 13146 system_unsync_time.cc:38] NTP support is disabled. Clock error bounds will not be accurate. This configuration is not suitable for distributed clusters.
I20260709 14:49:51.628196 13146 hybrid_clock.cc:648] HybridClock initialized: now 1783608591628186 us; error 0 us; skew 500 ppm
I20260709 14:49:51.628636 13146 server_base.cc:861] Flag tcmalloc_max_total_thread_cache_bytes is not working since tcmalloc is not enabled.
I20260709 14:49:51.630703 13146 webserver.cc:533] Webserver started at http://127.12.214.129:34989/ using document root <none> and password file <none>
I20260709 14:49:51.631124 13146 fs_manager.cc:362] Metadata directory not provided
I20260709 14:49:51.631273 13146 fs_manager.cc:368] Using write-ahead log directory (fs_wal_dir) as metadata directory
I20260709 14:49:51.631486 13146 server_base.cc:909] This appears to be a new deployment of Kudu; creating new FS layout
I20260709 14:49:51.632423 13146 fs_manager.cc:1068] Generated new instance metadata in path /tmp/dist-test-taskQ5ccW1/test-tmp/auto_leader_rebalancer-test.0.LeaderRebalancerTest.FunctionalTestForNotDivided.1783608578981292-13146-0/minicluster-data/ts-0-root/instance:
uuid: "acdef474ada24c1c921345a5dabec84b"
format_stamp: "Formatted at 2026-07-09 14:49:51 on dist-test-slave-322g"
I20260709 14:49:51.636617 13146 fs_manager.cc:696] Time spent creating directory manager: real 0.004s	user 0.005s	sys 0.000s
I20260709 14:49:51.639654 13734 log_block_manager.cc:4127] Time spent loading block containers with low live blocks: real 0.000s	user 0.000s	sys 0.000s
I20260709 14:49:51.640314 13146 fs_manager.cc:730] Time spent opening block manager: real 0.002s	user 0.001s	sys 0.000s
I20260709 14:49:51.640573 13146 fs_manager.cc:647] Opened local filesystem: /tmp/dist-test-taskQ5ccW1/test-tmp/auto_leader_rebalancer-test.0.LeaderRebalancerTest.FunctionalTestForNotDivided.1783608578981292-13146-0/minicluster-data/ts-0-root
uuid: "acdef474ada24c1c921345a5dabec84b"
format_stamp: "Formatted at 2026-07-09 14:49:51 on dist-test-slave-322g"
I20260709 14:49:51.640851 13146 fs_report.cc:389] FS layout report
--------------------
wal directory: /tmp/dist-test-taskQ5ccW1/test-tmp/auto_leader_rebalancer-test.0.LeaderRebalancerTest.FunctionalTestForNotDivided.1783608578981292-13146-0/minicluster-data/ts-0-root
metadata directory: /tmp/dist-test-taskQ5ccW1/test-tmp/auto_leader_rebalancer-test.0.LeaderRebalancerTest.FunctionalTestForNotDivided.1783608578981292-13146-0/minicluster-data/ts-0-root
1 data directories: /tmp/dist-test-taskQ5ccW1/test-tmp/auto_leader_rebalancer-test.0.LeaderRebalancerTest.FunctionalTestForNotDivided.1783608578981292-13146-0/minicluster-data/ts-0-root/data
Total live blocks: 0
Total live bytes: 0
Total live bytes (after alignment): 0
Total number of LBM containers: 0 (0 full)
Did not check for missing blocks
Did not check for orphaned blocks
Total full LBM containers with extra space: 0 (0 repaired)
Total full LBM container extra space in bytes: 0 (0 repaired)
Total incomplete LBM containers: 0 (0 repaired)
Total LBM partial records: 0 (0 repaired)
Total corrupted LBM metadata records in RocksDB: 0 (0 repaired)
I20260709 14:49:51.659348 13146 rpc_server.cc:225] running with OpenSSL 1.1.1  11 Sep 2018
I20260709 14:49:51.660554 13146 kserver.cc:163] Server-wide thread pool size limit: 3276
I20260709 14:49:51.661958 13146 txn_system_client.cc:432] TxnSystemClient initialization is disabled...
I20260709 14:49:51.664124 13146 ts_tablet_manager.cc:585] Loaded tablet metadata (0 total tablets, 0 live tablets)
I20260709 14:49:51.664311 13146 ts_tablet_manager.cc:531] Time spent load tablet metadata: real 0.000s	user 0.000s	sys 0.000s
I20260709 14:49:51.664537 13146 ts_tablet_manager.cc:616] Registered 0 tablets
I20260709 14:49:51.664693 13146 ts_tablet_manager.cc:595] Time spent register tablets: real 0.000s	user 0.000s	sys 0.000s
I20260709 14:49:51.701893 13146 rpc_server.cc:307] RPC server started. Bound to: 127.12.214.129:44415
I20260709 14:49:51.701990 13796 acceptor_pool.cc:272] collecting diagnostics on the listening RPC socket 127.12.214.129:44415 every 8 connection(s)
I20260709 14:49:51.706411 13146 file_cache.cc:504] Constructed file cache file cache with capacity 419430
W20260709 14:49:51.712992 13801 instance_detector.cc:116] could not retrieve AWS instance metadata: Network error: curl error: HTTP response code said error: The requested URL returned error: 404
W20260709 14:49:51.713914 13802 instance_detector.cc:116] could not retrieve Azure instance metadata: Network error: curl error: HTTP response code said error: The requested URL returned error: 404
W20260709 14:49:51.716823 13804 instance_detector.cc:116] could not retrieve OpenStack instance metadata: Network error: curl error: HTTP response code said error: The requested URL returned error: 404
I20260709 14:49:51.716873 13146 server_base.cc:1061] running on GCE node
I20260709 14:49:51.718062 13146 hybrid_clock.cc:584] initializing the hybrid clock with 'system_unsync' time source
W20260709 14:49:51.718254 13146 system_unsync_time.cc:38] NTP support is disabled. Clock error bounds will not be accurate. This configuration is not suitable for distributed clusters.
I20260709 14:49:51.718428 13146 hybrid_clock.cc:648] HybridClock initialized: now 1783608591718409 us; error 0 us; skew 500 ppm
I20260709 14:49:51.718909 13146 server_base.cc:861] Flag tcmalloc_max_total_thread_cache_bytes is not working since tcmalloc is not enabled.
I20260709 14:49:51.721220 13146 webserver.cc:533] Webserver started at http://127.12.214.130:42333/ using document root <none> and password file <none>
I20260709 14:49:51.721669 13146 fs_manager.cc:362] Metadata directory not provided
I20260709 14:49:51.721851 13146 fs_manager.cc:368] Using write-ahead log directory (fs_wal_dir) as metadata directory
I20260709 14:49:51.722131 13146 server_base.cc:909] This appears to be a new deployment of Kudu; creating new FS layout
I20260709 14:49:51.723456 13146 fs_manager.cc:1068] Generated new instance metadata in path /tmp/dist-test-taskQ5ccW1/test-tmp/auto_leader_rebalancer-test.0.LeaderRebalancerTest.FunctionalTestForNotDivided.1783608578981292-13146-0/minicluster-data/ts-1-root/instance:
uuid: "5f565332cb0a4d1984fc643513cc09d2"
format_stamp: "Formatted at 2026-07-09 14:49:51 on dist-test-slave-322g"
I20260709 14:49:51.723790 13797 heartbeater.cc:344] Connected to a master server at 127.12.214.190:34073
I20260709 14:49:51.724134 13797 heartbeater.cc:461] Registering TS with master...
I20260709 14:49:51.724797 13797 heartbeater.cc:507] Master 127.12.214.190:34073 requested a full tablet report, sending...
I20260709 14:49:51.726805 13670 ts_manager.cc:194] Registered new tserver with Master: acdef474ada24c1c921345a5dabec84b (127.12.214.129:44415)
I20260709 14:49:51.728466 13146 fs_manager.cc:696] Time spent creating directory manager: real 0.004s	user 0.000s	sys 0.006s
I20260709 14:49:51.728936 13670 master_service.cc:502] Signed X509 certificate for tserver {username='slave'} at 127.0.0.1:44008
I20260709 14:49:51.732185 13809 log_block_manager.cc:4127] Time spent loading block containers with low live blocks: real 0.000s	user 0.000s	sys 0.000s
I20260709 14:49:51.732920 13146 fs_manager.cc:730] Time spent opening block manager: real 0.002s	user 0.002s	sys 0.000s
I20260709 14:49:51.733176 13146 fs_manager.cc:647] Opened local filesystem: /tmp/dist-test-taskQ5ccW1/test-tmp/auto_leader_rebalancer-test.0.LeaderRebalancerTest.FunctionalTestForNotDivided.1783608578981292-13146-0/minicluster-data/ts-1-root
uuid: "5f565332cb0a4d1984fc643513cc09d2"
format_stamp: "Formatted at 2026-07-09 14:49:51 on dist-test-slave-322g"
I20260709 14:49:51.733408 13146 fs_report.cc:389] FS layout report
--------------------
wal directory: /tmp/dist-test-taskQ5ccW1/test-tmp/auto_leader_rebalancer-test.0.LeaderRebalancerTest.FunctionalTestForNotDivided.1783608578981292-13146-0/minicluster-data/ts-1-root
metadata directory: /tmp/dist-test-taskQ5ccW1/test-tmp/auto_leader_rebalancer-test.0.LeaderRebalancerTest.FunctionalTestForNotDivided.1783608578981292-13146-0/minicluster-data/ts-1-root
1 data directories: /tmp/dist-test-taskQ5ccW1/test-tmp/auto_leader_rebalancer-test.0.LeaderRebalancerTest.FunctionalTestForNotDivided.1783608578981292-13146-0/minicluster-data/ts-1-root/data
Total live blocks: 0
Total live bytes: 0
Total live bytes (after alignment): 0
Total number of LBM containers: 0 (0 full)
Did not check for missing blocks
Did not check for orphaned blocks
Total full LBM containers with extra space: 0 (0 repaired)
Total full LBM container extra space in bytes: 0 (0 repaired)
Total incomplete LBM containers: 0 (0 repaired)
Total LBM partial records: 0 (0 repaired)
Total corrupted LBM metadata records in RocksDB: 0 (0 repaired)
I20260709 14:49:51.747786 13146 rpc_server.cc:225] running with OpenSSL 1.1.1  11 Sep 2018
I20260709 14:49:51.749023 13146 kserver.cc:163] Server-wide thread pool size limit: 3276
I20260709 14:49:51.750485 13146 txn_system_client.cc:432] TxnSystemClient initialization is disabled...
I20260709 14:49:51.752568 13146 ts_tablet_manager.cc:585] Loaded tablet metadata (0 total tablets, 0 live tablets)
I20260709 14:49:51.752767 13146 ts_tablet_manager.cc:531] Time spent load tablet metadata: real 0.000s	user 0.000s	sys 0.000s
I20260709 14:49:51.752976 13146 ts_tablet_manager.cc:616] Registered 0 tablets
I20260709 14:49:51.753122 13146 ts_tablet_manager.cc:595] Time spent register tablets: real 0.000s	user 0.000s	sys 0.000s
I20260709 14:49:51.789808 13146 rpc_server.cc:307] RPC server started. Bound to: 127.12.214.130:44255
I20260709 14:49:51.789881 13871 acceptor_pool.cc:272] collecting diagnostics on the listening RPC socket 127.12.214.130:44255 every 8 connection(s)
I20260709 14:49:51.794103 13146 file_cache.cc:504] Constructed file cache file cache with capacity 419430
W20260709 14:49:51.800863 13875 instance_detector.cc:116] could not retrieve AWS instance metadata: Network error: curl error: HTTP response code said error: The requested URL returned error: 404
W20260709 14:49:51.801648 13876 instance_detector.cc:116] could not retrieve Azure instance metadata: Network error: curl error: HTTP response code said error: The requested URL returned error: 404
W20260709 14:49:51.803784 13878 instance_detector.cc:116] could not retrieve OpenStack instance metadata: Network error: curl error: HTTP response code said error: The requested URL returned error: 404
I20260709 14:49:51.804325 13146 server_base.cc:1061] running on GCE node
I20260709 14:49:51.805244 13146 hybrid_clock.cc:584] initializing the hybrid clock with 'system_unsync' time source
W20260709 14:49:51.805438 13146 system_unsync_time.cc:38] NTP support is disabled. Clock error bounds will not be accurate. This configuration is not suitable for distributed clusters.
I20260709 14:49:51.805434 13872 heartbeater.cc:344] Connected to a master server at 127.12.214.190:34073
I20260709 14:49:51.805729 13146 hybrid_clock.cc:648] HybridClock initialized: now 1783608591805711 us; error 0 us; skew 500 ppm
I20260709 14:49:51.805891 13872 heartbeater.cc:461] Registering TS with master...
I20260709 14:49:51.806466 13146 server_base.cc:861] Flag tcmalloc_max_total_thread_cache_bytes is not working since tcmalloc is not enabled.
I20260709 14:49:51.806762 13872 heartbeater.cc:507] Master 127.12.214.190:34073 requested a full tablet report, sending...
I20260709 14:49:51.808729 13670 ts_manager.cc:194] Registered new tserver with Master: 5f565332cb0a4d1984fc643513cc09d2 (127.12.214.130:44255)
I20260709 14:49:51.809062 13146 webserver.cc:533] Webserver started at http://127.12.214.131:46155/ using document root <none> and password file <none>
I20260709 14:49:51.809525 13146 fs_manager.cc:362] Metadata directory not provided
I20260709 14:49:51.809711 13146 fs_manager.cc:368] Using write-ahead log directory (fs_wal_dir) as metadata directory
I20260709 14:49:51.809938 13146 server_base.cc:909] This appears to be a new deployment of Kudu; creating new FS layout
I20260709 14:49:51.810173 13670 master_service.cc:502] Signed X509 certificate for tserver {username='slave'} at 127.0.0.1:44012
