I20260709 14:50:07.855522 14440 raft_consensus.cc:359] T c1634213c65f4dc3832e80c4b5265ad5 P dc3da3fe9448442197c81874f5af20de [term 0 FOLLOWER]: Replica starting. Triggering 0 pending ops. Active config: opid_index: -1 OBSOLETE_local: false peers { permanent_uuid: "dc3da3fe9448442197c81874f5af20de" member_type: VOTER last_known_addr { host: "127.12.214.129" port: 42545 } } peers { permanent_uuid: "82b2de48d5c84805b6826e61d5e87f50" member_type: VOTER last_known_addr { host: "127.12.214.130" port: 36955 } } peers { permanent_uuid: "e9ff5de6eb78497f84071c477abab8f6" member_type: VOTER last_known_addr { host: "127.12.214.131" port: 38809 } }
I20260709 14:50:07.856151 14440 raft_consensus.cc:385] T c1634213c65f4dc3832e80c4b5265ad5 P dc3da3fe9448442197c81874f5af20de [term 0 FOLLOWER]: Consensus starting up: Expiring failure detector timer to make a prompt election more likely
I20260709 14:50:07.856411 14440 raft_consensus.cc:740] T c1634213c65f4dc3832e80c4b5265ad5 P dc3da3fe9448442197c81874f5af20de [term 0 FOLLOWER]: Becoming Follower/Learner. State: Replica: dc3da3fe9448442197c81874f5af20de, State: Initialized, Role: FOLLOWER
I20260709 14:50:07.860350 14441 tablet_bootstrap.cc:492] T 6005de60998640a3b72c64354abcfc85 P e9ff5de6eb78497f84071c477abab8f6: No bootstrap required, opened a new log
I20260709 14:50:07.860811 14441 ts_tablet_manager.cc:1403] T 6005de60998640a3b72c64354abcfc85 P e9ff5de6eb78497f84071c477abab8f6: Time spent bootstrapping tablet: real 0.242s	user 0.025s	sys 0.031s
I20260709 14:50:07.861995 14692 raft_consensus.cc:697] T 7025d41cf5f54badafa8f74ecf559034 P e9ff5de6eb78497f84071c477abab8f6 [term 1 LEADER]: Becoming Leader. State: Replica: e9ff5de6eb78497f84071c477abab8f6, State: Running, Role: LEADER
I20260709 14:50:07.862982 14440 consensus_queue.cc:260] T c1634213c65f4dc3832e80c4b5265ad5 P dc3da3fe9448442197c81874f5af20de [NON_LEADER]: Queue going to NON_LEADER mode. State: All replicated index: 0, Majority replicated index: 0, Committed index: 0, Last appended: 0.0, Last appended by leader: 0, Current term: 0, Majority size: -1, State: 0, Mode: NON_LEADER, active raft config: opid_index: -1 OBSOLETE_local: false peers { permanent_uuid: "dc3da3fe9448442197c81874f5af20de" member_type: VOTER last_known_addr { host: "127.12.214.129" port: 42545 } } peers { permanent_uuid: "82b2de48d5c84805b6826e61d5e87f50" member_type: VOTER last_known_addr { host: "127.12.214.130" port: 36955 } } peers { permanent_uuid: "e9ff5de6eb78497f84071c477abab8f6" member_type: VOTER last_known_addr { host: "127.12.214.131" port: 38809 } }
I20260709 14:50:07.862891 14692 consensus_queue.cc:237] T 7025d41cf5f54badafa8f74ecf559034 P e9ff5de6eb78497f84071c477abab8f6 [LEADER]: Queue going to LEADER mode. State: All replicated index: 0, Majority replicated index: 0, Committed index: 0, Last appended: 0.0, Last appended by leader: 0, Current term: 1, Majority size: 2, State: 0, Mode: LEADER, active raft config: opid_index: -1 OBSOLETE_local: false peers { permanent_uuid: "dc3da3fe9448442197c81874f5af20de" member_type: VOTER last_known_addr { host: "127.12.214.129" port: 42545 } } peers { permanent_uuid: "82b2de48d5c84805b6826e61d5e87f50" member_type: VOTER last_known_addr { host: "127.12.214.130" port: 36955 } } peers { permanent_uuid: "e9ff5de6eb78497f84071c477abab8f6" member_type: VOTER last_known_addr { host: "127.12.214.131" port: 38809 } }
I20260709 14:50:07.865100 14440 ts_tablet_manager.cc:1434] T c1634213c65f4dc3832e80c4b5265ad5 P dc3da3fe9448442197c81874f5af20de: Time spent starting tablet: real 0.012s	user 0.005s	sys 0.001s
I20260709 14:50:07.866430 14679 consensus_queue.cc:1048] T d2722c824096420bacb3a955df00e234 P dc3da3fe9448442197c81874f5af20de [LEADER]: Connected to new peer: Peer: permanent_uuid: "e9ff5de6eb78497f84071c477abab8f6" member_type: VOTER last_known_addr { host: "127.12.214.131" port: 38809 }, Status: LMP_MISMATCH, Last received: 0.0, Next index: 1, Last known committed idx: 0, Time since last communication: 0.000s
I20260709 14:50:07.869568 14440 tablet_bootstrap.cc:492] T 35fe75cc7a50423996378cc67a87f391 P dc3da3fe9448442197c81874f5af20de: Bootstrap starting.
I20260709 14:50:07.873626 14441 raft_consensus.cc:359] T 6005de60998640a3b72c64354abcfc85 P e9ff5de6eb78497f84071c477abab8f6 [term 0 FOLLOWER]: Replica starting. Triggering 0 pending ops. Active config: opid_index: -1 OBSOLETE_local: false peers { permanent_uuid: "dc3da3fe9448442197c81874f5af20de" member_type: VOTER last_known_addr { host: "127.12.214.129" port: 42545 } } peers { permanent_uuid: "82b2de48d5c84805b6826e61d5e87f50" member_type: VOTER last_known_addr { host: "127.12.214.130" port: 36955 } } peers { permanent_uuid: "e9ff5de6eb78497f84071c477abab8f6" member_type: VOTER last_known_addr { host: "127.12.214.131" port: 38809 } }
I20260709 14:50:07.874303 14441 raft_consensus.cc:385] T 6005de60998640a3b72c64354abcfc85 P e9ff5de6eb78497f84071c477abab8f6 [term 0 FOLLOWER]: Consensus starting up: Expiring failure detector timer to make a prompt election more likely
I20260709 14:50:07.874562 14441 raft_consensus.cc:740] T 6005de60998640a3b72c64354abcfc85 P e9ff5de6eb78497f84071c477abab8f6 [term 0 FOLLOWER]: Becoming Follower/Learner. State: Replica: e9ff5de6eb78497f84071c477abab8f6, State: Initialized, Role: FOLLOWER
I20260709 14:50:07.875270 14441 consensus_queue.cc:260] T 6005de60998640a3b72c64354abcfc85 P e9ff5de6eb78497f84071c477abab8f6 [NON_LEADER]: Queue going to NON_LEADER mode. State: All replicated index: 0, Majority replicated index: 0, Committed index: 0, Last appended: 0.0, Last appended by leader: 0, Current term: 0, Majority size: -1, State: 0, Mode: NON_LEADER, active raft config: opid_index: -1 OBSOLETE_local: false peers { permanent_uuid: "dc3da3fe9448442197c81874f5af20de" member_type: VOTER last_known_addr { host: "127.12.214.129" port: 42545 } } peers { permanent_uuid: "82b2de48d5c84805b6826e61d5e87f50" member_type: VOTER last_known_addr { host: "127.12.214.130" port: 36955 } } peers { permanent_uuid: "e9ff5de6eb78497f84071c477abab8f6" member_type: VOTER last_known_addr { host: "127.12.214.131" port: 38809 } }
I20260709 14:50:07.877688 14441 ts_tablet_manager.cc:1434] T 6005de60998640a3b72c64354abcfc85 P e9ff5de6eb78497f84071c477abab8f6: Time spent starting tablet: real 0.017s	user 0.006s	sys 0.001s
I20260709 14:50:07.878672 14441 tablet_bootstrap.cc:492] T b6794072d5be4fa9825745927c9cf98b P e9ff5de6eb78497f84071c477abab8f6: Bootstrap starting.
I20260709 14:50:07.890816 14441 tablet_bootstrap.cc:654] T b6794072d5be4fa9825745927c9cf98b P e9ff5de6eb78497f84071c477abab8f6: Neither blocks nor log segments found. Creating new log.
I20260709 14:50:07.891341 14444 tablet_bootstrap.cc:492] T c1634213c65f4dc3832e80c4b5265ad5 P 82b2de48d5c84805b6826e61d5e87f50: No bootstrap required, opened a new log
I20260709 14:50:07.891554 14440 tablet_bootstrap.cc:654] T 35fe75cc7a50423996378cc67a87f391 P dc3da3fe9448442197c81874f5af20de: Neither blocks nor log segments found. Creating new log.
I20260709 14:50:07.891831 14444 ts_tablet_manager.cc:1403] T c1634213c65f4dc3832e80c4b5265ad5 P 82b2de48d5c84805b6826e61d5e87f50: Time spent bootstrapping tablet: real 0.197s	user 0.020s	sys 0.011s
I20260709 14:50:07.894601 14444 raft_consensus.cc:359] T c1634213c65f4dc3832e80c4b5265ad5 P 82b2de48d5c84805b6826e61d5e87f50 [term 0 FOLLOWER]: Replica starting. Triggering 0 pending ops. Active config: opid_index: -1 OBSOLETE_local: false peers { permanent_uuid: "dc3da3fe9448442197c81874f5af20de" member_type: VOTER last_known_addr { host: "127.12.214.129" port: 42545 } } peers { permanent_uuid: "82b2de48d5c84805b6826e61d5e87f50" member_type: VOTER last_known_addr { host: "127.12.214.130" port: 36955 } } peers { permanent_uuid: "e9ff5de6eb78497f84071c477abab8f6" member_type: VOTER last_known_addr { host: "127.12.214.131" port: 38809 } }
I20260709 14:50:07.895264 14444 raft_consensus.cc:385] T c1634213c65f4dc3832e80c4b5265ad5 P 82b2de48d5c84805b6826e61d5e87f50 [term 0 FOLLOWER]: Consensus starting up: Expiring failure detector timer to make a prompt election more likely
I20260709 14:50:07.895476 14444 raft_consensus.cc:740] T c1634213c65f4dc3832e80c4b5265ad5 P 82b2de48d5c84805b6826e61d5e87f50 [term 0 FOLLOWER]: Becoming Follower/Learner. State: Replica: 82b2de48d5c84805b6826e61d5e87f50, State: Initialized, Role: FOLLOWER
I20260709 14:50:07.896005 14444 consensus_queue.cc:260] T c1634213c65f4dc3832e80c4b5265ad5 P 82b2de48d5c84805b6826e61d5e87f50 [NON_LEADER]: Queue going to NON_LEADER mode. State: All replicated index: 0, Majority replicated index: 0, Committed index: 0, Last appended: 0.0, Last appended by leader: 0, Current term: 0, Majority size: -1, State: 0, Mode: NON_LEADER, active raft config: opid_index: -1 OBSOLETE_local: false peers { permanent_uuid: "dc3da3fe9448442197c81874f5af20de" member_type: VOTER last_known_addr { host: "127.12.214.129" port: 42545 } } peers { permanent_uuid: "82b2de48d5c84805b6826e61d5e87f50" member_type: VOTER last_known_addr { host: "127.12.214.130" port: 36955 } } peers { permanent_uuid: "e9ff5de6eb78497f84071c477abab8f6" member_type: VOTER last_known_addr { host: "127.12.214.131" port: 38809 } }
I20260709 14:50:07.896679 14146 catalog_manager.cc:5697] T 5ed9b7beff0b4d2f8add59676c6b3b55 P e9ff5de6eb78497f84071c477abab8f6 reported cstate change: term changed from 0 to 1, leader changed from <none> to e9ff5de6eb78497f84071c477abab8f6 (127.12.214.131). New cstate: current_term: 1 leader_uuid: "e9ff5de6eb78497f84071c477abab8f6" committed_config { opid_index: -1 OBSOLETE_local: false peers { permanent_uuid: "dc3da3fe9448442197c81874f5af20de" member_type: VOTER last_known_addr { host: "127.12.214.129" port: 42545 } health_report { overall_health: UNKNOWN } } peers { permanent_uuid: "82b2de48d5c84805b6826e61d5e87f50" member_type: VOTER last_known_addr { host: "127.12.214.130" port: 36955 } health_report { overall_health: UNKNOWN } } peers { permanent_uuid: "e9ff5de6eb78497f84071c477abab8f6" member_type: VOTER last_known_addr { host: "127.12.214.131" port: 38809 } health_report { overall_health: HEALTHY } } }
I20260709 14:50:07.897869 14444 ts_tablet_manager.cc:1434] T c1634213c65f4dc3832e80c4b5265ad5 P 82b2de48d5c84805b6826e61d5e87f50: Time spent starting tablet: real 0.006s	user 0.003s	sys 0.000s
I20260709 14:50:07.901443 14444 tablet_bootstrap.cc:492] T 35fe75cc7a50423996378cc67a87f391 P 82b2de48d5c84805b6826e61d5e87f50: Bootstrap starting.
I20260709 14:50:07.903638 14440 tablet_bootstrap.cc:492] T 35fe75cc7a50423996378cc67a87f391 P dc3da3fe9448442197c81874f5af20de: No bootstrap required, opened a new log
I20260709 14:50:07.904067 14440 ts_tablet_manager.cc:1403] T 35fe75cc7a50423996378cc67a87f391 P dc3da3fe9448442197c81874f5af20de: Time spent bootstrapping tablet: real 0.035s	user 0.007s	sys 0.002s
I20260709 14:50:07.907301 14444 tablet_bootstrap.cc:654] T 35fe75cc7a50423996378cc67a87f391 P 82b2de48d5c84805b6826e61d5e87f50: Neither blocks nor log segments found. Creating new log.
I20260709 14:50:07.907546 14440 raft_consensus.cc:359] T 35fe75cc7a50423996378cc67a87f391 P dc3da3fe9448442197c81874f5af20de [term 0 FOLLOWER]: Replica starting. Triggering 0 pending ops. Active config: opid_index: -1 OBSOLETE_local: false peers { permanent_uuid: "dc3da3fe9448442197c81874f5af20de" member_type: VOTER last_known_addr { host: "127.12.214.129" port: 42545 } } peers { permanent_uuid: "82b2de48d5c84805b6826e61d5e87f50" member_type: VOTER last_known_addr { host: "127.12.214.130" port: 36955 } } peers { permanent_uuid: "e9ff5de6eb78497f84071c477abab8f6" member_type: VOTER last_known_addr { host: "127.12.214.131" port: 38809 } }
I20260709 14:50:07.908203 14440 raft_consensus.cc:385] T 35fe75cc7a50423996378cc67a87f391 P dc3da3fe9448442197c81874f5af20de [term 0 FOLLOWER]: Consensus starting up: Expiring failure detector timer to make a prompt election more likely
I20260709 14:50:07.908456 14440 raft_consensus.cc:740] T 35fe75cc7a50423996378cc67a87f391 P dc3da3fe9448442197c81874f5af20de [term 0 FOLLOWER]: Becoming Follower/Learner. State: Replica: dc3da3fe9448442197c81874f5af20de, State: Initialized, Role: FOLLOWER
I20260709 14:50:07.909083 14440 consensus_queue.cc:260] T 35fe75cc7a50423996378cc67a87f391 P dc3da3fe9448442197c81874f5af20de [NON_LEADER]: Queue going to NON_LEADER mode. State: All replicated index: 0, Majority replicated index: 0, Committed index: 0, Last appended: 0.0, Last appended by leader: 0, Current term: 0, Majority size: -1, State: 0, Mode: NON_LEADER, active raft config: opid_index: -1 OBSOLETE_local: false peers { permanent_uuid: "dc3da3fe9448442197c81874f5af20de" member_type: VOTER last_known_addr { host: "127.12.214.129" port: 42545 } } peers { permanent_uuid: "82b2de48d5c84805b6826e61d5e87f50" member_type: VOTER last_known_addr { host: "127.12.214.130" port: 36955 } } peers { permanent_uuid: "e9ff5de6eb78497f84071c477abab8f6" member_type: VOTER last_known_addr { host: "127.12.214.131" port: 38809 } }
I20260709 14:50:07.910481 14440 ts_tablet_manager.cc:1434] T 35fe75cc7a50423996378cc67a87f391 P dc3da3fe9448442197c81874f5af20de: Time spent starting tablet: real 0.006s	user 0.005s	sys 0.002s
I20260709 14:50:07.911309 14440 tablet_bootstrap.cc:492] T 5ed9b7beff0b4d2f8add59676c6b3b55 P dc3da3fe9448442197c81874f5af20de: Bootstrap starting.
I20260709 14:50:07.916429 14440 tablet_bootstrap.cc:654] T 5ed9b7beff0b4d2f8add59676c6b3b55 P dc3da3fe9448442197c81874f5af20de: Neither blocks nor log segments found. Creating new log.
I20260709 14:50:07.938448 14444 tablet_bootstrap.cc:492] T 35fe75cc7a50423996378cc67a87f391 P 82b2de48d5c84805b6826e61d5e87f50: No bootstrap required, opened a new log
I20260709 14:50:07.939060 14444 ts_tablet_manager.cc:1403] T 35fe75cc7a50423996378cc67a87f391 P 82b2de48d5c84805b6826e61d5e87f50: Time spent bootstrapping tablet: real 0.038s	user 0.015s	sys 0.010s
I20260709 14:50:07.938448 14440 tablet_bootstrap.cc:492] T 5ed9b7beff0b4d2f8add59676c6b3b55 P dc3da3fe9448442197c81874f5af20de: No bootstrap required, opened a new log
I20260709 14:50:07.940089 14440 ts_tablet_manager.cc:1403] T 5ed9b7beff0b4d2f8add59676c6b3b55 P dc3da3fe9448442197c81874f5af20de: Time spent bootstrapping tablet: real 0.029s	user 0.014s	sys 0.012s
I20260709 14:50:07.940503 14441 tablet_bootstrap.cc:492] T b6794072d5be4fa9825745927c9cf98b P e9ff5de6eb78497f84071c477abab8f6: No bootstrap required, opened a new log
I20260709 14:50:07.940819 14679 raft_consensus.cc:493] T 6d13b5927ed04a8f8c63b5daa76047ed P dc3da3fe9448442197c81874f5af20de [term 0 FOLLOWER]: Starting pre-election (no leader contacted us within the election timeout)
I20260709 14:50:07.941267 14679 raft_consensus.cc:515] T 6d13b5927ed04a8f8c63b5daa76047ed P dc3da3fe9448442197c81874f5af20de [term 0 FOLLOWER]: Starting pre-election with config: opid_index: -1 OBSOLETE_local: false peers { permanent_uuid: "dc3da3fe9448442197c81874f5af20de" member_type: VOTER last_known_addr { host: "127.12.214.129" port: 42545 } } peers { permanent_uuid: "82b2de48d5c84805b6826e61d5e87f50" member_type: VOTER last_known_addr { host: "127.12.214.130" port: 36955 } } peers { permanent_uuid: "e9ff5de6eb78497f84071c477abab8f6" member_type: VOTER last_known_addr { host: "127.12.214.131" port: 38809 } }
I20260709 14:50:07.941749 14444 raft_consensus.cc:359] T 35fe75cc7a50423996378cc67a87f391 P 82b2de48d5c84805b6826e61d5e87f50 [term 0 FOLLOWER]: Replica starting. Triggering 0 pending ops. Active config: opid_index: -1 OBSOLETE_local: false peers { permanent_uuid: "dc3da3fe9448442197c81874f5af20de" member_type: VOTER last_known_addr { host: "127.12.214.129" port: 42545 } } peers { permanent_uuid: "82b2de48d5c84805b6826e61d5e87f50" member_type: VOTER last_known_addr { host: "127.12.214.130" port: 36955 } } peers { permanent_uuid: "e9ff5de6eb78497f84071c477abab8f6" member_type: VOTER last_known_addr { host: "127.12.214.131" port: 38809 } }
I20260709 14:50:07.942435 14444 raft_consensus.cc:385] T 35fe75cc7a50423996378cc67a87f391 P 82b2de48d5c84805b6826e61d5e87f50 [term 0 FOLLOWER]: Consensus starting up: Expiring failure detector timer to make a prompt election more likely
I20260709 14:50:07.942685 14444 raft_consensus.cc:740] T 35fe75cc7a50423996378cc67a87f391 P 82b2de48d5c84805b6826e61d5e87f50 [term 0 FOLLOWER]: Becoming Follower/Learner. State: Replica: 82b2de48d5c84805b6826e61d5e87f50, State: Initialized, Role: FOLLOWER
I20260709 14:50:07.940939 14441 ts_tablet_manager.cc:1403] T b6794072d5be4fa9825745927c9cf98b P e9ff5de6eb78497f84071c477abab8f6: Time spent bootstrapping tablet: real 0.063s	user 0.010s	sys 0.008s
I20260709 14:50:07.943249 14440 raft_consensus.cc:359] T 5ed9b7beff0b4d2f8add59676c6b3b55 P dc3da3fe9448442197c81874f5af20de [term 0 FOLLOWER]: Replica starting. Triggering 0 pending ops. Active config: opid_index: -1 OBSOLETE_local: false peers { permanent_uuid: "dc3da3fe9448442197c81874f5af20de" member_type: VOTER last_known_addr { host: "127.12.214.129" port: 42545 } } peers { permanent_uuid: "82b2de48d5c84805b6826e61d5e87f50" member_type: VOTER last_known_addr { host: "127.12.214.130" port: 36955 } } peers { permanent_uuid: "e9ff5de6eb78497f84071c477abab8f6" member_type: VOTER last_known_addr { host: "127.12.214.131" port: 38809 } }
I20260709 14:50:07.943922 14440 raft_consensus.cc:385] T 5ed9b7beff0b4d2f8add59676c6b3b55 P dc3da3fe9448442197c81874f5af20de [term 0 FOLLOWER]: Consensus starting up: Expiring failure detector timer to make a prompt election more likely
I20260709 14:50:07.944187 14440 raft_consensus.cc:740] T 5ed9b7beff0b4d2f8add59676c6b3b55 P dc3da3fe9448442197c81874f5af20de [term 0 FOLLOWER]: Becoming Follower/Learner. State: Replica: dc3da3fe9448442197c81874f5af20de, State: Initialized, Role: FOLLOWER
I20260709 14:50:07.944732 14440 consensus_queue.cc:260] T 5ed9b7beff0b4d2f8add59676c6b3b55 P dc3da3fe9448442197c81874f5af20de [NON_LEADER]: Queue going to NON_LEADER mode. State: All replicated index: 0, Majority replicated index: 0, Committed index: 0, Last appended: 0.0, Last appended by leader: 0, Current term: 0, Majority size: -1, State: 0, Mode: NON_LEADER, active raft config: opid_index: -1 OBSOLETE_local: false peers { permanent_uuid: "dc3da3fe9448442197c81874f5af20de" member_type: VOTER last_known_addr { host: "127.12.214.129" port: 42545 } } peers { permanent_uuid: "82b2de48d5c84805b6826e61d5e87f50" member_type: VOTER last_known_addr { host: "127.12.214.130" port: 36955 } } peers { permanent_uuid: "e9ff5de6eb78497f84071c477abab8f6" member_type: VOTER last_known_addr { host: "127.12.214.131" port: 38809 } }
I20260709 14:50:07.945681 14441 raft_consensus.cc:359] T b6794072d5be4fa9825745927c9cf98b P e9ff5de6eb78497f84071c477abab8f6 [term 0 FOLLOWER]: Replica starting. Triggering 0 pending ops. Active config: opid_index: -1 OBSOLETE_local: false peers { permanent_uuid: "dc3da3fe9448442197c81874f5af20de" member_type: VOTER last_known_addr { host: "127.12.214.129" port: 42545 } } peers { permanent_uuid: "82b2de48d5c84805b6826e61d5e87f50" member_type: VOTER last_known_addr { host: "127.12.214.130" port: 36955 } } peers { permanent_uuid: "e9ff5de6eb78497f84071c477abab8f6" member_type: VOTER last_known_addr { host: "127.12.214.131" port: 38809 } }
I20260709 14:50:07.946159 14395 tablet_service.cc:1917] Received RequestConsensusVote() RPC: tablet_id: "6d13b5927ed04a8f8c63b5daa76047ed" candidate_uuid: "dc3da3fe9448442197c81874f5af20de" candidate_term: 1 candidate_status { last_received { term: 0 index: 0 } } ignore_live_leader: false dest_uuid: "e9ff5de6eb78497f84071c477abab8f6" is_pre_election: true
I20260709 14:50:07.943367 14444 consensus_queue.cc:260] T 35fe75cc7a50423996378cc67a87f391 P 82b2de48d5c84805b6826e61d5e87f50 [NON_LEADER]: Queue going to NON_LEADER mode. State: All replicated index: 0, Majority replicated index: 0, Committed index: 0, Last appended: 0.0, Last appended by leader: 0, Current term: 0, Majority size: -1, State: 0, Mode: NON_LEADER, active raft config: opid_index: -1 OBSOLETE_local: false peers { permanent_uuid: "dc3da3fe9448442197c81874f5af20de" member_type: VOTER last_known_addr { host: "127.12.214.129" port: 42545 } } peers { permanent_uuid: "82b2de48d5c84805b6826e61d5e87f50" member_type: VOTER last_known_addr { host: "127.12.214.130" port: 36955 } } peers { permanent_uuid: "e9ff5de6eb78497f84071c477abab8f6" member_type: VOTER last_known_addr { host: "127.12.214.131" port: 38809 } }
I20260709 14:50:07.945293 14323 tablet_service.cc:1917] Received RequestConsensusVote() RPC: tablet_id: "6d13b5927ed04a8f8c63b5daa76047ed" candidate_uuid: "dc3da3fe9448442197c81874f5af20de" candidate_term: 1 candidate_status { last_received { term: 0 index: 0 } } ignore_live_leader: false dest_uuid: "82b2de48d5c84805b6826e61d5e87f50" is_pre_election: true
I20260709 14:50:07.948922 14323 raft_consensus.cc:2393] T 6d13b5927ed04a8f8c63b5daa76047ed P 82b2de48d5c84805b6826e61d5e87f50 [term 1 FOLLOWER]: Leader pre-election vote request: Denying vote to candidate dc3da3fe9448442197c81874f5af20de in current term 1: Already voted for candidate e9ff5de6eb78497f84071c477abab8f6 in this term.
I20260709 14:50:07.950130 14216 leader_election.cc:304] T 6d13b5927ed04a8f8c63b5daa76047ed P dc3da3fe9448442197c81874f5af20de [CANDIDATE]: Term 1 pre-election: Election decided. Result: candidate lost. Election summary: received 3 responses out of 3 voters: 1 yes votes; 2 no votes. yes voters: dc3da3fe9448442197c81874f5af20de; no voters: 82b2de48d5c84805b6826e61d5e87f50, e9ff5de6eb78497f84071c477abab8f6
I20260709 14:50:07.949903 14444 ts_tablet_manager.cc:1434] T 35fe75cc7a50423996378cc67a87f391 P 82b2de48d5c84805b6826e61d5e87f50: Time spent starting tablet: real 0.011s	user 0.005s	sys 0.000s
I20260709 14:50:07.950526 14678 raft_consensus.cc:493] T 5ed9b7beff0b4d2f8add59676c6b3b55 P dc3da3fe9448442197c81874f5af20de [term 0 FOLLOWER]: Starting pre-election (no leader contacted us within the election timeout)
I20260709 14:50:07.943336 14679 leader_election.cc:290] T 6d13b5927ed04a8f8c63b5daa76047ed P dc3da3fe9448442197c81874f5af20de [CANDIDATE]: Term 1 pre-election: Requested pre-vote from peers 82b2de48d5c84805b6826e61d5e87f50 (127.12.214.130:36955), e9ff5de6eb78497f84071c477abab8f6 (127.12.214.131:38809)
I20260709 14:50:07.950970 14678 raft_consensus.cc:515] T 5ed9b7beff0b4d2f8add59676c6b3b55 P dc3da3fe9448442197c81874f5af20de [term 0 FOLLOWER]: Starting pre-election with config: opid_index: -1 OBSOLETE_local: false peers { permanent_uuid: "dc3da3fe9448442197c81874f5af20de" member_type: VOTER last_known_addr { host: "127.12.214.129" port: 42545 } } peers { permanent_uuid: "82b2de48d5c84805b6826e61d5e87f50" member_type: VOTER last_known_addr { host: "127.12.214.130" port: 36955 } } peers { permanent_uuid: "e9ff5de6eb78497f84071c477abab8f6" member_type: VOTER last_known_addr { host: "127.12.214.131" port: 38809 } }
I20260709 14:50:07.950532 14440 ts_tablet_manager.cc:1434] T 5ed9b7beff0b4d2f8add59676c6b3b55 P dc3da3fe9448442197c81874f5af20de: Time spent starting tablet: real 0.010s	user 0.006s	sys 0.000s
I20260709 14:50:07.952765 14440 tablet_bootstrap.cc:492] T 8d22574d40f349d18a416dc68bf68c02 P dc3da3fe9448442197c81874f5af20de: Bootstrap starting.
I20260709 14:50:07.955766 14441 raft_consensus.cc:385] T b6794072d5be4fa9825745927c9cf98b P e9ff5de6eb78497f84071c477abab8f6 [term 0 FOLLOWER]: Consensus starting up: Expiring failure detector timer to make a prompt election more likely
I20260709 14:50:07.956068 14441 raft_consensus.cc:740] T b6794072d5be4fa9825745927c9cf98b P e9ff5de6eb78497f84071c477abab8f6 [term 0 FOLLOWER]: Becoming Follower/Learner. State: Replica: e9ff5de6eb78497f84071c477abab8f6, State: Initialized, Role: FOLLOWER
I20260709 14:50:07.957839 14541 raft_consensus.cc:3060] T 6d13b5927ed04a8f8c63b5daa76047ed P dc3da3fe9448442197c81874f5af20de [term 0 FOLLOWER]: Advancing to term 1
I20260709 14:50:07.958211 14440 tablet_bootstrap.cc:654] T 8d22574d40f349d18a416dc68bf68c02 P dc3da3fe9448442197c81874f5af20de: Neither blocks nor log segments found. Creating new log.
I20260709 14:50:07.960320 14678 leader_election.cc:290] T 5ed9b7beff0b4d2f8add59676c6b3b55 P dc3da3fe9448442197c81874f5af20de [CANDIDATE]: Term 1 pre-election: Requested pre-vote from peers 82b2de48d5c84805b6826e61d5e87f50 (127.12.214.130:36955), e9ff5de6eb78497f84071c477abab8f6 (127.12.214.131:38809)
I20260709 14:50:07.965951 14444 tablet_bootstrap.cc:492] T 6005de60998640a3b72c64354abcfc85 P 82b2de48d5c84805b6826e61d5e87f50: Bootstrap starting.
I20260709 14:50:07.966665 14398 tablet_service.cc:1917] Received RequestConsensusVote() RPC: tablet_id: "5ed9b7beff0b4d2f8add59676c6b3b55" candidate_uuid: "dc3da3fe9448442197c81874f5af20de" candidate_term: 1 candidate_status { last_received { term: 0 index: 0 } } ignore_live_leader: false dest_uuid: "e9ff5de6eb78497f84071c477abab8f6" is_pre_election: true
I20260709 14:50:07.969064 14440 tablet_bootstrap.cc:492] T 8d22574d40f349d18a416dc68bf68c02 P dc3da3fe9448442197c81874f5af20de: No bootstrap required, opened a new log
I20260709 14:50:07.969503 14440 ts_tablet_manager.cc:1403] T 8d22574d40f349d18a416dc68bf68c02 P dc3da3fe9448442197c81874f5af20de: Time spent bootstrapping tablet: real 0.017s	user 0.011s	sys 0.003s
I20260709 14:50:07.971832 14440 raft_consensus.cc:359] T 8d22574d40f349d18a416dc68bf68c02 P dc3da3fe9448442197c81874f5af20de [term 0 FOLLOWER]: Replica starting. Triggering 0 pending ops. Active config: opid_index: -1 OBSOLETE_local: false peers { permanent_uuid: "dc3da3fe9448442197c81874f5af20de" member_type: VOTER last_known_addr { host: "127.12.214.129" port: 42545 } } peers { permanent_uuid: "82b2de48d5c84805b6826e61d5e87f50" member_type: VOTER last_known_addr { host: "127.12.214.130" port: 36955 } } peers { permanent_uuid: "e9ff5de6eb78497f84071c477abab8f6" member_type: VOTER last_known_addr { host: "127.12.214.131" port: 38809 } }
I20260709 14:50:07.972460 14440 raft_consensus.cc:385] T 8d22574d40f349d18a416dc68bf68c02 P dc3da3fe9448442197c81874f5af20de [term 0 FOLLOWER]: Consensus starting up: Expiring failure detector timer to make a prompt election more likely
I20260709 14:50:07.972862 14440 raft_consensus.cc:740] T 8d22574d40f349d18a416dc68bf68c02 P dc3da3fe9448442197c81874f5af20de [term 0 FOLLOWER]: Becoming Follower/Learner. State: Replica: dc3da3fe9448442197c81874f5af20de, State: Initialized, Role: FOLLOWER
I20260709 14:50:07.973454 14440 consensus_queue.cc:260] T 8d22574d40f349d18a416dc68bf68c02 P dc3da3fe9448442197c81874f5af20de [NON_LEADER]: Queue going to NON_LEADER mode. State: All replicated index: 0, Majority replicated index: 0, Committed index: 0, Last appended: 0.0, Last appended by leader: 0, Current term: 0, Majority size: -1, State: 0, Mode: NON_LEADER, active raft config: opid_index: -1 OBSOLETE_local: false peers { permanent_uuid: "dc3da3fe9448442197c81874f5af20de" member_type: VOTER last_known_addr { host: "127.12.214.129" port: 42545 } } peers { permanent_uuid: "82b2de48d5c84805b6826e61d5e87f50" member_type: VOTER last_known_addr { host: "127.12.214.130" port: 36955 } } peers { permanent_uuid: "e9ff5de6eb78497f84071c477abab8f6" member_type: VOTER last_known_addr { host: "127.12.214.131" port: 38809 } }
I20260709 14:50:07.975216 14323 tablet_service.cc:1917] Received RequestConsensusVote() RPC: tablet_id: "5ed9b7beff0b4d2f8add59676c6b3b55" candidate_uuid: "dc3da3fe9448442197c81874f5af20de" candidate_term: 1 candidate_status { last_received { term: 0 index: 0 } } ignore_live_leader: false dest_uuid: "82b2de48d5c84805b6826e61d5e87f50" is_pre_election: true
I20260709 14:50:07.975924 14323 raft_consensus.cc:2393] T 5ed9b7beff0b4d2f8add59676c6b3b55 P 82b2de48d5c84805b6826e61d5e87f50 [term 1 FOLLOWER]: Leader pre-election vote request: Denying vote to candidate dc3da3fe9448442197c81874f5af20de in current term 1: Already voted for candidate e9ff5de6eb78497f84071c477abab8f6 in this term.
I20260709 14:50:07.978652 14444 tablet_bootstrap.cc:654] T 6005de60998640a3b72c64354abcfc85 P 82b2de48d5c84805b6826e61d5e87f50: Neither blocks nor log segments found. Creating new log.
I20260709 14:50:07.979956 14440 ts_tablet_manager.cc:1434] T 8d22574d40f349d18a416dc68bf68c02 P dc3da3fe9448442197c81874f5af20de: Time spent starting tablet: real 0.010s	user 0.003s	sys 0.003s
I20260709 14:50:07.981300 14440 tablet_bootstrap.cc:492] T 91aa17768ae74bdea95af018ba8ebb6c P dc3da3fe9448442197c81874f5af20de: Bootstrap starting.
I20260709 14:50:07.984771 14679 raft_consensus.cc:493] T c1634213c65f4dc3832e80c4b5265ad5 P dc3da3fe9448442197c81874f5af20de [term 0 FOLLOWER]: Starting pre-election (no leader contacted us within the election timeout)
I20260709 14:50:07.985299 14679 raft_consensus.cc:515] T c1634213c65f4dc3832e80c4b5265ad5 P dc3da3fe9448442197c81874f5af20de [term 0 FOLLOWER]: Starting pre-election with config: opid_index: -1 OBSOLETE_local: false peers { permanent_uuid: "dc3da3fe9448442197c81874f5af20de" member_type: VOTER last_known_addr { host: "127.12.214.129" port: 42545 } } peers { permanent_uuid: "82b2de48d5c84805b6826e61d5e87f50" member_type: VOTER last_known_addr { host: "127.12.214.130" port: 36955 } } peers { permanent_uuid: "e9ff5de6eb78497f84071c477abab8f6" member_type: VOTER last_known_addr { host: "127.12.214.131" port: 38809 } }
I20260709 14:50:07.986543 14440 tablet_bootstrap.cc:654] T 91aa17768ae74bdea95af018ba8ebb6c P dc3da3fe9448442197c81874f5af20de: Neither blocks nor log segments found. Creating new log.
I20260709 14:50:07.987296 14679 leader_election.cc:290] T c1634213c65f4dc3832e80c4b5265ad5 P dc3da3fe9448442197c81874f5af20de [CANDIDATE]: Term 1 pre-election: Requested pre-vote from peers 82b2de48d5c84805b6826e61d5e87f50 (127.12.214.130:36955), e9ff5de6eb78497f84071c477abab8f6 (127.12.214.131:38809)
I20260709 14:50:07.988127 14692 raft_consensus.cc:493] T 0379cd2f6c6248919c85e9609d170896 P e9ff5de6eb78497f84071c477abab8f6 [term 0 FOLLOWER]: Starting pre-election (no leader contacted us within the election timeout)
I20260709 14:50:07.988564 14692 raft_consensus.cc:515] T 0379cd2f6c6248919c85e9609d170896 P e9ff5de6eb78497f84071c477abab8f6 [term 0 FOLLOWER]: Starting pre-election with config: opid_index: -1 OBSOLETE_local: false peers { permanent_uuid: "dc3da3fe9448442197c81874f5af20de" member_type: VOTER last_known_addr { host: "127.12.214.129" port: 42545 } } peers { permanent_uuid: "82b2de48d5c84805b6826e61d5e87f50" member_type: VOTER last_known_addr { host: "127.12.214.130" port: 36955 } } peers { permanent_uuid: "e9ff5de6eb78497f84071c477abab8f6" member_type: VOTER last_known_addr { host: "127.12.214.131" port: 38809 } }
I20260709 14:50:07.991851 14321 tablet_service.cc:1917] Received RequestConsensusVote() RPC: tablet_id: "0379cd2f6c6248919c85e9609d170896" candidate_uuid: "e9ff5de6eb78497f84071c477abab8f6" candidate_term: 1 candidate_status { last_received { term: 0 index: 0 } } ignore_live_leader: false dest_uuid: "82b2de48d5c84805b6826e61d5e87f50" is_pre_election: true
I20260709 14:50:07.992657 14692 leader_election.cc:290] T 0379cd2f6c6248919c85e9609d170896 P e9ff5de6eb78497f84071c477abab8f6 [CANDIDATE]: Term 1 pre-election: Requested pre-vote from peers dc3da3fe9448442197c81874f5af20de (127.12.214.129:42545), 82b2de48d5c84805b6826e61d5e87f50 (127.12.214.130:36955)
I20260709 14:50:07.992956 14444 tablet_bootstrap.cc:492] T 6005de60998640a3b72c64354abcfc85 P 82b2de48d5c84805b6826e61d5e87f50: No bootstrap required, opened a new log
W20260709 14:50:07.993078 14365 leader_election.cc:343] T 0379cd2f6c6248919c85e9609d170896 P e9ff5de6eb78497f84071c477abab8f6 [CANDIDATE]: Term 1 pre-election: Tablet error from VoteRequest() call to peer 82b2de48d5c84805b6826e61d5e87f50 (127.12.214.130:36955): Illegal state: must be running to vote when last-logged opid is not known
I20260709 14:50:07.993441 14444 ts_tablet_manager.cc:1403] T 6005de60998640a3b72c64354abcfc85 P 82b2de48d5c84805b6826e61d5e87f50: Time spent bootstrapping tablet: real 0.028s	user 0.011s	sys 0.002s
I20260709 14:50:07.993778 14440 tablet_bootstrap.cc:492] T 91aa17768ae74bdea95af018ba8ebb6c P dc3da3fe9448442197c81874f5af20de: No bootstrap required, opened a new log
I20260709 14:50:07.994251 14440 ts_tablet_manager.cc:1403] T 91aa17768ae74bdea95af018ba8ebb6c P dc3da3fe9448442197c81874f5af20de: Time spent bootstrapping tablet: real 0.013s	user 0.012s	sys 0.000s
I20260709 14:50:07.995353 14444 raft_consensus.cc:359] T 6005de60998640a3b72c64354abcfc85 P 82b2de48d5c84805b6826e61d5e87f50 [term 0 FOLLOWER]: Replica starting. Triggering 0 pending ops. Active config: opid_index: -1 OBSOLETE_local: false peers { permanent_uuid: "dc3da3fe9448442197c81874f5af20de" member_type: VOTER last_known_addr { host: "127.12.214.129" port: 42545 } } peers { permanent_uuid: "82b2de48d5c84805b6826e61d5e87f50" member_type: VOTER last_known_addr { host: "127.12.214.130" port: 36955 } } peers { permanent_uuid: "e9ff5de6eb78497f84071c477abab8f6" member_type: VOTER last_known_addr { host: "127.12.214.131" port: 38809 } }
I20260709 14:50:07.995970 14444 raft_consensus.cc:385] T 6005de60998640a3b72c64354abcfc85 P 82b2de48d5c84805b6826e61d5e87f50 [term 0 FOLLOWER]: Consensus starting up: Expiring failure detector timer to make a prompt election more likely
I20260709 14:50:07.995925 14247 tablet_service.cc:1917] Received RequestConsensusVote() RPC: tablet_id: "0379cd2f6c6248919c85e9609d170896" candidate_uuid: "e9ff5de6eb78497f84071c477abab8f6" candidate_term: 1 candidate_status { last_received { term: 0 index: 0 } } ignore_live_leader: false dest_uuid: "dc3da3fe9448442197c81874f5af20de" is_pre_election: true
I20260709 14:50:07.996448 14444 raft_consensus.cc:740] T 6005de60998640a3b72c64354abcfc85 P 82b2de48d5c84805b6826e61d5e87f50 [term 0 FOLLOWER]: Becoming Follower/Learner. State: Replica: 82b2de48d5c84805b6826e61d5e87f50, State: Initialized, Role: FOLLOWER
I20260709 14:50:07.996857 14440 raft_consensus.cc:359] T 91aa17768ae74bdea95af018ba8ebb6c P dc3da3fe9448442197c81874f5af20de [term 0 FOLLOWER]: Replica starting. Triggering 0 pending ops. Active config: opid_index: -1 OBSOLETE_local: false peers { permanent_uuid: "dc3da3fe9448442197c81874f5af20de" member_type: VOTER last_known_addr { host: "127.12.214.129" port: 42545 } } peers { permanent_uuid: "82b2de48d5c84805b6826e61d5e87f50" member_type: VOTER last_known_addr { host: "127.12.214.130" port: 36955 } } peers { permanent_uuid: "e9ff5de6eb78497f84071c477abab8f6" member_type: VOTER last_known_addr { host: "127.12.214.131" port: 38809 } }
I20260709 14:50:07.996016 14321 tablet_service.cc:1917] Received RequestConsensusVote() RPC: tablet_id: "c1634213c65f4dc3832e80c4b5265ad5" candidate_uuid: "dc3da3fe9448442197c81874f5af20de" candidate_term: 1 candidate_status { last_received { term: 0 index: 0 } } ignore_live_leader: false dest_uuid: "82b2de48d5c84805b6826e61d5e87f50" is_pre_election: true
I20260709 14:50:07.997164 14444 consensus_queue.cc:260] T 6005de60998640a3b72c64354abcfc85 P 82b2de48d5c84805b6826e61d5e87f50 [NON_LEADER]: Queue going to NON_LEADER mode. State: All replicated index: 0, Majority replicated index: 0, Committed index: 0, Last appended: 0.0, Last appended by leader: 0, Current term: 0, Majority size: -1, State: 0, Mode: NON_LEADER, active raft config: opid_index: -1 OBSOLETE_local: false peers { permanent_uuid: "dc3da3fe9448442197c81874f5af20de" member_type: VOTER last_known_addr { host: "127.12.214.129" port: 42545 } } peers { permanent_uuid: "82b2de48d5c84805b6826e61d5e87f50" member_type: VOTER last_known_addr { host: "127.12.214.130" port: 36955 } } peers { permanent_uuid: "e9ff5de6eb78497f84071c477abab8f6" member_type: VOTER last_known_addr { host: "127.12.214.131" port: 38809 } }
I20260709 14:50:07.997532 14440 raft_consensus.cc:385] T 91aa17768ae74bdea95af018ba8ebb6c P dc3da3fe9448442197c81874f5af20de [term 0 FOLLOWER]: Consensus starting up: Expiring failure detector timer to make a prompt election more likely
I20260709 14:50:07.997972 14440 raft_consensus.cc:740] T 91aa17768ae74bdea95af018ba8ebb6c P dc3da3fe9448442197c81874f5af20de [term 0 FOLLOWER]: Becoming Follower/Learner. State: Replica: dc3da3fe9448442197c81874f5af20de, State: Initialized, Role: FOLLOWER
I20260709 14:50:07.998826 14440 consensus_queue.cc:260] T 91aa17768ae74bdea95af018ba8ebb6c P dc3da3fe9448442197c81874f5af20de [NON_LEADER]: Queue going to NON_LEADER mode. State: All replicated index: 0, Majority replicated index: 0, Committed index: 0, Last appended: 0.0, Last appended by leader: 0, Current term: 0, Majority size: -1, State: 0, Mode: NON_LEADER, active raft config: opid_index: -1 OBSOLETE_local: false peers { permanent_uuid: "dc3da3fe9448442197c81874f5af20de" member_type: VOTER last_known_addr { host: "127.12.214.129" port: 42545 } } peers { permanent_uuid: "82b2de48d5c84805b6826e61d5e87f50" member_type: VOTER last_known_addr { host: "127.12.214.130" port: 36955 } } peers { permanent_uuid: "e9ff5de6eb78497f84071c477abab8f6" member_type: VOTER last_known_addr { host: "127.12.214.131" port: 38809 } }
I20260709 14:50:07.999193 14444 ts_tablet_manager.cc:1434] T 6005de60998640a3b72c64354abcfc85 P 82b2de48d5c84805b6826e61d5e87f50: Time spent starting tablet: real 0.005s	user 0.005s	sys 0.000s
I20260709 14:50:07.999366 14214 leader_election.cc:304] T 5ed9b7beff0b4d2f8add59676c6b3b55 P dc3da3fe9448442197c81874f5af20de [CANDIDATE]: Term 1 pre-election: Election decided. Result: candidate lost. Election summary: received 3 responses out of 3 voters: 1 yes votes; 2 no votes. yes voters: dc3da3fe9448442197c81874f5af20de; no voters: 82b2de48d5c84805b6826e61d5e87f50, e9ff5de6eb78497f84071c477abab8f6
W20260709 14:50:08.000005 14365 leader_election.cc:343] T 0379cd2f6c6248919c85e9609d170896 P e9ff5de6eb78497f84071c477abab8f6 [CANDIDATE]: Term 1 pre-election: Tablet error from VoteRequest() call to peer dc3da3fe9448442197c81874f5af20de (127.12.214.129:42545): Illegal state: must be running to vote when last-logged opid is not known
I20260709 14:50:08.000427 14444 tablet_bootstrap.cc:492] T b6794072d5be4fa9825745927c9cf98b P 82b2de48d5c84805b6826e61d5e87f50: Bootstrap starting.
I20260709 14:50:08.000391 14365 leader_election.cc:304] T 0379cd2f6c6248919c85e9609d170896 P e9ff5de6eb78497f84071c477abab8f6 [CANDIDATE]: Term 1 pre-election: Election decided. Result: candidate lost. Election summary: received 3 responses out of 3 voters: 1 yes votes; 2 no votes. yes voters: e9ff5de6eb78497f84071c477abab8f6; no voters: 82b2de48d5c84805b6826e61d5e87f50, dc3da3fe9448442197c81874f5af20de
I20260709 14:50:08.000967 14440 ts_tablet_manager.cc:1434] T 91aa17768ae74bdea95af018ba8ebb6c P dc3da3fe9448442197c81874f5af20de: Time spent starting tablet: real 0.006s	user 0.006s	sys 0.000s
I20260709 14:50:08.000955 14453 raft_consensus.cc:3060] T 5ed9b7beff0b4d2f8add59676c6b3b55 P dc3da3fe9448442197c81874f5af20de [term 0 FOLLOWER]: Advancing to term 1
I20260709 14:50:08.007875 14440 tablet_bootstrap.cc:492] T d341884246b047b0b2d7db57625c38db P dc3da3fe9448442197c81874f5af20de: Bootstrap starting.
I20260709 14:50:08.008245 14608 raft_consensus.cc:2749] T 0379cd2f6c6248919c85e9609d170896 P e9ff5de6eb78497f84071c477abab8f6 [term 0 FOLLOWER]: Leader pre-election lost for term 1. Reason: could not achieve majority
I20260709 14:50:08.004601 14395 tablet_service.cc:1917] Received RequestConsensusVote() RPC: tablet_id: "c1634213c65f4dc3832e80c4b5265ad5" candidate_uuid: "dc3da3fe9448442197c81874f5af20de" candidate_term: 1 candidate_status { last_received { term: 0 index: 0 } } ignore_live_leader: false dest_uuid: "e9ff5de6eb78497f84071c477abab8f6" is_pre_election: true
I20260709 14:50:08.005357 14441 consensus_queue.cc:260] T b6794072d5be4fa9825745927c9cf98b P e9ff5de6eb78497f84071c477abab8f6 [NON_LEADER]: Queue going to NON_LEADER mode. State: All replicated index: 0, Majority replicated index: 0, Committed index: 0, Last appended: 0.0, Last appended by leader: 0, Current term: 0, Majority size: -1, State: 0, Mode: NON_LEADER, active raft config: opid_index: -1 OBSOLETE_local: false peers { permanent_uuid: "dc3da3fe9448442197c81874f5af20de" member_type: VOTER last_known_addr { host: "127.12.214.129" port: 42545 } } peers { permanent_uuid: "82b2de48d5c84805b6826e61d5e87f50" member_type: VOTER last_known_addr { host: "127.12.214.130" port: 36955 } } peers { permanent_uuid: "e9ff5de6eb78497f84071c477abab8f6" member_type: VOTER last_known_addr { host: "127.12.214.131" port: 38809 } }
I20260709 14:50:08.006623 14444 tablet_bootstrap.cc:654] T b6794072d5be4fa9825745927c9cf98b P 82b2de48d5c84805b6826e61d5e87f50: Neither blocks nor log segments found. Creating new log.
I20260709 14:50:07.997879 14321 raft_consensus.cc:2468] T c1634213c65f4dc3832e80c4b5265ad5 P 82b2de48d5c84805b6826e61d5e87f50 [term 0 FOLLOWER]: Leader pre-election vote request: Granting yes vote for candidate dc3da3fe9448442197c81874f5af20de in term 0.
I20260709 14:50:08.009279 14541 raft_consensus.cc:2749] T 6d13b5927ed04a8f8c63b5daa76047ed P dc3da3fe9448442197c81874f5af20de [term 1 FOLLOWER]: Leader pre-election lost for term 1. Reason: could not achieve majority
I20260709 14:50:08.014927 14145 catalog_manager.cc:5697] T 7025d41cf5f54badafa8f74ecf559034 P e9ff5de6eb78497f84071c477abab8f6 reported cstate change: term changed from 0 to 1, leader changed from <none> to e9ff5de6eb78497f84071c477abab8f6 (127.12.214.131). New cstate: current_term: 1 leader_uuid: "e9ff5de6eb78497f84071c477abab8f6" committed_config { opid_index: -1 OBSOLETE_local: false peers { permanent_uuid: "dc3da3fe9448442197c81874f5af20de" member_type: VOTER last_known_addr { host: "127.12.214.129" port: 42545 } health_report { overall_health: UNKNOWN } } peers { permanent_uuid: "82b2de48d5c84805b6826e61d5e87f50" member_type: VOTER last_known_addr { host: "127.12.214.130" port: 36955 } health_report { overall_health: UNKNOWN } } peers { permanent_uuid: "e9ff5de6eb78497f84071c477abab8f6" member_type: VOTER last_known_addr { host: "127.12.214.131" port: 38809 } health_report { overall_health: HEALTHY } } }
I20260709 14:50:08.016825 14441 ts_tablet_manager.cc:1434] T b6794072d5be4fa9825745927c9cf98b P e9ff5de6eb78497f84071c477abab8f6: Time spent starting tablet: real 0.073s	user 0.005s	sys 0.001s
I20260709 14:50:08.017544 14441 tablet_bootstrap.cc:492] T c1634213c65f4dc3832e80c4b5265ad5 P e9ff5de6eb78497f84071c477abab8f6: Bootstrap starting.
I20260709 14:50:08.018191 14457 raft_consensus.cc:493] T 35fe75cc7a50423996378cc67a87f391 P 82b2de48d5c84805b6826e61d5e87f50 [term 0 FOLLOWER]: Starting pre-election (no leader contacted us within the election timeout)
I20260709 14:50:08.018620 14457 raft_consensus.cc:515] T 35fe75cc7a50423996378cc67a87f391 P 82b2de48d5c84805b6826e61d5e87f50 [term 0 FOLLOWER]: Starting pre-election with config: opid_index: -1 OBSOLETE_local: false peers { permanent_uuid: "dc3da3fe9448442197c81874f5af20de" member_type: VOTER last_known_addr { host: "127.12.214.129" port: 42545 } } peers { permanent_uuid: "82b2de48d5c84805b6826e61d5e87f50" member_type: VOTER last_known_addr { host: "127.12.214.130" port: 36955 } } peers { permanent_uuid: "e9ff5de6eb78497f84071c477abab8f6" member_type: VOTER last_known_addr { host: "127.12.214.131" port: 38809 } }
I20260709 14:50:08.021600 14247 tablet_service.cc:1917] Received RequestConsensusVote() RPC: tablet_id: "35fe75cc7a50423996378cc67a87f391" candidate_uuid: "82b2de48d5c84805b6826e61d5e87f50" candidate_term: 1 candidate_status { last_received { term: 0 index: 0 } } ignore_live_leader: false dest_uuid: "dc3da3fe9448442197c81874f5af20de" is_pre_election: true
I20260709 14:50:08.022236 14247 raft_consensus.cc:2468] T 35fe75cc7a50423996378cc67a87f391 P dc3da3fe9448442197c81874f5af20de [term 0 FOLLOWER]: Leader pre-election vote request: Granting yes vote for candidate 82b2de48d5c84805b6826e61d5e87f50 in term 0.
I20260709 14:50:08.023437 14291 leader_election.cc:304] T 35fe75cc7a50423996378cc67a87f391 P 82b2de48d5c84805b6826e61d5e87f50 [CANDIDATE]: Term 1 pre-election: Election decided. Result: candidate won. Election summary: received 2 responses out of 3 voters: 2 yes votes; 0 no votes. yes voters: 82b2de48d5c84805b6826e61d5e87f50, dc3da3fe9448442197c81874f5af20de; no voters: 
I20260709 14:50:08.024264 14494 raft_consensus.cc:2804] T 35fe75cc7a50423996378cc67a87f391 P 82b2de48d5c84805b6826e61d5e87f50 [term 0 FOLLOWER]: Leader pre-election won for term 1
I20260709 14:50:08.024590 14494 raft_consensus.cc:493] T 35fe75cc7a50423996378cc67a87f391 P 82b2de48d5c84805b6826e61d5e87f50 [term 0 FOLLOWER]: Starting leader election (no leader contacted us within the election timeout)
I20260709 14:50:08.018620 14216 leader_election.cc:304] T c1634213c65f4dc3832e80c4b5265ad5 P dc3da3fe9448442197c81874f5af20de [CANDIDATE]: Term 1 pre-election: Election decided. Result: candidate won. Election summary: received 2 responses out of 3 voters: 2 yes votes; 0 no votes. yes voters: 82b2de48d5c84805b6826e61d5e87f50, dc3da3fe9448442197c81874f5af20de; no voters: 
I20260709 14:50:08.024924 14494 raft_consensus.cc:3060] T 35fe75cc7a50423996378cc67a87f391 P 82b2de48d5c84805b6826e61d5e87f50 [term 0 FOLLOWER]: Advancing to term 1
I20260709 14:50:08.026278 14457 leader_election.cc:290] T 35fe75cc7a50423996378cc67a87f391 P 82b2de48d5c84805b6826e61d5e87f50 [CANDIDATE]: Term 1 pre-election: Requested pre-vote from peers dc3da3fe9448442197c81874f5af20de (127.12.214.129:42545), e9ff5de6eb78497f84071c477abab8f6 (127.12.214.131:38809)
I20260709 14:50:08.018903 14453 raft_consensus.cc:2749] T 5ed9b7beff0b4d2f8add59676c6b3b55 P dc3da3fe9448442197c81874f5af20de [term 1 FOLLOWER]: Leader pre-election lost for term 1. Reason: could not achieve majority
I20260709 14:50:08.025641 14541 raft_consensus.cc:493] T 91aa17768ae74bdea95af018ba8ebb6c P dc3da3fe9448442197c81874f5af20de [term 0 FOLLOWER]: Starting pre-election (no leader contacted us within the election timeout)
I20260709 14:50:08.028838 14541 raft_consensus.cc:515] T 91aa17768ae74bdea95af018ba8ebb6c P dc3da3fe9448442197c81874f5af20de [term 0 FOLLOWER]: Starting pre-election with config: opid_index: -1 OBSOLETE_local: false peers { permanent_uuid: "dc3da3fe9448442197c81874f5af20de" member_type: VOTER last_known_addr { host: "127.12.214.129" port: 42545 } } peers { permanent_uuid: "82b2de48d5c84805b6826e61d5e87f50" member_type: VOTER last_known_addr { host: "127.12.214.130" port: 36955 } } peers { permanent_uuid: "e9ff5de6eb78497f84071c477abab8f6" member_type: VOTER last_known_addr { host: "127.12.214.131" port: 38809 } }
I20260709 14:50:08.030786 14541 leader_election.cc:290] T 91aa17768ae74bdea95af018ba8ebb6c P dc3da3fe9448442197c81874f5af20de [CANDIDATE]: Term 1 pre-election: Requested pre-vote from peers 82b2de48d5c84805b6826e61d5e87f50 (127.12.214.130:36955), e9ff5de6eb78497f84071c477abab8f6 (127.12.214.131:38809)
I20260709 14:50:08.031491 14395 tablet_service.cc:1917] Received RequestConsensusVote() RPC: tablet_id: "35fe75cc7a50423996378cc67a87f391" candidate_uuid: "82b2de48d5c84805b6826e61d5e87f50" candidate_term: 1 candidate_status { last_received { term: 0 index: 0 } } ignore_live_leader: false dest_uuid: "e9ff5de6eb78497f84071c477abab8f6" is_pre_election: true
I20260709 14:50:08.033004 14440 tablet_bootstrap.cc:654] T d341884246b047b0b2d7db57625c38db P dc3da3fe9448442197c81874f5af20de: Neither blocks nor log segments found. Creating new log.
I20260709 14:50:08.036084 14679 raft_consensus.cc:2804] T c1634213c65f4dc3832e80c4b5265ad5 P dc3da3fe9448442197c81874f5af20de [term 0 FOLLOWER]: Leader pre-election won for term 1
I20260709 14:50:08.036530 14679 raft_consensus.cc:493] T c1634213c65f4dc3832e80c4b5265ad5 P dc3da3fe9448442197c81874f5af20de [term 0 FOLLOWER]: Starting leader election (no leader contacted us within the election timeout)
I20260709 14:50:08.036873 14679 raft_consensus.cc:3060] T c1634213c65f4dc3832e80c4b5265ad5 P dc3da3fe9448442197c81874f5af20de [term 0 FOLLOWER]: Advancing to term 1
I20260709 14:50:08.044090 14321 tablet_service.cc:1917] Received RequestConsensusVote() RPC: tablet_id: "91aa17768ae74bdea95af018ba8ebb6c" candidate_uuid: "dc3da3fe9448442197c81874f5af20de" candidate_term: 1 candidate_status { last_received { term: 0 index: 0 } } ignore_live_leader: false dest_uuid: "82b2de48d5c84805b6826e61d5e87f50" is_pre_election: true
I20260709 14:50:08.046816 14555 raft_consensus.cc:493] T fbf65fa5c0584cc8bb0b438d92b22cce P 82b2de48d5c84805b6826e61d5e87f50 [term 0 FOLLOWER]: Starting pre-election (no leader contacted us within the election timeout)
I20260709 14:50:08.047355 14555 raft_consensus.cc:515] T fbf65fa5c0584cc8bb0b438d92b22cce P 82b2de48d5c84805b6826e61d5e87f50 [term 0 FOLLOWER]: Starting pre-election with config: opid_index: -1 OBSOLETE_local: false peers { permanent_uuid: "dc3da3fe9448442197c81874f5af20de" member_type: VOTER last_known_addr { host: "127.12.214.129" port: 42545 } } peers { permanent_uuid: "82b2de48d5c84805b6826e61d5e87f50" member_type: VOTER last_known_addr { host: "127.12.214.130" port: 36955 } } peers { permanent_uuid: "e9ff5de6eb78497f84071c477abab8f6" member_type: VOTER last_known_addr { host: "127.12.214.131" port: 38809 } }
I20260709 14:50:08.047437 14679 raft_consensus.cc:515] T c1634213c65f4dc3832e80c4b5265ad5 P dc3da3fe9448442197c81874f5af20de [term 1 FOLLOWER]: Starting leader election with config: opid_index: -1 OBSOLETE_local: false peers { permanent_uuid: "dc3da3fe9448442197c81874f5af20de" member_type: VOTER last_known_addr { host: "127.12.214.129" port: 42545 } } peers { permanent_uuid: "82b2de48d5c84805b6826e61d5e87f50" member_type: VOTER last_known_addr { host: "127.12.214.130" port: 36955 } } peers { permanent_uuid: "e9ff5de6eb78497f84071c477abab8f6" member_type: VOTER last_known_addr { host: "127.12.214.131" port: 38809 } }
W20260709 14:50:08.049912 14289 leader_election.cc:343] T 35fe75cc7a50423996378cc67a87f391 P 82b2de48d5c84805b6826e61d5e87f50 [CANDIDATE]: Term 1 pre-election: Tablet error from VoteRequest() call to peer e9ff5de6eb78497f84071c477abab8f6 (127.12.214.131:38809): Illegal state: must be running to vote when last-logged opid is not known
