I20260709 14:50:06.549129 18915 tablet_service.cc:1917] Received RequestConsensusVote() RPC: tablet_id: "746eeeb563a54b10a172cd1396d36e56" candidate_uuid: "a09b404ec560443187f5408017b12829" candidate_term: 1 candidate_status { last_received { term: 0 index: 0 } } ignore_live_leader: false dest_uuid: "57a4b64006cb49c3857133293178966f"
I20260709 14:50:06.549675 18915 raft_consensus.cc:3060] T 746eeeb563a54b10a172cd1396d36e56 P 57a4b64006cb49c3857133293178966f [term 0 FOLLOWER]: Advancing to term 1
I20260709 14:50:06.549371 18961 consensus_queue.cc:260] T 74f272e64d3d4cfea380202458d1275f P 57a4b64006cb49c3857133293178966f [NON_LEADER]: Queue going to NON_LEADER mode. State: All replicated index: 0, Majority replicated index: 0, Committed index: 0, Last appended: 0.0, Last appended by leader: 0, Current term: 0, Majority size: -1, State: 0, Mode: NON_LEADER, active raft config: opid_index: -1 OBSOLETE_local: false peers { permanent_uuid: "a09b404ec560443187f5408017b12829" member_type: VOTER last_known_addr { host: "127.17.65.65" port: 42853 } } peers { permanent_uuid: "bcdabd93be854995b0604df9b22f2761" member_type: VOTER last_known_addr { host: "127.17.65.66" port: 44285 } } peers { permanent_uuid: "57a4b64006cb49c3857133293178966f" member_type: VOTER last_known_addr { host: "127.17.65.67" port: 41903 } }
I20260709 14:50:06.551581 18961 ts_tablet_manager.cc:1434] T 74f272e64d3d4cfea380202458d1275f P 57a4b64006cb49c3857133293178966f: Time spent starting tablet: real 0.006s	user 0.004s	sys 0.000s
I20260709 14:50:06.552738 19157 leader_election.cc:290] T 7e6868e0f4654e9bbf1eacccf4100488 P a09b404ec560443187f5408017b12829 [CANDIDATE]: Term 1 pre-election: Requested pre-vote from peers bcdabd93be854995b0604df9b22f2761 (127.17.65.66:44285), 57a4b64006cb49c3857133293178966f (127.17.65.67:41903)
I20260709 14:50:06.554247 18921 tablet_service.cc:1917] Received RequestConsensusVote() RPC: tablet_id: "7e6868e0f4654e9bbf1eacccf4100488" candidate_uuid: "a09b404ec560443187f5408017b12829" candidate_term: 1 candidate_status { last_received { term: 0 index: 0 } } ignore_live_leader: false dest_uuid: "57a4b64006cb49c3857133293178966f" is_pre_election: true
W20260709 14:50:06.556903 18737 leader_election.cc:343] T 7e6868e0f4654e9bbf1eacccf4100488 P a09b404ec560443187f5408017b12829 [CANDIDATE]: Term 1 pre-election: Tablet error from VoteRequest() call to peer 57a4b64006cb49c3857133293178966f (127.17.65.67:41903): Illegal state: must be running to vote when last-logged opid is not known
I20260709 14:50:06.557432 18737 leader_election.cc:304] T 7e6868e0f4654e9bbf1eacccf4100488 P a09b404ec560443187f5408017b12829 [CANDIDATE]: Term 1 pre-election: Election decided. Result: candidate lost. Election summary: received 3 responses out of 3 voters: 1 yes votes; 2 no votes. yes voters: a09b404ec560443187f5408017b12829; no voters: 57a4b64006cb49c3857133293178966f, bcdabd93be854995b0604df9b22f2761
I20260709 14:50:06.558202 19126 raft_consensus.cc:2749] T 7e6868e0f4654e9bbf1eacccf4100488 P a09b404ec560443187f5408017b12829 [term 0 FOLLOWER]: Leader pre-election lost for term 1. Reason: could not achieve majority
I20260709 14:50:06.559716 18962 ts_tablet_manager.cc:1434] T 81130d67d18a49a08512bbb5a614356c P a09b404ec560443187f5408017b12829: Time spent starting tablet: real 0.022s	user 0.007s	sys 0.003s
I20260709 14:50:06.560927 18961 tablet_bootstrap.cc:492] T 28347a2e1b0a4b46b0402ba902fae0cf P 57a4b64006cb49c3857133293178966f: Bootstrap starting.
I20260709 14:50:06.567257 18961 tablet_bootstrap.cc:654] T 28347a2e1b0a4b46b0402ba902fae0cf P 57a4b64006cb49c3857133293178966f: Neither blocks nor log segments found. Creating new log.
I20260709 14:50:06.576900 18965 raft_consensus.cc:493] T 0834d80da1b540ad8bb21a617ae66a7f P 57a4b64006cb49c3857133293178966f [term 0 FOLLOWER]: Starting pre-election (no leader contacted us within the election timeout)
I20260709 14:50:06.580240 18965 raft_consensus.cc:515] T 0834d80da1b540ad8bb21a617ae66a7f P 57a4b64006cb49c3857133293178966f [term 0 FOLLOWER]: Starting pre-election with config: opid_index: -1 OBSOLETE_local: false peers { permanent_uuid: "a09b404ec560443187f5408017b12829" member_type: VOTER last_known_addr { host: "127.17.65.65" port: 42853 } } peers { permanent_uuid: "bcdabd93be854995b0604df9b22f2761" member_type: VOTER last_known_addr { host: "127.17.65.66" port: 44285 } } peers { permanent_uuid: "57a4b64006cb49c3857133293178966f" member_type: VOTER last_known_addr { host: "127.17.65.67" port: 41903 } }
I20260709 14:50:06.581131 18961 tablet_bootstrap.cc:492] T 28347a2e1b0a4b46b0402ba902fae0cf P 57a4b64006cb49c3857133293178966f: No bootstrap required, opened a new log
I20260709 14:50:06.581596 18961 ts_tablet_manager.cc:1403] T 28347a2e1b0a4b46b0402ba902fae0cf P 57a4b64006cb49c3857133293178966f: Time spent bootstrapping tablet: real 0.026s	user 0.013s	sys 0.003s
I20260709 14:50:06.583253 18772 tablet_service.cc:1917] Received RequestConsensusVote() RPC: tablet_id: "0834d80da1b540ad8bb21a617ae66a7f" candidate_uuid: "57a4b64006cb49c3857133293178966f" candidate_term: 1 candidate_status { last_received { term: 0 index: 0 } } ignore_live_leader: false dest_uuid: "a09b404ec560443187f5408017b12829" is_pre_election: true
I20260709 14:50:06.583918 18772 raft_consensus.cc:2468] T 0834d80da1b540ad8bb21a617ae66a7f P a09b404ec560443187f5408017b12829 [term 0 FOLLOWER]: Leader pre-election vote request: Granting yes vote for candidate 57a4b64006cb49c3857133293178966f in term 0.
I20260709 14:50:06.584045 18962 tablet_bootstrap.cc:492] T 903464b030124dd4a6562d32156c068b P a09b404ec560443187f5408017b12829: Bootstrap starting.
I20260709 14:50:06.584110 18961 raft_consensus.cc:359] T 28347a2e1b0a4b46b0402ba902fae0cf P 57a4b64006cb49c3857133293178966f [term 0 FOLLOWER]: Replica starting. Triggering 0 pending ops. Active config: opid_index: -1 OBSOLETE_local: false peers { permanent_uuid: "a09b404ec560443187f5408017b12829" member_type: VOTER last_known_addr { host: "127.17.65.65" port: 42853 } } peers { permanent_uuid: "bcdabd93be854995b0604df9b22f2761" member_type: VOTER last_known_addr { host: "127.17.65.66" port: 44285 } } peers { permanent_uuid: "57a4b64006cb49c3857133293178966f" member_type: VOTER last_known_addr { host: "127.17.65.67" port: 41903 } }
I20260709 14:50:06.585045 18961 raft_consensus.cc:385] T 28347a2e1b0a4b46b0402ba902fae0cf P 57a4b64006cb49c3857133293178966f [term 0 FOLLOWER]: Consensus starting up: Expiring failure detector timer to make a prompt election more likely
I20260709 14:50:06.585359 18961 raft_consensus.cc:740] T 28347a2e1b0a4b46b0402ba902fae0cf P 57a4b64006cb49c3857133293178966f [term 0 FOLLOWER]: Becoming Follower/Learner. State: Replica: 57a4b64006cb49c3857133293178966f, State: Initialized, Role: FOLLOWER
I20260709 14:50:06.585217 18885 leader_election.cc:304] T 0834d80da1b540ad8bb21a617ae66a7f P 57a4b64006cb49c3857133293178966f [CANDIDATE]: Term 1 pre-election: Election decided. Result: candidate won. Election summary: received 2 responses out of 3 voters: 2 yes votes; 0 no votes. yes voters: 57a4b64006cb49c3857133293178966f, a09b404ec560443187f5408017b12829; no voters: 
I20260709 14:50:06.586233 18977 raft_consensus.cc:2804] T 0834d80da1b540ad8bb21a617ae66a7f P 57a4b64006cb49c3857133293178966f [term 0 FOLLOWER]: Leader pre-election won for term 1
I20260709 14:50:06.586093 18961 consensus_queue.cc:260] T 28347a2e1b0a4b46b0402ba902fae0cf P 57a4b64006cb49c3857133293178966f [NON_LEADER]: Queue going to NON_LEADER mode. State: All replicated index: 0, Majority replicated index: 0, Committed index: 0, Last appended: 0.0, Last appended by leader: 0, Current term: 0, Majority size: -1, State: 0, Mode: NON_LEADER, active raft config: opid_index: -1 OBSOLETE_local: false peers { permanent_uuid: "a09b404ec560443187f5408017b12829" member_type: VOTER last_known_addr { host: "127.17.65.65" port: 42853 } } peers { permanent_uuid: "bcdabd93be854995b0604df9b22f2761" member_type: VOTER last_known_addr { host: "127.17.65.66" port: 44285 } } peers { permanent_uuid: "57a4b64006cb49c3857133293178966f" member_type: VOTER last_known_addr { host: "127.17.65.67" port: 41903 } }
I20260709 14:50:06.586588 18977 raft_consensus.cc:493] T 0834d80da1b540ad8bb21a617ae66a7f P 57a4b64006cb49c3857133293178966f [term 0 FOLLOWER]: Starting leader election (no leader contacted us within the election timeout)
I20260709 14:50:06.586921 18977 raft_consensus.cc:3060] T 0834d80da1b540ad8bb21a617ae66a7f P 57a4b64006cb49c3857133293178966f [term 0 FOLLOWER]: Advancing to term 1
I20260709 14:50:06.588243 18961 ts_tablet_manager.cc:1434] T 28347a2e1b0a4b46b0402ba902fae0cf P 57a4b64006cb49c3857133293178966f: Time spent starting tablet: real 0.006s	user 0.005s	sys 0.003s
I20260709 14:50:06.589246 18961 tablet_bootstrap.cc:492] T 69b0c046ea444ac9b35bd418b0f04888 P 57a4b64006cb49c3857133293178966f: Bootstrap starting.
I20260709 14:50:06.595124 18961 tablet_bootstrap.cc:654] T 69b0c046ea444ac9b35bd418b0f04888 P 57a4b64006cb49c3857133293178966f: Neither blocks nor log segments found. Creating new log.
I20260709 14:50:06.638409 18847 tablet_service.cc:1917] Received RequestConsensusVote() RPC: tablet_id: "0834d80da1b540ad8bb21a617ae66a7f" candidate_uuid: "57a4b64006cb49c3857133293178966f" candidate_term: 1 candidate_status { last_received { term: 0 index: 0 } } ignore_live_leader: false dest_uuid: "bcdabd93be854995b0604df9b22f2761" is_pre_election: true
I20260709 14:50:06.595630 18977 raft_consensus.cc:515] T 0834d80da1b540ad8bb21a617ae66a7f P 57a4b64006cb49c3857133293178966f [term 1 FOLLOWER]: Starting leader election with config: opid_index: -1 OBSOLETE_local: false peers { permanent_uuid: "a09b404ec560443187f5408017b12829" member_type: VOTER last_known_addr { host: "127.17.65.65" port: 42853 } } peers { permanent_uuid: "bcdabd93be854995b0604df9b22f2761" member_type: VOTER last_known_addr { host: "127.17.65.66" port: 44285 } } peers { permanent_uuid: "57a4b64006cb49c3857133293178966f" member_type: VOTER last_known_addr { host: "127.17.65.67" port: 41903 } }
I20260709 14:50:06.640790 18962 tablet_bootstrap.cc:654] T 903464b030124dd4a6562d32156c068b P a09b404ec560443187f5408017b12829: Neither blocks nor log segments found. Creating new log.
W20260709 14:50:06.641842 18887 leader_election.cc:343] T 0834d80da1b540ad8bb21a617ae66a7f P 57a4b64006cb49c3857133293178966f [CANDIDATE]: Term 1 pre-election: Tablet error from VoteRequest() call to peer bcdabd93be854995b0604df9b22f2761 (127.17.65.66:44285): Illegal state: must be running to vote when last-logged opid is not known
I20260709 14:50:06.632579 18921 raft_consensus.cc:3060] T f98b4036d77142f28a031edef92fe736 P 57a4b64006cb49c3857133293178966f [term 0 FOLLOWER]: Advancing to term 1
I20260709 14:50:06.645449 18977 leader_election.cc:290] T 0834d80da1b540ad8bb21a617ae66a7f P 57a4b64006cb49c3857133293178966f [CANDIDATE]: Term 1 election: Requested vote from peers a09b404ec560443187f5408017b12829 (127.17.65.65:42853), bcdabd93be854995b0604df9b22f2761 (127.17.65.66:44285)
I20260709 14:50:06.648816 18847 tablet_service.cc:1917] Received RequestConsensusVote() RPC: tablet_id: "0834d80da1b540ad8bb21a617ae66a7f" candidate_uuid: "57a4b64006cb49c3857133293178966f" candidate_term: 1 candidate_status { last_received { term: 0 index: 0 } } ignore_live_leader: false dest_uuid: "bcdabd93be854995b0604df9b22f2761"
I20260709 14:50:06.651537 18962 tablet_bootstrap.cc:492] T 903464b030124dd4a6562d32156c068b P a09b404ec560443187f5408017b12829: No bootstrap required, opened a new log
I20260709 14:50:06.652165 18962 ts_tablet_manager.cc:1403] T 903464b030124dd4a6562d32156c068b P a09b404ec560443187f5408017b12829: Time spent bootstrapping tablet: real 0.068s	user 0.030s	sys 0.023s
W20260709 14:50:06.655462 18887 leader_election.cc:343] T 0834d80da1b540ad8bb21a617ae66a7f P 57a4b64006cb49c3857133293178966f [CANDIDATE]: Term 1 election: Tablet error from VoteRequest() call to peer bcdabd93be854995b0604df9b22f2761 (127.17.65.66:44285): Illegal state: must be running to vote when last-logged opid is not known
I20260709 14:50:06.655609 18962 raft_consensus.cc:359] T 903464b030124dd4a6562d32156c068b P a09b404ec560443187f5408017b12829 [term 0 FOLLOWER]: Replica starting. Triggering 0 pending ops. Active config: opid_index: -1 OBSOLETE_local: false peers { permanent_uuid: "a09b404ec560443187f5408017b12829" member_type: VOTER last_known_addr { host: "127.17.65.65" port: 42853 } } peers { permanent_uuid: "bcdabd93be854995b0604df9b22f2761" member_type: VOTER last_known_addr { host: "127.17.65.66" port: 44285 } } peers { permanent_uuid: "57a4b64006cb49c3857133293178966f" member_type: VOTER last_known_addr { host: "127.17.65.67" port: 41903 } }
I20260709 14:50:06.656706 18962 raft_consensus.cc:385] T 903464b030124dd4a6562d32156c068b P a09b404ec560443187f5408017b12829 [term 0 FOLLOWER]: Consensus starting up: Expiring failure detector timer to make a prompt election more likely
I20260709 14:50:06.657056 18962 raft_consensus.cc:740] T 903464b030124dd4a6562d32156c068b P a09b404ec560443187f5408017b12829 [term 0 FOLLOWER]: Becoming Follower/Learner. State: Replica: a09b404ec560443187f5408017b12829, State: Initialized, Role: FOLLOWER
I20260709 14:50:06.658064 18962 consensus_queue.cc:260] T 903464b030124dd4a6562d32156c068b P a09b404ec560443187f5408017b12829 [NON_LEADER]: Queue going to NON_LEADER mode. State: All replicated index: 0, Majority replicated index: 0, Committed index: 0, Last appended: 0.0, Last appended by leader: 0, Current term: 0, Majority size: -1, State: 0, Mode: NON_LEADER, active raft config: opid_index: -1 OBSOLETE_local: false peers { permanent_uuid: "a09b404ec560443187f5408017b12829" member_type: VOTER last_known_addr { host: "127.17.65.65" port: 42853 } } peers { permanent_uuid: "bcdabd93be854995b0604df9b22f2761" member_type: VOTER last_known_addr { host: "127.17.65.66" port: 44285 } } peers { permanent_uuid: "57a4b64006cb49c3857133293178966f" member_type: VOTER last_known_addr { host: "127.17.65.67" port: 41903 } }
I20260709 14:50:06.661456 18962 ts_tablet_manager.cc:1434] T 903464b030124dd4a6562d32156c068b P a09b404ec560443187f5408017b12829: Time spent starting tablet: real 0.009s	user 0.006s	sys 0.001s
I20260709 14:50:06.638542 18965 leader_election.cc:290] T 0834d80da1b540ad8bb21a617ae66a7f P 57a4b64006cb49c3857133293178966f [CANDIDATE]: Term 1 pre-election: Requested pre-vote from peers a09b404ec560443187f5408017b12829 (127.17.65.65:42853), bcdabd93be854995b0604df9b22f2761 (127.17.65.66:44285)
I20260709 14:50:06.664714 18962 tablet_bootstrap.cc:492] T 0b33b4d0d8f64fe1b6d3afea8f52d9a1 P a09b404ec560443187f5408017b12829: Bootstrap starting.
I20260709 14:50:06.671932 18962 tablet_bootstrap.cc:654] T 0b33b4d0d8f64fe1b6d3afea8f52d9a1 P a09b404ec560443187f5408017b12829: Neither blocks nor log segments found. Creating new log.
I20260709 14:50:06.680704 18843 raft_consensus.cc:2468] T 746eeeb563a54b10a172cd1396d36e56 P bcdabd93be854995b0604df9b22f2761 [term 1 FOLLOWER]: Leader election vote request: Granting yes vote for candidate a09b404ec560443187f5408017b12829 in term 1.
I20260709 14:50:06.644428 18772 tablet_service.cc:1917] Received RequestConsensusVote() RPC: tablet_id: "0834d80da1b540ad8bb21a617ae66a7f" candidate_uuid: "57a4b64006cb49c3857133293178966f" candidate_term: 1 candidate_status { last_received { term: 0 index: 0 } } ignore_live_leader: false dest_uuid: "a09b404ec560443187f5408017b12829"
I20260709 14:50:06.681994 18772 raft_consensus.cc:3060] T 0834d80da1b540ad8bb21a617ae66a7f P a09b404ec560443187f5408017b12829 [term 0 FOLLOWER]: Advancing to term 1
I20260709 14:50:06.682312 18962 tablet_bootstrap.cc:492] T 0b33b4d0d8f64fe1b6d3afea8f52d9a1 P a09b404ec560443187f5408017b12829: No bootstrap required, opened a new log
I20260709 14:50:06.682397 18738 leader_election.cc:304] T 746eeeb563a54b10a172cd1396d36e56 P a09b404ec560443187f5408017b12829 [CANDIDATE]: Term 1 election: Election decided. Result: candidate won. Election summary: received 2 responses out of 3 voters: 2 yes votes; 0 no votes. yes voters: a09b404ec560443187f5408017b12829, bcdabd93be854995b0604df9b22f2761; no voters: 
I20260709 14:50:06.683074 18962 ts_tablet_manager.cc:1403] T 0b33b4d0d8f64fe1b6d3afea8f52d9a1 P a09b404ec560443187f5408017b12829: Time spent bootstrapping tablet: real 0.019s	user 0.011s	sys 0.004s
I20260709 14:50:06.683461 19157 raft_consensus.cc:2804] T 746eeeb563a54b10a172cd1396d36e56 P a09b404ec560443187f5408017b12829 [term 1 FOLLOWER]: Leader election won for term 1
I20260709 14:50:06.683988 19157 raft_consensus.cc:697] T 746eeeb563a54b10a172cd1396d36e56 P a09b404ec560443187f5408017b12829 [term 1 LEADER]: Becoming Leader. State: Replica: a09b404ec560443187f5408017b12829, State: Running, Role: LEADER
I20260709 14:50:06.684784 19157 consensus_queue.cc:237] T 746eeeb563a54b10a172cd1396d36e56 P a09b404ec560443187f5408017b12829 [LEADER]: Queue going to LEADER mode. State: All replicated index: 0, Majority replicated index: 0, Committed index: 0, Last appended: 0.0, Last appended by leader: 0, Current term: 1, Majority size: 2, State: 0, Mode: LEADER, active raft config: opid_index: -1 OBSOLETE_local: false peers { permanent_uuid: "a09b404ec560443187f5408017b12829" member_type: VOTER last_known_addr { host: "127.17.65.65" port: 42853 } } peers { permanent_uuid: "bcdabd93be854995b0604df9b22f2761" member_type: VOTER last_known_addr { host: "127.17.65.66" port: 44285 } } peers { permanent_uuid: "57a4b64006cb49c3857133293178966f" member_type: VOTER last_known_addr { host: "127.17.65.67" port: 41903 } }
I20260709 14:50:06.686831 18962 raft_consensus.cc:359] T 0b33b4d0d8f64fe1b6d3afea8f52d9a1 P a09b404ec560443187f5408017b12829 [term 0 FOLLOWER]: Replica starting. Triggering 0 pending ops. Active config: opid_index: -1 OBSOLETE_local: false peers { permanent_uuid: "a09b404ec560443187f5408017b12829" member_type: VOTER last_known_addr { host: "127.17.65.65" port: 42853 } } peers { permanent_uuid: "bcdabd93be854995b0604df9b22f2761" member_type: VOTER last_known_addr { host: "127.17.65.66" port: 44285 } } peers { permanent_uuid: "57a4b64006cb49c3857133293178966f" member_type: VOTER last_known_addr { host: "127.17.65.67" port: 41903 } }
I20260709 14:50:06.687757 18962 raft_consensus.cc:385] T 0b33b4d0d8f64fe1b6d3afea8f52d9a1 P a09b404ec560443187f5408017b12829 [term 0 FOLLOWER]: Consensus starting up: Expiring failure detector timer to make a prompt election more likely
I20260709 14:50:06.687938 18915 raft_consensus.cc:2468] T 746eeeb563a54b10a172cd1396d36e56 P 57a4b64006cb49c3857133293178966f [term 1 FOLLOWER]: Leader election vote request: Granting yes vote for candidate a09b404ec560443187f5408017b12829 in term 1.
I20260709 14:50:06.688393 18962 raft_consensus.cc:740] T 0b33b4d0d8f64fe1b6d3afea8f52d9a1 P a09b404ec560443187f5408017b12829 [term 0 FOLLOWER]: Becoming Follower/Learner. State: Replica: a09b404ec560443187f5408017b12829, State: Initialized, Role: FOLLOWER
I20260709 14:50:06.663216 18964 tablet_bootstrap.cc:492] T 69b0c046ea444ac9b35bd418b0f04888 P bcdabd93be854995b0604df9b22f2761: No bootstrap required, opened a new log
I20260709 14:50:06.689193 18964 ts_tablet_manager.cc:1403] T 69b0c046ea444ac9b35bd418b0f04888 P bcdabd93be854995b0604df9b22f2761: Time spent bootstrapping tablet: real 0.178s	user 0.061s	sys 0.071s
I20260709 14:50:06.689368 18962 consensus_queue.cc:260] T 0b33b4d0d8f64fe1b6d3afea8f52d9a1 P a09b404ec560443187f5408017b12829 [NON_LEADER]: Queue going to NON_LEADER mode. State: All replicated index: 0, Majority replicated index: 0, Committed index: 0, Last appended: 0.0, Last appended by leader: 0, Current term: 0, Majority size: -1, State: 0, Mode: NON_LEADER, active raft config: opid_index: -1 OBSOLETE_local: false peers { permanent_uuid: "a09b404ec560443187f5408017b12829" member_type: VOTER last_known_addr { host: "127.17.65.65" port: 42853 } } peers { permanent_uuid: "bcdabd93be854995b0604df9b22f2761" member_type: VOTER last_known_addr { host: "127.17.65.66" port: 44285 } } peers { permanent_uuid: "57a4b64006cb49c3857133293178966f" member_type: VOTER last_known_addr { host: "127.17.65.67" port: 41903 } }
I20260709 14:50:06.691917 18964 raft_consensus.cc:359] T 69b0c046ea444ac9b35bd418b0f04888 P bcdabd93be854995b0604df9b22f2761 [term 0 FOLLOWER]: Replica starting. Triggering 0 pending ops. Active config: opid_index: -1 OBSOLETE_local: false peers { permanent_uuid: "a09b404ec560443187f5408017b12829" member_type: VOTER last_known_addr { host: "127.17.65.65" port: 42853 } } peers { permanent_uuid: "bcdabd93be854995b0604df9b22f2761" member_type: VOTER last_known_addr { host: "127.17.65.66" port: 44285 } } peers { permanent_uuid: "57a4b64006cb49c3857133293178966f" member_type: VOTER last_known_addr { host: "127.17.65.67" port: 41903 } }
I20260709 14:50:06.698285 18964 raft_consensus.cc:385] T 69b0c046ea444ac9b35bd418b0f04888 P bcdabd93be854995b0604df9b22f2761 [term 0 FOLLOWER]: Consensus starting up: Expiring failure detector timer to make a prompt election more likely
I20260709 14:50:06.703912 18964 raft_consensus.cc:740] T 69b0c046ea444ac9b35bd418b0f04888 P bcdabd93be854995b0604df9b22f2761 [term 0 FOLLOWER]: Becoming Follower/Learner. State: Replica: bcdabd93be854995b0604df9b22f2761, State: Initialized, Role: FOLLOWER
I20260709 14:50:06.708316 18964 consensus_queue.cc:260] T 69b0c046ea444ac9b35bd418b0f04888 P bcdabd93be854995b0604df9b22f2761 [NON_LEADER]: Queue going to NON_LEADER mode. State: All replicated index: 0, Majority replicated index: 0, Committed index: 0, Last appended: 0.0, Last appended by leader: 0, Current term: 0, Majority size: -1, State: 0, Mode: NON_LEADER, active raft config: opid_index: -1 OBSOLETE_local: false peers { permanent_uuid: "a09b404ec560443187f5408017b12829" member_type: VOTER last_known_addr { host: "127.17.65.65" port: 42853 } } peers { permanent_uuid: "bcdabd93be854995b0604df9b22f2761" member_type: VOTER last_known_addr { host: "127.17.65.66" port: 44285 } } peers { permanent_uuid: "57a4b64006cb49c3857133293178966f" member_type: VOTER last_known_addr { host: "127.17.65.67" port: 41903 } }
I20260709 14:50:06.713263 18964 ts_tablet_manager.cc:1434] T 69b0c046ea444ac9b35bd418b0f04888 P bcdabd93be854995b0604df9b22f2761: Time spent starting tablet: real 0.024s	user 0.005s	sys 0.000s
I20260709 14:50:06.709759 18772 raft_consensus.cc:2468] T 0834d80da1b540ad8bb21a617ae66a7f P a09b404ec560443187f5408017b12829 [term 1 FOLLOWER]: Leader election vote request: Granting yes vote for candidate 57a4b64006cb49c3857133293178966f in term 1.
I20260709 14:50:06.714413 18964 tablet_bootstrap.cc:492] T 74f272e64d3d4cfea380202458d1275f P bcdabd93be854995b0604df9b22f2761: Bootstrap starting.
I20260709 14:50:06.715505 18885 leader_election.cc:304] T 0834d80da1b540ad8bb21a617ae66a7f P 57a4b64006cb49c3857133293178966f [CANDIDATE]: Term 1 election: Election decided. Result: candidate won. Election summary: received 3 responses out of 3 voters: 2 yes votes; 1 no votes. yes voters: 57a4b64006cb49c3857133293178966f, a09b404ec560443187f5408017b12829; no voters: bcdabd93be854995b0604df9b22f2761
I20260709 14:50:06.692193 18962 ts_tablet_manager.cc:1434] T 0b33b4d0d8f64fe1b6d3afea8f52d9a1 P a09b404ec560443187f5408017b12829: Time spent starting tablet: real 0.009s	user 0.003s	sys 0.008s
I20260709 14:50:06.716907 18962 tablet_bootstrap.cc:492] T 69b0c046ea444ac9b35bd418b0f04888 P a09b404ec560443187f5408017b12829: Bootstrap starting.
I20260709 14:50:06.717411 18977 raft_consensus.cc:2804] T 0834d80da1b540ad8bb21a617ae66a7f P 57a4b64006cb49c3857133293178966f [term 1 FOLLOWER]: Leader election won for term 1
I20260709 14:50:06.711442 18961 tablet_bootstrap.cc:492] T 69b0c046ea444ac9b35bd418b0f04888 P 57a4b64006cb49c3857133293178966f: No bootstrap required, opened a new log
I20260709 14:50:06.717972 19039 raft_consensus.cc:493] T 903464b030124dd4a6562d32156c068b P a09b404ec560443187f5408017b12829 [term 0 FOLLOWER]: Starting pre-election (no leader contacted us within the election timeout)
I20260709 14:50:06.718675 18961 ts_tablet_manager.cc:1403] T 69b0c046ea444ac9b35bd418b0f04888 P 57a4b64006cb49c3857133293178966f: Time spent bootstrapping tablet: real 0.130s	user 0.043s	sys 0.040s
I20260709 14:50:06.718560 19039 raft_consensus.cc:515] T 903464b030124dd4a6562d32156c068b P a09b404ec560443187f5408017b12829 [term 0 FOLLOWER]: Starting pre-election with config: opid_index: -1 OBSOLETE_local: false peers { permanent_uuid: "a09b404ec560443187f5408017b12829" member_type: VOTER last_known_addr { host: "127.17.65.65" port: 42853 } } peers { permanent_uuid: "bcdabd93be854995b0604df9b22f2761" member_type: VOTER last_known_addr { host: "127.17.65.66" port: 44285 } } peers { permanent_uuid: "57a4b64006cb49c3857133293178966f" member_type: VOTER last_known_addr { host: "127.17.65.67" port: 41903 } }
I20260709 14:50:06.726063 19039 leader_election.cc:290] T 903464b030124dd4a6562d32156c068b P a09b404ec560443187f5408017b12829 [CANDIDATE]: Term 1 pre-election: Requested pre-vote from peers bcdabd93be854995b0604df9b22f2761 (127.17.65.66:44285), 57a4b64006cb49c3857133293178966f (127.17.65.67:41903)
I20260709 14:50:06.719626 19077 consensus_queue.cc:1048] T 546f09aca6644c0d81386057cbd78e32 P 57a4b64006cb49c3857133293178966f [LEADER]: Connected to new peer: Peer: permanent_uuid: "a09b404ec560443187f5408017b12829" member_type: VOTER last_known_addr { host: "127.17.65.65" port: 42853 }, Status: LMP_MISMATCH, Last received: 0.0, Next index: 1, Last known committed idx: 0, Time since last communication: 0.000s
W20260709 14:50:06.719972 18718 auto_rebalancer.cc:288] Could not retrieve cluster info: Service unavailable: Tablet not running
I20260709 14:50:06.720665 18977 raft_consensus.cc:697] T 0834d80da1b540ad8bb21a617ae66a7f P 57a4b64006cb49c3857133293178966f [term 1 LEADER]: Becoming Leader. State: Replica: 57a4b64006cb49c3857133293178966f, State: Running, Role: LEADER
I20260709 14:50:06.727327 18961 raft_consensus.cc:359] T 69b0c046ea444ac9b35bd418b0f04888 P 57a4b64006cb49c3857133293178966f [term 0 FOLLOWER]: Replica starting. Triggering 0 pending ops. Active config: opid_index: -1 OBSOLETE_local: false peers { permanent_uuid: "a09b404ec560443187f5408017b12829" member_type: VOTER last_known_addr { host: "127.17.65.65" port: 42853 } } peers { permanent_uuid: "bcdabd93be854995b0604df9b22f2761" member_type: VOTER last_known_addr { host: "127.17.65.66" port: 44285 } } peers { permanent_uuid: "57a4b64006cb49c3857133293178966f" member_type: VOTER last_known_addr { host: "127.17.65.67" port: 41903 } }
I20260709 14:50:06.728080 18961 raft_consensus.cc:385] T 69b0c046ea444ac9b35bd418b0f04888 P 57a4b64006cb49c3857133293178966f [term 0 FOLLOWER]: Consensus starting up: Expiring failure detector timer to make a prompt election more likely
I20260709 14:50:06.728363 18961 raft_consensus.cc:740] T 69b0c046ea444ac9b35bd418b0f04888 P 57a4b64006cb49c3857133293178966f [term 0 FOLLOWER]: Becoming Follower/Learner. State: Replica: 57a4b64006cb49c3857133293178966f, State: Initialized, Role: FOLLOWER
I20260709 14:50:06.728600 18977 consensus_queue.cc:237] T 0834d80da1b540ad8bb21a617ae66a7f P 57a4b64006cb49c3857133293178966f [LEADER]: Queue going to LEADER mode. State: All replicated index: 0, Majority replicated index: 0, Committed index: 0, Last appended: 0.0, Last appended by leader: 0, Current term: 1, Majority size: 2, State: 0, Mode: LEADER, active raft config: opid_index: -1 OBSOLETE_local: false peers { permanent_uuid: "a09b404ec560443187f5408017b12829" member_type: VOTER last_known_addr { host: "127.17.65.65" port: 42853 } } peers { permanent_uuid: "bcdabd93be854995b0604df9b22f2761" member_type: VOTER last_known_addr { host: "127.17.65.66" port: 44285 } } peers { permanent_uuid: "57a4b64006cb49c3857133293178966f" member_type: VOTER last_known_addr { host: "127.17.65.67" port: 41903 } }
I20260709 14:50:06.730690 18915 tablet_service.cc:1917] Received RequestConsensusVote() RPC: tablet_id: "903464b030124dd4a6562d32156c068b" candidate_uuid: "a09b404ec560443187f5408017b12829" candidate_term: 1 candidate_status { last_received { term: 0 index: 0 } } ignore_live_leader: false dest_uuid: "57a4b64006cb49c3857133293178966f" is_pre_election: true
I20260709 14:50:06.731196 18961 consensus_queue.cc:260] T 69b0c046ea444ac9b35bd418b0f04888 P 57a4b64006cb49c3857133293178966f [NON_LEADER]: Queue going to NON_LEADER mode. State: All replicated index: 0, Majority replicated index: 0, Committed index: 0, Last appended: 0.0, Last appended by leader: 0, Current term: 0, Majority size: -1, State: 0, Mode: NON_LEADER, active raft config: opid_index: -1 OBSOLETE_local: false peers { permanent_uuid: "a09b404ec560443187f5408017b12829" member_type: VOTER last_known_addr { host: "127.17.65.65" port: 42853 } } peers { permanent_uuid: "bcdabd93be854995b0604df9b22f2761" member_type: VOTER last_known_addr { host: "127.17.65.66" port: 44285 } } peers { permanent_uuid: "57a4b64006cb49c3857133293178966f" member_type: VOTER last_known_addr { host: "127.17.65.67" port: 41903 } }
I20260709 14:50:06.732194 19197 consensus_queue.cc:1048] T 7e234b499e664b909e9af16b0d357672 P bcdabd93be854995b0604df9b22f2761 [LEADER]: Connected to new peer: Peer: permanent_uuid: "57a4b64006cb49c3857133293178966f" member_type: VOTER last_known_addr { host: "127.17.65.67" port: 41903 }, Status: LMP_MISMATCH, Last received: 0.0, Next index: 1, Last known committed idx: 0, Time since last communication: 0.000s
I20260709 14:50:06.733377 18961 ts_tablet_manager.cc:1434] T 69b0c046ea444ac9b35bd418b0f04888 P 57a4b64006cb49c3857133293178966f: Time spent starting tablet: real 0.009s	user 0.005s	sys 0.000s
I20260709 14:50:06.734397 18961 tablet_bootstrap.cc:492] T 7e6868e0f4654e9bbf1eacccf4100488 P 57a4b64006cb49c3857133293178966f: Bootstrap starting.
I20260709 14:50:06.742352 18964 tablet_bootstrap.cc:654] T 74f272e64d3d4cfea380202458d1275f P bcdabd93be854995b0604df9b22f2761: Neither blocks nor log segments found. Creating new log.
I20260709 14:50:06.742791 19077 raft_consensus.cc:493] T 74f272e64d3d4cfea380202458d1275f P 57a4b64006cb49c3857133293178966f [term 0 FOLLOWER]: Starting pre-election (no leader contacted us within the election timeout)
I20260709 14:50:06.743280 19077 raft_consensus.cc:515] T 74f272e64d3d4cfea380202458d1275f P 57a4b64006cb49c3857133293178966f [term 0 FOLLOWER]: Starting pre-election with config: opid_index: -1 OBSOLETE_local: false peers { permanent_uuid: "a09b404ec560443187f5408017b12829" member_type: VOTER last_known_addr { host: "127.17.65.65" port: 42853 } } peers { permanent_uuid: "bcdabd93be854995b0604df9b22f2761" member_type: VOTER last_known_addr { host: "127.17.65.66" port: 44285 } } peers { permanent_uuid: "57a4b64006cb49c3857133293178966f" member_type: VOTER last_known_addr { host: "127.17.65.67" port: 41903 } }
I20260709 14:50:06.746866 18961 tablet_bootstrap.cc:654] T 7e6868e0f4654e9bbf1eacccf4100488 P 57a4b64006cb49c3857133293178966f: Neither blocks nor log segments found. Creating new log.
I20260709 14:50:06.746541 18772 tablet_service.cc:1917] Received RequestConsensusVote() RPC: tablet_id: "74f272e64d3d4cfea380202458d1275f" candidate_uuid: "57a4b64006cb49c3857133293178966f" candidate_term: 1 candidate_status { last_received { term: 0 index: 0 } } ignore_live_leader: false dest_uuid: "a09b404ec560443187f5408017b12829" is_pre_election: true
W20260709 14:50:06.747953 18885 leader_election.cc:343] T 74f272e64d3d4cfea380202458d1275f P 57a4b64006cb49c3857133293178966f [CANDIDATE]: Term 1 pre-election: Tablet error from VoteRequest() call to peer a09b404ec560443187f5408017b12829 (127.17.65.65:42853): Illegal state: must be running to vote when last-logged opid is not known
I20260709 14:50:06.749061 18843 tablet_service.cc:1917] Received RequestConsensusVote() RPC: tablet_id: "903464b030124dd4a6562d32156c068b" candidate_uuid: "a09b404ec560443187f5408017b12829" candidate_term: 1 candidate_status { last_received { term: 0 index: 0 } } ignore_live_leader: false dest_uuid: "bcdabd93be854995b0604df9b22f2761" is_pre_election: true
I20260709 14:50:06.749586 18921 raft_consensus.cc:3060] T 399f3db5a3a741258810897e580a06e8 P 57a4b64006cb49c3857133293178966f [term 0 FOLLOWER]: Advancing to term 1
I20260709 14:50:06.751040 18738 leader_election.cc:304] T 903464b030124dd4a6562d32156c068b P a09b404ec560443187f5408017b12829 [CANDIDATE]: Term 1 pre-election: Election decided. Result: candidate lost. Election summary: received 3 responses out of 3 voters: 1 yes votes; 2 no votes. yes voters: a09b404ec560443187f5408017b12829; no voters: 57a4b64006cb49c3857133293178966f, bcdabd93be854995b0604df9b22f2761
I20260709 14:50:06.752492 19039 raft_consensus.cc:2749] T 903464b030124dd4a6562d32156c068b P a09b404ec560443187f5408017b12829 [term 0 FOLLOWER]: Leader pre-election lost for term 1. Reason: could not achieve majority
I20260709 14:50:06.753412 18669 catalog_manager.cc:5697] T 746eeeb563a54b10a172cd1396d36e56 P a09b404ec560443187f5408017b12829 reported cstate change: term changed from 0 to 1, leader changed from <none> to a09b404ec560443187f5408017b12829 (127.17.65.65). New cstate: current_term: 1 leader_uuid: "a09b404ec560443187f5408017b12829" committed_config { opid_index: -1 OBSOLETE_local: false peers { permanent_uuid: "a09b404ec560443187f5408017b12829" member_type: VOTER last_known_addr { host: "127.17.65.65" port: 42853 } health_report { overall_health: HEALTHY } } peers { permanent_uuid: "bcdabd93be854995b0604df9b22f2761" member_type: VOTER last_known_addr { host: "127.17.65.66" port: 44285 } health_report { overall_health: UNKNOWN } } peers { permanent_uuid: "57a4b64006cb49c3857133293178966f" member_type: VOTER last_known_addr { host: "127.17.65.67" port: 41903 } health_report { overall_health: UNKNOWN } } }
I20260709 14:50:06.754758 19077 leader_election.cc:290] T 74f272e64d3d4cfea380202458d1275f P 57a4b64006cb49c3857133293178966f [CANDIDATE]: Term 1 pre-election: Requested pre-vote from peers a09b404ec560443187f5408017b12829 (127.17.65.65:42853), bcdabd93be854995b0604df9b22f2761 (127.17.65.66:44285)
I20260709 14:50:06.723881 18962 tablet_bootstrap.cc:654] T 69b0c046ea444ac9b35bd418b0f04888 P a09b404ec560443187f5408017b12829: Neither blocks nor log segments found. Creating new log.
I20260709 14:50:06.755441 19077 raft_consensus.cc:493] T 81130d67d18a49a08512bbb5a614356c P 57a4b64006cb49c3857133293178966f [term 0 FOLLOWER]: Starting pre-election (no leader contacted us within the election timeout)
I20260709 14:50:06.768256 18847 tablet_service.cc:1917] Received RequestConsensusVote() RPC: tablet_id: "74f272e64d3d4cfea380202458d1275f" candidate_uuid: "57a4b64006cb49c3857133293178966f" candidate_term: 1 candidate_status { last_received { term: 0 index: 0 } } ignore_live_leader: false dest_uuid: "bcdabd93be854995b0604df9b22f2761" is_pre_election: true
W20260709 14:50:06.770512 18887 leader_election.cc:343] T 74f272e64d3d4cfea380202458d1275f P 57a4b64006cb49c3857133293178966f [CANDIDATE]: Term 1 pre-election: Tablet error from VoteRequest() call to peer bcdabd93be854995b0604df9b22f2761 (127.17.65.66:44285): Illegal state: must be running to vote when last-logged opid is not known
I20260709 14:50:06.770974 18887 leader_election.cc:304] T 74f272e64d3d4cfea380202458d1275f P 57a4b64006cb49c3857133293178966f [CANDIDATE]: Term 1 pre-election: Election decided. Result: candidate lost. Election summary: received 3 responses out of 3 voters: 1 yes votes; 2 no votes. yes voters: 57a4b64006cb49c3857133293178966f; no voters: a09b404ec560443187f5408017b12829, bcdabd93be854995b0604df9b22f2761
I20260709 14:50:06.768718 19077 raft_consensus.cc:515] T 81130d67d18a49a08512bbb5a614356c P 57a4b64006cb49c3857133293178966f [term 0 FOLLOWER]: Starting pre-election with config: opid_index: -1 OBSOLETE_local: false peers { permanent_uuid: "a09b404ec560443187f5408017b12829" member_type: VOTER last_known_addr { host: "127.17.65.65" port: 42853 } } peers { permanent_uuid: "bcdabd93be854995b0604df9b22f2761" member_type: VOTER last_known_addr { host: "127.17.65.66" port: 44285 } } peers { permanent_uuid: "57a4b64006cb49c3857133293178966f" member_type: VOTER last_known_addr { host: "127.17.65.67" port: 41903 } }
I20260709 14:50:06.775965 19077 leader_election.cc:290] T 81130d67d18a49a08512bbb5a614356c P 57a4b64006cb49c3857133293178966f [CANDIDATE]: Term 1 pre-election: Requested pre-vote from peers a09b404ec560443187f5408017b12829 (127.17.65.65:42853), bcdabd93be854995b0604df9b22f2761 (127.17.65.66:44285)
I20260709 14:50:06.780980 19077 raft_consensus.cc:2749] T 74f272e64d3d4cfea380202458d1275f P 57a4b64006cb49c3857133293178966f [term 0 FOLLOWER]: Leader pre-election lost for term 1. Reason: could not achieve majority
I20260709 14:50:06.786149 19121 consensus_queue.cc:1048] T 7e234b499e664b909e9af16b0d357672 P bcdabd93be854995b0604df9b22f2761 [LEADER]: Connected to new peer: Peer: permanent_uuid: "a09b404ec560443187f5408017b12829" member_type: VOTER last_known_addr { host: "127.17.65.65" port: 42853 }, Status: LMP_MISMATCH, Last received: 0.0, Next index: 1, Last known committed idx: 0, Time since last communication: 0.000s
I20260709 14:50:06.787947 19077 raft_consensus.cc:493] T 28347a2e1b0a4b46b0402ba902fae0cf P 57a4b64006cb49c3857133293178966f [term 0 FOLLOWER]: Starting pre-election (no leader contacted us within the election timeout)
I20260709 14:50:06.788450 19077 raft_consensus.cc:515] T 28347a2e1b0a4b46b0402ba902fae0cf P 57a4b64006cb49c3857133293178966f [term 0 FOLLOWER]: Starting pre-election with config: opid_index: -1 OBSOLETE_local: false peers { permanent_uuid: "a09b404ec560443187f5408017b12829" member_type: VOTER last_known_addr { host: "127.17.65.65" port: 42853 } } peers { permanent_uuid: "bcdabd93be854995b0604df9b22f2761" member_type: VOTER last_known_addr { host: "127.17.65.66" port: 44285 } } peers { permanent_uuid: "57a4b64006cb49c3857133293178966f" member_type: VOTER last_known_addr { host: "127.17.65.67" port: 41903 } }
I20260709 14:50:06.789886 18977 consensus_queue.cc:1048] T 546f09aca6644c0d81386057cbd78e32 P 57a4b64006cb49c3857133293178966f [LEADER]: Connected to new peer: Peer: permanent_uuid: "bcdabd93be854995b0604df9b22f2761" member_type: VOTER last_known_addr { host: "127.17.65.66" port: 44285 }, Status: LMP_MISMATCH, Last received: 0.0, Next index: 1, Last known committed idx: 0, Time since last communication: 0.000s
I20260709 14:50:06.781823 18765 tablet_service.cc:1917] Received RequestConsensusVote() RPC: tablet_id: "81130d67d18a49a08512bbb5a614356c" candidate_uuid: "57a4b64006cb49c3857133293178966f" candidate_term: 1 candidate_status { last_received { term: 0 index: 0 } } ignore_live_leader: false dest_uuid: "a09b404ec560443187f5408017b12829" is_pre_election: true
I20260709 14:50:06.790992 18765 raft_consensus.cc:2468] T 81130d67d18a49a08512bbb5a614356c P a09b404ec560443187f5408017b12829 [term 0 FOLLOWER]: Leader pre-election vote request: Granting yes vote for candidate 57a4b64006cb49c3857133293178966f in term 0.
I20260709 14:50:06.791133 18772 tablet_service.cc:1917] Received RequestConsensusVote() RPC: tablet_id: "28347a2e1b0a4b46b0402ba902fae0cf" candidate_uuid: "57a4b64006cb49c3857133293178966f" candidate_term: 1 candidate_status { last_received { term: 0 index: 0 } } ignore_live_leader: false dest_uuid: "a09b404ec560443187f5408017b12829" is_pre_election: true
I20260709 14:50:06.792765 18885 leader_election.cc:304] T 81130d67d18a49a08512bbb5a614356c P 57a4b64006cb49c3857133293178966f [CANDIDATE]: Term 1 pre-election: Election decided. Result: candidate won. Election summary: received 2 responses out of 3 voters: 2 yes votes; 0 no votes. yes voters: 57a4b64006cb49c3857133293178966f, a09b404ec560443187f5408017b12829; no voters: 
W20260709 14:50:06.793731 18885 leader_election.cc:343] T 28347a2e1b0a4b46b0402ba902fae0cf P 57a4b64006cb49c3857133293178966f [CANDIDATE]: Term 1 pre-election: Tablet error from VoteRequest() call to peer a09b404ec560443187f5408017b12829 (127.17.65.65:42853): Illegal state: must be running to vote when last-logged opid is not known
W20260709 14:50:06.796634 18738 consensus_peers.cc:597] T 1a3ed48c64154ba4af8e4cabb9689f26 P a09b404ec560443187f5408017b12829 -> Peer bcdabd93be854995b0604df9b22f2761 (127.17.65.66:44285): Couldn't send request to peer bcdabd93be854995b0604df9b22f2761. Error code: TABLET_NOT_RUNNING (12). Status: Illegal state: Tablet not RUNNING: INITIALIZED. This is attempt 1: this message will repeat every 5th retry.
I20260709 14:50:06.802682 18977 raft_consensus.cc:2804] T 81130d67d18a49a08512bbb5a614356c P 57a4b64006cb49c3857133293178966f [term 0 FOLLOWER]: Leader pre-election won for term 1
I20260709 14:50:06.807077 18977 raft_consensus.cc:493] T 81130d67d18a49a08512bbb5a614356c P 57a4b64006cb49c3857133293178966f [term 0 FOLLOWER]: Starting leader election (no leader contacted us within the election timeout)
I20260709 14:50:06.801852 18669 catalog_manager.cc:5697] T 0834d80da1b540ad8bb21a617ae66a7f P 57a4b64006cb49c3857133293178966f reported cstate change: term changed from 0 to 1, leader changed from <none> to 57a4b64006cb49c3857133293178966f (127.17.65.67). New cstate: current_term: 1 leader_uuid: "57a4b64006cb49c3857133293178966f" committed_config { opid_index: -1 OBSOLETE_local: false peers { permanent_uuid: "a09b404ec560443187f5408017b12829" member_type: VOTER last_known_addr { host: "127.17.65.65" port: 42853 } health_report { overall_health: UNKNOWN } } peers { permanent_uuid: "bcdabd93be854995b0604df9b22f2761" member_type: VOTER last_known_addr { host: "127.17.65.66" port: 44285 } health_report { overall_health: UNKNOWN } } peers { permanent_uuid: "57a4b64006cb49c3857133293178966f" member_type: VOTER last_known_addr { host: "127.17.65.67" port: 41903 } health_report { overall_health: HEALTHY } } }
I20260709 14:50:06.807550 18977 raft_consensus.cc:3060] T 81130d67d18a49a08512bbb5a614356c P 57a4b64006cb49c3857133293178966f [term 0 FOLLOWER]: Advancing to term 1
I20260709 14:50:06.817348 18977 raft_consensus.cc:515] T 81130d67d18a49a08512bbb5a614356c P 57a4b64006cb49c3857133293178966f [term 1 FOLLOWER]: Starting leader election with config: opid_index: -1 OBSOLETE_local: false peers { permanent_uuid: "a09b404ec560443187f5408017b12829" member_type: VOTER last_known_addr { host: "127.17.65.65" port: 42853 } } peers { permanent_uuid: "bcdabd93be854995b0604df9b22f2761" member_type: VOTER last_known_addr { host: "127.17.65.66" port: 44285 } } peers { permanent_uuid: "57a4b64006cb49c3857133293178966f" member_type: VOTER last_known_addr { host: "127.17.65.67" port: 41903 } }
I20260709 14:50:06.821529 18765 tablet_service.cc:1917] Received RequestConsensusVote() RPC: tablet_id: "81130d67d18a49a08512bbb5a614356c" candidate_uuid: "57a4b64006cb49c3857133293178966f" candidate_term: 1 candidate_status { last_received { term: 0 index: 0 } } ignore_live_leader: false dest_uuid: "a09b404ec560443187f5408017b12829"
I20260709 14:50:06.822207 18765 raft_consensus.cc:3060] T 81130d67d18a49a08512bbb5a614356c P a09b404ec560443187f5408017b12829 [term 0 FOLLOWER]: Advancing to term 1
I20260709 14:50:06.827566 18765 raft_consensus.cc:2468] T 81130d67d18a49a08512bbb5a614356c P a09b404ec560443187f5408017b12829 [term 1 FOLLOWER]: Leader election vote request: Granting yes vote for candidate 57a4b64006cb49c3857133293178966f in term 1.
I20260709 14:50:06.828065 18843 tablet_service.cc:1917] Received RequestConsensusVote() RPC: tablet_id: "81130d67d18a49a08512bbb5a614356c" candidate_uuid: "57a4b64006cb49c3857133293178966f" candidate_term: 1 candidate_status { last_received { term: 0 index: 0 } } ignore_live_leader: false dest_uuid: "bcdabd93be854995b0604df9b22f2761" is_pre_election: true
I20260709 14:50:06.829174 18962 tablet_bootstrap.cc:492] T 69b0c046ea444ac9b35bd418b0f04888 P a09b404ec560443187f5408017b12829: No bootstrap required, opened a new log
I20260709 14:50:06.829622 18962 ts_tablet_manager.cc:1403] T 69b0c046ea444ac9b35bd418b0f04888 P a09b404ec560443187f5408017b12829: Time spent bootstrapping tablet: real 0.113s	user 0.012s	sys 0.011s
I20260709 14:50:06.831933 18843 raft_consensus.cc:2468] T 81130d67d18a49a08512bbb5a614356c P bcdabd93be854995b0604df9b22f2761 [term 0 FOLLOWER]: Leader pre-election vote request: Granting yes vote for candidate 57a4b64006cb49c3857133293178966f in term 0.
I20260709 14:50:06.833649 18964 tablet_bootstrap.cc:492] T 74f272e64d3d4cfea380202458d1275f P bcdabd93be854995b0604df9b22f2761: No bootstrap required, opened a new log
I20260709 14:50:06.834120 18964 ts_tablet_manager.cc:1403] T 74f272e64d3d4cfea380202458d1275f P bcdabd93be854995b0604df9b22f2761: Time spent bootstrapping tablet: real 0.120s	user 0.005s	sys 0.012s
I20260709 14:50:06.836083 18885 leader_election.cc:304] T 81130d67d18a49a08512bbb5a614356c P 57a4b64006cb49c3857133293178966f [CANDIDATE]: Term 1 election: Election decided. Result: candidate won. Election summary: received 2 responses out of 3 voters: 2 yes votes; 0 no votes. yes voters: 57a4b64006cb49c3857133293178966f, a09b404ec560443187f5408017b12829; no voters: 
I20260709 14:50:06.839031 19212 raft_consensus.cc:2804] T 81130d67d18a49a08512bbb5a614356c P 57a4b64006cb49c3857133293178966f [term 1 FOLLOWER]: Leader election won for term 1
I20260709 14:50:06.840921 18964 raft_consensus.cc:359] T 74f272e64d3d4cfea380202458d1275f P bcdabd93be854995b0604df9b22f2761 [term 0 FOLLOWER]: Replica starting. Triggering 0 pending ops. Active config: opid_index: -1 OBSOLETE_local: false peers { permanent_uuid: "a09b404ec560443187f5408017b12829" member_type: VOTER last_known_addr { host: "127.17.65.65" port: 42853 } } peers { permanent_uuid: "bcdabd93be854995b0604df9b22f2761" member_type: VOTER last_known_addr { host: "127.17.65.66" port: 44285 } } peers { permanent_uuid: "57a4b64006cb49c3857133293178966f" member_type: VOTER last_known_addr { host: "127.17.65.67" port: 41903 } }
I20260709 14:50:06.841746 18964 raft_consensus.cc:385] T 74f272e64d3d4cfea380202458d1275f P bcdabd93be854995b0604df9b22f2761 [term 0 FOLLOWER]: Consensus starting up: Expiring failure detector timer to make a prompt election more likely
I20260709 14:50:06.842096 18964 raft_consensus.cc:740] T 74f272e64d3d4cfea380202458d1275f P bcdabd93be854995b0604df9b22f2761 [term 0 FOLLOWER]: Becoming Follower/Learner. State: Replica: bcdabd93be854995b0604df9b22f2761, State: Initialized, Role: FOLLOWER
I20260709 14:50:06.842939 18964 consensus_queue.cc:260] T 74f272e64d3d4cfea380202458d1275f P bcdabd93be854995b0604df9b22f2761 [NON_LEADER]: Queue going to NON_LEADER mode. State: All replicated index: 0, Majority replicated index: 0, Committed index: 0, Last appended: 0.0, Last appended by leader: 0, Current term: 0, Majority size: -1, State: 0, Mode: NON_LEADER, active raft config: opid_index: -1 OBSOLETE_local: false peers { permanent_uuid: "a09b404ec560443187f5408017b12829" member_type: VOTER last_known_addr { host: "127.17.65.65" port: 42853 } } peers { permanent_uuid: "bcdabd93be854995b0604df9b22f2761" member_type: VOTER last_known_addr { host: "127.17.65.66" port: 44285 } } peers { permanent_uuid: "57a4b64006cb49c3857133293178966f" member_type: VOTER last_known_addr { host: "127.17.65.67" port: 41903 } }
I20260709 14:50:06.844954 19039 consensus_queue.cc:1048] T 1a3ed48c64154ba4af8e4cabb9689f26 P a09b404ec560443187f5408017b12829 [LEADER]: Connected to new peer: Peer: permanent_uuid: "57a4b64006cb49c3857133293178966f" member_type: VOTER last_known_addr { host: "127.17.65.67" port: 41903 }, Status: LMP_MISMATCH, Last received: 0.0, Next index: 1, Last known committed idx: 0, Time since last communication: 0.001s
I20260709 14:50:06.846572 18977 leader_election.cc:290] T 81130d67d18a49a08512bbb5a614356c P 57a4b64006cb49c3857133293178966f [CANDIDATE]: Term 1 election: Requested vote from peers a09b404ec560443187f5408017b12829 (127.17.65.65:42853), bcdabd93be854995b0604df9b22f2761 (127.17.65.66:44285)
I20260709 14:50:06.847659 18844 tablet_service.cc:1917] Received RequestConsensusVote() RPC: tablet_id: "81130d67d18a49a08512bbb5a614356c" candidate_uuid: "57a4b64006cb49c3857133293178966f" candidate_term: 1 candidate_status { last_received { term: 0 index: 0 } } ignore_live_leader: false dest_uuid: "bcdabd93be854995b0604df9b22f2761"
I20260709 14:50:06.848304 18844 raft_consensus.cc:3060] T 81130d67d18a49a08512bbb5a614356c P bcdabd93be854995b0604df9b22f2761 [term 0 FOLLOWER]: Advancing to term 1
I20260709 14:50:06.848477 18964 ts_tablet_manager.cc:1434] T 74f272e64d3d4cfea380202458d1275f P bcdabd93be854995b0604df9b22f2761: Time spent starting tablet: real 0.014s	user 0.007s	sys 0.000s
I20260709 14:50:06.845602 18961 tablet_bootstrap.cc:492] T 7e6868e0f4654e9bbf1eacccf4100488 P 57a4b64006cb49c3857133293178966f: No bootstrap required, opened a new log
I20260709 14:50:06.849937 18961 ts_tablet_manager.cc:1403] T 7e6868e0f4654e9bbf1eacccf4100488 P 57a4b64006cb49c3857133293178966f: Time spent bootstrapping tablet: real 0.116s	user 0.012s	sys 0.027s
I20260709 14:50:06.849502 18965 raft_consensus.cc:493] T 69b0c046ea444ac9b35bd418b0f04888 P 57a4b64006cb49c3857133293178966f [term 0 FOLLOWER]: Starting pre-election (no leader contacted us within the election timeout)
I20260709 14:50:06.856144 18964 tablet_bootstrap.cc:492] T 0b33b4d0d8f64fe1b6d3afea8f52d9a1 P bcdabd93be854995b0604df9b22f2761: Bootstrap starting.
I20260709 14:50:06.857226 18965 raft_consensus.cc:515] T 69b0c046ea444ac9b35bd418b0f04888 P 57a4b64006cb49c3857133293178966f [term 0 FOLLOWER]: Starting pre-election with config: opid_index: -1 OBSOLETE_local: false peers { permanent_uuid: "a09b404ec560443187f5408017b12829" member_type: VOTER last_known_addr { host: "127.17.65.65" port: 42853 } } peers { permanent_uuid: "bcdabd93be854995b0604df9b22f2761" member_type: VOTER last_known_addr { host: "127.17.65.66" port: 44285 } } peers { permanent_uuid: "57a4b64006cb49c3857133293178966f" member_type: VOTER last_known_addr { host: "127.17.65.67" port: 41903 } }
