I20260709 14:49:48.919883 11555 catalog_manager.cc:5697] T 8110d697c1c048bdbb0a10e244c86cf7 P 597742ca8dde44a6b3d371b8c0391253 reported cstate change: term changed from 2 to 3, leader changed from 8c1c166b0916429792a1e8249105fbc8 (127.10.192.3) to 597742ca8dde44a6b3d371b8c0391253 (127.10.192.1). New cstate: current_term: 3 leader_uuid: "597742ca8dde44a6b3d371b8c0391253" committed_config { opid_index: -1 OBSOLETE_local: false peers { permanent_uuid: "597742ca8dde44a6b3d371b8c0391253" member_type: VOTER last_known_addr { host: "127.10.192.1" port: 38633 } health_report { overall_health: HEALTHY } } peers { permanent_uuid: "a65ab88f95ce41d8978f88d0ef641b8b" member_type: VOTER last_known_addr { host: "127.10.192.2" port: 39653 } health_report { overall_health: UNKNOWN } } peers { permanent_uuid: "8c1c166b0916429792a1e8249105fbc8" member_type: VOTER last_known_addr { host: "127.10.192.3" port: 44951 } health_report { overall_health: UNKNOWN } } }
I20260709 14:49:49.046872 11804 raft_consensus.cc:1275] T 1d39b3e686614f9aae4e4e9e874f9be1 P 8c1c166b0916429792a1e8249105fbc8 [term 3 FOLLOWER]: Refusing update from remote peer 597742ca8dde44a6b3d371b8c0391253: Log matching property violated. Preceding OpId in replica: term: 2 index: 2. Preceding OpId from leader: term: 3 index: 3. (index mismatch)
I20260709 14:49:49.047922 11938 consensus_queue.cc:1048] T 1d39b3e686614f9aae4e4e9e874f9be1 P 597742ca8dde44a6b3d371b8c0391253 [LEADER]: Connected to new peer: Peer: permanent_uuid: "8c1c166b0916429792a1e8249105fbc8" member_type: VOTER last_known_addr { host: "127.10.192.3" port: 44951 }, Status: LMP_MISMATCH, Last received: 0.0, Next index: 3, Last known committed idx: 2, Time since last communication: 0.000s
I20260709 14:49:49.056540 11730 raft_consensus.cc:1275] T 1d39b3e686614f9aae4e4e9e874f9be1 P a65ab88f95ce41d8978f88d0ef641b8b [term 3 FOLLOWER]: Refusing update from remote peer 597742ca8dde44a6b3d371b8c0391253: Log matching property violated. Preceding OpId in replica: term: 2 index: 2. Preceding OpId from leader: term: 3 index: 3. (index mismatch)
I20260709 14:49:49.058166 11938 consensus_queue.cc:1048] T 1d39b3e686614f9aae4e4e9e874f9be1 P 597742ca8dde44a6b3d371b8c0391253 [LEADER]: Connected to new peer: Peer: permanent_uuid: "a65ab88f95ce41d8978f88d0ef641b8b" member_type: VOTER last_known_addr { host: "127.10.192.2" port: 39653 }, Status: LMP_MISMATCH, Last received: 0.0, Next index: 3, Last known committed idx: 2, Time since last communication: 0.000s
I20260709 14:49:49.093473 11803 raft_consensus.cc:1275] T b42f87a2385342899e10da89ce59520d P 8c1c166b0916429792a1e8249105fbc8 [term 3 FOLLOWER]: Refusing update from remote peer 597742ca8dde44a6b3d371b8c0391253: Log matching property violated. Preceding OpId in replica: term: 2 index: 2. Preceding OpId from leader: term: 3 index: 3. (index mismatch)
I20260709 14:49:49.094662 11938 consensus_queue.cc:1048] T b42f87a2385342899e10da89ce59520d P 597742ca8dde44a6b3d371b8c0391253 [LEADER]: Connected to new peer: Peer: permanent_uuid: "8c1c166b0916429792a1e8249105fbc8" member_type: VOTER last_known_addr { host: "127.10.192.3" port: 44951 }, Status: LMP_MISMATCH, Last received: 0.0, Next index: 3, Last known committed idx: 2, Time since last communication: 0.000s
I20260709 14:49:49.102751 11730 raft_consensus.cc:1275] T b42f87a2385342899e10da89ce59520d P a65ab88f95ce41d8978f88d0ef641b8b [term 3 FOLLOWER]: Refusing update from remote peer 597742ca8dde44a6b3d371b8c0391253: Log matching property violated. Preceding OpId in replica: term: 2 index: 2. Preceding OpId from leader: term: 3 index: 3. (index mismatch)
I20260709 14:49:49.104439 11967 consensus_queue.cc:1048] T b42f87a2385342899e10da89ce59520d P 597742ca8dde44a6b3d371b8c0391253 [LEADER]: Connected to new peer: Peer: permanent_uuid: "a65ab88f95ce41d8978f88d0ef641b8b" member_type: VOTER last_known_addr { host: "127.10.192.2" port: 39653 }, Status: LMP_MISMATCH, Last received: 0.0, Next index: 3, Last known committed idx: 2, Time since last communication: 0.000s
I20260709 14:49:49.112440 11955 raft_consensus.cc:993] T e672ede6b8b446049e553a4cd3780d4c P a65ab88f95ce41d8978f88d0ef641b8b: : Instructing follower 597742ca8dde44a6b3d371b8c0391253 to start an election
I20260709 14:49:49.112892 11956 raft_consensus.cc:1081] T e672ede6b8b446049e553a4cd3780d4c P a65ab88f95ce41d8978f88d0ef641b8b [term 2 LEADER]: Signalling peer 597742ca8dde44a6b3d371b8c0391253 to start an election
I20260709 14:49:49.114331 11656 tablet_service.cc:2044] Received Run Leader Election RPC: tablet_id: "e672ede6b8b446049e553a4cd3780d4c"
dest_uuid: "597742ca8dde44a6b3d371b8c0391253"
 from {username='slave'} at 127.0.0.1:39902
I20260709 14:49:49.114739 11656 raft_consensus.cc:493] T e672ede6b8b446049e553a4cd3780d4c P 597742ca8dde44a6b3d371b8c0391253 [term 2 FOLLOWER]: Starting forced leader election (received explicit request)
I20260709 14:49:49.114991 11656 raft_consensus.cc:3060] T e672ede6b8b446049e553a4cd3780d4c P 597742ca8dde44a6b3d371b8c0391253 [term 2 FOLLOWER]: Advancing to term 3
I20260709 14:49:49.120458 11656 raft_consensus.cc:515] T e672ede6b8b446049e553a4cd3780d4c P 597742ca8dde44a6b3d371b8c0391253 [term 3 FOLLOWER]: Starting forced leader election with config: opid_index: -1 OBSOLETE_local: false peers { permanent_uuid: "597742ca8dde44a6b3d371b8c0391253" member_type: VOTER last_known_addr { host: "127.10.192.1" port: 38633 } } peers { permanent_uuid: "a65ab88f95ce41d8978f88d0ef641b8b" member_type: VOTER last_known_addr { host: "127.10.192.2" port: 39653 } } peers { permanent_uuid: "8c1c166b0916429792a1e8249105fbc8" member_type: VOTER last_known_addr { host: "127.10.192.3" port: 44951 } }
I20260709 14:49:49.121856 11656 leader_election.cc:290] T e672ede6b8b446049e553a4cd3780d4c P 597742ca8dde44a6b3d371b8c0391253 [CANDIDATE]: Term 3 election: Requested vote from peers a65ab88f95ce41d8978f88d0ef641b8b (127.10.192.2:39653), 8c1c166b0916429792a1e8249105fbc8 (127.10.192.3:44951)
I20260709 14:49:49.122426 11730 tablet_service.cc:1917] Received RequestConsensusVote() RPC: tablet_id: "e672ede6b8b446049e553a4cd3780d4c" candidate_uuid: "597742ca8dde44a6b3d371b8c0391253" candidate_term: 3 candidate_status { last_received { term: 2 index: 2 } } ignore_live_leader: true dest_uuid: "a65ab88f95ce41d8978f88d0ef641b8b"
I20260709 14:49:49.122753 11803 tablet_service.cc:1917] Received RequestConsensusVote() RPC: tablet_id: "e672ede6b8b446049e553a4cd3780d4c" candidate_uuid: "597742ca8dde44a6b3d371b8c0391253" candidate_term: 3 candidate_status { last_received { term: 2 index: 2 } } ignore_live_leader: true dest_uuid: "8c1c166b0916429792a1e8249105fbc8"
I20260709 14:49:49.122948 11730 raft_consensus.cc:3055] T e672ede6b8b446049e553a4cd3780d4c P a65ab88f95ce41d8978f88d0ef641b8b [term 2 LEADER]: Stepping down as leader of term 2
I20260709 14:49:49.123191 11730 raft_consensus.cc:740] T e672ede6b8b446049e553a4cd3780d4c P a65ab88f95ce41d8978f88d0ef641b8b [term 2 LEADER]: Becoming Follower/Learner. State: Replica: a65ab88f95ce41d8978f88d0ef641b8b, State: Running, Role: LEADER
I20260709 14:49:49.123235 11803 raft_consensus.cc:3060] T e672ede6b8b446049e553a4cd3780d4c P 8c1c166b0916429792a1e8249105fbc8 [term 2 FOLLOWER]: Advancing to term 3
I20260709 14:49:49.123788 11730 consensus_queue.cc:260] T e672ede6b8b446049e553a4cd3780d4c P a65ab88f95ce41d8978f88d0ef641b8b [NON_LEADER]: Queue going to NON_LEADER mode. State: All replicated index: 0, Majority replicated index: 2, Committed index: 2, Last appended: 2.2, Last appended by leader: 2, Current term: 2, Majority size: -1, State: 0, Mode: NON_LEADER, active raft config: opid_index: -1 OBSOLETE_local: false peers { permanent_uuid: "597742ca8dde44a6b3d371b8c0391253" member_type: VOTER last_known_addr { host: "127.10.192.1" port: 38633 } } peers { permanent_uuid: "a65ab88f95ce41d8978f88d0ef641b8b" member_type: VOTER last_known_addr { host: "127.10.192.2" port: 39653 } } peers { permanent_uuid: "8c1c166b0916429792a1e8249105fbc8" member_type: VOTER last_known_addr { host: "127.10.192.3" port: 44951 } }
I20260709 14:49:49.124533 11730 raft_consensus.cc:3060] T e672ede6b8b446049e553a4cd3780d4c P a65ab88f95ce41d8978f88d0ef641b8b [term 2 FOLLOWER]: Advancing to term 3
I20260709 14:49:49.127511 11803 raft_consensus.cc:2468] T e672ede6b8b446049e553a4cd3780d4c P 8c1c166b0916429792a1e8249105fbc8 [term 3 FOLLOWER]: Leader election vote request: Granting yes vote for candidate 597742ca8dde44a6b3d371b8c0391253 in term 3.
I20260709 14:49:49.128309 11730 raft_consensus.cc:2468] T e672ede6b8b446049e553a4cd3780d4c P a65ab88f95ce41d8978f88d0ef641b8b [term 3 FOLLOWER]: Leader election vote request: Granting yes vote for candidate 597742ca8dde44a6b3d371b8c0391253 in term 3.
I20260709 14:49:49.128551 11622 leader_election.cc:304] T e672ede6b8b446049e553a4cd3780d4c P 597742ca8dde44a6b3d371b8c0391253 [CANDIDATE]: Term 3 election: Election decided. Result: candidate won. Election summary: received 2 responses out of 3 voters: 2 yes votes; 0 no votes. yes voters: 597742ca8dde44a6b3d371b8c0391253, 8c1c166b0916429792a1e8249105fbc8; no voters: 
I20260709 14:49:49.129243 11967 raft_consensus.cc:2804] T e672ede6b8b446049e553a4cd3780d4c P 597742ca8dde44a6b3d371b8c0391253 [term 3 FOLLOWER]: Leader election won for term 3
I20260709 14:49:49.129693 11967 raft_consensus.cc:697] T e672ede6b8b446049e553a4cd3780d4c P 597742ca8dde44a6b3d371b8c0391253 [term 3 LEADER]: Becoming Leader. State: Replica: 597742ca8dde44a6b3d371b8c0391253, State: Running, Role: LEADER
I20260709 14:49:49.130730 11967 consensus_queue.cc:237] T e672ede6b8b446049e553a4cd3780d4c P 597742ca8dde44a6b3d371b8c0391253 [LEADER]: Queue going to LEADER mode. State: All replicated index: 0, Majority replicated index: 2, Committed index: 2, Last appended: 2.2, Last appended by leader: 2, Current term: 3, Majority size: 2, State: 0, Mode: LEADER, active raft config: opid_index: -1 OBSOLETE_local: false peers { permanent_uuid: "597742ca8dde44a6b3d371b8c0391253" member_type: VOTER last_known_addr { host: "127.10.192.1" port: 38633 } } peers { permanent_uuid: "a65ab88f95ce41d8978f88d0ef641b8b" member_type: VOTER last_known_addr { host: "127.10.192.2" port: 39653 } } peers { permanent_uuid: "8c1c166b0916429792a1e8249105fbc8" member_type: VOTER last_known_addr { host: "127.10.192.3" port: 44951 } }
I20260709 14:49:49.136286 11553 catalog_manager.cc:5697] T e672ede6b8b446049e553a4cd3780d4c P 597742ca8dde44a6b3d371b8c0391253 reported cstate change: term changed from 2 to 3, leader changed from a65ab88f95ce41d8978f88d0ef641b8b (127.10.192.2) to 597742ca8dde44a6b3d371b8c0391253 (127.10.192.1). New cstate: current_term: 3 leader_uuid: "597742ca8dde44a6b3d371b8c0391253" committed_config { opid_index: -1 OBSOLETE_local: false peers { permanent_uuid: "597742ca8dde44a6b3d371b8c0391253" member_type: VOTER last_known_addr { host: "127.10.192.1" port: 38633 } health_report { overall_health: HEALTHY } } peers { permanent_uuid: "a65ab88f95ce41d8978f88d0ef641b8b" member_type: VOTER last_known_addr { host: "127.10.192.2" port: 39653 } health_report { overall_health: UNKNOWN } } peers { permanent_uuid: "8c1c166b0916429792a1e8249105fbc8" member_type: VOTER last_known_addr { host: "127.10.192.3" port: 44951 } health_report { overall_health: UNKNOWN } } }
I20260709 14:49:49.302392 11803 raft_consensus.cc:1275] T 8110d697c1c048bdbb0a10e244c86cf7 P 8c1c166b0916429792a1e8249105fbc8 [term 3 FOLLOWER]: Refusing update from remote peer 597742ca8dde44a6b3d371b8c0391253: Log matching property violated. Preceding OpId in replica: term: 2 index: 2. Preceding OpId from leader: term: 3 index: 3. (index mismatch)
I20260709 14:49:49.303540 11967 consensus_queue.cc:1048] T 8110d697c1c048bdbb0a10e244c86cf7 P 597742ca8dde44a6b3d371b8c0391253 [LEADER]: Connected to new peer: Peer: permanent_uuid: "8c1c166b0916429792a1e8249105fbc8" member_type: VOTER last_known_addr { host: "127.10.192.3" port: 44951 }, Status: LMP_MISMATCH, Last received: 0.0, Next index: 3, Last known committed idx: 2, Time since last communication: 0.000s
I20260709 14:49:49.312733 11730 raft_consensus.cc:1275] T 8110d697c1c048bdbb0a10e244c86cf7 P a65ab88f95ce41d8978f88d0ef641b8b [term 3 FOLLOWER]: Refusing update from remote peer 597742ca8dde44a6b3d371b8c0391253: Log matching property violated. Preceding OpId in replica: term: 2 index: 2. Preceding OpId from leader: term: 3 index: 3. (index mismatch)
I20260709 14:49:49.314023 11967 consensus_queue.cc:1048] T 8110d697c1c048bdbb0a10e244c86cf7 P 597742ca8dde44a6b3d371b8c0391253 [LEADER]: Connected to new peer: Peer: permanent_uuid: "a65ab88f95ce41d8978f88d0ef641b8b" member_type: VOTER last_known_addr { host: "127.10.192.2" port: 39653 }, Status: LMP_MISMATCH, Last received: 0.0, Next index: 3, Last known committed idx: 2, Time since last communication: 0.000s
I20260709 14:49:49.361765 11730 raft_consensus.cc:1275] T 004de6004163479793761e0aee9a8b57 P a65ab88f95ce41d8978f88d0ef641b8b [term 3 FOLLOWER]: Refusing update from remote peer 597742ca8dde44a6b3d371b8c0391253: Log matching property violated. Preceding OpId in replica: term: 2 index: 2. Preceding OpId from leader: term: 3 index: 3. (index mismatch)
I20260709 14:49:49.362767 11967 consensus_queue.cc:1048] T 004de6004163479793761e0aee9a8b57 P 597742ca8dde44a6b3d371b8c0391253 [LEADER]: Connected to new peer: Peer: permanent_uuid: "a65ab88f95ce41d8978f88d0ef641b8b" member_type: VOTER last_known_addr { host: "127.10.192.2" port: 39653 }, Status: LMP_MISMATCH, Last received: 0.0, Next index: 3, Last known committed idx: 2, Time since last communication: 0.000s
I20260709 14:49:49.370396 11803 raft_consensus.cc:1275] T 004de6004163479793761e0aee9a8b57 P 8c1c166b0916429792a1e8249105fbc8 [term 3 FOLLOWER]: Refusing update from remote peer 597742ca8dde44a6b3d371b8c0391253: Log matching property violated. Preceding OpId in replica: term: 2 index: 2. Preceding OpId from leader: term: 3 index: 3. (index mismatch)
I20260709 14:49:49.372008 11967 consensus_queue.cc:1048] T 004de6004163479793761e0aee9a8b57 P 597742ca8dde44a6b3d371b8c0391253 [LEADER]: Connected to new peer: Peer: permanent_uuid: "8c1c166b0916429792a1e8249105fbc8" member_type: VOTER last_known_addr { host: "127.10.192.3" port: 44951 }, Status: LMP_MISMATCH, Last received: 0.0, Next index: 3, Last known committed idx: 2, Time since last communication: 0.000s
I20260709 14:49:49.534000 11730 raft_consensus.cc:1275] T e672ede6b8b446049e553a4cd3780d4c P a65ab88f95ce41d8978f88d0ef641b8b [term 3 FOLLOWER]: Refusing update from remote peer 597742ca8dde44a6b3d371b8c0391253: Log matching property violated. Preceding OpId in replica: term: 2 index: 2. Preceding OpId from leader: term: 3 index: 3. (index mismatch)
I20260709 14:49:49.535110 11967 consensus_queue.cc:1048] T e672ede6b8b446049e553a4cd3780d4c P 597742ca8dde44a6b3d371b8c0391253 [LEADER]: Connected to new peer: Peer: permanent_uuid: "a65ab88f95ce41d8978f88d0ef641b8b" member_type: VOTER last_known_addr { host: "127.10.192.2" port: 39653 }, Status: LMP_MISMATCH, Last received: 0.0, Next index: 3, Last known committed idx: 2, Time since last communication: 0.000s
I20260709 14:49:49.543242 11803 raft_consensus.cc:1275] T e672ede6b8b446049e553a4cd3780d4c P 8c1c166b0916429792a1e8249105fbc8 [term 3 FOLLOWER]: Refusing update from remote peer 597742ca8dde44a6b3d371b8c0391253: Log matching property violated. Preceding OpId in replica: term: 2 index: 2. Preceding OpId from leader: term: 3 index: 3. (index mismatch)
I20260709 14:49:49.544435 11957 consensus_queue.cc:1048] T e672ede6b8b446049e553a4cd3780d4c P 597742ca8dde44a6b3d371b8c0391253 [LEADER]: Connected to new peer: Peer: permanent_uuid: "8c1c166b0916429792a1e8249105fbc8" member_type: VOTER last_known_addr { host: "127.10.192.3" port: 44951 }, Status: LMP_MISMATCH, Last received: 0.0, Next index: 3, Last known committed idx: 2, Time since last communication: 0.000s
I20260709 14:49:51.555264 11008 auto_leader_rebalancer.cc:141] leader rebalance for table test-workload
I20260709 14:49:51.564182 11656 tablet_service.cc:2072] Received LeaderStepDown RPC: tablet_id: "004de6004163479793761e0aee9a8b57"
dest_uuid: "597742ca8dde44a6b3d371b8c0391253"
mode: GRACEFUL
new_leader_uuid: "8c1c166b0916429792a1e8249105fbc8"
 from {username='slave'} at 127.0.0.1:39914
I20260709 14:49:51.564903 11656 raft_consensus.cc:606] T 004de6004163479793761e0aee9a8b57 P 597742ca8dde44a6b3d371b8c0391253 [term 3 LEADER]: Received request to transfer leadership to TS 8c1c166b0916429792a1e8249105fbc8
I20260709 14:49:51.567426 11656 tablet_service.cc:2072] Received LeaderStepDown RPC: tablet_id: "0e02b3ffeaa3436f91fab17b7364d1cf"
dest_uuid: "597742ca8dde44a6b3d371b8c0391253"
mode: GRACEFUL
new_leader_uuid: "a65ab88f95ce41d8978f88d0ef641b8b"
 from {username='slave'} at 127.0.0.1:39914
I20260709 14:49:51.567914 11656 raft_consensus.cc:606] T 0e02b3ffeaa3436f91fab17b7364d1cf P 597742ca8dde44a6b3d371b8c0391253 [term 1 LEADER]: Received request to transfer leadership to TS a65ab88f95ce41d8978f88d0ef641b8b
I20260709 14:49:51.569895 11656 tablet_service.cc:2072] Received LeaderStepDown RPC: tablet_id: "1d39b3e686614f9aae4e4e9e874f9be1"
dest_uuid: "597742ca8dde44a6b3d371b8c0391253"
mode: GRACEFUL
new_leader_uuid: "8c1c166b0916429792a1e8249105fbc8"
 from {username='slave'} at 127.0.0.1:39914
I20260709 14:49:51.570312 11656 raft_consensus.cc:606] T 1d39b3e686614f9aae4e4e9e874f9be1 P 597742ca8dde44a6b3d371b8c0391253 [term 3 LEADER]: Received request to transfer leadership to TS 8c1c166b0916429792a1e8249105fbc8
I20260709 14:49:51.572248 11656 tablet_service.cc:2072] Received LeaderStepDown RPC: tablet_id: "b42f87a2385342899e10da89ce59520d"
dest_uuid: "597742ca8dde44a6b3d371b8c0391253"
mode: GRACEFUL
new_leader_uuid: "a65ab88f95ce41d8978f88d0ef641b8b"
 from {username='slave'} at 127.0.0.1:39914
I20260709 14:49:51.572664 11656 raft_consensus.cc:606] T b42f87a2385342899e10da89ce59520d P 597742ca8dde44a6b3d371b8c0391253 [term 3 LEADER]: Received request to transfer leadership to TS a65ab88f95ce41d8978f88d0ef641b8b
I20260709 14:49:51.573572 11008 auto_leader_rebalancer.cc:452] table: test-workload, leader rebalance finish, leader transfer count: 4
I20260709 14:49:51.573967 11008 auto_leader_rebalancer.cc:527] All tables' leader rebalancing finished this round
I20260709 14:49:51.596276 11957 raft_consensus.cc:993] T b42f87a2385342899e10da89ce59520d P 597742ca8dde44a6b3d371b8c0391253: : Instructing follower a65ab88f95ce41d8978f88d0ef641b8b to start an election
I20260709 14:49:51.596787 11977 raft_consensus.cc:1081] T b42f87a2385342899e10da89ce59520d P 597742ca8dde44a6b3d371b8c0391253 [term 3 LEADER]: Signalling peer a65ab88f95ce41d8978f88d0ef641b8b to start an election
I20260709 14:49:51.598194 11730 tablet_service.cc:2044] Received Run Leader Election RPC: tablet_id: "b42f87a2385342899e10da89ce59520d"
dest_uuid: "a65ab88f95ce41d8978f88d0ef641b8b"
 from {username='slave'} at 127.0.0.1:33472
I20260709 14:49:51.598587 11730 raft_consensus.cc:493] T b42f87a2385342899e10da89ce59520d P a65ab88f95ce41d8978f88d0ef641b8b [term 3 FOLLOWER]: Starting forced leader election (received explicit request)
I20260709 14:49:51.598846 11730 raft_consensus.cc:3060] T b42f87a2385342899e10da89ce59520d P a65ab88f95ce41d8978f88d0ef641b8b [term 3 FOLLOWER]: Advancing to term 4
I20260709 14:49:51.603749 11730 raft_consensus.cc:515] T b42f87a2385342899e10da89ce59520d P a65ab88f95ce41d8978f88d0ef641b8b [term 4 FOLLOWER]: Starting forced leader election with config: opid_index: -1 OBSOLETE_local: false peers { permanent_uuid: "597742ca8dde44a6b3d371b8c0391253" member_type: VOTER last_known_addr { host: "127.10.192.1" port: 38633 } } peers { permanent_uuid: "a65ab88f95ce41d8978f88d0ef641b8b" member_type: VOTER last_known_addr { host: "127.10.192.2" port: 39653 } } peers { permanent_uuid: "8c1c166b0916429792a1e8249105fbc8" member_type: VOTER last_known_addr { host: "127.10.192.3" port: 44951 } }
I20260709 14:49:51.605149 11730 leader_election.cc:290] T b42f87a2385342899e10da89ce59520d P a65ab88f95ce41d8978f88d0ef641b8b [CANDIDATE]: Term 4 election: Requested vote from peers 597742ca8dde44a6b3d371b8c0391253 (127.10.192.1:38633), 8c1c166b0916429792a1e8249105fbc8 (127.10.192.3:44951)
I20260709 14:49:51.606061 11656 tablet_service.cc:1917] Received RequestConsensusVote() RPC: tablet_id: "b42f87a2385342899e10da89ce59520d" candidate_uuid: "a65ab88f95ce41d8978f88d0ef641b8b" candidate_term: 4 candidate_status { last_received { term: 3 index: 3 } } ignore_live_leader: true dest_uuid: "597742ca8dde44a6b3d371b8c0391253"
I20260709 14:49:51.606451 11804 tablet_service.cc:1917] Received RequestConsensusVote() RPC: tablet_id: "b42f87a2385342899e10da89ce59520d" candidate_uuid: "a65ab88f95ce41d8978f88d0ef641b8b" candidate_term: 4 candidate_status { last_received { term: 3 index: 3 } } ignore_live_leader: true dest_uuid: "8c1c166b0916429792a1e8249105fbc8"
I20260709 14:49:51.606727 11656 raft_consensus.cc:3055] T b42f87a2385342899e10da89ce59520d P 597742ca8dde44a6b3d371b8c0391253 [term 3 LEADER]: Stepping down as leader of term 3
I20260709 14:49:51.606900 11804 raft_consensus.cc:3060] T b42f87a2385342899e10da89ce59520d P 8c1c166b0916429792a1e8249105fbc8 [term 3 FOLLOWER]: Advancing to term 4
I20260709 14:49:51.607036 11656 raft_consensus.cc:740] T b42f87a2385342899e10da89ce59520d P 597742ca8dde44a6b3d371b8c0391253 [term 3 LEADER]: Becoming Follower/Learner. State: Replica: 597742ca8dde44a6b3d371b8c0391253, State: Running, Role: LEADER
I20260709 14:49:51.607800 11656 consensus_queue.cc:260] T b42f87a2385342899e10da89ce59520d P 597742ca8dde44a6b3d371b8c0391253 [NON_LEADER]: Queue going to NON_LEADER mode. State: All replicated index: 0, Majority replicated index: 3, Committed index: 3, Last appended: 3.3, Last appended by leader: 3, Current term: 3, Majority size: -1, State: 0, Mode: NON_LEADER, active raft config: opid_index: -1 OBSOLETE_local: false peers { permanent_uuid: "597742ca8dde44a6b3d371b8c0391253" member_type: VOTER last_known_addr { host: "127.10.192.1" port: 38633 } } peers { permanent_uuid: "a65ab88f95ce41d8978f88d0ef641b8b" member_type: VOTER last_known_addr { host: "127.10.192.2" port: 39653 } } peers { permanent_uuid: "8c1c166b0916429792a1e8249105fbc8" member_type: VOTER last_known_addr { host: "127.10.192.3" port: 44951 } }
I20260709 14:49:51.608764 11656 raft_consensus.cc:3060] T b42f87a2385342899e10da89ce59520d P 597742ca8dde44a6b3d371b8c0391253 [term 3 FOLLOWER]: Advancing to term 4
I20260709 14:49:51.612655 11804 raft_consensus.cc:2468] T b42f87a2385342899e10da89ce59520d P 8c1c166b0916429792a1e8249105fbc8 [term 4 FOLLOWER]: Leader election vote request: Granting yes vote for candidate a65ab88f95ce41d8978f88d0ef641b8b in term 4.
I20260709 14:49:51.613349 11656 raft_consensus.cc:2468] T b42f87a2385342899e10da89ce59520d P 597742ca8dde44a6b3d371b8c0391253 [term 4 FOLLOWER]: Leader election vote request: Granting yes vote for candidate a65ab88f95ce41d8978f88d0ef641b8b in term 4.
I20260709 14:49:51.613885 11697 leader_election.cc:304] T b42f87a2385342899e10da89ce59520d P a65ab88f95ce41d8978f88d0ef641b8b [CANDIDATE]: Term 4 election: Election decided. Result: candidate won. Election summary: received 2 responses out of 3 voters: 2 yes votes; 0 no votes. yes voters: 8c1c166b0916429792a1e8249105fbc8, a65ab88f95ce41d8978f88d0ef641b8b; no voters: 
I20260709 14:49:51.614568 11956 raft_consensus.cc:2804] T b42f87a2385342899e10da89ce59520d P a65ab88f95ce41d8978f88d0ef641b8b [term 4 FOLLOWER]: Leader election won for term 4
I20260709 14:49:51.615422 11956 raft_consensus.cc:697] T b42f87a2385342899e10da89ce59520d P a65ab88f95ce41d8978f88d0ef641b8b [term 4 LEADER]: Becoming Leader. State: Replica: a65ab88f95ce41d8978f88d0ef641b8b, State: Running, Role: LEADER
I20260709 14:49:51.616289 11956 consensus_queue.cc:237] T b42f87a2385342899e10da89ce59520d P a65ab88f95ce41d8978f88d0ef641b8b [LEADER]: Queue going to LEADER mode. State: All replicated index: 0, Majority replicated index: 3, Committed index: 3, Last appended: 3.3, Last appended by leader: 3, Current term: 4, Majority size: 2, State: 0, Mode: LEADER, active raft config: opid_index: -1 OBSOLETE_local: false peers { permanent_uuid: "597742ca8dde44a6b3d371b8c0391253" member_type: VOTER last_known_addr { host: "127.10.192.1" port: 38633 } } peers { permanent_uuid: "a65ab88f95ce41d8978f88d0ef641b8b" member_type: VOTER last_known_addr { host: "127.10.192.2" port: 39653 } } peers { permanent_uuid: "8c1c166b0916429792a1e8249105fbc8" member_type: VOTER last_known_addr { host: "127.10.192.3" port: 44951 } }
I20260709 14:49:51.623734 11553 catalog_manager.cc:5697] T b42f87a2385342899e10da89ce59520d P a65ab88f95ce41d8978f88d0ef641b8b reported cstate change: term changed from 3 to 4, leader changed from 597742ca8dde44a6b3d371b8c0391253 (127.10.192.1) to a65ab88f95ce41d8978f88d0ef641b8b (127.10.192.2). New cstate: current_term: 4 leader_uuid: "a65ab88f95ce41d8978f88d0ef641b8b" committed_config { opid_index: -1 OBSOLETE_local: false peers { permanent_uuid: "597742ca8dde44a6b3d371b8c0391253" member_type: VOTER last_known_addr { host: "127.10.192.1" port: 38633 } health_report { overall_health: UNKNOWN } } peers { permanent_uuid: "a65ab88f95ce41d8978f88d0ef641b8b" member_type: VOTER last_known_addr { host: "127.10.192.2" port: 39653 } health_report { overall_health: HEALTHY } } peers { permanent_uuid: "8c1c166b0916429792a1e8249105fbc8" member_type: VOTER last_known_addr { host: "127.10.192.3" port: 44951 } health_report { overall_health: UNKNOWN } } }
I20260709 14:49:51.670436 11977 raft_consensus.cc:993] T 1d39b3e686614f9aae4e4e9e874f9be1 P 597742ca8dde44a6b3d371b8c0391253: : Instructing follower 8c1c166b0916429792a1e8249105fbc8 to start an election
I20260709 14:49:51.670846 11957 raft_consensus.cc:1081] T 1d39b3e686614f9aae4e4e9e874f9be1 P 597742ca8dde44a6b3d371b8c0391253 [term 3 LEADER]: Signalling peer 8c1c166b0916429792a1e8249105fbc8 to start an election
I20260709 14:49:51.672255 11804 tablet_service.cc:2044] Received Run Leader Election RPC: tablet_id: "1d39b3e686614f9aae4e4e9e874f9be1"
dest_uuid: "8c1c166b0916429792a1e8249105fbc8"
 from {username='slave'} at 127.0.0.1:52568
I20260709 14:49:51.672633 11804 raft_consensus.cc:493] T 1d39b3e686614f9aae4e4e9e874f9be1 P 8c1c166b0916429792a1e8249105fbc8 [term 3 FOLLOWER]: Starting forced leader election (received explicit request)
I20260709 14:49:51.672875 11804 raft_consensus.cc:3060] T 1d39b3e686614f9aae4e4e9e874f9be1 P 8c1c166b0916429792a1e8249105fbc8 [term 3 FOLLOWER]: Advancing to term 4
I20260709 14:49:51.676853 11804 raft_consensus.cc:515] T 1d39b3e686614f9aae4e4e9e874f9be1 P 8c1c166b0916429792a1e8249105fbc8 [term 4 FOLLOWER]: Starting forced leader election with config: opid_index: -1 OBSOLETE_local: false peers { permanent_uuid: "597742ca8dde44a6b3d371b8c0391253" member_type: VOTER last_known_addr { host: "127.10.192.1" port: 38633 } } peers { permanent_uuid: "a65ab88f95ce41d8978f88d0ef641b8b" member_type: VOTER last_known_addr { host: "127.10.192.2" port: 39653 } } peers { permanent_uuid: "8c1c166b0916429792a1e8249105fbc8" member_type: VOTER last_known_addr { host: "127.10.192.3" port: 44951 } }
I20260709 14:49:51.678268 11804 leader_election.cc:290] T 1d39b3e686614f9aae4e4e9e874f9be1 P 8c1c166b0916429792a1e8249105fbc8 [CANDIDATE]: Term 4 election: Requested vote from peers 597742ca8dde44a6b3d371b8c0391253 (127.10.192.1:38633), a65ab88f95ce41d8978f88d0ef641b8b (127.10.192.2:39653)
I20260709 14:49:51.679201 11656 tablet_service.cc:1917] Received RequestConsensusVote() RPC: tablet_id: "1d39b3e686614f9aae4e4e9e874f9be1" candidate_uuid: "8c1c166b0916429792a1e8249105fbc8" candidate_term: 4 candidate_status { last_received { term: 3 index: 3 } } ignore_live_leader: true dest_uuid: "597742ca8dde44a6b3d371b8c0391253"
I20260709 14:49:51.679327 11730 tablet_service.cc:1917] Received RequestConsensusVote() RPC: tablet_id: "1d39b3e686614f9aae4e4e9e874f9be1" candidate_uuid: "8c1c166b0916429792a1e8249105fbc8" candidate_term: 4 candidate_status { last_received { term: 3 index: 3 } } ignore_live_leader: true dest_uuid: "a65ab88f95ce41d8978f88d0ef641b8b"
I20260709 14:49:51.679597 11957 raft_consensus.cc:993] T 0e02b3ffeaa3436f91fab17b7364d1cf P 597742ca8dde44a6b3d371b8c0391253: : Instructing follower a65ab88f95ce41d8978f88d0ef641b8b to start an election
I20260709 14:49:51.679880 11656 raft_consensus.cc:3055] T 1d39b3e686614f9aae4e4e9e874f9be1 P 597742ca8dde44a6b3d371b8c0391253 [term 3 LEADER]: Stepping down as leader of term 3
I20260709 14:49:51.679890 11730 raft_consensus.cc:3060] T 1d39b3e686614f9aae4e4e9e874f9be1 P a65ab88f95ce41d8978f88d0ef641b8b [term 3 FOLLOWER]: Advancing to term 4
I20260709 14:49:51.680078 11957 raft_consensus.cc:1081] T 0e02b3ffeaa3436f91fab17b7364d1cf P 597742ca8dde44a6b3d371b8c0391253 [term 1 LEADER]: Signalling peer a65ab88f95ce41d8978f88d0ef641b8b to start an election
I20260709 14:49:51.680308 11656 raft_consensus.cc:740] T 1d39b3e686614f9aae4e4e9e874f9be1 P 597742ca8dde44a6b3d371b8c0391253 [term 3 LEADER]: Becoming Follower/Learner. State: Replica: 597742ca8dde44a6b3d371b8c0391253, State: Running, Role: LEADER
I20260709 14:49:51.681195 11656 consensus_queue.cc:260] T 1d39b3e686614f9aae4e4e9e874f9be1 P 597742ca8dde44a6b3d371b8c0391253 [NON_LEADER]: Queue going to NON_LEADER mode. State: All replicated index: 0, Majority replicated index: 3, Committed index: 3, Last appended: 3.3, Last appended by leader: 3, Current term: 3, Majority size: -1, State: 0, Mode: NON_LEADER, active raft config: opid_index: -1 OBSOLETE_local: false peers { permanent_uuid: "597742ca8dde44a6b3d371b8c0391253" member_type: VOTER last_known_addr { host: "127.10.192.1" port: 38633 } } peers { permanent_uuid: "a65ab88f95ce41d8978f88d0ef641b8b" member_type: VOTER last_known_addr { host: "127.10.192.2" port: 39653 } } peers { permanent_uuid: "8c1c166b0916429792a1e8249105fbc8" member_type: VOTER last_known_addr { host: "127.10.192.3" port: 44951 } }
I20260709 14:49:51.681900 11732 tablet_service.cc:2044] Received Run Leader Election RPC: tablet_id: "0e02b3ffeaa3436f91fab17b7364d1cf"
dest_uuid: "a65ab88f95ce41d8978f88d0ef641b8b"
 from {username='slave'} at 127.0.0.1:33472
I20260709 14:49:51.682462 11732 raft_consensus.cc:493] T 0e02b3ffeaa3436f91fab17b7364d1cf P a65ab88f95ce41d8978f88d0ef641b8b [term 1 FOLLOWER]: Starting forced leader election (received explicit request)
I20260709 14:49:51.682487 11656 raft_consensus.cc:3060] T 1d39b3e686614f9aae4e4e9e874f9be1 P 597742ca8dde44a6b3d371b8c0391253 [term 3 FOLLOWER]: Advancing to term 4
I20260709 14:49:51.682955 11732 raft_consensus.cc:3060] T 0e02b3ffeaa3436f91fab17b7364d1cf P a65ab88f95ce41d8978f88d0ef641b8b [term 1 FOLLOWER]: Advancing to term 2
I20260709 14:49:51.684562 11730 raft_consensus.cc:2468] T 1d39b3e686614f9aae4e4e9e874f9be1 P a65ab88f95ce41d8978f88d0ef641b8b [term 4 FOLLOWER]: Leader election vote request: Granting yes vote for candidate 8c1c166b0916429792a1e8249105fbc8 in term 4.
I20260709 14:49:51.685624 11770 leader_election.cc:304] T 1d39b3e686614f9aae4e4e9e874f9be1 P 8c1c166b0916429792a1e8249105fbc8 [CANDIDATE]: Term 4 election: Election decided. Result: candidate won. Election summary: received 2 responses out of 3 voters: 2 yes votes; 0 no votes. yes voters: 8c1c166b0916429792a1e8249105fbc8, a65ab88f95ce41d8978f88d0ef641b8b; no voters: 
I20260709 14:49:51.686371 11939 raft_consensus.cc:2804] T 1d39b3e686614f9aae4e4e9e874f9be1 P 8c1c166b0916429792a1e8249105fbc8 [term 4 FOLLOWER]: Leader election won for term 4
I20260709 14:49:51.687479 11939 raft_consensus.cc:697] T 1d39b3e686614f9aae4e4e9e874f9be1 P 8c1c166b0916429792a1e8249105fbc8 [term 4 LEADER]: Becoming Leader. State: Replica: 8c1c166b0916429792a1e8249105fbc8, State: Running, Role: LEADER
I20260709 14:49:51.688254 11939 consensus_queue.cc:237] T 1d39b3e686614f9aae4e4e9e874f9be1 P 8c1c166b0916429792a1e8249105fbc8 [LEADER]: Queue going to LEADER mode. State: All replicated index: 0, Majority replicated index: 3, Committed index: 3, Last appended: 3.3, Last appended by leader: 3, Current term: 4, Majority size: 2, State: 0, Mode: LEADER, active raft config: opid_index: -1 OBSOLETE_local: false peers { permanent_uuid: "597742ca8dde44a6b3d371b8c0391253" member_type: VOTER last_known_addr { host: "127.10.192.1" port: 38633 } } peers { permanent_uuid: "a65ab88f95ce41d8978f88d0ef641b8b" member_type: VOTER last_known_addr { host: "127.10.192.2" port: 39653 } } peers { permanent_uuid: "8c1c166b0916429792a1e8249105fbc8" member_type: VOTER last_known_addr { host: "127.10.192.3" port: 44951 } }
I20260709 14:49:51.689929 11656 raft_consensus.cc:2468] T 1d39b3e686614f9aae4e4e9e874f9be1 P 597742ca8dde44a6b3d371b8c0391253 [term 4 FOLLOWER]: Leader election vote request: Granting yes vote for candidate 8c1c166b0916429792a1e8249105fbc8 in term 4.
I20260709 14:49:51.689958 11732 raft_consensus.cc:515] T 0e02b3ffeaa3436f91fab17b7364d1cf P a65ab88f95ce41d8978f88d0ef641b8b [term 2 FOLLOWER]: Starting forced leader election with config: opid_index: -1 OBSOLETE_local: false peers { permanent_uuid: "597742ca8dde44a6b3d371b8c0391253" member_type: VOTER last_known_addr { host: "127.10.192.1" port: 38633 } } peers { permanent_uuid: "a65ab88f95ce41d8978f88d0ef641b8b" member_type: VOTER last_known_addr { host: "127.10.192.2" port: 39653 } } peers { permanent_uuid: "8c1c166b0916429792a1e8249105fbc8" member_type: VOTER last_known_addr { host: "127.10.192.3" port: 44951 } }
I20260709 14:49:51.694002 11732 leader_election.cc:290] T 0e02b3ffeaa3436f91fab17b7364d1cf P a65ab88f95ce41d8978f88d0ef641b8b [CANDIDATE]: Term 2 election: Requested vote from peers 597742ca8dde44a6b3d371b8c0391253 (127.10.192.1:38633), 8c1c166b0916429792a1e8249105fbc8 (127.10.192.3:44951)
I20260709 14:49:51.694156 11656 tablet_service.cc:1917] Received RequestConsensusVote() RPC: tablet_id: "0e02b3ffeaa3436f91fab17b7364d1cf" candidate_uuid: "a65ab88f95ce41d8978f88d0ef641b8b" candidate_term: 2 candidate_status { last_received { term: 1 index: 1 } } ignore_live_leader: true dest_uuid: "597742ca8dde44a6b3d371b8c0391253"
I20260709 14:49:51.694741 11656 raft_consensus.cc:3055] T 0e02b3ffeaa3436f91fab17b7364d1cf P 597742ca8dde44a6b3d371b8c0391253 [term 1 LEADER]: Stepping down as leader of term 1
I20260709 14:49:51.695040 11656 raft_consensus.cc:740] T 0e02b3ffeaa3436f91fab17b7364d1cf P 597742ca8dde44a6b3d371b8c0391253 [term 1 LEADER]: Becoming Follower/Learner. State: Replica: 597742ca8dde44a6b3d371b8c0391253, State: Running, Role: LEADER
I20260709 14:49:51.695812 11656 consensus_queue.cc:260] T 0e02b3ffeaa3436f91fab17b7364d1cf P 597742ca8dde44a6b3d371b8c0391253 [NON_LEADER]: Queue going to NON_LEADER mode. State: All replicated index: 0, Majority replicated index: 1, Committed index: 1, Last appended: 1.1, Last appended by leader: 1, Current term: 1, Majority size: -1, State: 0, Mode: NON_LEADER, active raft config: opid_index: -1 OBSOLETE_local: false peers { permanent_uuid: "597742ca8dde44a6b3d371b8c0391253" member_type: VOTER last_known_addr { host: "127.10.192.1" port: 38633 } } peers { permanent_uuid: "a65ab88f95ce41d8978f88d0ef641b8b" member_type: VOTER last_known_addr { host: "127.10.192.2" port: 39653 } } peers { permanent_uuid: "8c1c166b0916429792a1e8249105fbc8" member_type: VOTER last_known_addr { host: "127.10.192.3" port: 44951 } }
I20260709 14:49:51.696700 11804 tablet_service.cc:1917] Received RequestConsensusVote() RPC: tablet_id: "0e02b3ffeaa3436f91fab17b7364d1cf" candidate_uuid: "a65ab88f95ce41d8978f88d0ef641b8b" candidate_term: 2 candidate_status { last_received { term: 1 index: 1 } } ignore_live_leader: true dest_uuid: "8c1c166b0916429792a1e8249105fbc8"
I20260709 14:49:51.696990 11656 raft_consensus.cc:3060] T 0e02b3ffeaa3436f91fab17b7364d1cf P 597742ca8dde44a6b3d371b8c0391253 [term 1 FOLLOWER]: Advancing to term 2
I20260709 14:49:51.697206 11804 raft_consensus.cc:3060] T 0e02b3ffeaa3436f91fab17b7364d1cf P 8c1c166b0916429792a1e8249105fbc8 [term 1 FOLLOWER]: Advancing to term 2
I20260709 14:49:51.698061 11553 catalog_manager.cc:5697] T 1d39b3e686614f9aae4e4e9e874f9be1 P 8c1c166b0916429792a1e8249105fbc8 reported cstate change: term changed from 3 to 4, leader changed from 597742ca8dde44a6b3d371b8c0391253 (127.10.192.1) to 8c1c166b0916429792a1e8249105fbc8 (127.10.192.3). New cstate: current_term: 4 leader_uuid: "8c1c166b0916429792a1e8249105fbc8" committed_config { opid_index: -1 OBSOLETE_local: false peers { permanent_uuid: "597742ca8dde44a6b3d371b8c0391253" member_type: VOTER last_known_addr { host: "127.10.192.1" port: 38633 } health_report { overall_health: UNKNOWN } } peers { permanent_uuid: "a65ab88f95ce41d8978f88d0ef641b8b" member_type: VOTER last_known_addr { host: "127.10.192.2" port: 39653 } health_report { overall_health: UNKNOWN } } peers { permanent_uuid: "8c1c166b0916429792a1e8249105fbc8" member_type: VOTER last_known_addr { host: "127.10.192.3" port: 44951 } health_report { overall_health: HEALTHY } } }
I20260709 14:49:51.701403 11656 raft_consensus.cc:2468] T 0e02b3ffeaa3436f91fab17b7364d1cf P 597742ca8dde44a6b3d371b8c0391253 [term 2 FOLLOWER]: Leader election vote request: Granting yes vote for candidate a65ab88f95ce41d8978f88d0ef641b8b in term 2.
I20260709 14:49:51.702458 11804 raft_consensus.cc:2468] T 0e02b3ffeaa3436f91fab17b7364d1cf P 8c1c166b0916429792a1e8249105fbc8 [term 2 FOLLOWER]: Leader election vote request: Granting yes vote for candidate a65ab88f95ce41d8978f88d0ef641b8b in term 2.
I20260709 14:49:51.702567 11697 leader_election.cc:304] T 0e02b3ffeaa3436f91fab17b7364d1cf P a65ab88f95ce41d8978f88d0ef641b8b [CANDIDATE]: Term 2 election: Election decided. Result: candidate won. Election summary: received 2 responses out of 3 voters: 2 yes votes; 0 no votes. yes voters: 597742ca8dde44a6b3d371b8c0391253, a65ab88f95ce41d8978f88d0ef641b8b; no voters: 
I20260709 14:49:51.703737 11956 raft_consensus.cc:2804] T 0e02b3ffeaa3436f91fab17b7364d1cf P a65ab88f95ce41d8978f88d0ef641b8b [term 2 FOLLOWER]: Leader election won for term 2
I20260709 14:49:51.704180 11956 raft_consensus.cc:697] T 0e02b3ffeaa3436f91fab17b7364d1cf P a65ab88f95ce41d8978f88d0ef641b8b [term 2 LEADER]: Becoming Leader. State: Replica: a65ab88f95ce41d8978f88d0ef641b8b, State: Running, Role: LEADER
I20260709 14:49:51.704929 11956 consensus_queue.cc:237] T 0e02b3ffeaa3436f91fab17b7364d1cf P a65ab88f95ce41d8978f88d0ef641b8b [LEADER]: Queue going to LEADER mode. State: All replicated index: 0, Majority replicated index: 1, Committed index: 1, Last appended: 1.1, Last appended by leader: 1, Current term: 2, Majority size: 2, State: 0, Mode: LEADER, active raft config: opid_index: -1 OBSOLETE_local: false peers { permanent_uuid: "597742ca8dde44a6b3d371b8c0391253" member_type: VOTER last_known_addr { host: "127.10.192.1" port: 38633 } } peers { permanent_uuid: "a65ab88f95ce41d8978f88d0ef641b8b" member_type: VOTER last_known_addr { host: "127.10.192.2" port: 39653 } } peers { permanent_uuid: "8c1c166b0916429792a1e8249105fbc8" member_type: VOTER last_known_addr { host: "127.10.192.3" port: 44951 } }
I20260709 14:49:51.711854 11555 catalog_manager.cc:5697] T 0e02b3ffeaa3436f91fab17b7364d1cf P a65ab88f95ce41d8978f88d0ef641b8b reported cstate change: term changed from 1 to 2, leader changed from 597742ca8dde44a6b3d371b8c0391253 (127.10.192.1) to a65ab88f95ce41d8978f88d0ef641b8b (127.10.192.2). New cstate: current_term: 2 leader_uuid: "a65ab88f95ce41d8978f88d0ef641b8b" committed_config { opid_index: -1 OBSOLETE_local: false peers { permanent_uuid: "597742ca8dde44a6b3d371b8c0391253" member_type: VOTER last_known_addr { host: "127.10.192.1" port: 38633 } health_report { overall_health: UNKNOWN } } peers { permanent_uuid: "a65ab88f95ce41d8978f88d0ef641b8b" member_type: VOTER last_known_addr { host: "127.10.192.2" port: 39653 } health_report { overall_health: HEALTHY } } peers { permanent_uuid: "8c1c166b0916429792a1e8249105fbc8" member_type: VOTER last_known_addr { host: "127.10.192.3" port: 44951 } health_report { overall_health: UNKNOWN } } }
I20260709 14:49:51.886842 11977 raft_consensus.cc:993] T 004de6004163479793761e0aee9a8b57 P 597742ca8dde44a6b3d371b8c0391253: : Instructing follower 8c1c166b0916429792a1e8249105fbc8 to start an election
I20260709 14:49:51.887272 11957 raft_consensus.cc:1081] T 004de6004163479793761e0aee9a8b57 P 597742ca8dde44a6b3d371b8c0391253 [term 3 LEADER]: Signalling peer 8c1c166b0916429792a1e8249105fbc8 to start an election
I20260709 14:49:51.888571 11804 tablet_service.cc:2044] Received Run Leader Election RPC: tablet_id: "004de6004163479793761e0aee9a8b57"
dest_uuid: "8c1c166b0916429792a1e8249105fbc8"
 from {username='slave'} at 127.0.0.1:52568
I20260709 14:49:51.888947 11804 raft_consensus.cc:493] T 004de6004163479793761e0aee9a8b57 P 8c1c166b0916429792a1e8249105fbc8 [term 3 FOLLOWER]: Starting forced leader election (received explicit request)
I20260709 14:49:51.889168 11804 raft_consensus.cc:3060] T 004de6004163479793761e0aee9a8b57 P 8c1c166b0916429792a1e8249105fbc8 [term 3 FOLLOWER]: Advancing to term 4
I20260709 14:49:51.892970 11804 raft_consensus.cc:515] T 004de6004163479793761e0aee9a8b57 P 8c1c166b0916429792a1e8249105fbc8 [term 4 FOLLOWER]: Starting forced leader election with config: opid_index: -1 OBSOLETE_local: false peers { permanent_uuid: "597742ca8dde44a6b3d371b8c0391253" member_type: VOTER last_known_addr { host: "127.10.192.1" port: 38633 } } peers { permanent_uuid: "a65ab88f95ce41d8978f88d0ef641b8b" member_type: VOTER last_known_addr { host: "127.10.192.2" port: 39653 } } peers { permanent_uuid: "8c1c166b0916429792a1e8249105fbc8" member_type: VOTER last_known_addr { host: "127.10.192.3" port: 44951 } }
I20260709 14:49:51.894330 11804 leader_election.cc:290] T 004de6004163479793761e0aee9a8b57 P 8c1c166b0916429792a1e8249105fbc8 [CANDIDATE]: Term 4 election: Requested vote from peers 597742ca8dde44a6b3d371b8c0391253 (127.10.192.1:38633), a65ab88f95ce41d8978f88d0ef641b8b (127.10.192.2:39653)
I20260709 14:49:51.894977 11656 tablet_service.cc:1917] Received RequestConsensusVote() RPC: tablet_id: "004de6004163479793761e0aee9a8b57" candidate_uuid: "8c1c166b0916429792a1e8249105fbc8" candidate_term: 4 candidate_status { last_received { term: 3 index: 3 } } ignore_live_leader: true dest_uuid: "597742ca8dde44a6b3d371b8c0391253"
I20260709 14:49:51.895224 11732 tablet_service.cc:1917] Received RequestConsensusVote() RPC: tablet_id: "004de6004163479793761e0aee9a8b57" candidate_uuid: "8c1c166b0916429792a1e8249105fbc8" candidate_term: 4 candidate_status { last_received { term: 3 index: 3 } } ignore_live_leader: true dest_uuid: "a65ab88f95ce41d8978f88d0ef641b8b"
I20260709 14:49:51.895483 11656 raft_consensus.cc:3055] T 004de6004163479793761e0aee9a8b57 P 597742ca8dde44a6b3d371b8c0391253 [term 3 LEADER]: Stepping down as leader of term 3
I20260709 14:49:51.895778 11732 raft_consensus.cc:3060] T 004de6004163479793761e0aee9a8b57 P a65ab88f95ce41d8978f88d0ef641b8b [term 3 FOLLOWER]: Advancing to term 4
I20260709 14:49:51.895784 11656 raft_consensus.cc:740] T 004de6004163479793761e0aee9a8b57 P 597742ca8dde44a6b3d371b8c0391253 [term 3 LEADER]: Becoming Follower/Learner. State: Replica: 597742ca8dde44a6b3d371b8c0391253, State: Running, Role: LEADER
I20260709 14:49:51.896644 11656 consensus_queue.cc:260] T 004de6004163479793761e0aee9a8b57 P 597742ca8dde44a6b3d371b8c0391253 [NON_LEADER]: Queue going to NON_LEADER mode. State: All replicated index: 0, Majority replicated index: 3, Committed index: 3, Last appended: 3.3, Last appended by leader: 3, Current term: 3, Majority size: -1, State: 0, Mode: NON_LEADER, active raft config: opid_index: -1 OBSOLETE_local: false peers { permanent_uuid: "597742ca8dde44a6b3d371b8c0391253" member_type: VOTER last_known_addr { host: "127.10.192.1" port: 38633 } } peers { permanent_uuid: "a65ab88f95ce41d8978f88d0ef641b8b" member_type: VOTER last_known_addr { host: "127.10.192.2" port: 39653 } } peers { permanent_uuid: "8c1c166b0916429792a1e8249105fbc8" member_type: VOTER last_known_addr { host: "127.10.192.3" port: 44951 } }
I20260709 14:49:51.897559 11656 raft_consensus.cc:3060] T 004de6004163479793761e0aee9a8b57 P 597742ca8dde44a6b3d371b8c0391253 [term 3 FOLLOWER]: Advancing to term 4
I20260709 14:49:51.900017 11732 raft_consensus.cc:2468] T 004de6004163479793761e0aee9a8b57 P a65ab88f95ce41d8978f88d0ef641b8b [term 4 FOLLOWER]: Leader election vote request: Granting yes vote for candidate 8c1c166b0916429792a1e8249105fbc8 in term 4.
I20260709 14:49:51.900883 11770 leader_election.cc:304] T 004de6004163479793761e0aee9a8b57 P 8c1c166b0916429792a1e8249105fbc8 [CANDIDATE]: Term 4 election: Election decided. Result: candidate won. Election summary: received 2 responses out of 3 voters: 2 yes votes; 0 no votes. yes voters: 8c1c166b0916429792a1e8249105fbc8, a65ab88f95ce41d8978f88d0ef641b8b; no voters: 
I20260709 14:49:51.901628 11939 raft_consensus.cc:2804] T 004de6004163479793761e0aee9a8b57 P 8c1c166b0916429792a1e8249105fbc8 [term 4 FOLLOWER]: Leader election won for term 4
I20260709 14:49:51.901988 11939 raft_consensus.cc:697] T 004de6004163479793761e0aee9a8b57 P 8c1c166b0916429792a1e8249105fbc8 [term 4 LEADER]: Becoming Leader. State: Replica: 8c1c166b0916429792a1e8249105fbc8, State: Running, Role: LEADER
I20260709 14:49:51.902010 11656 raft_consensus.cc:2468] T 004de6004163479793761e0aee9a8b57 P 597742ca8dde44a6b3d371b8c0391253 [term 4 FOLLOWER]: Leader election vote request: Granting yes vote for candidate 8c1c166b0916429792a1e8249105fbc8 in term 4.
I20260709 14:49:51.902899 11939 consensus_queue.cc:237] T 004de6004163479793761e0aee9a8b57 P 8c1c166b0916429792a1e8249105fbc8 [LEADER]: Queue going to LEADER mode. State: All replicated index: 0, Majority replicated index: 3, Committed index: 3, Last appended: 3.3, Last appended by leader: 3, Current term: 4, Majority size: 2, State: 0, Mode: LEADER, active raft config: opid_index: -1 OBSOLETE_local: false peers { permanent_uuid: "597742ca8dde44a6b3d371b8c0391253" member_type: VOTER last_known_addr { host: "127.10.192.1" port: 38633 } } peers { permanent_uuid: "a65ab88f95ce41d8978f88d0ef641b8b" member_type: VOTER last_known_addr { host: "127.10.192.2" port: 39653 } } peers { permanent_uuid: "8c1c166b0916429792a1e8249105fbc8" member_type: VOTER last_known_addr { host: "127.10.192.3" port: 44951 } }
I20260709 14:49:51.908811 11555 catalog_manager.cc:5697] T 004de6004163479793761e0aee9a8b57 P 8c1c166b0916429792a1e8249105fbc8 reported cstate change: term changed from 3 to 4, leader changed from 597742ca8dde44a6b3d371b8c0391253 (127.10.192.1) to 8c1c166b0916429792a1e8249105fbc8 (127.10.192.3). New cstate: current_term: 4 leader_uuid: "8c1c166b0916429792a1e8249105fbc8" committed_config { opid_index: -1 OBSOLETE_local: false peers { permanent_uuid: "597742ca8dde44a6b3d371b8c0391253" member_type: VOTER last_known_addr { host: "127.10.192.1" port: 38633 } health_report { overall_health: UNKNOWN } } peers { permanent_uuid: "a65ab88f95ce41d8978f88d0ef641b8b" member_type: VOTER last_known_addr { host: "127.10.192.2" port: 39653 } health_report { overall_health: UNKNOWN } } peers { permanent_uuid: "8c1c166b0916429792a1e8249105fbc8" member_type: VOTER last_known_addr { host: "127.10.192.3" port: 44951 } health_report { overall_health: HEALTHY } } }
I20260709 14:49:52.021766 11804 raft_consensus.cc:1275] T b42f87a2385342899e10da89ce59520d P 8c1c166b0916429792a1e8249105fbc8 [term 4 FOLLOWER]: Refusing update from remote peer a65ab88f95ce41d8978f88d0ef641b8b: Log matching property violated. Preceding OpId in replica: term: 3 index: 3. Preceding OpId from leader: term: 4 index: 4. (index mismatch)
I20260709 14:49:52.022809 11956 consensus_queue.cc:1048] T b42f87a2385342899e10da89ce59520d P a65ab88f95ce41d8978f88d0ef641b8b [LEADER]: Connected to new peer: Peer: permanent_uuid: "8c1c166b0916429792a1e8249105fbc8" member_type: VOTER last_known_addr { host: "127.10.192.3" port: 44951 }, Status: LMP_MISMATCH, Last received: 0.0, Next index: 4, Last known committed idx: 3, Time since last communication: 0.000s
I20260709 14:49:52.032446 11656 raft_consensus.cc:1275] T b42f87a2385342899e10da89ce59520d P 597742ca8dde44a6b3d371b8c0391253 [term 4 FOLLOWER]: Refusing update from remote peer a65ab88f95ce41d8978f88d0ef641b8b: Log matching property violated. Preceding OpId in replica: term: 3 index: 3. Preceding OpId from leader: term: 4 index: 4. (index mismatch)
I20260709 14:49:52.034556 11990 consensus_queue.cc:1048] T b42f87a2385342899e10da89ce59520d P a65ab88f95ce41d8978f88d0ef641b8b [LEADER]: Connected to new peer: Peer: permanent_uuid: "597742ca8dde44a6b3d371b8c0391253" member_type: VOTER last_known_addr { host: "127.10.192.1" port: 38633 }, Status: LMP_MISMATCH, Last received: 0.0, Next index: 4, Last known committed idx: 3, Time since last communication: 0.000s
I20260709 14:49:52.090628 11732 raft_consensus.cc:1275] T 1d39b3e686614f9aae4e4e9e874f9be1 P a65ab88f95ce41d8978f88d0ef641b8b [term 4 FOLLOWER]: Refusing update from remote peer 8c1c166b0916429792a1e8249105fbc8: Log matching property violated. Preceding OpId in replica: term: 3 index: 3. Preceding OpId from leader: term: 4 index: 4. (index mismatch)
I20260709 14:49:52.091781 11939 consensus_queue.cc:1048] T 1d39b3e686614f9aae4e4e9e874f9be1 P 8c1c166b0916429792a1e8249105fbc8 [LEADER]: Connected to new peer: Peer: permanent_uuid: "a65ab88f95ce41d8978f88d0ef641b8b" member_type: VOTER last_known_addr { host: "127.10.192.2" port: 39653 }, Status: LMP_MISMATCH, Last received: 0.0, Next index: 4, Last known committed idx: 3, Time since last communication: 0.000s
I20260709 14:49:52.101523 11656 raft_consensus.cc:1275] T 1d39b3e686614f9aae4e4e9e874f9be1 P 597742ca8dde44a6b3d371b8c0391253 [term 4 FOLLOWER]: Refusing update from remote peer 8c1c166b0916429792a1e8249105fbc8: Log matching property violated. Preceding OpId in replica: term: 3 index: 3. Preceding OpId from leader: term: 4 index: 4. (index mismatch)
