I20260709 14:49:29.925781  6441 raft_consensus.cc:359] T 7c2feb82891046c59c3dc3fb93b6847a P 654fc121835842d0a573c0f9605624dc [term 0 FOLLOWER]: Replica starting. Triggering 0 pending ops. Active config: opid_index: -1 OBSOLETE_local: false peers { permanent_uuid: "8205a2eab16a4a3da99ff862f6b3b937" member_type: VOTER last_known_addr { host: "127.5.248.67" port: 42875 } } peers { permanent_uuid: "43e187dc91cc48c19801fd05fdbdeeaf" member_type: VOTER last_known_addr { host: "127.5.248.65" port: 39451 } } peers { permanent_uuid: "654fc121835842d0a573c0f9605624dc" member_type: VOTER last_known_addr { host: "127.5.248.66" port: 46093 } }
W20260709 14:49:29.924652  6363 leader_election.cc:343] T 7c2feb82891046c59c3dc3fb93b6847a P 8205a2eab16a4a3da99ff862f6b3b937 [CANDIDATE]: Term 1 pre-election: Tablet error from VoteRequest() call to peer 43e187dc91cc48c19801fd05fdbdeeaf (127.5.248.65:39451): Illegal state: must be running to vote when last-logged opid is not known
I20260709 14:49:29.926465  6441 raft_consensus.cc:385] T 7c2feb82891046c59c3dc3fb93b6847a P 654fc121835842d0a573c0f9605624dc [term 0 FOLLOWER]: Consensus starting up: Expiring failure detector timer to make a prompt election more likely
I20260709 14:49:29.926767  6441 raft_consensus.cc:740] T 7c2feb82891046c59c3dc3fb93b6847a P 654fc121835842d0a573c0f9605624dc [term 0 FOLLOWER]: Becoming Follower/Learner. State: Replica: 654fc121835842d0a573c0f9605624dc, State: Initialized, Role: FOLLOWER
W20260709 14:49:29.927063  6363 leader_election.cc:343] T 7c2feb82891046c59c3dc3fb93b6847a P 8205a2eab16a4a3da99ff862f6b3b937 [CANDIDATE]: Term 1 pre-election: Tablet error from VoteRequest() call to peer 654fc121835842d0a573c0f9605624dc (127.5.248.66:46093): Illegal state: must be running to vote when last-logged opid is not known
I20260709 14:49:29.927546  6363 leader_election.cc:304] T 7c2feb82891046c59c3dc3fb93b6847a P 8205a2eab16a4a3da99ff862f6b3b937 [CANDIDATE]: Term 1 pre-election: Election decided. Result: candidate lost. Election summary: received 3 responses out of 3 voters: 1 yes votes; 2 no votes. yes voters: 8205a2eab16a4a3da99ff862f6b3b937; no voters: 43e187dc91cc48c19801fd05fdbdeeaf, 654fc121835842d0a573c0f9605624dc
I20260709 14:49:29.927556  6441 consensus_queue.cc:260] T 7c2feb82891046c59c3dc3fb93b6847a P 654fc121835842d0a573c0f9605624dc [NON_LEADER]: Queue going to NON_LEADER mode. State: All replicated index: 0, Majority replicated index: 0, Committed index: 0, Last appended: 0.0, Last appended by leader: 0, Current term: 0, Majority size: -1, State: 0, Mode: NON_LEADER, active raft config: opid_index: -1 OBSOLETE_local: false peers { permanent_uuid: "8205a2eab16a4a3da99ff862f6b3b937" member_type: VOTER last_known_addr { host: "127.5.248.67" port: 42875 } } peers { permanent_uuid: "43e187dc91cc48c19801fd05fdbdeeaf" member_type: VOTER last_known_addr { host: "127.5.248.65" port: 39451 } } peers { permanent_uuid: "654fc121835842d0a573c0f9605624dc" member_type: VOTER last_known_addr { host: "127.5.248.66" port: 46093 } }
I20260709 14:49:29.928637  6447 raft_consensus.cc:2749] T 7c2feb82891046c59c3dc3fb93b6847a P 8205a2eab16a4a3da99ff862f6b3b937 [term 0 FOLLOWER]: Leader pre-election lost for term 1. Reason: could not achieve majority
W20260709 14:49:29.929054  6363 leader_election.cc:343] T 97d86a5da8dc4c50a992d597b5d81850 P 8205a2eab16a4a3da99ff862f6b3b937 [CANDIDATE]: Term 1 pre-election: Tablet error from VoteRequest() call to peer 654fc121835842d0a573c0f9605624dc (127.5.248.66:46093): Illegal state: must be running to vote when last-logged opid is not known
I20260709 14:49:29.929869  6363 leader_election.cc:304] T 97d86a5da8dc4c50a992d597b5d81850 P 8205a2eab16a4a3da99ff862f6b3b937 [CANDIDATE]: Term 1 pre-election: Election decided. Result: candidate won. Election summary: received 3 responses out of 3 voters: 2 yes votes; 1 no votes. yes voters: 43e187dc91cc48c19801fd05fdbdeeaf, 8205a2eab16a4a3da99ff862f6b3b937; no voters: 654fc121835842d0a573c0f9605624dc
I20260709 14:49:29.930661  6447 raft_consensus.cc:2804] T 97d86a5da8dc4c50a992d597b5d81850 P 8205a2eab16a4a3da99ff862f6b3b937 [term 0 FOLLOWER]: Leader pre-election won for term 1
I20260709 14:49:29.931015  6447 raft_consensus.cc:493] T 97d86a5da8dc4c50a992d597b5d81850 P 8205a2eab16a4a3da99ff862f6b3b937 [term 0 FOLLOWER]: Starting leader election (no leader contacted us within the election timeout)
I20260709 14:49:29.931356  6447 raft_consensus.cc:3060] T 97d86a5da8dc4c50a992d597b5d81850 P 8205a2eab16a4a3da99ff862f6b3b937 [term 0 FOLLOWER]: Advancing to term 1
I20260709 14:49:29.932412  6440 ts_tablet_manager.cc:1434] T f6d671b7111f4dae96e181344f7f7132 P 8205a2eab16a4a3da99ff862f6b3b937: Time spent starting tablet: real 0.040s	user 0.013s	sys 0.020s
I20260709 14:49:29.932647  6441 ts_tablet_manager.cc:1434] T 7c2feb82891046c59c3dc3fb93b6847a P 654fc121835842d0a573c0f9605624dc: Time spent starting tablet: real 0.023s	user 0.004s	sys 0.003s
I20260709 14:49:29.933357  6440 tablet_bootstrap.cc:492] T 7c87ae4cdcea4ccfb7dd5a04fad01436 P 8205a2eab16a4a3da99ff862f6b3b937: Bootstrap starting.
I20260709 14:49:29.933558  6441 tablet_bootstrap.cc:492] T 97d86a5da8dc4c50a992d597b5d81850 P 654fc121835842d0a573c0f9605624dc: Bootstrap starting.
I20260709 14:49:29.937778  6447 raft_consensus.cc:515] T 97d86a5da8dc4c50a992d597b5d81850 P 8205a2eab16a4a3da99ff862f6b3b937 [term 1 FOLLOWER]: Starting leader election with config: opid_index: -1 OBSOLETE_local: false peers { permanent_uuid: "43e187dc91cc48c19801fd05fdbdeeaf" member_type: VOTER last_known_addr { host: "127.5.248.65" port: 39451 } } peers { permanent_uuid: "654fc121835842d0a573c0f9605624dc" member_type: VOTER last_known_addr { host: "127.5.248.66" port: 46093 } } peers { permanent_uuid: "8205a2eab16a4a3da99ff862f6b3b937" member_type: VOTER last_known_addr { host: "127.5.248.67" port: 42875 } }
I20260709 14:49:29.939415  6440 tablet_bootstrap.cc:654] T 7c87ae4cdcea4ccfb7dd5a04fad01436 P 8205a2eab16a4a3da99ff862f6b3b937: Neither blocks nor log segments found. Creating new log.
I20260709 14:49:29.939626  6447 leader_election.cc:290] T 97d86a5da8dc4c50a992d597b5d81850 P 8205a2eab16a4a3da99ff862f6b3b937 [CANDIDATE]: Term 1 election: Requested vote from peers 43e187dc91cc48c19801fd05fdbdeeaf (127.5.248.65:39451), 654fc121835842d0a573c0f9605624dc (127.5.248.66:46093)
I20260709 14:49:29.939893  6441 tablet_bootstrap.cc:654] T 97d86a5da8dc4c50a992d597b5d81850 P 654fc121835842d0a573c0f9605624dc: Neither blocks nor log segments found. Creating new log.
I20260709 14:49:29.940115  6447 raft_consensus.cc:493] T 8c012f235b8147468120e102e7c33789 P 8205a2eab16a4a3da99ff862f6b3b937 [term 0 FOLLOWER]: Starting pre-election (no leader contacted us within the election timeout)
I20260709 14:49:29.940533  6447 raft_consensus.cc:515] T 8c012f235b8147468120e102e7c33789 P 8205a2eab16a4a3da99ff862f6b3b937 [term 0 FOLLOWER]: Starting pre-election with config: opid_index: -1 OBSOLETE_local: false peers { permanent_uuid: "43e187dc91cc48c19801fd05fdbdeeaf" member_type: VOTER last_known_addr { host: "127.5.248.65" port: 39451 } } peers { permanent_uuid: "654fc121835842d0a573c0f9605624dc" member_type: VOTER last_known_addr { host: "127.5.248.66" port: 46093 } } peers { permanent_uuid: "8205a2eab16a4a3da99ff862f6b3b937" member_type: VOTER last_known_addr { host: "127.5.248.67" port: 42875 } }
I20260709 14:49:29.942531  6323 tablet_service.cc:1917] Received RequestConsensusVote() RPC: tablet_id: "97d86a5da8dc4c50a992d597b5d81850" candidate_uuid: "8205a2eab16a4a3da99ff862f6b3b937" candidate_term: 1 candidate_status { last_received { term: 0 index: 0 } } ignore_live_leader: false dest_uuid: "654fc121835842d0a573c0f9605624dc"
I20260709 14:49:29.942764  6442 tablet_bootstrap.cc:492] T 7c2feb82891046c59c3dc3fb93b6847a P 43e187dc91cc48c19801fd05fdbdeeaf: No bootstrap required, opened a new log
I20260709 14:49:29.951817  6446 raft_consensus.cc:493] T 7c2feb82891046c59c3dc3fb93b6847a P 654fc121835842d0a573c0f9605624dc [term 0 FOLLOWER]: Starting pre-election (no leader contacted us within the election timeout)
I20260709 14:49:29.951960  6442 ts_tablet_manager.cc:1403] T 7c2feb82891046c59c3dc3fb93b6847a P 43e187dc91cc48c19801fd05fdbdeeaf: Time spent bootstrapping tablet: real 0.075s	user 0.011s	sys 0.012s
I20260709 14:49:29.952265  6446 raft_consensus.cc:515] T 7c2feb82891046c59c3dc3fb93b6847a P 654fc121835842d0a573c0f9605624dc [term 0 FOLLOWER]: Starting pre-election with config: opid_index: -1 OBSOLETE_local: false peers { permanent_uuid: "8205a2eab16a4a3da99ff862f6b3b937" member_type: VOTER last_known_addr { host: "127.5.248.67" port: 42875 } } peers { permanent_uuid: "43e187dc91cc48c19801fd05fdbdeeaf" member_type: VOTER last_known_addr { host: "127.5.248.65" port: 39451 } } peers { permanent_uuid: "654fc121835842d0a573c0f9605624dc" member_type: VOTER last_known_addr { host: "127.5.248.66" port: 46093 } }
I20260709 14:49:29.953152  6447 leader_election.cc:290] T 8c012f235b8147468120e102e7c33789 P 8205a2eab16a4a3da99ff862f6b3b937 [CANDIDATE]: Term 1 pre-election: Requested pre-vote from peers 43e187dc91cc48c19801fd05fdbdeeaf (127.5.248.65:39451), 654fc121835842d0a573c0f9605624dc (127.5.248.66:46093)
I20260709 14:49:29.943228  6248 tablet_service.cc:1917] Received RequestConsensusVote() RPC: tablet_id: "97d86a5da8dc4c50a992d597b5d81850" candidate_uuid: "8205a2eab16a4a3da99ff862f6b3b937" candidate_term: 1 candidate_status { last_received { term: 0 index: 0 } } ignore_live_leader: false dest_uuid: "43e187dc91cc48c19801fd05fdbdeeaf"
I20260709 14:49:29.953796  6248 raft_consensus.cc:3060] T 97d86a5da8dc4c50a992d597b5d81850 P 43e187dc91cc48c19801fd05fdbdeeaf [term 0 FOLLOWER]: Advancing to term 1
I20260709 14:49:29.954253  6446 leader_election.cc:290] T 7c2feb82891046c59c3dc3fb93b6847a P 654fc121835842d0a573c0f9605624dc [CANDIDATE]: Term 1 pre-election: Requested pre-vote from peers 8205a2eab16a4a3da99ff862f6b3b937 (127.5.248.67:42875), 43e187dc91cc48c19801fd05fdbdeeaf (127.5.248.65:39451)
I20260709 14:49:29.954694  6446 raft_consensus.cc:493] T 7c87ae4cdcea4ccfb7dd5a04fad01436 P 654fc121835842d0a573c0f9605624dc [term 0 FOLLOWER]: Starting pre-election (no leader contacted us within the election timeout)
I20260709 14:49:29.954815  6442 raft_consensus.cc:359] T 7c2feb82891046c59c3dc3fb93b6847a P 43e187dc91cc48c19801fd05fdbdeeaf [term 0 FOLLOWER]: Replica starting. Triggering 0 pending ops. Active config: opid_index: -1 OBSOLETE_local: false peers { permanent_uuid: "8205a2eab16a4a3da99ff862f6b3b937" member_type: VOTER last_known_addr { host: "127.5.248.67" port: 42875 } } peers { permanent_uuid: "43e187dc91cc48c19801fd05fdbdeeaf" member_type: VOTER last_known_addr { host: "127.5.248.65" port: 39451 } } peers { permanent_uuid: "654fc121835842d0a573c0f9605624dc" member_type: VOTER last_known_addr { host: "127.5.248.66" port: 46093 } }
I20260709 14:49:29.955090  6446 raft_consensus.cc:515] T 7c87ae4cdcea4ccfb7dd5a04fad01436 P 654fc121835842d0a573c0f9605624dc [term 0 FOLLOWER]: Starting pre-election with config: opid_index: -1 OBSOLETE_local: false peers { permanent_uuid: "43e187dc91cc48c19801fd05fdbdeeaf" member_type: VOTER last_known_addr { host: "127.5.248.65" port: 39451 } } peers { permanent_uuid: "654fc121835842d0a573c0f9605624dc" member_type: VOTER last_known_addr { host: "127.5.248.66" port: 46093 } } peers { permanent_uuid: "8205a2eab16a4a3da99ff862f6b3b937" member_type: VOTER last_known_addr { host: "127.5.248.67" port: 42875 } }
I20260709 14:49:29.955893  6447 raft_consensus.cc:493] T 02e0801ee2b14fd586baf4eb9f775fec P 8205a2eab16a4a3da99ff862f6b3b937 [term 0 FOLLOWER]: Starting pre-election (no leader contacted us within the election timeout)
I20260709 14:49:29.955511  6442 raft_consensus.cc:385] T 7c2feb82891046c59c3dc3fb93b6847a P 43e187dc91cc48c19801fd05fdbdeeaf [term 0 FOLLOWER]: Consensus starting up: Expiring failure detector timer to make a prompt election more likely
I20260709 14:49:29.956365  6442 raft_consensus.cc:740] T 7c2feb82891046c59c3dc3fb93b6847a P 43e187dc91cc48c19801fd05fdbdeeaf [term 0 FOLLOWER]: Becoming Follower/Learner. State: Replica: 43e187dc91cc48c19801fd05fdbdeeaf, State: Initialized, Role: FOLLOWER
I20260709 14:49:29.956298  6447 raft_consensus.cc:515] T 02e0801ee2b14fd586baf4eb9f775fec P 8205a2eab16a4a3da99ff862f6b3b937 [term 0 FOLLOWER]: Starting pre-election with config: opid_index: -1 OBSOLETE_local: false peers { permanent_uuid: "43e187dc91cc48c19801fd05fdbdeeaf" member_type: VOTER last_known_addr { host: "127.5.248.65" port: 39451 } } peers { permanent_uuid: "654fc121835842d0a573c0f9605624dc" member_type: VOTER last_known_addr { host: "127.5.248.66" port: 46093 } } peers { permanent_uuid: "8205a2eab16a4a3da99ff862f6b3b937" member_type: VOTER last_known_addr { host: "127.5.248.67" port: 42875 } }
I20260709 14:49:29.956804  6397 tablet_service.cc:1917] Received RequestConsensusVote() RPC: tablet_id: "7c2feb82891046c59c3dc3fb93b6847a" candidate_uuid: "654fc121835842d0a573c0f9605624dc" candidate_term: 1 candidate_status { last_received { term: 0 index: 0 } } ignore_live_leader: false dest_uuid: "8205a2eab16a4a3da99ff862f6b3b937" is_pre_election: true
I20260709 14:49:29.957540  6397 raft_consensus.cc:2468] T 7c2feb82891046c59c3dc3fb93b6847a P 8205a2eab16a4a3da99ff862f6b3b937 [term 0 FOLLOWER]: Leader pre-election vote request: Granting yes vote for candidate 654fc121835842d0a573c0f9605624dc in term 0.
W20260709 14:49:29.957906  6363 leader_election.cc:343] T 97d86a5da8dc4c50a992d597b5d81850 P 8205a2eab16a4a3da99ff862f6b3b937 [CANDIDATE]: Term 1 election: Tablet error from VoteRequest() call to peer 654fc121835842d0a573c0f9605624dc (127.5.248.66:46093): Illegal state: must be running to vote when last-logged opid is not known
I20260709 14:49:29.958323  6447 leader_election.cc:290] T 02e0801ee2b14fd586baf4eb9f775fec P 8205a2eab16a4a3da99ff862f6b3b937 [CANDIDATE]: Term 1 pre-election: Requested pre-vote from peers 43e187dc91cc48c19801fd05fdbdeeaf (127.5.248.65:39451), 654fc121835842d0a573c0f9605624dc (127.5.248.66:46093)
I20260709 14:49:29.958113  6442 consensus_queue.cc:260] T 7c2feb82891046c59c3dc3fb93b6847a P 43e187dc91cc48c19801fd05fdbdeeaf [NON_LEADER]: Queue going to NON_LEADER mode. State: All replicated index: 0, Majority replicated index: 0, Committed index: 0, Last appended: 0.0, Last appended by leader: 0, Current term: 0, Majority size: -1, State: 0, Mode: NON_LEADER, active raft config: opid_index: -1 OBSOLETE_local: false peers { permanent_uuid: "8205a2eab16a4a3da99ff862f6b3b937" member_type: VOTER last_known_addr { host: "127.5.248.67" port: 42875 } } peers { permanent_uuid: "43e187dc91cc48c19801fd05fdbdeeaf" member_type: VOTER last_known_addr { host: "127.5.248.65" port: 39451 } } peers { permanent_uuid: "654fc121835842d0a573c0f9605624dc" member_type: VOTER last_known_addr { host: "127.5.248.66" port: 46093 } }
I20260709 14:49:29.958596  6396 tablet_service.cc:1917] Received RequestConsensusVote() RPC: tablet_id: "7c87ae4cdcea4ccfb7dd5a04fad01436" candidate_uuid: "654fc121835842d0a573c0f9605624dc" candidate_term: 1 candidate_status { last_received { term: 0 index: 0 } } ignore_live_leader: false dest_uuid: "8205a2eab16a4a3da99ff862f6b3b937" is_pre_election: true
I20260709 14:49:29.960063  6246 tablet_service.cc:1917] Received RequestConsensusVote() RPC: tablet_id: "02e0801ee2b14fd586baf4eb9f775fec" candidate_uuid: "8205a2eab16a4a3da99ff862f6b3b937" candidate_term: 1 candidate_status { last_received { term: 0 index: 0 } } ignore_live_leader: false dest_uuid: "43e187dc91cc48c19801fd05fdbdeeaf" is_pre_election: true
I20260709 14:49:29.960427  6247 tablet_service.cc:1917] Received RequestConsensusVote() RPC: tablet_id: "8c012f235b8147468120e102e7c33789" candidate_uuid: "8205a2eab16a4a3da99ff862f6b3b937" candidate_term: 1 candidate_status { last_received { term: 0 index: 0 } } ignore_live_leader: false dest_uuid: "43e187dc91cc48c19801fd05fdbdeeaf" is_pre_election: true
I20260709 14:49:29.960981  6247 raft_consensus.cc:2468] T 8c012f235b8147468120e102e7c33789 P 43e187dc91cc48c19801fd05fdbdeeaf [term 0 FOLLOWER]: Leader pre-election vote request: Granting yes vote for candidate 8205a2eab16a4a3da99ff862f6b3b937 in term 0.
W20260709 14:49:29.961809  6363 leader_election.cc:343] T 02e0801ee2b14fd586baf4eb9f775fec P 8205a2eab16a4a3da99ff862f6b3b937 [CANDIDATE]: Term 1 pre-election: Tablet error from VoteRequest() call to peer 43e187dc91cc48c19801fd05fdbdeeaf (127.5.248.65:39451): Illegal state: must be running to vote when last-logged opid is not known
I20260709 14:49:29.962116  6287 leader_election.cc:304] T 7c2feb82891046c59c3dc3fb93b6847a P 654fc121835842d0a573c0f9605624dc [CANDIDATE]: Term 1 pre-election: Election decided. Result: candidate won. Election summary: received 2 responses out of 3 voters: 2 yes votes; 0 no votes. yes voters: 654fc121835842d0a573c0f9605624dc, 8205a2eab16a4a3da99ff862f6b3b937; no voters: 
I20260709 14:49:29.962476  6363 leader_election.cc:304] T 8c012f235b8147468120e102e7c33789 P 8205a2eab16a4a3da99ff862f6b3b937 [CANDIDATE]: Term 1 pre-election: Election decided. Result: candidate won. Election summary: received 2 responses out of 3 voters: 2 yes votes; 0 no votes. yes voters: 43e187dc91cc48c19801fd05fdbdeeaf, 8205a2eab16a4a3da99ff862f6b3b937; no voters: 
W20260709 14:49:29.962890  6287 leader_election.cc:343] T 7c87ae4cdcea4ccfb7dd5a04fad01436 P 654fc121835842d0a573c0f9605624dc [CANDIDATE]: Term 1 pre-election: Tablet error from VoteRequest() call to peer 8205a2eab16a4a3da99ff862f6b3b937 (127.5.248.67:42875): Illegal state: must be running to vote when last-logged opid is not known
I20260709 14:49:29.963176  6447 raft_consensus.cc:2804] T 8c012f235b8147468120e102e7c33789 P 8205a2eab16a4a3da99ff862f6b3b937 [term 0 FOLLOWER]: Leader pre-election won for term 1
I20260709 14:49:29.963253  6442 ts_tablet_manager.cc:1434] T 7c2feb82891046c59c3dc3fb93b6847a P 43e187dc91cc48c19801fd05fdbdeeaf: Time spent starting tablet: real 0.011s	user 0.005s	sys 0.001s
I20260709 14:49:29.963558  6447 raft_consensus.cc:493] T 8c012f235b8147468120e102e7c33789 P 8205a2eab16a4a3da99ff862f6b3b937 [term 0 FOLLOWER]: Starting leader election (no leader contacted us within the election timeout)
I20260709 14:49:29.963909  6447 raft_consensus.cc:3060] T 8c012f235b8147468120e102e7c33789 P 8205a2eab16a4a3da99ff862f6b3b937 [term 0 FOLLOWER]: Advancing to term 1
I20260709 14:49:29.964205  6442 tablet_bootstrap.cc:492] T 5e0e308ecdb04e9ba067b604bc043eb9 P 43e187dc91cc48c19801fd05fdbdeeaf: Bootstrap starting.
I20260709 14:49:29.965603  6322 tablet_service.cc:1917] Received RequestConsensusVote() RPC: tablet_id: "02e0801ee2b14fd586baf4eb9f775fec" candidate_uuid: "8205a2eab16a4a3da99ff862f6b3b937" candidate_term: 1 candidate_status { last_received { term: 0 index: 0 } } ignore_live_leader: false dest_uuid: "654fc121835842d0a573c0f9605624dc" is_pre_election: true
I20260709 14:49:29.967078  6246 tablet_service.cc:1917] Received RequestConsensusVote() RPC: tablet_id: "7c87ae4cdcea4ccfb7dd5a04fad01436" candidate_uuid: "654fc121835842d0a573c0f9605624dc" candidate_term: 1 candidate_status { last_received { term: 0 index: 0 } } ignore_live_leader: false dest_uuid: "43e187dc91cc48c19801fd05fdbdeeaf" is_pre_election: true
I20260709 14:49:29.968457  6247 tablet_service.cc:1917] Received RequestConsensusVote() RPC: tablet_id: "7c2feb82891046c59c3dc3fb93b6847a" candidate_uuid: "654fc121835842d0a573c0f9605624dc" candidate_term: 1 candidate_status { last_received { term: 0 index: 0 } } ignore_live_leader: false dest_uuid: "43e187dc91cc48c19801fd05fdbdeeaf" is_pre_election: true
I20260709 14:49:29.969033  6247 raft_consensus.cc:2468] T 7c2feb82891046c59c3dc3fb93b6847a P 43e187dc91cc48c19801fd05fdbdeeaf [term 0 FOLLOWER]: Leader pre-election vote request: Granting yes vote for candidate 654fc121835842d0a573c0f9605624dc in term 0.
I20260709 14:49:29.969993  6447 raft_consensus.cc:515] T 8c012f235b8147468120e102e7c33789 P 8205a2eab16a4a3da99ff862f6b3b937 [term 1 FOLLOWER]: Starting leader election with config: opid_index: -1 OBSOLETE_local: false peers { permanent_uuid: "43e187dc91cc48c19801fd05fdbdeeaf" member_type: VOTER last_known_addr { host: "127.5.248.65" port: 39451 } } peers { permanent_uuid: "654fc121835842d0a573c0f9605624dc" member_type: VOTER last_known_addr { host: "127.5.248.66" port: 46093 } } peers { permanent_uuid: "8205a2eab16a4a3da99ff862f6b3b937" member_type: VOTER last_known_addr { host: "127.5.248.67" port: 42875 } }
I20260709 14:49:29.970337  6323 tablet_service.cc:1917] Received RequestConsensusVote() RPC: tablet_id: "8c012f235b8147468120e102e7c33789" candidate_uuid: "8205a2eab16a4a3da99ff862f6b3b937" candidate_term: 1 candidate_status { last_received { term: 0 index: 0 } } ignore_live_leader: false dest_uuid: "654fc121835842d0a573c0f9605624dc" is_pre_election: true
I20260709 14:49:29.970906  6323 raft_consensus.cc:2468] T 8c012f235b8147468120e102e7c33789 P 654fc121835842d0a573c0f9605624dc [term 0 FOLLOWER]: Leader pre-election vote request: Granting yes vote for candidate 8205a2eab16a4a3da99ff862f6b3b937 in term 0.
I20260709 14:49:29.971904  6447 leader_election.cc:290] T 8c012f235b8147468120e102e7c33789 P 8205a2eab16a4a3da99ff862f6b3b937 [CANDIDATE]: Term 1 election: Requested vote from peers 43e187dc91cc48c19801fd05fdbdeeaf (127.5.248.65:39451), 654fc121835842d0a573c0f9605624dc (127.5.248.66:46093)
I20260709 14:49:29.956889  6446 leader_election.cc:290] T 7c87ae4cdcea4ccfb7dd5a04fad01436 P 654fc121835842d0a573c0f9605624dc [CANDIDATE]: Term 1 pre-election: Requested pre-vote from peers 43e187dc91cc48c19801fd05fdbdeeaf (127.5.248.65:39451), 8205a2eab16a4a3da99ff862f6b3b937 (127.5.248.67:42875)
I20260709 14:49:29.972632  6446 raft_consensus.cc:2804] T 7c2feb82891046c59c3dc3fb93b6847a P 654fc121835842d0a573c0f9605624dc [term 0 FOLLOWER]: Leader pre-election won for term 1
I20260709 14:49:29.972965  6446 raft_consensus.cc:493] T 7c2feb82891046c59c3dc3fb93b6847a P 654fc121835842d0a573c0f9605624dc [term 0 FOLLOWER]: Starting leader election (no leader contacted us within the election timeout)
I20260709 14:49:29.973349  6446 raft_consensus.cc:3060] T 7c2feb82891046c59c3dc3fb93b6847a P 654fc121835842d0a573c0f9605624dc [term 0 FOLLOWER]: Advancing to term 1
I20260709 14:49:29.973282  6247 tablet_service.cc:1917] Received RequestConsensusVote() RPC: tablet_id: "8c012f235b8147468120e102e7c33789" candidate_uuid: "8205a2eab16a4a3da99ff862f6b3b937" candidate_term: 1 candidate_status { last_received { term: 0 index: 0 } } ignore_live_leader: false dest_uuid: "43e187dc91cc48c19801fd05fdbdeeaf"
I20260709 14:49:29.974174  6247 raft_consensus.cc:3060] T 8c012f235b8147468120e102e7c33789 P 43e187dc91cc48c19801fd05fdbdeeaf [term 0 FOLLOWER]: Advancing to term 1
W20260709 14:49:29.972173  6363 leader_election.cc:343] T 02e0801ee2b14fd586baf4eb9f775fec P 8205a2eab16a4a3da99ff862f6b3b937 [CANDIDATE]: Term 1 pre-election: Tablet error from VoteRequest() call to peer 654fc121835842d0a573c0f9605624dc (127.5.248.66:46093): Illegal state: must be running to vote when last-logged opid is not known
I20260709 14:49:29.977236  6363 leader_election.cc:304] T 02e0801ee2b14fd586baf4eb9f775fec P 8205a2eab16a4a3da99ff862f6b3b937 [CANDIDATE]: Term 1 pre-election: Election decided. Result: candidate lost. Election summary: received 3 responses out of 3 voters: 1 yes votes; 2 no votes. yes voters: 8205a2eab16a4a3da99ff862f6b3b937; no voters: 43e187dc91cc48c19801fd05fdbdeeaf, 654fc121835842d0a573c0f9605624dc
W20260709 14:49:29.978890  6289 leader_election.cc:343] T 7c87ae4cdcea4ccfb7dd5a04fad01436 P 654fc121835842d0a573c0f9605624dc [CANDIDATE]: Term 1 pre-election: Tablet error from VoteRequest() call to peer 43e187dc91cc48c19801fd05fdbdeeaf (127.5.248.65:39451): Illegal state: must be running to vote when last-logged opid is not known
I20260709 14:49:29.981307  6447 raft_consensus.cc:2749] T 02e0801ee2b14fd586baf4eb9f775fec P 8205a2eab16a4a3da99ff862f6b3b937 [term 0 FOLLOWER]: Leader pre-election lost for term 1. Reason: could not achieve majority
I20260709 14:49:29.980770  6289 leader_election.cc:304] T 7c87ae4cdcea4ccfb7dd5a04fad01436 P 654fc121835842d0a573c0f9605624dc [CANDIDATE]: Term 1 pre-election: Election decided. Result: candidate lost. Election summary: received 3 responses out of 3 voters: 1 yes votes; 2 no votes. yes voters: 654fc121835842d0a573c0f9605624dc; no voters: 43e187dc91cc48c19801fd05fdbdeeaf, 8205a2eab16a4a3da99ff862f6b3b937
I20260709 14:49:29.985564  6442 tablet_bootstrap.cc:654] T 5e0e308ecdb04e9ba067b604bc043eb9 P 43e187dc91cc48c19801fd05fdbdeeaf: Neither blocks nor log segments found. Creating new log.
I20260709 14:49:29.987454  6451 raft_consensus.cc:493] T 8fa616bf721c4032ba7faacc242fdaee P 43e187dc91cc48c19801fd05fdbdeeaf [term 0 FOLLOWER]: Starting pre-election (no leader contacted us within the election timeout)
I20260709 14:49:29.993691  6248 raft_consensus.cc:2468] T 97d86a5da8dc4c50a992d597b5d81850 P 43e187dc91cc48c19801fd05fdbdeeaf [term 1 FOLLOWER]: Leader election vote request: Granting yes vote for candidate 8205a2eab16a4a3da99ff862f6b3b937 in term 1.
I20260709 14:49:29.995378  6323 tablet_service.cc:1917] Received RequestConsensusVote() RPC: tablet_id: "8c012f235b8147468120e102e7c33789" candidate_uuid: "8205a2eab16a4a3da99ff862f6b3b937" candidate_term: 1 candidate_status { last_received { term: 0 index: 0 } } ignore_live_leader: false dest_uuid: "654fc121835842d0a573c0f9605624dc"
I20260709 14:49:29.988193  6473 raft_consensus.cc:2749] T 7c87ae4cdcea4ccfb7dd5a04fad01436 P 654fc121835842d0a573c0f9605624dc [term 0 FOLLOWER]: Leader pre-election lost for term 1. Reason: could not achieve majority
I20260709 14:49:29.996511  6323 raft_consensus.cc:3060] T 8c012f235b8147468120e102e7c33789 P 654fc121835842d0a573c0f9605624dc [term 0 FOLLOWER]: Advancing to term 1
I20260709 14:49:30.000133  6440 tablet_bootstrap.cc:492] T 7c87ae4cdcea4ccfb7dd5a04fad01436 P 8205a2eab16a4a3da99ff862f6b3b937: No bootstrap required, opened a new log
I20260709 14:49:30.000639  6440 ts_tablet_manager.cc:1403] T 7c87ae4cdcea4ccfb7dd5a04fad01436 P 8205a2eab16a4a3da99ff862f6b3b937: Time spent bootstrapping tablet: real 0.067s	user 0.023s	sys 0.016s
I20260709 14:49:29.996127  6451 raft_consensus.cc:515] T 8fa616bf721c4032ba7faacc242fdaee P 43e187dc91cc48c19801fd05fdbdeeaf [term 0 FOLLOWER]: Starting pre-election with config: opid_index: -1 OBSOLETE_local: false peers { permanent_uuid: "43e187dc91cc48c19801fd05fdbdeeaf" member_type: VOTER last_known_addr { host: "127.5.248.65" port: 39451 } } peers { permanent_uuid: "654fc121835842d0a573c0f9605624dc" member_type: VOTER last_known_addr { host: "127.5.248.66" port: 46093 } } peers { permanent_uuid: "8205a2eab16a4a3da99ff862f6b3b937" member_type: VOTER last_known_addr { host: "127.5.248.67" port: 42875 } }
I20260709 14:49:29.997882  6363 leader_election.cc:304] T 97d86a5da8dc4c50a992d597b5d81850 P 8205a2eab16a4a3da99ff862f6b3b937 [CANDIDATE]: Term 1 election: Election decided. Result: candidate won. Election summary: received 3 responses out of 3 voters: 2 yes votes; 1 no votes. yes voters: 43e187dc91cc48c19801fd05fdbdeeaf, 8205a2eab16a4a3da99ff862f6b3b937; no voters: 654fc121835842d0a573c0f9605624dc
I20260709 14:49:30.004949  6447 raft_consensus.cc:2804] T 97d86a5da8dc4c50a992d597b5d81850 P 8205a2eab16a4a3da99ff862f6b3b937 [term 1 FOLLOWER]: Leader election won for term 1
I20260709 14:49:30.005674  6447 raft_consensus.cc:697] T 97d86a5da8dc4c50a992d597b5d81850 P 8205a2eab16a4a3da99ff862f6b3b937 [term 1 LEADER]: Becoming Leader. State: Replica: 8205a2eab16a4a3da99ff862f6b3b937, State: Running, Role: LEADER
I20260709 14:49:30.006484  6447 consensus_queue.cc:237] T 97d86a5da8dc4c50a992d597b5d81850 P 8205a2eab16a4a3da99ff862f6b3b937 [LEADER]: Queue going to LEADER mode. State: All replicated index: 0, Majority replicated index: 0, Committed index: 0, Last appended: 0.0, Last appended by leader: 0, Current term: 1, Majority size: 2, State: 0, Mode: LEADER, active raft config: opid_index: -1 OBSOLETE_local: false peers { permanent_uuid: "43e187dc91cc48c19801fd05fdbdeeaf" member_type: VOTER last_known_addr { host: "127.5.248.65" port: 39451 } } peers { permanent_uuid: "654fc121835842d0a573c0f9605624dc" member_type: VOTER last_known_addr { host: "127.5.248.66" port: 46093 } } peers { permanent_uuid: "8205a2eab16a4a3da99ff862f6b3b937" member_type: VOTER last_known_addr { host: "127.5.248.67" port: 42875 } }
I20260709 14:49:30.007058  6451 leader_election.cc:290] T 8fa616bf721c4032ba7faacc242fdaee P 43e187dc91cc48c19801fd05fdbdeeaf [CANDIDATE]: Term 1 pre-election: Requested pre-vote from peers 654fc121835842d0a573c0f9605624dc (127.5.248.66:46093), 8205a2eab16a4a3da99ff862f6b3b937 (127.5.248.67:42875)
I20260709 14:49:30.012925  6451 raft_consensus.cc:493] T f6d671b7111f4dae96e181344f7f7132 P 43e187dc91cc48c19801fd05fdbdeeaf [term 0 FOLLOWER]: Starting pre-election (no leader contacted us within the election timeout)
I20260709 14:49:30.013386  6451 raft_consensus.cc:515] T f6d671b7111f4dae96e181344f7f7132 P 43e187dc91cc48c19801fd05fdbdeeaf [term 0 FOLLOWER]: Starting pre-election with config: opid_index: -1 OBSOLETE_local: false peers { permanent_uuid: "43e187dc91cc48c19801fd05fdbdeeaf" member_type: VOTER last_known_addr { host: "127.5.248.65" port: 39451 } } peers { permanent_uuid: "654fc121835842d0a573c0f9605624dc" member_type: VOTER last_known_addr { host: "127.5.248.66" port: 46093 } } peers { permanent_uuid: "8205a2eab16a4a3da99ff862f6b3b937" member_type: VOTER last_known_addr { host: "127.5.248.67" port: 42875 } }
I20260709 14:49:30.004959  6446 raft_consensus.cc:515] T 7c2feb82891046c59c3dc3fb93b6847a P 654fc121835842d0a573c0f9605624dc [term 1 FOLLOWER]: Starting leader election with config: opid_index: -1 OBSOLETE_local: false peers { permanent_uuid: "8205a2eab16a4a3da99ff862f6b3b937" member_type: VOTER last_known_addr { host: "127.5.248.67" port: 42875 } } peers { permanent_uuid: "43e187dc91cc48c19801fd05fdbdeeaf" member_type: VOTER last_known_addr { host: "127.5.248.65" port: 39451 } } peers { permanent_uuid: "654fc121835842d0a573c0f9605624dc" member_type: VOTER last_known_addr { host: "127.5.248.66" port: 46093 } }
I20260709 14:49:30.020520  6440 raft_consensus.cc:359] T 7c87ae4cdcea4ccfb7dd5a04fad01436 P 8205a2eab16a4a3da99ff862f6b3b937 [term 0 FOLLOWER]: Replica starting. Triggering 0 pending ops. Active config: opid_index: -1 OBSOLETE_local: false peers { permanent_uuid: "43e187dc91cc48c19801fd05fdbdeeaf" member_type: VOTER last_known_addr { host: "127.5.248.65" port: 39451 } } peers { permanent_uuid: "654fc121835842d0a573c0f9605624dc" member_type: VOTER last_known_addr { host: "127.5.248.66" port: 46093 } } peers { permanent_uuid: "8205a2eab16a4a3da99ff862f6b3b937" member_type: VOTER last_known_addr { host: "127.5.248.67" port: 42875 } }
I20260709 14:49:30.021267  6440 raft_consensus.cc:385] T 7c87ae4cdcea4ccfb7dd5a04fad01436 P 8205a2eab16a4a3da99ff862f6b3b937 [term 0 FOLLOWER]: Consensus starting up: Expiring failure detector timer to make a prompt election more likely
I20260709 14:49:30.021490  6440 raft_consensus.cc:740] T 7c87ae4cdcea4ccfb7dd5a04fad01436 P 8205a2eab16a4a3da99ff862f6b3b937 [term 0 FOLLOWER]: Becoming Follower/Learner. State: Replica: 8205a2eab16a4a3da99ff862f6b3b937, State: Initialized, Role: FOLLOWER
I20260709 14:49:30.021983  6440 consensus_queue.cc:260] T 7c87ae4cdcea4ccfb7dd5a04fad01436 P 8205a2eab16a4a3da99ff862f6b3b937 [NON_LEADER]: Queue going to NON_LEADER mode. State: All replicated index: 0, Majority replicated index: 0, Committed index: 0, Last appended: 0.0, Last appended by leader: 0, Current term: 0, Majority size: -1, State: 0, Mode: NON_LEADER, active raft config: opid_index: -1 OBSOLETE_local: false peers { permanent_uuid: "43e187dc91cc48c19801fd05fdbdeeaf" member_type: VOTER last_known_addr { host: "127.5.248.65" port: 39451 } } peers { permanent_uuid: "654fc121835842d0a573c0f9605624dc" member_type: VOTER last_known_addr { host: "127.5.248.66" port: 46093 } } peers { permanent_uuid: "8205a2eab16a4a3da99ff862f6b3b937" member_type: VOTER last_known_addr { host: "127.5.248.67" port: 42875 } }
I20260709 14:49:30.020886  6451 leader_election.cc:290] T f6d671b7111f4dae96e181344f7f7132 P 43e187dc91cc48c19801fd05fdbdeeaf [CANDIDATE]: Term 1 pre-election: Requested pre-vote from peers 654fc121835842d0a573c0f9605624dc (127.5.248.66:46093), 8205a2eab16a4a3da99ff862f6b3b937 (127.5.248.67:42875)
I20260709 14:49:30.030157  6440 ts_tablet_manager.cc:1434] T 7c87ae4cdcea4ccfb7dd5a04fad01436 P 8205a2eab16a4a3da99ff862f6b3b937: Time spent starting tablet: real 0.029s	user 0.007s	sys 0.000s
I20260709 14:49:30.031100  6440 tablet_bootstrap.cc:492] T 5e0e308ecdb04e9ba067b604bc043eb9 P 8205a2eab16a4a3da99ff862f6b3b937: Bootstrap starting.
I20260709 14:49:30.034229  6446 leader_election.cc:290] T 7c2feb82891046c59c3dc3fb93b6847a P 654fc121835842d0a573c0f9605624dc [CANDIDATE]: Term 1 election: Requested vote from peers 8205a2eab16a4a3da99ff862f6b3b937 (127.5.248.67:42875), 43e187dc91cc48c19801fd05fdbdeeaf (127.5.248.65:39451)
I20260709 14:49:30.036717  6396 tablet_service.cc:1917] Received RequestConsensusVote() RPC: tablet_id: "7c2feb82891046c59c3dc3fb93b6847a" candidate_uuid: "654fc121835842d0a573c0f9605624dc" candidate_term: 1 candidate_status { last_received { term: 0 index: 0 } } ignore_live_leader: false dest_uuid: "8205a2eab16a4a3da99ff862f6b3b937"
I20260709 14:49:30.039013  6248 tablet_service.cc:1917] Received RequestConsensusVote() RPC: tablet_id: "7c2feb82891046c59c3dc3fb93b6847a" candidate_uuid: "654fc121835842d0a573c0f9605624dc" candidate_term: 1 candidate_status { last_received { term: 0 index: 0 } } ignore_live_leader: false dest_uuid: "43e187dc91cc48c19801fd05fdbdeeaf"
I20260709 14:49:30.039556  6248 raft_consensus.cc:3060] T 7c2feb82891046c59c3dc3fb93b6847a P 43e187dc91cc48c19801fd05fdbdeeaf [term 0 FOLLOWER]: Advancing to term 1
I20260709 14:49:30.041172  6323 raft_consensus.cc:2468] T 8c012f235b8147468120e102e7c33789 P 654fc121835842d0a573c0f9605624dc [term 1 FOLLOWER]: Leader election vote request: Granting yes vote for candidate 8205a2eab16a4a3da99ff862f6b3b937 in term 1.
I20260709 14:49:30.038196  6396 raft_consensus.cc:3060] T 7c2feb82891046c59c3dc3fb93b6847a P 8205a2eab16a4a3da99ff862f6b3b937 [term 0 FOLLOWER]: Advancing to term 1
I20260709 14:49:30.045280  6441 tablet_bootstrap.cc:492] T 97d86a5da8dc4c50a992d597b5d81850 P 654fc121835842d0a573c0f9605624dc: No bootstrap required, opened a new log
I20260709 14:49:30.045609  6441 ts_tablet_manager.cc:1403] T 97d86a5da8dc4c50a992d597b5d81850 P 654fc121835842d0a573c0f9605624dc: Time spent bootstrapping tablet: real 0.112s	user 0.026s	sys 0.018s
I20260709 14:49:30.046177  6363 leader_election.cc:304] T 8c012f235b8147468120e102e7c33789 P 8205a2eab16a4a3da99ff862f6b3b937 [CANDIDATE]: Term 1 election: Election decided. Result: candidate won. Election summary: received 2 responses out of 3 voters: 2 yes votes; 0 no votes. yes voters: 654fc121835842d0a573c0f9605624dc, 8205a2eab16a4a3da99ff862f6b3b937; no voters: 
I20260709 14:49:30.050002  6322 tablet_service.cc:1917] Received RequestConsensusVote() RPC: tablet_id: "f6d671b7111f4dae96e181344f7f7132" candidate_uuid: "43e187dc91cc48c19801fd05fdbdeeaf" candidate_term: 1 candidate_status { last_received { term: 0 index: 0 } } ignore_live_leader: false dest_uuid: "654fc121835842d0a573c0f9605624dc" is_pre_election: true
I20260709 14:49:30.050266  6247 raft_consensus.cc:2468] T 8c012f235b8147468120e102e7c33789 P 43e187dc91cc48c19801fd05fdbdeeaf [term 1 FOLLOWER]: Leader election vote request: Granting yes vote for candidate 8205a2eab16a4a3da99ff862f6b3b937 in term 1.
I20260709 14:49:30.050450  6441 raft_consensus.cc:359] T 97d86a5da8dc4c50a992d597b5d81850 P 654fc121835842d0a573c0f9605624dc [term 0 FOLLOWER]: Replica starting. Triggering 0 pending ops. Active config: opid_index: -1 OBSOLETE_local: false peers { permanent_uuid: "43e187dc91cc48c19801fd05fdbdeeaf" member_type: VOTER last_known_addr { host: "127.5.248.65" port: 39451 } } peers { permanent_uuid: "654fc121835842d0a573c0f9605624dc" member_type: VOTER last_known_addr { host: "127.5.248.66" port: 46093 } } peers { permanent_uuid: "8205a2eab16a4a3da99ff862f6b3b937" member_type: VOTER last_known_addr { host: "127.5.248.67" port: 42875 } }
I20260709 14:49:30.051220  6441 raft_consensus.cc:385] T 97d86a5da8dc4c50a992d597b5d81850 P 654fc121835842d0a573c0f9605624dc [term 0 FOLLOWER]: Consensus starting up: Expiring failure detector timer to make a prompt election more likely
I20260709 14:49:30.051435  6441 raft_consensus.cc:740] T 97d86a5da8dc4c50a992d597b5d81850 P 654fc121835842d0a573c0f9605624dc [term 0 FOLLOWER]: Becoming Follower/Learner. State: Replica: 654fc121835842d0a573c0f9605624dc, State: Initialized, Role: FOLLOWER
I20260709 14:49:30.050624  6322 raft_consensus.cc:2468] T f6d671b7111f4dae96e181344f7f7132 P 654fc121835842d0a573c0f9605624dc [term 0 FOLLOWER]: Leader pre-election vote request: Granting yes vote for candidate 43e187dc91cc48c19801fd05fdbdeeaf in term 0.
I20260709 14:49:30.048655  6447 raft_consensus.cc:2804] T 8c012f235b8147468120e102e7c33789 P 8205a2eab16a4a3da99ff862f6b3b937 [term 1 FOLLOWER]: Leader election won for term 1
I20260709 14:49:30.052433  6447 raft_consensus.cc:697] T 8c012f235b8147468120e102e7c33789 P 8205a2eab16a4a3da99ff862f6b3b937 [term 1 LEADER]: Becoming Leader. State: Replica: 8205a2eab16a4a3da99ff862f6b3b937, State: Running, Role: LEADER
I20260709 14:49:30.054147  6441 consensus_queue.cc:260] T 97d86a5da8dc4c50a992d597b5d81850 P 654fc121835842d0a573c0f9605624dc [NON_LEADER]: Queue going to NON_LEADER mode. State: All replicated index: 0, Majority replicated index: 0, Committed index: 0, Last appended: 0.0, Last appended by leader: 0, Current term: 0, Majority size: -1, State: 0, Mode: NON_LEADER, active raft config: opid_index: -1 OBSOLETE_local: false peers { permanent_uuid: "43e187dc91cc48c19801fd05fdbdeeaf" member_type: VOTER last_known_addr { host: "127.5.248.65" port: 39451 } } peers { permanent_uuid: "654fc121835842d0a573c0f9605624dc" member_type: VOTER last_known_addr { host: "127.5.248.66" port: 46093 } } peers { permanent_uuid: "8205a2eab16a4a3da99ff862f6b3b937" member_type: VOTER last_known_addr { host: "127.5.248.67" port: 42875 } }
I20260709 14:49:30.053352  6323 tablet_service.cc:1917] Received RequestConsensusVote() RPC: tablet_id: "8fa616bf721c4032ba7faacc242fdaee" candidate_uuid: "43e187dc91cc48c19801fd05fdbdeeaf" candidate_term: 1 candidate_status { last_received { term: 0 index: 0 } } ignore_live_leader: false dest_uuid: "654fc121835842d0a573c0f9605624dc" is_pre_election: true
I20260709 14:49:30.055377  6323 raft_consensus.cc:2468] T 8fa616bf721c4032ba7faacc242fdaee P 654fc121835842d0a573c0f9605624dc [term 0 FOLLOWER]: Leader pre-election vote request: Granting yes vote for candidate 43e187dc91cc48c19801fd05fdbdeeaf in term 0.
I20260709 14:49:30.055701  6214 leader_election.cc:304] T f6d671b7111f4dae96e181344f7f7132 P 43e187dc91cc48c19801fd05fdbdeeaf [CANDIDATE]: Term 1 pre-election: Election decided. Result: candidate won. Election summary: received 2 responses out of 3 voters: 2 yes votes; 0 no votes. yes voters: 43e187dc91cc48c19801fd05fdbdeeaf, 654fc121835842d0a573c0f9605624dc; no voters: 
I20260709 14:49:30.058596  6441 ts_tablet_manager.cc:1434] T 97d86a5da8dc4c50a992d597b5d81850 P 654fc121835842d0a573c0f9605624dc: Time spent starting tablet: real 0.013s	user 0.007s	sys 0.000s
I20260709 14:49:30.057687  6451 raft_consensus.cc:2804] T f6d671b7111f4dae96e181344f7f7132 P 43e187dc91cc48c19801fd05fdbdeeaf [term 0 FOLLOWER]: Leader pre-election won for term 1
I20260709 14:49:30.059351  6451 raft_consensus.cc:493] T f6d671b7111f4dae96e181344f7f7132 P 43e187dc91cc48c19801fd05fdbdeeaf [term 0 FOLLOWER]: Starting leader election (no leader contacted us within the election timeout)
I20260709 14:49:30.059664  6451 raft_consensus.cc:3060] T f6d671b7111f4dae96e181344f7f7132 P 43e187dc91cc48c19801fd05fdbdeeaf [term 0 FOLLOWER]: Advancing to term 1
I20260709 14:49:30.061460  6440 tablet_bootstrap.cc:654] T 5e0e308ecdb04e9ba067b604bc043eb9 P 8205a2eab16a4a3da99ff862f6b3b937: Neither blocks nor log segments found. Creating new log.
I20260709 14:49:30.060303  6397 tablet_service.cc:1917] Received RequestConsensusVote() RPC: tablet_id: "8fa616bf721c4032ba7faacc242fdaee" candidate_uuid: "43e187dc91cc48c19801fd05fdbdeeaf" candidate_term: 1 candidate_status { last_received { term: 0 index: 0 } } ignore_live_leader: false dest_uuid: "8205a2eab16a4a3da99ff862f6b3b937" is_pre_election: true
I20260709 14:49:30.062247  6441 tablet_bootstrap.cc:492] T 02e0801ee2b14fd586baf4eb9f775fec P 654fc121835842d0a573c0f9605624dc: Bootstrap starting.
I20260709 14:49:30.061945  6397 raft_consensus.cc:2468] T 8fa616bf721c4032ba7faacc242fdaee P 8205a2eab16a4a3da99ff862f6b3b937 [term 0 FOLLOWER]: Leader pre-election vote request: Granting yes vote for candidate 43e187dc91cc48c19801fd05fdbdeeaf in term 0.
I20260709 14:49:30.062500  6214 leader_election.cc:304] T 8fa616bf721c4032ba7faacc242fdaee P 43e187dc91cc48c19801fd05fdbdeeaf [CANDIDATE]: Term 1 pre-election: Election decided. Result: candidate won. Election summary: received 2 responses out of 3 voters: 2 yes votes; 0 no votes. yes voters: 43e187dc91cc48c19801fd05fdbdeeaf, 654fc121835842d0a573c0f9605624dc; no voters: 
I20260709 14:49:30.057392  6447 consensus_queue.cc:237] T 8c012f235b8147468120e102e7c33789 P 8205a2eab16a4a3da99ff862f6b3b937 [LEADER]: Queue going to LEADER mode. State: All replicated index: 0, Majority replicated index: 0, Committed index: 0, Last appended: 0.0, Last appended by leader: 0, Current term: 1, Majority size: 2, State: 0, Mode: LEADER, active raft config: opid_index: -1 OBSOLETE_local: false peers { permanent_uuid: "43e187dc91cc48c19801fd05fdbdeeaf" member_type: VOTER last_known_addr { host: "127.5.248.65" port: 39451 } } peers { permanent_uuid: "654fc121835842d0a573c0f9605624dc" member_type: VOTER last_known_addr { host: "127.5.248.66" port: 46093 } } peers { permanent_uuid: "8205a2eab16a4a3da99ff862f6b3b937" member_type: VOTER last_known_addr { host: "127.5.248.67" port: 42875 } }
I20260709 14:49:30.061786  6395 tablet_service.cc:1917] Received RequestConsensusVote() RPC: tablet_id: "f6d671b7111f4dae96e181344f7f7132" candidate_uuid: "43e187dc91cc48c19801fd05fdbdeeaf" candidate_term: 1 candidate_status { last_received { term: 0 index: 0 } } ignore_live_leader: false dest_uuid: "8205a2eab16a4a3da99ff862f6b3b937" is_pre_election: true
I20260709 14:49:30.064509  6395 raft_consensus.cc:2468] T f6d671b7111f4dae96e181344f7f7132 P 8205a2eab16a4a3da99ff862f6b3b937 [term 0 FOLLOWER]: Leader pre-election vote request: Granting yes vote for candidate 43e187dc91cc48c19801fd05fdbdeeaf in term 0.
I20260709 14:49:30.067662  6248 raft_consensus.cc:2468] T 7c2feb82891046c59c3dc3fb93b6847a P 43e187dc91cc48c19801fd05fdbdeeaf [term 1 FOLLOWER]: Leader election vote request: Granting yes vote for candidate 654fc121835842d0a573c0f9605624dc in term 1.
I20260709 14:49:30.070657  6289 leader_election.cc:304] T 7c2feb82891046c59c3dc3fb93b6847a P 654fc121835842d0a573c0f9605624dc [CANDIDATE]: Term 1 election: Election decided. Result: candidate won. Election summary: received 2 responses out of 3 voters: 2 yes votes; 0 no votes. yes voters: 43e187dc91cc48c19801fd05fdbdeeaf, 654fc121835842d0a573c0f9605624dc; no voters: 
I20260709 14:49:30.071381  6446 raft_consensus.cc:2804] T 7c2feb82891046c59c3dc3fb93b6847a P 654fc121835842d0a573c0f9605624dc [term 1 FOLLOWER]: Leader election won for term 1
I20260709 14:49:30.072500  6446 raft_consensus.cc:697] T 7c2feb82891046c59c3dc3fb93b6847a P 654fc121835842d0a573c0f9605624dc [term 1 LEADER]: Becoming Leader. State: Replica: 654fc121835842d0a573c0f9605624dc, State: Running, Role: LEADER
I20260709 14:49:30.073505  6442 tablet_bootstrap.cc:492] T 5e0e308ecdb04e9ba067b604bc043eb9 P 43e187dc91cc48c19801fd05fdbdeeaf: No bootstrap required, opened a new log
I20260709 14:49:30.073982  6442 ts_tablet_manager.cc:1403] T 5e0e308ecdb04e9ba067b604bc043eb9 P 43e187dc91cc48c19801fd05fdbdeeaf: Time spent bootstrapping tablet: real 0.110s	user 0.011s	sys 0.014s
I20260709 14:49:30.073840  6446 consensus_queue.cc:237] T 7c2feb82891046c59c3dc3fb93b6847a P 654fc121835842d0a573c0f9605624dc [LEADER]: Queue going to LEADER mode. State: All replicated index: 0, Majority replicated index: 0, Committed index: 0, Last appended: 0.0, Last appended by leader: 0, Current term: 1, Majority size: 2, State: 0, Mode: LEADER, active raft config: opid_index: -1 OBSOLETE_local: false peers { permanent_uuid: "8205a2eab16a4a3da99ff862f6b3b937" member_type: VOTER last_known_addr { host: "127.5.248.67" port: 42875 } } peers { permanent_uuid: "43e187dc91cc48c19801fd05fdbdeeaf" member_type: VOTER last_known_addr { host: "127.5.248.65" port: 39451 } } peers { permanent_uuid: "654fc121835842d0a573c0f9605624dc" member_type: VOTER last_known_addr { host: "127.5.248.66" port: 46093 } }
I20260709 14:49:30.076758  6451 raft_consensus.cc:515] T f6d671b7111f4dae96e181344f7f7132 P 43e187dc91cc48c19801fd05fdbdeeaf [term 1 FOLLOWER]: Starting leader election with config: opid_index: -1 OBSOLETE_local: false peers { permanent_uuid: "43e187dc91cc48c19801fd05fdbdeeaf" member_type: VOTER last_known_addr { host: "127.5.248.65" port: 39451 } } peers { permanent_uuid: "654fc121835842d0a573c0f9605624dc" member_type: VOTER last_known_addr { host: "127.5.248.66" port: 46093 } } peers { permanent_uuid: "8205a2eab16a4a3da99ff862f6b3b937" member_type: VOTER last_known_addr { host: "127.5.248.67" port: 42875 } }
I20260709 14:49:30.078413  6396 raft_consensus.cc:2468] T 7c2feb82891046c59c3dc3fb93b6847a P 8205a2eab16a4a3da99ff862f6b3b937 [term 1 FOLLOWER]: Leader election vote request: Granting yes vote for candidate 654fc121835842d0a573c0f9605624dc in term 1.
I20260709 14:49:30.081709  6323 tablet_service.cc:1917] Received RequestConsensusVote() RPC: tablet_id: "f6d671b7111f4dae96e181344f7f7132" candidate_uuid: "43e187dc91cc48c19801fd05fdbdeeaf" candidate_term: 1 candidate_status { last_received { term: 0 index: 0 } } ignore_live_leader: false dest_uuid: "654fc121835842d0a573c0f9605624dc"
I20260709 14:49:30.082357  6323 raft_consensus.cc:3060] T f6d671b7111f4dae96e181344f7f7132 P 654fc121835842d0a573c0f9605624dc [term 0 FOLLOWER]: Advancing to term 1
I20260709 14:49:30.083639  6451 leader_election.cc:290] T f6d671b7111f4dae96e181344f7f7132 P 43e187dc91cc48c19801fd05fdbdeeaf [CANDIDATE]: Term 1 election: Requested vote from peers 654fc121835842d0a573c0f9605624dc (127.5.248.66:46093), 8205a2eab16a4a3da99ff862f6b3b937 (127.5.248.67:42875)
I20260709 14:49:30.085065  6442 raft_consensus.cc:359] T 5e0e308ecdb04e9ba067b604bc043eb9 P 43e187dc91cc48c19801fd05fdbdeeaf [term 0 FOLLOWER]: Replica starting. Triggering 0 pending ops. Active config: opid_index: -1 OBSOLETE_local: false peers { permanent_uuid: "43e187dc91cc48c19801fd05fdbdeeaf" member_type: VOTER last_known_addr { host: "127.5.248.65" port: 39451 } } peers { permanent_uuid: "654fc121835842d0a573c0f9605624dc" member_type: VOTER last_known_addr { host: "127.5.248.66" port: 46093 } } peers { permanent_uuid: "8205a2eab16a4a3da99ff862f6b3b937" member_type: VOTER last_known_addr { host: "127.5.248.67" port: 42875 } }
I20260709 14:49:30.089483  6442 raft_consensus.cc:385] T 5e0e308ecdb04e9ba067b604bc043eb9 P 43e187dc91cc48c19801fd05fdbdeeaf [term 0 FOLLOWER]: Consensus starting up: Expiring failure detector timer to make a prompt election more likely
I20260709 14:49:30.089780  6442 raft_consensus.cc:740] T 5e0e308ecdb04e9ba067b604bc043eb9 P 43e187dc91cc48c19801fd05fdbdeeaf [term 0 FOLLOWER]: Becoming Follower/Learner. State: Replica: 43e187dc91cc48c19801fd05fdbdeeaf, State: Initialized, Role: FOLLOWER
I20260709 14:49:30.086202  6451 raft_consensus.cc:2804] T 8fa616bf721c4032ba7faacc242fdaee P 43e187dc91cc48c19801fd05fdbdeeaf [term 0 FOLLOWER]: Leader pre-election won for term 1
I20260709 14:49:30.092659  6451 raft_consensus.cc:493] T 8fa616bf721c4032ba7faacc242fdaee P 43e187dc91cc48c19801fd05fdbdeeaf [term 0 FOLLOWER]: Starting leader election (no leader contacted us within the election timeout)
I20260709 14:49:30.093233  6451 raft_consensus.cc:3060] T 8fa616bf721c4032ba7faacc242fdaee P 43e187dc91cc48c19801fd05fdbdeeaf [term 0 FOLLOWER]: Advancing to term 1
I20260709 14:49:30.095495  6441 tablet_bootstrap.cc:654] T 02e0801ee2b14fd586baf4eb9f775fec P 654fc121835842d0a573c0f9605624dc: Neither blocks nor log segments found. Creating new log.
I20260709 14:49:30.095801  6323 raft_consensus.cc:2468] T f6d671b7111f4dae96e181344f7f7132 P 654fc121835842d0a573c0f9605624dc [term 1 FOLLOWER]: Leader election vote request: Granting yes vote for candidate 43e187dc91cc48c19801fd05fdbdeeaf in term 1.
I20260709 14:49:30.093245  6442 consensus_queue.cc:260] T 5e0e308ecdb04e9ba067b604bc043eb9 P 43e187dc91cc48c19801fd05fdbdeeaf [NON_LEADER]: Queue going to NON_LEADER mode. State: All replicated index: 0, Majority replicated index: 0, Committed index: 0, Last appended: 0.0, Last appended by leader: 0, Current term: 0, Majority size: -1, State: 0, Mode: NON_LEADER, active raft config: opid_index: -1 OBSOLETE_local: false peers { permanent_uuid: "43e187dc91cc48c19801fd05fdbdeeaf" member_type: VOTER last_known_addr { host: "127.5.248.65" port: 39451 } } peers { permanent_uuid: "654fc121835842d0a573c0f9605624dc" member_type: VOTER last_known_addr { host: "127.5.248.66" port: 46093 } } peers { permanent_uuid: "8205a2eab16a4a3da99ff862f6b3b937" member_type: VOTER last_known_addr { host: "127.5.248.67" port: 42875 } }
I20260709 14:49:30.097203  6214 leader_election.cc:304] T f6d671b7111f4dae96e181344f7f7132 P 43e187dc91cc48c19801fd05fdbdeeaf [CANDIDATE]: Term 1 election: Election decided. Result: candidate won. Election summary: received 2 responses out of 3 voters: 2 yes votes; 0 no votes. yes voters: 43e187dc91cc48c19801fd05fdbdeeaf, 654fc121835842d0a573c0f9605624dc; no voters: 
