I20260709 14:49:54.375329 12804 raft_consensus.cc:359] T 54d47712288a4201b6950066c96a406b P 4fbfe9b027dd4e609b97b265a015f72b [term 0 FOLLOWER]: Replica starting. Triggering 0 pending ops. Active config: opid_index: -1 OBSOLETE_local: false peers { permanent_uuid: "b919450c87414f64835de4e74ab4fe5d" member_type: VOTER last_known_addr { host: "127.11.47.193" port: 34711 } } peers { permanent_uuid: "4fbfe9b027dd4e609b97b265a015f72b" member_type: VOTER last_known_addr { host: "127.11.47.194" port: 42113 } } peers { permanent_uuid: "eae024d90c1c42e88f6467573f474527" member_type: VOTER last_known_addr { host: "127.11.47.195" port: 37333 } }
I20260709 14:49:54.375969 12804 raft_consensus.cc:385] T 54d47712288a4201b6950066c96a406b P 4fbfe9b027dd4e609b97b265a015f72b [term 0 FOLLOWER]: Consensus starting up: Expiring failure detector timer to make a prompt election more likely
I20260709 14:49:54.376263 12804 raft_consensus.cc:740] T 54d47712288a4201b6950066c96a406b P 4fbfe9b027dd4e609b97b265a015f72b [term 0 FOLLOWER]: Becoming Follower/Learner. State: Replica: 4fbfe9b027dd4e609b97b265a015f72b, State: Initialized, Role: FOLLOWER
I20260709 14:49:54.376938 12804 consensus_queue.cc:260] T 54d47712288a4201b6950066c96a406b P 4fbfe9b027dd4e609b97b265a015f72b [NON_LEADER]: Queue going to NON_LEADER mode. State: All replicated index: 0, Majority replicated index: 0, Committed index: 0, Last appended: 0.0, Last appended by leader: 0, Current term: 0, Majority size: -1, State: 0, Mode: NON_LEADER, active raft config: opid_index: -1 OBSOLETE_local: false peers { permanent_uuid: "b919450c87414f64835de4e74ab4fe5d" member_type: VOTER last_known_addr { host: "127.11.47.193" port: 34711 } } peers { permanent_uuid: "4fbfe9b027dd4e609b97b265a015f72b" member_type: VOTER last_known_addr { host: "127.11.47.194" port: 42113 } } peers { permanent_uuid: "eae024d90c1c42e88f6467573f474527" member_type: VOTER last_known_addr { host: "127.11.47.195" port: 37333 } }
I20260709 14:49:54.377987 12762 raft_consensus.cc:2468] T 350ad469a720478496febce9a85245bd P eae024d90c1c42e88f6467573f474527 [term 1 FOLLOWER]: Leader election vote request: Granting yes vote for candidate b919450c87414f64835de4e74ab4fe5d in term 1.
I20260709 14:49:54.380185 12686 raft_consensus.cc:2468] T 350ad469a720478496febce9a85245bd P 4fbfe9b027dd4e609b97b265a015f72b [term 1 FOLLOWER]: Leader election vote request: Granting yes vote for candidate b919450c87414f64835de4e74ab4fe5d in term 1.
I20260709 14:49:54.381626 12804 ts_tablet_manager.cc:1434] T 54d47712288a4201b6950066c96a406b P 4fbfe9b027dd4e609b97b265a015f72b: Time spent starting tablet: real 0.013s	user 0.006s	sys 0.000s
I20260709 14:49:54.385768 12688 raft_consensus.cc:2393] T 53e6f49d02d34dc7a772b9c3ba0c71c9 P 4fbfe9b027dd4e609b97b265a015f72b [term 1 FOLLOWER]: Leader election vote request: Denying vote to candidate b919450c87414f64835de4e74ab4fe5d in current term 1: Already voted for candidate eae024d90c1c42e88f6467573f474527 in this term.
I20260709 14:49:54.388586 12804 tablet_bootstrap.cc:492] T f06927bbf94946c1b5e9ab3029734080 P 4fbfe9b027dd4e609b97b265a015f72b: Bootstrap starting.
W20260709 14:49:54.389948 12579 leader_election.cc:343] T 32c0c4b54a4445428627865d3c5ce116 P b919450c87414f64835de4e74ab4fe5d [CANDIDATE]: Term 1 pre-election: Tablet error from VoteRequest() call to peer eae024d90c1c42e88f6467573f474527 (127.11.47.195:37333): Illegal state: must be running to vote when last-logged opid is not known
I20260709 14:49:54.390923 12579 leader_election.cc:304] T 350ad469a720478496febce9a85245bd P b919450c87414f64835de4e74ab4fe5d [CANDIDATE]: Term 1 election: Election decided. Result: candidate won. Election summary: received 2 responses out of 3 voters: 2 yes votes; 0 no votes. yes voters: b919450c87414f64835de4e74ab4fe5d, eae024d90c1c42e88f6467573f474527; no voters: 
I20260709 14:49:54.372869 12901 raft_consensus.cc:2804] T 32c0c4b54a4445428627865d3c5ce116 P b919450c87414f64835de4e74ab4fe5d [term 0 FOLLOWER]: Leader pre-election won for term 1
I20260709 14:49:54.392513 12900 raft_consensus.cc:2804] T 350ad469a720478496febce9a85245bd P b919450c87414f64835de4e74ab4fe5d [term 1 FOLLOWER]: Leader election won for term 1
I20260709 14:49:54.398212 12900 raft_consensus.cc:697] T 350ad469a720478496febce9a85245bd P b919450c87414f64835de4e74ab4fe5d [term 1 LEADER]: Becoming Leader. State: Replica: b919450c87414f64835de4e74ab4fe5d, State: Running, Role: LEADER
I20260709 14:49:54.391425 12762 tablet_service.cc:1917] Received RequestConsensusVote() RPC: tablet_id: "730830d471484151b964ba1338a61921" candidate_uuid: "4fbfe9b027dd4e609b97b265a015f72b" candidate_term: 1 candidate_status { last_received { term: 0 index: 0 } } ignore_live_leader: false dest_uuid: "eae024d90c1c42e88f6467573f474527"
I20260709 14:49:54.399078 12900 consensus_queue.cc:237] T 350ad469a720478496febce9a85245bd P b919450c87414f64835de4e74ab4fe5d [LEADER]: Queue going to LEADER mode. State: All replicated index: 0, Majority replicated index: 0, Committed index: 0, Last appended: 0.0, Last appended by leader: 0, Current term: 1, Majority size: 2, State: 0, Mode: LEADER, active raft config: opid_index: -1 OBSOLETE_local: false peers { permanent_uuid: "b919450c87414f64835de4e74ab4fe5d" member_type: VOTER last_known_addr { host: "127.11.47.193" port: 34711 } } peers { permanent_uuid: "4fbfe9b027dd4e609b97b265a015f72b" member_type: VOTER last_known_addr { host: "127.11.47.194" port: 42113 } } peers { permanent_uuid: "eae024d90c1c42e88f6467573f474527" member_type: VOTER last_known_addr { host: "127.11.47.195" port: 37333 } }
I20260709 14:49:54.392645 12901 raft_consensus.cc:493] T 32c0c4b54a4445428627865d3c5ce116 P b919450c87414f64835de4e74ab4fe5d [term 0 FOLLOWER]: Starting leader election (no leader contacted us within the election timeout)
I20260709 14:49:54.401547 12910 raft_consensus.cc:493] T 9f7b41dda18945638fa974f7976aad1b P 4fbfe9b027dd4e609b97b265a015f72b [term 0 FOLLOWER]: Starting pre-election (no leader contacted us within the election timeout)
I20260709 14:49:54.400949 12844 consensus_queue.cc:1048] T a2c3d0f20bc2472baed4db249f17c543 P b919450c87414f64835de4e74ab4fe5d [LEADER]: Connected to new peer: Peer: permanent_uuid: "eae024d90c1c42e88f6467573f474527" member_type: VOTER last_known_addr { host: "127.11.47.195" port: 37333 }, Status: LMP_MISMATCH, Last received: 0.0, Next index: 1, Last known committed idx: 0, Time since last communication: 0.002s
I20260709 14:49:54.402271 12910 raft_consensus.cc:515] T 9f7b41dda18945638fa974f7976aad1b P 4fbfe9b027dd4e609b97b265a015f72b [term 0 FOLLOWER]: Starting pre-election with config: opid_index: -1 OBSOLETE_local: false peers { permanent_uuid: "b919450c87414f64835de4e74ab4fe5d" member_type: VOTER last_known_addr { host: "127.11.47.193" port: 34711 } } peers { permanent_uuid: "4fbfe9b027dd4e609b97b265a015f72b" member_type: VOTER last_known_addr { host: "127.11.47.194" port: 42113 } } peers { permanent_uuid: "eae024d90c1c42e88f6467573f474527" member_type: VOTER last_known_addr { host: "127.11.47.195" port: 37333 } }
I20260709 14:49:54.401619 12580 leader_election.cc:304] T 53e6f49d02d34dc7a772b9c3ba0c71c9 P b919450c87414f64835de4e74ab4fe5d [CANDIDATE]: Term 1 election: Election decided. Result: candidate lost. Election summary: received 3 responses out of 3 voters: 1 yes votes; 2 no votes. yes voters: b919450c87414f64835de4e74ab4fe5d; no voters: 4fbfe9b027dd4e609b97b265a015f72b, eae024d90c1c42e88f6467573f474527
I20260709 14:49:54.405634 12910 leader_election.cc:290] T 9f7b41dda18945638fa974f7976aad1b P 4fbfe9b027dd4e609b97b265a015f72b [CANDIDATE]: Term 1 pre-election: Requested pre-vote from peers b919450c87414f64835de4e74ab4fe5d (127.11.47.193:34711), eae024d90c1c42e88f6467573f474527 (127.11.47.195:37333)
I20260709 14:49:54.408061 12901 raft_consensus.cc:3060] T 32c0c4b54a4445428627865d3c5ce116 P b919450c87414f64835de4e74ab4fe5d [term 0 FOLLOWER]: Advancing to term 1
I20260709 14:49:54.403244 12762 raft_consensus.cc:3060] T 730830d471484151b964ba1338a61921 P eae024d90c1c42e88f6467573f474527 [term 0 FOLLOWER]: Advancing to term 1
I20260709 14:49:54.408622 12844 raft_consensus.cc:2749] T 53e6f49d02d34dc7a772b9c3ba0c71c9 P b919450c87414f64835de4e74ab4fe5d [term 1 FOLLOWER]: Leader election lost for term 1. Reason: could not achieve majority
I20260709 14:49:54.430264 12803 tablet_bootstrap.cc:654] T 5ea533092cc0405bab4287001f8b8913 P eae024d90c1c42e88f6467573f474527: Neither blocks nor log segments found. Creating new log.
I20260709 14:49:54.429822 12805 raft_consensus.cc:359] T 5ea533092cc0405bab4287001f8b8913 P b919450c87414f64835de4e74ab4fe5d [term 0 FOLLOWER]: Replica starting. Triggering 0 pending ops. Active config: opid_index: -1 OBSOLETE_local: false peers { permanent_uuid: "b919450c87414f64835de4e74ab4fe5d" member_type: VOTER last_known_addr { host: "127.11.47.193" port: 34711 } } peers { permanent_uuid: "4fbfe9b027dd4e609b97b265a015f72b" member_type: VOTER last_known_addr { host: "127.11.47.194" port: 42113 } } peers { permanent_uuid: "eae024d90c1c42e88f6467573f474527" member_type: VOTER last_known_addr { host: "127.11.47.195" port: 37333 } }
I20260709 14:49:54.432013 12805 raft_consensus.cc:385] T 5ea533092cc0405bab4287001f8b8913 P b919450c87414f64835de4e74ab4fe5d [term 0 FOLLOWER]: Consensus starting up: Expiring failure detector timer to make a prompt election more likely
I20260709 14:49:54.432320 12805 raft_consensus.cc:740] T 5ea533092cc0405bab4287001f8b8913 P b919450c87414f64835de4e74ab4fe5d [term 0 FOLLOWER]: Becoming Follower/Learner. State: Replica: b919450c87414f64835de4e74ab4fe5d, State: Initialized, Role: FOLLOWER
I20260709 14:49:54.433204 12805 consensus_queue.cc:260] T 5ea533092cc0405bab4287001f8b8913 P b919450c87414f64835de4e74ab4fe5d [NON_LEADER]: Queue going to NON_LEADER mode. State: All replicated index: 0, Majority replicated index: 0, Committed index: 0, Last appended: 0.0, Last appended by leader: 0, Current term: 0, Majority size: -1, State: 0, Mode: NON_LEADER, active raft config: opid_index: -1 OBSOLETE_local: false peers { permanent_uuid: "b919450c87414f64835de4e74ab4fe5d" member_type: VOTER last_known_addr { host: "127.11.47.193" port: 34711 } } peers { permanent_uuid: "4fbfe9b027dd4e609b97b265a015f72b" member_type: VOTER last_known_addr { host: "127.11.47.194" port: 42113 } } peers { permanent_uuid: "eae024d90c1c42e88f6467573f474527" member_type: VOTER last_known_addr { host: "127.11.47.195" port: 37333 } }
I20260709 14:49:54.434523 12804 tablet_bootstrap.cc:654] T f06927bbf94946c1b5e9ab3029734080 P 4fbfe9b027dd4e609b97b265a015f72b: Neither blocks nor log segments found. Creating new log.
I20260709 14:49:54.436923 12901 raft_consensus.cc:515] T 32c0c4b54a4445428627865d3c5ce116 P b919450c87414f64835de4e74ab4fe5d [term 1 FOLLOWER]: Starting leader election with config: opid_index: -1 OBSOLETE_local: false peers { permanent_uuid: "b919450c87414f64835de4e74ab4fe5d" member_type: VOTER last_known_addr { host: "127.11.47.193" port: 34711 } } peers { permanent_uuid: "4fbfe9b027dd4e609b97b265a015f72b" member_type: VOTER last_known_addr { host: "127.11.47.194" port: 42113 } } peers { permanent_uuid: "eae024d90c1c42e88f6467573f474527" member_type: VOTER last_known_addr { host: "127.11.47.195" port: 37333 } }
I20260709 14:49:54.440258 12509 catalog_manager.cc:5697] T 410dd1eb79434088bf41d9fdfd5dc1a4 P b919450c87414f64835de4e74ab4fe5d reported cstate change: term changed from 0 to 1, leader changed from <none> to b919450c87414f64835de4e74ab4fe5d (127.11.47.193). New cstate: current_term: 1 leader_uuid: "b919450c87414f64835de4e74ab4fe5d" committed_config { opid_index: -1 OBSOLETE_local: false peers { permanent_uuid: "b919450c87414f64835de4e74ab4fe5d" member_type: VOTER last_known_addr { host: "127.11.47.193" port: 34711 } health_report { overall_health: HEALTHY } } peers { permanent_uuid: "4fbfe9b027dd4e609b97b265a015f72b" member_type: VOTER last_known_addr { host: "127.11.47.194" port: 42113 } health_report { overall_health: UNKNOWN } } peers { permanent_uuid: "eae024d90c1c42e88f6467573f474527" member_type: VOTER last_known_addr { host: "127.11.47.195" port: 37333 } health_report { overall_health: UNKNOWN } } }
I20260709 14:49:54.441030 12762 raft_consensus.cc:2468] T 730830d471484151b964ba1338a61921 P eae024d90c1c42e88f6467573f474527 [term 1 FOLLOWER]: Leader election vote request: Granting yes vote for candidate 4fbfe9b027dd4e609b97b265a015f72b in term 1.
I20260709 14:49:54.442687 12805 ts_tablet_manager.cc:1434] T 5ea533092cc0405bab4287001f8b8913 P b919450c87414f64835de4e74ab4fe5d: Time spent starting tablet: real 0.089s	user 0.007s	sys 0.001s
I20260709 14:49:54.443399 12805 tablet_bootstrap.cc:492] T 54d47712288a4201b6950066c96a406b P b919450c87414f64835de4e74ab4fe5d: Bootstrap starting.
I20260709 14:49:54.427366 12654 leader_election.cc:304] T 730830d471484151b964ba1338a61921 P 4fbfe9b027dd4e609b97b265a015f72b [CANDIDATE]: Term 1 election: Election decided. Result: candidate won. Election summary: received 2 responses out of 3 voters: 2 yes votes; 0 no votes. yes voters: 4fbfe9b027dd4e609b97b265a015f72b, b919450c87414f64835de4e74ab4fe5d; no voters: 
I20260709 14:49:54.448382 12901 leader_election.cc:290] T 32c0c4b54a4445428627865d3c5ce116 P b919450c87414f64835de4e74ab4fe5d [CANDIDATE]: Term 1 election: Requested vote from peers 4fbfe9b027dd4e609b97b265a015f72b (127.11.47.194:42113), eae024d90c1c42e88f6467573f474527 (127.11.47.195:37333)
I20260709 14:49:54.447949 12762 tablet_service.cc:1917] Received RequestConsensusVote() RPC: tablet_id: "32c0c4b54a4445428627865d3c5ce116" candidate_uuid: "b919450c87414f64835de4e74ab4fe5d" candidate_term: 1 candidate_status { last_received { term: 0 index: 0 } } ignore_live_leader: false dest_uuid: "eae024d90c1c42e88f6467573f474527"
I20260709 14:49:54.451129 12910 raft_consensus.cc:2804] T 730830d471484151b964ba1338a61921 P 4fbfe9b027dd4e609b97b265a015f72b [term 1 FOLLOWER]: Leader election won for term 1
I20260709 14:49:54.451849 12910 raft_consensus.cc:697] T 730830d471484151b964ba1338a61921 P 4fbfe9b027dd4e609b97b265a015f72b [term 1 LEADER]: Becoming Leader. State: Replica: 4fbfe9b027dd4e609b97b265a015f72b, State: Running, Role: LEADER
I20260709 14:49:54.452838 12910 consensus_queue.cc:237] T 730830d471484151b964ba1338a61921 P 4fbfe9b027dd4e609b97b265a015f72b [LEADER]: Queue going to LEADER mode. State: All replicated index: 0, Majority replicated index: 0, Committed index: 0, Last appended: 0.0, Last appended by leader: 0, Current term: 1, Majority size: 2, State: 0, Mode: LEADER, active raft config: opid_index: -1 OBSOLETE_local: false peers { permanent_uuid: "b919450c87414f64835de4e74ab4fe5d" member_type: VOTER last_known_addr { host: "127.11.47.193" port: 34711 } } peers { permanent_uuid: "4fbfe9b027dd4e609b97b265a015f72b" member_type: VOTER last_known_addr { host: "127.11.47.194" port: 42113 } } peers { permanent_uuid: "eae024d90c1c42e88f6467573f474527" member_type: VOTER last_known_addr { host: "127.11.47.195" port: 37333 } }
I20260709 14:49:54.455503 12803 tablet_bootstrap.cc:492] T 5ea533092cc0405bab4287001f8b8913 P eae024d90c1c42e88f6467573f474527: No bootstrap required, opened a new log
I20260709 14:49:54.455948 12803 ts_tablet_manager.cc:1403] T 5ea533092cc0405bab4287001f8b8913 P eae024d90c1c42e88f6467573f474527: Time spent bootstrapping tablet: real 0.099s	user 0.014s	sys 0.003s
I20260709 14:49:54.455001 12759 tablet_service.cc:1917] Received RequestConsensusVote() RPC: tablet_id: "9f7b41dda18945638fa974f7976aad1b" candidate_uuid: "4fbfe9b027dd4e609b97b265a015f72b" candidate_term: 1 candidate_status { last_received { term: 0 index: 0 } } ignore_live_leader: false dest_uuid: "eae024d90c1c42e88f6467573f474527" is_pre_election: true
I20260709 14:49:54.460006 12805 tablet_bootstrap.cc:654] T 54d47712288a4201b6950066c96a406b P b919450c87414f64835de4e74ab4fe5d: Neither blocks nor log segments found. Creating new log.
I20260709 14:49:54.459619 12901 consensus_queue.cc:1048] T a2c3d0f20bc2472baed4db249f17c543 P b919450c87414f64835de4e74ab4fe5d [LEADER]: Connected to new peer: Peer: permanent_uuid: "4fbfe9b027dd4e609b97b265a015f72b" member_type: VOTER last_known_addr { host: "127.11.47.194" port: 42113 }, Status: LMP_MISMATCH, Last received: 0.0, Next index: 1, Last known committed idx: 0, Time since last communication: 0.001s
I20260709 14:49:54.460505 12614 tablet_service.cc:1917] Received RequestConsensusVote() RPC: tablet_id: "9f7b41dda18945638fa974f7976aad1b" candidate_uuid: "4fbfe9b027dd4e609b97b265a015f72b" candidate_term: 1 candidate_status { last_received { term: 0 index: 0 } } ignore_live_leader: false dest_uuid: "b919450c87414f64835de4e74ab4fe5d" is_pre_election: true
I20260709 14:49:54.464092 12510 catalog_manager.cc:5697] T 53e6f49d02d34dc7a772b9c3ba0c71c9 P eae024d90c1c42e88f6467573f474527 reported cstate change: term changed from 0 to 1, leader changed from <none> to eae024d90c1c42e88f6467573f474527 (127.11.47.195). New cstate: current_term: 1 leader_uuid: "eae024d90c1c42e88f6467573f474527" committed_config { opid_index: -1 OBSOLETE_local: false peers { permanent_uuid: "b919450c87414f64835de4e74ab4fe5d" member_type: VOTER last_known_addr { host: "127.11.47.193" port: 34711 } health_report { overall_health: UNKNOWN } } peers { permanent_uuid: "4fbfe9b027dd4e609b97b265a015f72b" member_type: VOTER last_known_addr { host: "127.11.47.194" port: 42113 } health_report { overall_health: UNKNOWN } } peers { permanent_uuid: "eae024d90c1c42e88f6467573f474527" member_type: VOTER last_known_addr { host: "127.11.47.195" port: 37333 } health_report { overall_health: HEALTHY } } }
W20260709 14:49:54.465303 12654 leader_election.cc:343] T 9f7b41dda18945638fa974f7976aad1b P 4fbfe9b027dd4e609b97b265a015f72b [CANDIDATE]: Term 1 pre-election: Tablet error from VoteRequest() call to peer eae024d90c1c42e88f6467573f474527 (127.11.47.195:37333): Illegal state: must be running to vote when last-logged opid is not known
I20260709 14:49:54.467104 12688 tablet_service.cc:1917] Received RequestConsensusVote() RPC: tablet_id: "32c0c4b54a4445428627865d3c5ce116" candidate_uuid: "b919450c87414f64835de4e74ab4fe5d" candidate_term: 1 candidate_status { last_received { term: 0 index: 0 } } ignore_live_leader: false dest_uuid: "4fbfe9b027dd4e609b97b265a015f72b"
I20260709 14:49:54.467698 12688 raft_consensus.cc:3060] T 32c0c4b54a4445428627865d3c5ce116 P 4fbfe9b027dd4e609b97b265a015f72b [term 0 FOLLOWER]: Advancing to term 1
W20260709 14:49:54.470094 12654 leader_election.cc:343] T 9f7b41dda18945638fa974f7976aad1b P 4fbfe9b027dd4e609b97b265a015f72b [CANDIDATE]: Term 1 pre-election: Tablet error from VoteRequest() call to peer b919450c87414f64835de4e74ab4fe5d (127.11.47.193:34711): Illegal state: must be running to vote when last-logged opid is not known
I20260709 14:49:54.485754 12864 raft_consensus.cc:493] T 410dd1eb79434088bf41d9fdfd5dc1a4 P eae024d90c1c42e88f6467573f474527 [term 0 FOLLOWER]: Starting pre-election (no leader contacted us within the election timeout)
I20260709 14:49:54.486308 12864 raft_consensus.cc:515] T 410dd1eb79434088bf41d9fdfd5dc1a4 P eae024d90c1c42e88f6467573f474527 [term 0 FOLLOWER]: Starting pre-election with config: opid_index: -1 OBSOLETE_local: false peers { permanent_uuid: "b919450c87414f64835de4e74ab4fe5d" member_type: VOTER last_known_addr { host: "127.11.47.193" port: 34711 } } peers { permanent_uuid: "4fbfe9b027dd4e609b97b265a015f72b" member_type: VOTER last_known_addr { host: "127.11.47.194" port: 42113 } } peers { permanent_uuid: "eae024d90c1c42e88f6467573f474527" member_type: VOTER last_known_addr { host: "127.11.47.195" port: 37333 } }
I20260709 14:49:54.488443 12864 leader_election.cc:290] T 410dd1eb79434088bf41d9fdfd5dc1a4 P eae024d90c1c42e88f6467573f474527 [CANDIDATE]: Term 1 pre-election: Requested pre-vote from peers b919450c87414f64835de4e74ab4fe5d (127.11.47.193:34711), 4fbfe9b027dd4e609b97b265a015f72b (127.11.47.194:42113)
I20260709 14:49:54.489444 12612 tablet_service.cc:1917] Received RequestConsensusVote() RPC: tablet_id: "410dd1eb79434088bf41d9fdfd5dc1a4" candidate_uuid: "eae024d90c1c42e88f6467573f474527" candidate_term: 1 candidate_status { last_received { term: 0 index: 0 } } ignore_live_leader: false dest_uuid: "b919450c87414f64835de4e74ab4fe5d" is_pre_election: true
I20260709 14:49:54.490216 12687 tablet_service.cc:1917] Received RequestConsensusVote() RPC: tablet_id: "410dd1eb79434088bf41d9fdfd5dc1a4" candidate_uuid: "eae024d90c1c42e88f6467573f474527" candidate_term: 1 candidate_status { last_received { term: 0 index: 0 } } ignore_live_leader: false dest_uuid: "4fbfe9b027dd4e609b97b265a015f72b" is_pre_election: true
I20260709 14:49:54.491001 12687 raft_consensus.cc:2393] T 410dd1eb79434088bf41d9fdfd5dc1a4 P 4fbfe9b027dd4e609b97b265a015f72b [term 1 FOLLOWER]: Leader pre-election vote request: Denying vote to candidate eae024d90c1c42e88f6467573f474527 in current term 1: Already voted for candidate b919450c87414f64835de4e74ab4fe5d in this term.
W20260709 14:49:54.486464 12579 leader_election.cc:343] T 32c0c4b54a4445428627865d3c5ce116 P b919450c87414f64835de4e74ab4fe5d [CANDIDATE]: Term 1 election: Tablet error from VoteRequest() call to peer eae024d90c1c42e88f6467573f474527 (127.11.47.195:37333): Illegal state: must be running to vote when last-logged opid is not known
I20260709 14:49:54.491118 12654 leader_election.cc:304] T 9f7b41dda18945638fa974f7976aad1b P 4fbfe9b027dd4e609b97b265a015f72b [CANDIDATE]: Term 1 pre-election: Election decided. Result: candidate lost. Election summary: received 3 responses out of 3 voters: 1 yes votes; 2 no votes. yes voters: 4fbfe9b027dd4e609b97b265a015f72b; no voters: b919450c87414f64835de4e74ab4fe5d, eae024d90c1c42e88f6467573f474527
I20260709 14:49:54.492977 12809 raft_consensus.cc:2749] T 9f7b41dda18945638fa974f7976aad1b P 4fbfe9b027dd4e609b97b265a015f72b [term 0 FOLLOWER]: Leader pre-election lost for term 1. Reason: could not achieve majority
I20260709 14:49:54.493101 12851 consensus_queue.cc:1048] T ae3b6e868080451ca0810b9672f003a8 P 4fbfe9b027dd4e609b97b265a015f72b [LEADER]: Connected to new peer: Peer: permanent_uuid: "b919450c87414f64835de4e74ab4fe5d" member_type: VOTER last_known_addr { host: "127.11.47.193" port: 34711 }, Status: LMP_MISMATCH, Last received: 0.0, Next index: 1, Last known committed idx: 0, Time since last communication: 0.000s
I20260709 14:49:54.494771 12729 leader_election.cc:304] T 410dd1eb79434088bf41d9fdfd5dc1a4 P eae024d90c1c42e88f6467573f474527 [CANDIDATE]: Term 1 pre-election: Election decided. Result: candidate lost. Election summary: received 3 responses out of 3 voters: 1 yes votes; 2 no votes. yes voters: eae024d90c1c42e88f6467573f474527; no voters: 4fbfe9b027dd4e609b97b265a015f72b, b919450c87414f64835de4e74ab4fe5d
I20260709 14:49:54.496723 12811 raft_consensus.cc:3060] T 410dd1eb79434088bf41d9fdfd5dc1a4 P eae024d90c1c42e88f6467573f474527 [term 0 FOLLOWER]: Advancing to term 1
I20260709 14:49:54.511631 12804 tablet_bootstrap.cc:492] T f06927bbf94946c1b5e9ab3029734080 P 4fbfe9b027dd4e609b97b265a015f72b: No bootstrap required, opened a new log
I20260709 14:49:54.512223 12804 ts_tablet_manager.cc:1403] T f06927bbf94946c1b5e9ab3029734080 P 4fbfe9b027dd4e609b97b265a015f72b: Time spent bootstrapping tablet: real 0.125s	user 0.017s	sys 0.027s
I20260709 14:49:54.496953 12688 raft_consensus.cc:2468] T 32c0c4b54a4445428627865d3c5ce116 P 4fbfe9b027dd4e609b97b265a015f72b [term 1 FOLLOWER]: Leader election vote request: Granting yes vote for candidate b919450c87414f64835de4e74ab4fe5d in term 1.
I20260709 14:49:54.501739 12864 consensus_queue.cc:1048] T c18fab3325e54ac587703bf776889294 P eae024d90c1c42e88f6467573f474527 [LEADER]: Connected to new peer: Peer: permanent_uuid: "b919450c87414f64835de4e74ab4fe5d" member_type: VOTER last_known_addr { host: "127.11.47.193" port: 34711 }, Status: LMP_MISMATCH, Last received: 0.0, Next index: 1, Last known committed idx: 0, Time since last communication: 0.011s
I20260709 14:49:54.518896 12803 raft_consensus.cc:359] T 5ea533092cc0405bab4287001f8b8913 P eae024d90c1c42e88f6467573f474527 [term 0 FOLLOWER]: Replica starting. Triggering 0 pending ops. Active config: opid_index: -1 OBSOLETE_local: false peers { permanent_uuid: "b919450c87414f64835de4e74ab4fe5d" member_type: VOTER last_known_addr { host: "127.11.47.193" port: 34711 } } peers { permanent_uuid: "4fbfe9b027dd4e609b97b265a015f72b" member_type: VOTER last_known_addr { host: "127.11.47.194" port: 42113 } } peers { permanent_uuid: "eae024d90c1c42e88f6467573f474527" member_type: VOTER last_known_addr { host: "127.11.47.195" port: 37333 } }
I20260709 14:49:54.519682 12803 raft_consensus.cc:385] T 5ea533092cc0405bab4287001f8b8913 P eae024d90c1c42e88f6467573f474527 [term 0 FOLLOWER]: Consensus starting up: Expiring failure detector timer to make a prompt election more likely
I20260709 14:49:54.519954 12803 raft_consensus.cc:740] T 5ea533092cc0405bab4287001f8b8913 P eae024d90c1c42e88f6467573f474527 [term 0 FOLLOWER]: Becoming Follower/Learner. State: Replica: eae024d90c1c42e88f6467573f474527, State: Initialized, Role: FOLLOWER
I20260709 14:49:54.520573 12803 consensus_queue.cc:260] T 5ea533092cc0405bab4287001f8b8913 P eae024d90c1c42e88f6467573f474527 [NON_LEADER]: Queue going to NON_LEADER mode. State: All replicated index: 0, Majority replicated index: 0, Committed index: 0, Last appended: 0.0, Last appended by leader: 0, Current term: 0, Majority size: -1, State: 0, Mode: NON_LEADER, active raft config: opid_index: -1 OBSOLETE_local: false peers { permanent_uuid: "b919450c87414f64835de4e74ab4fe5d" member_type: VOTER last_known_addr { host: "127.11.47.193" port: 34711 } } peers { permanent_uuid: "4fbfe9b027dd4e609b97b265a015f72b" member_type: VOTER last_known_addr { host: "127.11.47.194" port: 42113 } } peers { permanent_uuid: "eae024d90c1c42e88f6467573f474527" member_type: VOTER last_known_addr { host: "127.11.47.195" port: 37333 } }
I20260709 14:49:54.524277 12805 tablet_bootstrap.cc:492] T 54d47712288a4201b6950066c96a406b P b919450c87414f64835de4e74ab4fe5d: No bootstrap required, opened a new log
I20260709 14:49:54.524760 12805 ts_tablet_manager.cc:1403] T 54d47712288a4201b6950066c96a406b P b919450c87414f64835de4e74ab4fe5d: Time spent bootstrapping tablet: real 0.081s	user 0.014s	sys 0.009s
I20260709 14:49:54.524876 12580 leader_election.cc:304] T 32c0c4b54a4445428627865d3c5ce116 P b919450c87414f64835de4e74ab4fe5d [CANDIDATE]: Term 1 election: Election decided. Result: candidate won. Election summary: received 3 responses out of 3 voters: 2 yes votes; 1 no votes. yes voters: 4fbfe9b027dd4e609b97b265a015f72b, b919450c87414f64835de4e74ab4fe5d; no voters: eae024d90c1c42e88f6467573f474527
I20260709 14:49:54.526516 12844 raft_consensus.cc:493] T 954e25f879524f89be2320f2c0ca2ece P b919450c87414f64835de4e74ab4fe5d [term 0 FOLLOWER]: Starting pre-election (no leader contacted us within the election timeout)
I20260709 14:49:54.531785 12804 raft_consensus.cc:359] T f06927bbf94946c1b5e9ab3029734080 P 4fbfe9b027dd4e609b97b265a015f72b [term 0 FOLLOWER]: Replica starting. Triggering 0 pending ops. Active config: opid_index: -1 OBSOLETE_local: false peers { permanent_uuid: "b919450c87414f64835de4e74ab4fe5d" member_type: VOTER last_known_addr { host: "127.11.47.193" port: 34711 } } peers { permanent_uuid: "4fbfe9b027dd4e609b97b265a015f72b" member_type: VOTER last_known_addr { host: "127.11.47.194" port: 42113 } } peers { permanent_uuid: "eae024d90c1c42e88f6467573f474527" member_type: VOTER last_known_addr { host: "127.11.47.195" port: 37333 } }
I20260709 14:49:54.529085 12900 raft_consensus.cc:2804] T 32c0c4b54a4445428627865d3c5ce116 P b919450c87414f64835de4e74ab4fe5d [term 1 FOLLOWER]: Leader election won for term 1
I20260709 14:49:54.532557 12804 raft_consensus.cc:385] T f06927bbf94946c1b5e9ab3029734080 P 4fbfe9b027dd4e609b97b265a015f72b [term 0 FOLLOWER]: Consensus starting up: Expiring failure detector timer to make a prompt election more likely
I20260709 14:49:54.532879 12804 raft_consensus.cc:740] T f06927bbf94946c1b5e9ab3029734080 P 4fbfe9b027dd4e609b97b265a015f72b [term 0 FOLLOWER]: Becoming Follower/Learner. State: Replica: 4fbfe9b027dd4e609b97b265a015f72b, State: Initialized, Role: FOLLOWER
I20260709 14:49:54.532913 12900 raft_consensus.cc:697] T 32c0c4b54a4445428627865d3c5ce116 P b919450c87414f64835de4e74ab4fe5d [term 1 LEADER]: Becoming Leader. State: Replica: b919450c87414f64835de4e74ab4fe5d, State: Running, Role: LEADER
I20260709 14:49:54.534485 12900 consensus_queue.cc:237] T 32c0c4b54a4445428627865d3c5ce116 P b919450c87414f64835de4e74ab4fe5d [LEADER]: Queue going to LEADER mode. State: All replicated index: 0, Majority replicated index: 0, Committed index: 0, Last appended: 0.0, Last appended by leader: 0, Current term: 1, Majority size: 2, State: 0, Mode: LEADER, active raft config: opid_index: -1 OBSOLETE_local: false peers { permanent_uuid: "b919450c87414f64835de4e74ab4fe5d" member_type: VOTER last_known_addr { host: "127.11.47.193" port: 34711 } } peers { permanent_uuid: "4fbfe9b027dd4e609b97b265a015f72b" member_type: VOTER last_known_addr { host: "127.11.47.194" port: 42113 } } peers { permanent_uuid: "eae024d90c1c42e88f6467573f474527" member_type: VOTER last_known_addr { host: "127.11.47.195" port: 37333 } }
I20260709 14:49:54.527153 12844 raft_consensus.cc:515] T 954e25f879524f89be2320f2c0ca2ece P b919450c87414f64835de4e74ab4fe5d [term 0 FOLLOWER]: Starting pre-election with config: opid_index: -1 OBSOLETE_local: false peers { permanent_uuid: "b919450c87414f64835de4e74ab4fe5d" member_type: VOTER last_known_addr { host: "127.11.47.193" port: 34711 } } peers { permanent_uuid: "4fbfe9b027dd4e609b97b265a015f72b" member_type: VOTER last_known_addr { host: "127.11.47.194" port: 42113 } } peers { permanent_uuid: "eae024d90c1c42e88f6467573f474527" member_type: VOTER last_known_addr { host: "127.11.47.195" port: 37333 } }
I20260709 14:49:54.532207 12811 raft_consensus.cc:2749] T 410dd1eb79434088bf41d9fdfd5dc1a4 P eae024d90c1c42e88f6467573f474527 [term 1 FOLLOWER]: Leader pre-election lost for term 1. Reason: could not achieve majority
I20260709 14:49:54.537915 12844 leader_election.cc:290] T 954e25f879524f89be2320f2c0ca2ece P b919450c87414f64835de4e74ab4fe5d [CANDIDATE]: Term 1 pre-election: Requested pre-vote from peers 4fbfe9b027dd4e609b97b265a015f72b (127.11.47.194:42113), eae024d90c1c42e88f6467573f474527 (127.11.47.195:37333)
I20260709 14:49:54.533718 12804 consensus_queue.cc:260] T f06927bbf94946c1b5e9ab3029734080 P 4fbfe9b027dd4e609b97b265a015f72b [NON_LEADER]: Queue going to NON_LEADER mode. State: All replicated index: 0, Majority replicated index: 0, Committed index: 0, Last appended: 0.0, Last appended by leader: 0, Current term: 0, Majority size: -1, State: 0, Mode: NON_LEADER, active raft config: opid_index: -1 OBSOLETE_local: false peers { permanent_uuid: "b919450c87414f64835de4e74ab4fe5d" member_type: VOTER last_known_addr { host: "127.11.47.193" port: 34711 } } peers { permanent_uuid: "4fbfe9b027dd4e609b97b265a015f72b" member_type: VOTER last_known_addr { host: "127.11.47.194" port: 42113 } } peers { permanent_uuid: "eae024d90c1c42e88f6467573f474527" member_type: VOTER last_known_addr { host: "127.11.47.195" port: 37333 } }
I20260709 14:49:54.540596 12804 ts_tablet_manager.cc:1434] T f06927bbf94946c1b5e9ab3029734080 P 4fbfe9b027dd4e609b97b265a015f72b: Time spent starting tablet: real 0.028s	user 0.005s	sys 0.001s
I20260709 14:49:54.541388 12759 tablet_service.cc:1917] Received RequestConsensusVote() RPC: tablet_id: "954e25f879524f89be2320f2c0ca2ece" candidate_uuid: "b919450c87414f64835de4e74ab4fe5d" candidate_term: 1 candidate_status { last_received { term: 0 index: 0 } } ignore_live_leader: false dest_uuid: "eae024d90c1c42e88f6467573f474527" is_pre_election: true
I20260709 14:49:54.541996 12509 catalog_manager.cc:5697] T 350ad469a720478496febce9a85245bd P b919450c87414f64835de4e74ab4fe5d reported cstate change: term changed from 0 to 1, leader changed from <none> to b919450c87414f64835de4e74ab4fe5d (127.11.47.193). New cstate: current_term: 1 leader_uuid: "b919450c87414f64835de4e74ab4fe5d" committed_config { opid_index: -1 OBSOLETE_local: false peers { permanent_uuid: "b919450c87414f64835de4e74ab4fe5d" member_type: VOTER last_known_addr { host: "127.11.47.193" port: 34711 } health_report { overall_health: HEALTHY } } peers { permanent_uuid: "4fbfe9b027dd4e609b97b265a015f72b" member_type: VOTER last_known_addr { host: "127.11.47.194" port: 42113 } health_report { overall_health: UNKNOWN } } peers { permanent_uuid: "eae024d90c1c42e88f6467573f474527" member_type: VOTER last_known_addr { host: "127.11.47.195" port: 37333 } health_report { overall_health: UNKNOWN } } }
W20260709 14:49:54.542795 12579 leader_election.cc:343] T 954e25f879524f89be2320f2c0ca2ece P b919450c87414f64835de4e74ab4fe5d [CANDIDATE]: Term 1 pre-election: Tablet error from VoteRequest() call to peer eae024d90c1c42e88f6467573f474527 (127.11.47.195:37333): Illegal state: must be running to vote when last-logged opid is not known
I20260709 14:49:54.544013 12910 raft_consensus.cc:493] T 54d47712288a4201b6950066c96a406b P 4fbfe9b027dd4e609b97b265a015f72b [term 0 FOLLOWER]: Starting pre-election (no leader contacted us within the election timeout)
I20260709 14:49:54.544458 12910 raft_consensus.cc:515] T 54d47712288a4201b6950066c96a406b P 4fbfe9b027dd4e609b97b265a015f72b [term 0 FOLLOWER]: Starting pre-election with config: opid_index: -1 OBSOLETE_local: false peers { permanent_uuid: "b919450c87414f64835de4e74ab4fe5d" member_type: VOTER last_known_addr { host: "127.11.47.193" port: 34711 } } peers { permanent_uuid: "4fbfe9b027dd4e609b97b265a015f72b" member_type: VOTER last_known_addr { host: "127.11.47.194" port: 42113 } } peers { permanent_uuid: "eae024d90c1c42e88f6467573f474527" member_type: VOTER last_known_addr { host: "127.11.47.195" port: 37333 } }
I20260709 14:49:54.546079 12804 tablet_bootstrap.cc:492] T 954e25f879524f89be2320f2c0ca2ece P 4fbfe9b027dd4e609b97b265a015f72b: Bootstrap starting.
I20260709 14:49:54.549958 12803 ts_tablet_manager.cc:1434] T 5ea533092cc0405bab4287001f8b8913 P eae024d90c1c42e88f6467573f474527: Time spent starting tablet: real 0.094s	user 0.008s	sys 0.000s
I20260709 14:49:54.551426 12803 tablet_bootstrap.cc:492] T 32c0c4b54a4445428627865d3c5ce116 P eae024d90c1c42e88f6467573f474527: Bootstrap starting.
I20260709 14:49:54.558632 12910 leader_election.cc:290] T 54d47712288a4201b6950066c96a406b P 4fbfe9b027dd4e609b97b265a015f72b [CANDIDATE]: Term 1 pre-election: Requested pre-vote from peers b919450c87414f64835de4e74ab4fe5d (127.11.47.193:34711), eae024d90c1c42e88f6467573f474527 (127.11.47.195:37333)
I20260709 14:49:54.564404 12510 catalog_manager.cc:5697] T 730830d471484151b964ba1338a61921 P 4fbfe9b027dd4e609b97b265a015f72b reported cstate change: term changed from 0 to 1, leader changed from <none> to 4fbfe9b027dd4e609b97b265a015f72b (127.11.47.194). New cstate: current_term: 1 leader_uuid: "4fbfe9b027dd4e609b97b265a015f72b" committed_config { opid_index: -1 OBSOLETE_local: false peers { permanent_uuid: "b919450c87414f64835de4e74ab4fe5d" member_type: VOTER last_known_addr { host: "127.11.47.193" port: 34711 } health_report { overall_health: UNKNOWN } } peers { permanent_uuid: "4fbfe9b027dd4e609b97b265a015f72b" member_type: VOTER last_known_addr { host: "127.11.47.194" port: 42113 } health_report { overall_health: HEALTHY } } peers { permanent_uuid: "eae024d90c1c42e88f6467573f474527" member_type: VOTER last_known_addr { host: "127.11.47.195" port: 37333 } health_report { overall_health: UNKNOWN } } }
I20260709 14:49:54.566886 12610 tablet_service.cc:1917] Received RequestConsensusVote() RPC: tablet_id: "54d47712288a4201b6950066c96a406b" candidate_uuid: "4fbfe9b027dd4e609b97b265a015f72b" candidate_term: 1 candidate_status { last_received { term: 0 index: 0 } } ignore_live_leader: false dest_uuid: "b919450c87414f64835de4e74ab4fe5d" is_pre_election: true
I20260709 14:49:54.565912 12762 tablet_service.cc:1917] Received RequestConsensusVote() RPC: tablet_id: "54d47712288a4201b6950066c96a406b" candidate_uuid: "4fbfe9b027dd4e609b97b265a015f72b" candidate_term: 1 candidate_status { last_received { term: 0 index: 0 } } ignore_live_leader: false dest_uuid: "eae024d90c1c42e88f6467573f474527" is_pre_election: true
W20260709 14:49:54.571790 12654 leader_election.cc:343] T 54d47712288a4201b6950066c96a406b P 4fbfe9b027dd4e609b97b265a015f72b [CANDIDATE]: Term 1 pre-election: Tablet error from VoteRequest() call to peer b919450c87414f64835de4e74ab4fe5d (127.11.47.193:34711): Illegal state: must be running to vote when last-logged opid is not known
W20260709 14:49:54.572515 12654 leader_election.cc:343] T 54d47712288a4201b6950066c96a406b P 4fbfe9b027dd4e609b97b265a015f72b [CANDIDATE]: Term 1 pre-election: Tablet error from VoteRequest() call to peer eae024d90c1c42e88f6467573f474527 (127.11.47.195:37333): Illegal state: must be running to vote when last-logged opid is not known
I20260709 14:49:54.572907 12654 leader_election.cc:304] T 54d47712288a4201b6950066c96a406b P 4fbfe9b027dd4e609b97b265a015f72b [CANDIDATE]: Term 1 pre-election: Election decided. Result: candidate lost. Election summary: received 3 responses out of 3 voters: 1 yes votes; 2 no votes. yes voters: 4fbfe9b027dd4e609b97b265a015f72b; no voters: b919450c87414f64835de4e74ab4fe5d, eae024d90c1c42e88f6467573f474527
I20260709 14:49:54.573643 12910 raft_consensus.cc:2749] T 54d47712288a4201b6950066c96a406b P 4fbfe9b027dd4e609b97b265a015f72b [term 0 FOLLOWER]: Leader pre-election lost for term 1. Reason: could not achieve majority
I20260709 14:49:54.573550 12805 raft_consensus.cc:359] T 54d47712288a4201b6950066c96a406b P b919450c87414f64835de4e74ab4fe5d [term 0 FOLLOWER]: Replica starting. Triggering 0 pending ops. Active config: opid_index: -1 OBSOLETE_local: false peers { permanent_uuid: "b919450c87414f64835de4e74ab4fe5d" member_type: VOTER last_known_addr { host: "127.11.47.193" port: 34711 } } peers { permanent_uuid: "4fbfe9b027dd4e609b97b265a015f72b" member_type: VOTER last_known_addr { host: "127.11.47.194" port: 42113 } } peers { permanent_uuid: "eae024d90c1c42e88f6467573f474527" member_type: VOTER last_known_addr { host: "127.11.47.195" port: 37333 } }
I20260709 14:49:54.574283 12805 raft_consensus.cc:385] T 54d47712288a4201b6950066c96a406b P b919450c87414f64835de4e74ab4fe5d [term 0 FOLLOWER]: Consensus starting up: Expiring failure detector timer to make a prompt election more likely
I20260709 14:49:54.574638 12805 raft_consensus.cc:740] T 54d47712288a4201b6950066c96a406b P b919450c87414f64835de4e74ab4fe5d [term 0 FOLLOWER]: Becoming Follower/Learner. State: Replica: b919450c87414f64835de4e74ab4fe5d, State: Initialized, Role: FOLLOWER
I20260709 14:49:54.575493 12805 consensus_queue.cc:260] T 54d47712288a4201b6950066c96a406b P b919450c87414f64835de4e74ab4fe5d [NON_LEADER]: Queue going to NON_LEADER mode. State: All replicated index: 0, Majority replicated index: 0, Committed index: 0, Last appended: 0.0, Last appended by leader: 0, Current term: 0, Majority size: -1, State: 0, Mode: NON_LEADER, active raft config: opid_index: -1 OBSOLETE_local: false peers { permanent_uuid: "b919450c87414f64835de4e74ab4fe5d" member_type: VOTER last_known_addr { host: "127.11.47.193" port: 34711 } } peers { permanent_uuid: "4fbfe9b027dd4e609b97b265a015f72b" member_type: VOTER last_known_addr { host: "127.11.47.194" port: 42113 } } peers { permanent_uuid: "eae024d90c1c42e88f6467573f474527" member_type: VOTER last_known_addr { host: "127.11.47.195" port: 37333 } }
I20260709 14:49:54.565502 12688 tablet_service.cc:1917] Received RequestConsensusVote() RPC: tablet_id: "954e25f879524f89be2320f2c0ca2ece" candidate_uuid: "b919450c87414f64835de4e74ab4fe5d" candidate_term: 1 candidate_status { last_received { term: 0 index: 0 } } ignore_live_leader: false dest_uuid: "4fbfe9b027dd4e609b97b265a015f72b" is_pre_election: true
I20260709 14:49:54.578042 12805 ts_tablet_manager.cc:1434] T 54d47712288a4201b6950066c96a406b P b919450c87414f64835de4e74ab4fe5d: Time spent starting tablet: real 0.053s	user 0.008s	sys 0.000s
I20260709 14:49:54.580753 12805 tablet_bootstrap.cc:492] T 9f7b41dda18945638fa974f7976aad1b P b919450c87414f64835de4e74ab4fe5d: Bootstrap starting.
I20260709 14:49:54.584615 12804 tablet_bootstrap.cc:654] T 954e25f879524f89be2320f2c0ca2ece P 4fbfe9b027dd4e609b97b265a015f72b: Neither blocks nor log segments found. Creating new log.
W20260709 14:49:54.580943 12580 leader_election.cc:343] T 954e25f879524f89be2320f2c0ca2ece P b919450c87414f64835de4e74ab4fe5d [CANDIDATE]: Term 1 pre-election: Tablet error from VoteRequest() call to peer 4fbfe9b027dd4e609b97b265a015f72b (127.11.47.194:42113): Illegal state: must be running to vote when last-logged opid is not known
I20260709 14:49:54.592667 12580 leader_election.cc:304] T 954e25f879524f89be2320f2c0ca2ece P b919450c87414f64835de4e74ab4fe5d [CANDIDATE]: Term 1 pre-election: Election decided. Result: candidate lost. Election summary: received 3 responses out of 3 voters: 1 yes votes; 2 no votes. yes voters: b919450c87414f64835de4e74ab4fe5d; no voters: 4fbfe9b027dd4e609b97b265a015f72b, eae024d90c1c42e88f6467573f474527
I20260709 14:49:54.594581 12803 tablet_bootstrap.cc:654] T 32c0c4b54a4445428627865d3c5ce116 P eae024d90c1c42e88f6467573f474527: Neither blocks nor log segments found. Creating new log.
I20260709 14:49:54.595501 12900 raft_consensus.cc:2749] T 954e25f879524f89be2320f2c0ca2ece P b919450c87414f64835de4e74ab4fe5d [term 0 FOLLOWER]: Leader pre-election lost for term 1. Reason: could not achieve majority
I20260709 14:49:54.605516 12872 consensus_queue.cc:1048] T c18fab3325e54ac587703bf776889294 P eae024d90c1c42e88f6467573f474527 [LEADER]: Connected to new peer: Peer: permanent_uuid: "4fbfe9b027dd4e609b97b265a015f72b" member_type: VOTER last_known_addr { host: "127.11.47.194" port: 42113 }, Status: LMP_MISMATCH, Last received: 0.0, Next index: 1, Last known committed idx: 0, Time since last communication: 0.000s
I20260709 14:49:54.606205 12805 tablet_bootstrap.cc:654] T 9f7b41dda18945638fa974f7976aad1b P b919450c87414f64835de4e74ab4fe5d: Neither blocks nor log segments found. Creating new log.
I20260709 14:49:54.606642 12864 raft_consensus.cc:493] T 5ea533092cc0405bab4287001f8b8913 P eae024d90c1c42e88f6467573f474527 [term 0 FOLLOWER]: Starting pre-election (no leader contacted us within the election timeout)
I20260709 14:49:54.607486 12864 raft_consensus.cc:515] T 5ea533092cc0405bab4287001f8b8913 P eae024d90c1c42e88f6467573f474527 [term 0 FOLLOWER]: Starting pre-election with config: opid_index: -1 OBSOLETE_local: false peers { permanent_uuid: "b919450c87414f64835de4e74ab4fe5d" member_type: VOTER last_known_addr { host: "127.11.47.193" port: 34711 } } peers { permanent_uuid: "4fbfe9b027dd4e609b97b265a015f72b" member_type: VOTER last_known_addr { host: "127.11.47.194" port: 42113 } } peers { permanent_uuid: "eae024d90c1c42e88f6467573f474527" member_type: VOTER last_known_addr { host: "127.11.47.195" port: 37333 } }
I20260709 14:49:54.609561 12864 leader_election.cc:290] T 5ea533092cc0405bab4287001f8b8913 P eae024d90c1c42e88f6467573f474527 [CANDIDATE]: Term 1 pre-election: Requested pre-vote from peers b919450c87414f64835de4e74ab4fe5d (127.11.47.193:34711), 4fbfe9b027dd4e609b97b265a015f72b (127.11.47.194:42113)
I20260709 14:49:54.610602 12512 catalog_manager.cc:5697] T 32c0c4b54a4445428627865d3c5ce116 P b919450c87414f64835de4e74ab4fe5d reported cstate change: term changed from 0 to 1, leader changed from <none> to b919450c87414f64835de4e74ab4fe5d (127.11.47.193). New cstate: current_term: 1 leader_uuid: "b919450c87414f64835de4e74ab4fe5d" committed_config { opid_index: -1 OBSOLETE_local: false peers { permanent_uuid: "b919450c87414f64835de4e74ab4fe5d" member_type: VOTER last_known_addr { host: "127.11.47.193" port: 34711 } health_report { overall_health: HEALTHY } } peers { permanent_uuid: "4fbfe9b027dd4e609b97b265a015f72b" member_type: VOTER last_known_addr { host: "127.11.47.194" port: 42113 } health_report { overall_health: UNKNOWN } } peers { permanent_uuid: "eae024d90c1c42e88f6467573f474527" member_type: VOTER last_known_addr { host: "127.11.47.195" port: 37333 } health_report { overall_health: UNKNOWN } } }
I20260709 14:49:54.615247 12687 tablet_service.cc:1917] Received RequestConsensusVote() RPC: tablet_id: "5ea533092cc0405bab4287001f8b8913" candidate_uuid: "eae024d90c1c42e88f6467573f474527" candidate_term: 1 candidate_status { last_received { term: 0 index: 0 } } ignore_live_leader: false dest_uuid: "4fbfe9b027dd4e609b97b265a015f72b" is_pre_election: true
I20260709 14:49:54.615932 12687 raft_consensus.cc:2468] T 5ea533092cc0405bab4287001f8b8913 P 4fbfe9b027dd4e609b97b265a015f72b [term 0 FOLLOWER]: Leader pre-election vote request: Granting yes vote for candidate eae024d90c1c42e88f6467573f474527 in term 0.
I20260709 14:49:54.620163 12612 tablet_service.cc:1917] Received RequestConsensusVote() RPC: tablet_id: "5ea533092cc0405bab4287001f8b8913" candidate_uuid: "eae024d90c1c42e88f6467573f474527" candidate_term: 1 candidate_status { last_received { term: 0 index: 0 } } ignore_live_leader: false dest_uuid: "b919450c87414f64835de4e74ab4fe5d" is_pre_election: true
I20260709 14:49:54.620613 12729 leader_election.cc:304] T 5ea533092cc0405bab4287001f8b8913 P eae024d90c1c42e88f6467573f474527 [CANDIDATE]: Term 1 pre-election: Election decided. Result: candidate won. Election summary: received 2 responses out of 3 voters: 2 yes votes; 0 no votes. yes voters: 4fbfe9b027dd4e609b97b265a015f72b, eae024d90c1c42e88f6467573f474527; no voters: 
I20260709 14:49:54.620779 12612 raft_consensus.cc:2468] T 5ea533092cc0405bab4287001f8b8913 P b919450c87414f64835de4e74ab4fe5d [term 0 FOLLOWER]: Leader pre-election vote request: Granting yes vote for candidate eae024d90c1c42e88f6467573f474527 in term 0.
I20260709 14:49:54.621551 12864 raft_consensus.cc:2804] T 5ea533092cc0405bab4287001f8b8913 P eae024d90c1c42e88f6467573f474527 [term 0 FOLLOWER]: Leader pre-election won for term 1
I20260709 14:49:54.621927 12864 raft_consensus.cc:493] T 5ea533092cc0405bab4287001f8b8913 P eae024d90c1c42e88f6467573f474527 [term 0 FOLLOWER]: Starting leader election (no leader contacted us within the election timeout)
I20260709 14:49:54.622258 12864 raft_consensus.cc:3060] T 5ea533092cc0405bab4287001f8b8913 P eae024d90c1c42e88f6467573f474527 [term 0 FOLLOWER]: Advancing to term 1
I20260709 14:49:54.625548 12809 consensus_queue.cc:1048] T ae3b6e868080451ca0810b9672f003a8 P 4fbfe9b027dd4e609b97b265a015f72b [LEADER]: Connected to new peer: Peer: permanent_uuid: "eae024d90c1c42e88f6467573f474527" member_type: VOTER last_known_addr { host: "127.11.47.195" port: 37333 }, Status: LMP_MISMATCH, Last received: 0.0, Next index: 1, Last known committed idx: 0, Time since last communication: 0.001s
I20260709 14:49:54.630499 12804 tablet_bootstrap.cc:492] T 954e25f879524f89be2320f2c0ca2ece P 4fbfe9b027dd4e609b97b265a015f72b: No bootstrap required, opened a new log
I20260709 14:49:54.630991 12804 ts_tablet_manager.cc:1403] T 954e25f879524f89be2320f2c0ca2ece P 4fbfe9b027dd4e609b97b265a015f72b: Time spent bootstrapping tablet: real 0.085s	user 0.011s	sys 0.018s
I20260709 14:49:54.634289 12804 raft_consensus.cc:359] T 954e25f879524f89be2320f2c0ca2ece P 4fbfe9b027dd4e609b97b265a015f72b [term 0 FOLLOWER]: Replica starting. Triggering 0 pending ops. Active config: opid_index: -1 OBSOLETE_local: false peers { permanent_uuid: "b919450c87414f64835de4e74ab4fe5d" member_type: VOTER last_known_addr { host: "127.11.47.193" port: 34711 } } peers { permanent_uuid: "4fbfe9b027dd4e609b97b265a015f72b" member_type: VOTER last_known_addr { host: "127.11.47.194" port: 42113 } } peers { permanent_uuid: "eae024d90c1c42e88f6467573f474527" member_type: VOTER last_known_addr { host: "127.11.47.195" port: 37333 } }
I20260709 14:49:54.635025 12804 raft_consensus.cc:385] T 954e25f879524f89be2320f2c0ca2ece P 4fbfe9b027dd4e609b97b265a015f72b [term 0 FOLLOWER]: Consensus starting up: Expiring failure detector timer to make a prompt election more likely
I20260709 14:49:54.635293 12804 raft_consensus.cc:740] T 954e25f879524f89be2320f2c0ca2ece P 4fbfe9b027dd4e609b97b265a015f72b [term 0 FOLLOWER]: Becoming Follower/Learner. State: Replica: 4fbfe9b027dd4e609b97b265a015f72b, State: Initialized, Role: FOLLOWER
I20260709 14:49:54.637353 12864 raft_consensus.cc:515] T 5ea533092cc0405bab4287001f8b8913 P eae024d90c1c42e88f6467573f474527 [term 1 FOLLOWER]: Starting leader election with config: opid_index: -1 OBSOLETE_local: false peers { permanent_uuid: "b919450c87414f64835de4e74ab4fe5d" member_type: VOTER last_known_addr { host: "127.11.47.193" port: 34711 } } peers { permanent_uuid: "4fbfe9b027dd4e609b97b265a015f72b" member_type: VOTER last_known_addr { host: "127.11.47.194" port: 42113 } } peers { permanent_uuid: "eae024d90c1c42e88f6467573f474527" member_type: VOTER last_known_addr { host: "127.11.47.195" port: 37333 } }
I20260709 14:49:54.638865 12804 consensus_queue.cc:260] T 954e25f879524f89be2320f2c0ca2ece P 4fbfe9b027dd4e609b97b265a015f72b [NON_LEADER]: Queue going to NON_LEADER mode. State: All replicated index: 0, Majority replicated index: 0, Committed index: 0, Last appended: 0.0, Last appended by leader: 0, Current term: 0, Majority size: -1, State: 0, Mode: NON_LEADER, active raft config: opid_index: -1 OBSOLETE_local: false peers { permanent_uuid: "b919450c87414f64835de4e74ab4fe5d" member_type: VOTER last_known_addr { host: "127.11.47.193" port: 34711 } } peers { permanent_uuid: "4fbfe9b027dd4e609b97b265a015f72b" member_type: VOTER last_known_addr { host: "127.11.47.194" port: 42113 } } peers { permanent_uuid: "eae024d90c1c42e88f6467573f474527" member_type: VOTER last_known_addr { host: "127.11.47.195" port: 37333 } }
