I20260709 14:49:53.113739 12580 leader_election.cc:304] T 23365f80edda4f6ea2d6b0635ba87148 P b919450c87414f64835de4e74ab4fe5d [CANDIDATE]: Term 1 election: Election decided. Result: candidate won. Election summary: received 3 responses out of 3 voters: 2 yes votes; 1 no votes. yes voters: 4fbfe9b027dd4e609b97b265a015f72b, b919450c87414f64835de4e74ab4fe5d; no voters: eae024d90c1c42e88f6467573f474527
I20260709 14:49:53.116832 12810 raft_consensus.cc:2804] T 23365f80edda4f6ea2d6b0635ba87148 P b919450c87414f64835de4e74ab4fe5d [term 1 FOLLOWER]: Leader election won for term 1
I20260709 14:49:53.119684 12747 data_dirs.cc:400] Could only allocate 1 dirs of requested 3 for tablet b88216fefc5d44fe92c7551c73f9aa23. 1 dirs total, 0 dirs full, 0 dirs failed
I20260709 14:49:53.116786 12834 raft_consensus.cc:515] T 0c8c86a80fbe47f68feeda477153bcc6 P eae024d90c1c42e88f6467573f474527 [term 1 FOLLOWER]: Starting leader election with config: opid_index: -1 OBSOLETE_local: false peers { permanent_uuid: "b919450c87414f64835de4e74ab4fe5d" member_type: VOTER last_known_addr { host: "127.11.47.193" port: 34711 } } peers { permanent_uuid: "4fbfe9b027dd4e609b97b265a015f72b" member_type: VOTER last_known_addr { host: "127.11.47.194" port: 42113 } } peers { permanent_uuid: "eae024d90c1c42e88f6467573f474527" member_type: VOTER last_known_addr { host: "127.11.47.195" port: 37333 } }
I20260709 14:49:53.126344 12673 tablet_service.cc:1511] Processing CreateTablet for tablet 786968377dc5477f96109d10e05bb044 (DEFAULT_TABLE table=test-workload [id=06e12a188cce49ee962972b4899759c4]), partition=RANGE (key) PARTITION 1674309242 <= VALUES < 1710707269
I20260709 14:49:53.127597 12673 data_dirs.cc:400] Could only allocate 1 dirs of requested 3 for tablet 786968377dc5477f96109d10e05bb044. 1 dirs total, 0 dirs full, 0 dirs failed
I20260709 14:49:53.128284 12614 tablet_service.cc:1917] Received RequestConsensusVote() RPC: tablet_id: "0c8c86a80fbe47f68feeda477153bcc6" candidate_uuid: "eae024d90c1c42e88f6467573f474527" candidate_term: 1 candidate_status { last_received { term: 0 index: 0 } } ignore_live_leader: false dest_uuid: "b919450c87414f64835de4e74ab4fe5d"
I20260709 14:49:53.129046 12614 raft_consensus.cc:2393] T 0c8c86a80fbe47f68feeda477153bcc6 P b919450c87414f64835de4e74ab4fe5d [term 1 FOLLOWER]: Leader election vote request: Denying vote to candidate eae024d90c1c42e88f6467573f474527 in current term 1: Already voted for candidate b919450c87414f64835de4e74ab4fe5d in this term.
I20260709 14:49:53.130518 12614 tablet_service.cc:1917] Received RequestConsensusVote() RPC: tablet_id: "e00cb4cf5fc0430eb36935abea6bec59" candidate_uuid: "4fbfe9b027dd4e609b97b265a015f72b" candidate_term: 1 candidate_status { last_received { term: 0 index: 0 } } ignore_live_leader: false dest_uuid: "b919450c87414f64835de4e74ab4fe5d" is_pre_election: true
I20260709 14:49:53.132652 12689 tablet_service.cc:1917] Received RequestConsensusVote() RPC: tablet_id: "0c8c86a80fbe47f68feeda477153bcc6" candidate_uuid: "eae024d90c1c42e88f6467573f474527" candidate_term: 1 candidate_status { last_received { term: 0 index: 0 } } ignore_live_leader: false dest_uuid: "4fbfe9b027dd4e609b97b265a015f72b"
I20260709 14:49:53.133719 12825 leader_election.cc:290] T e00cb4cf5fc0430eb36935abea6bec59 P 4fbfe9b027dd4e609b97b265a015f72b [CANDIDATE]: Term 1 pre-election: Requested pre-vote from peers b919450c87414f64835de4e74ab4fe5d (127.11.47.193:34711), eae024d90c1c42e88f6467573f474527 (127.11.47.195:37333)
W20260709 14:49:53.133944 12729 leader_election.cc:343] T 0c8c86a80fbe47f68feeda477153bcc6 P eae024d90c1c42e88f6467573f474527 [CANDIDATE]: Term 1 election: Tablet error from VoteRequest() call to peer 4fbfe9b027dd4e609b97b265a015f72b (127.11.47.194:42113): Illegal state: must be running to vote when last-logged opid is not known
I20260709 14:49:53.134377 12729 leader_election.cc:304] T 0c8c86a80fbe47f68feeda477153bcc6 P eae024d90c1c42e88f6467573f474527 [CANDIDATE]: Term 1 election: Election decided. Result: candidate lost. Election summary: received 3 responses out of 3 voters: 1 yes votes; 2 no votes. yes voters: eae024d90c1c42e88f6467573f474527; no voters: 4fbfe9b027dd4e609b97b265a015f72b, b919450c87414f64835de4e74ab4fe5d
I20260709 14:49:53.135390 12763 tablet_service.cc:1917] Received RequestConsensusVote() RPC: tablet_id: "e00cb4cf5fc0430eb36935abea6bec59" candidate_uuid: "4fbfe9b027dd4e609b97b265a015f72b" candidate_term: 1 candidate_status { last_received { term: 0 index: 0 } } ignore_live_leader: false dest_uuid: "eae024d90c1c42e88f6467573f474527" is_pre_election: true
I20260709 14:49:53.136332 12811 raft_consensus.cc:2749] T 0c8c86a80fbe47f68feeda477153bcc6 P eae024d90c1c42e88f6467573f474527 [term 1 FOLLOWER]: Leader election lost for term 1. Reason: could not achieve majority
W20260709 14:49:53.137530 12654 leader_election.cc:343] T e00cb4cf5fc0430eb36935abea6bec59 P 4fbfe9b027dd4e609b97b265a015f72b [CANDIDATE]: Term 1 pre-election: Tablet error from VoteRequest() call to peer eae024d90c1c42e88f6467573f474527 (127.11.47.195:37333): Illegal state: must be running to vote when last-logged opid is not known
I20260709 14:49:53.071275 12596 tablet_service.cc:1511] Processing CreateTablet for tablet fac1e29456fd42ef8d53b125b7f1c071 (DEFAULT_TABLE table=test-workload [id=06e12a188cce49ee962972b4899759c4]), partition=RANGE (key) PARTITION 1601513188 <= VALUES < 1637911215
I20260709 14:49:53.138411 12599 tablet_service.cc:1511] Processing CreateTablet for tablet 786968377dc5477f96109d10e05bb044 (DEFAULT_TABLE table=test-workload [id=06e12a188cce49ee962972b4899759c4]), partition=RANGE (key) PARTITION 1674309242 <= VALUES < 1710707269
I20260709 14:49:53.139029 12596 data_dirs.cc:400] Could only allocate 1 dirs of requested 3 for tablet fac1e29456fd42ef8d53b125b7f1c071. 1 dirs total, 0 dirs full, 0 dirs failed
I20260709 14:49:53.139644 12599 data_dirs.cc:400] Could only allocate 1 dirs of requested 3 for tablet 786968377dc5477f96109d10e05bb044. 1 dirs total, 0 dirs full, 0 dirs failed
I20260709 14:49:53.143189 12763 tablet_service.cc:1917] Received RequestConsensusVote() RPC: tablet_id: "0c8c86a80fbe47f68feeda477153bcc6" candidate_uuid: "b919450c87414f64835de4e74ab4fe5d" candidate_term: 1 candidate_status { last_received { term: 0 index: 0 } } ignore_live_leader: false dest_uuid: "eae024d90c1c42e88f6467573f474527"
I20260709 14:49:53.144004 12763 raft_consensus.cc:2393] T 0c8c86a80fbe47f68feeda477153bcc6 P eae024d90c1c42e88f6467573f474527 [term 1 FOLLOWER]: Leader election vote request: Denying vote to candidate b919450c87414f64835de4e74ab4fe5d in current term 1: Already voted for candidate eae024d90c1c42e88f6467573f474527 in this term.
I20260709 14:49:53.147737 12804 raft_consensus.cc:359] T 2a82cf7df45b473d963ff7343c8a6ccf P 4fbfe9b027dd4e609b97b265a015f72b [term 0 FOLLOWER]: Replica starting. Triggering 0 pending ops. Active config: opid_index: -1 OBSOLETE_local: false peers { permanent_uuid: "b919450c87414f64835de4e74ab4fe5d" member_type: VOTER last_known_addr { host: "127.11.47.193" port: 34711 } } peers { permanent_uuid: "4fbfe9b027dd4e609b97b265a015f72b" member_type: VOTER last_known_addr { host: "127.11.47.194" port: 42113 } } peers { permanent_uuid: "eae024d90c1c42e88f6467573f474527" member_type: VOTER last_known_addr { host: "127.11.47.195" port: 37333 } }
I20260709 14:49:53.148453 12804 raft_consensus.cc:385] T 2a82cf7df45b473d963ff7343c8a6ccf P 4fbfe9b027dd4e609b97b265a015f72b [term 0 FOLLOWER]: Consensus starting up: Expiring failure detector timer to make a prompt election more likely
I20260709 14:49:53.148725 12804 raft_consensus.cc:740] T 2a82cf7df45b473d963ff7343c8a6ccf P 4fbfe9b027dd4e609b97b265a015f72b [term 0 FOLLOWER]: Becoming Follower/Learner. State: Replica: 4fbfe9b027dd4e609b97b265a015f72b, State: Initialized, Role: FOLLOWER
I20260709 14:49:53.149575 12833 leader_election.cc:290] T 0c8c86a80fbe47f68feeda477153bcc6 P b919450c87414f64835de4e74ab4fe5d [CANDIDATE]: Term 1 election: Requested vote from peers 4fbfe9b027dd4e609b97b265a015f72b (127.11.47.194:42113), eae024d90c1c42e88f6467573f474527 (127.11.47.195:37333)
I20260709 14:49:53.158977 12804 consensus_queue.cc:260] T 2a82cf7df45b473d963ff7343c8a6ccf P 4fbfe9b027dd4e609b97b265a015f72b [NON_LEADER]: Queue going to NON_LEADER mode. State: All replicated index: 0, Majority replicated index: 0, Committed index: 0, Last appended: 0.0, Last appended by leader: 0, Current term: 0, Majority size: -1, State: 0, Mode: NON_LEADER, active raft config: opid_index: -1 OBSOLETE_local: false peers { permanent_uuid: "b919450c87414f64835de4e74ab4fe5d" member_type: VOTER last_known_addr { host: "127.11.47.193" port: 34711 } } peers { permanent_uuid: "4fbfe9b027dd4e609b97b265a015f72b" member_type: VOTER last_known_addr { host: "127.11.47.194" port: 42113 } } peers { permanent_uuid: "eae024d90c1c42e88f6467573f474527" member_type: VOTER last_known_addr { host: "127.11.47.195" port: 37333 } }
I20260709 14:49:53.118422 12805 consensus_queue.cc:260] T e00cb4cf5fc0430eb36935abea6bec59 P b919450c87414f64835de4e74ab4fe5d [NON_LEADER]: Queue going to NON_LEADER mode. State: All replicated index: 0, Majority replicated index: 0, Committed index: 0, Last appended: 0.0, Last appended by leader: 0, Current term: 0, Majority size: -1, State: 0, Mode: NON_LEADER, active raft config: opid_index: -1 OBSOLETE_local: false peers { permanent_uuid: "b919450c87414f64835de4e74ab4fe5d" member_type: VOTER last_known_addr { host: "127.11.47.193" port: 34711 } } peers { permanent_uuid: "4fbfe9b027dd4e609b97b265a015f72b" member_type: VOTER last_known_addr { host: "127.11.47.194" port: 42113 } } peers { permanent_uuid: "eae024d90c1c42e88f6467573f474527" member_type: VOTER last_known_addr { host: "127.11.47.195" port: 37333 } }
I20260709 14:49:53.165576 12810 raft_consensus.cc:697] T 23365f80edda4f6ea2d6b0635ba87148 P b919450c87414f64835de4e74ab4fe5d [term 1 LEADER]: Becoming Leader. State: Replica: b919450c87414f64835de4e74ab4fe5d, State: Running, Role: LEADER
I20260709 14:49:53.160712 12834 leader_election.cc:290] T 0c8c86a80fbe47f68feeda477153bcc6 P eae024d90c1c42e88f6467573f474527 [CANDIDATE]: Term 1 election: Requested vote from peers b919450c87414f64835de4e74ab4fe5d (127.11.47.193:34711), 4fbfe9b027dd4e609b97b265a015f72b (127.11.47.194:42113)
I20260709 14:49:53.166119 12614 raft_consensus.cc:2468] T e00cb4cf5fc0430eb36935abea6bec59 P b919450c87414f64835de4e74ab4fe5d [term 0 FOLLOWER]: Leader pre-election vote request: Granting yes vote for candidate 4fbfe9b027dd4e609b97b265a015f72b in term 0.
I20260709 14:49:53.173071 12804 ts_tablet_manager.cc:1434] T 2a82cf7df45b473d963ff7343c8a6ccf P 4fbfe9b027dd4e609b97b265a015f72b: Time spent starting tablet: real 0.165s	user 0.005s	sys 0.002s
I20260709 14:49:53.173892 12804 tablet_bootstrap.cc:492] T 32c0c4b54a4445428627865d3c5ce116 P 4fbfe9b027dd4e609b97b265a015f72b: Bootstrap starting.
I20260709 14:49:53.180578 12671 tablet_service.cc:1511] Processing CreateTablet for tablet 118e18d26d754043b6f5f1686b0460ec (DEFAULT_TABLE table=test-workload [id=06e12a188cce49ee962972b4899759c4]), partition=RANGE (key) PARTITION 1710707269 <= VALUES < 1747105296
I20260709 14:49:53.181155 12603 tablet_service.cc:1511] Processing CreateTablet for tablet 118e18d26d754043b6f5f1686b0460ec (DEFAULT_TABLE table=test-workload [id=06e12a188cce49ee962972b4899759c4]), partition=RANGE (key) PARTITION 1710707269 <= VALUES < 1747105296
I20260709 14:49:53.181901 12671 data_dirs.cc:400] Could only allocate 1 dirs of requested 3 for tablet 118e18d26d754043b6f5f1686b0460ec. 1 dirs total, 0 dirs full, 0 dirs failed
I20260709 14:49:53.182519 12603 data_dirs.cc:400] Could only allocate 1 dirs of requested 3 for tablet 118e18d26d754043b6f5f1686b0460ec. 1 dirs total, 0 dirs full, 0 dirs failed
I20260709 14:49:53.182248 12595 tablet_service.cc:1511] Processing CreateTablet for tablet 5ddce4609c954a4db5d058473fc0581a (DEFAULT_TABLE table=test-workload [id=06e12a188cce49ee962972b4899759c4]), partition=RANGE (key) PARTITION 1747105296 <= VALUES < 1783503323
I20260709 14:49:53.184808 12595 data_dirs.cc:400] Could only allocate 1 dirs of requested 3 for tablet 5ddce4609c954a4db5d058473fc0581a. 1 dirs total, 0 dirs full, 0 dirs failed
I20260709 14:49:53.185423 12654 leader_election.cc:304] T e00cb4cf5fc0430eb36935abea6bec59 P 4fbfe9b027dd4e609b97b265a015f72b [CANDIDATE]: Term 1 pre-election: Election decided. Result: candidate won. Election summary: received 3 responses out of 3 voters: 2 yes votes; 1 no votes. yes voters: 4fbfe9b027dd4e609b97b265a015f72b, b919450c87414f64835de4e74ab4fe5d; no voters: eae024d90c1c42e88f6467573f474527
I20260709 14:49:53.186659 12805 ts_tablet_manager.cc:1434] T e00cb4cf5fc0430eb36935abea6bec59 P b919450c87414f64835de4e74ab4fe5d: Time spent starting tablet: real 0.090s	user 0.009s	sys 0.000s
I20260709 14:49:53.183718 12748 tablet_service.cc:1511] Processing CreateTablet for tablet 118e18d26d754043b6f5f1686b0460ec (DEFAULT_TABLE table=test-workload [id=06e12a188cce49ee962972b4899759c4]), partition=RANGE (key) PARTITION 1710707269 <= VALUES < 1747105296
I20260709 14:49:53.187716 12805 tablet_bootstrap.cc:492] T a2c3d0f20bc2472baed4db249f17c543 P b919450c87414f64835de4e74ab4fe5d: Bootstrap starting.
I20260709 14:49:53.187740 12748 data_dirs.cc:400] Could only allocate 1 dirs of requested 3 for tablet 118e18d26d754043b6f5f1686b0460ec. 1 dirs total, 0 dirs full, 0 dirs failed
I20260709 14:49:53.186597 12825 raft_consensus.cc:2804] T e00cb4cf5fc0430eb36935abea6bec59 P 4fbfe9b027dd4e609b97b265a015f72b [term 0 FOLLOWER]: Leader pre-election won for term 1
I20260709 14:49:53.188725 12825 raft_consensus.cc:493] T e00cb4cf5fc0430eb36935abea6bec59 P 4fbfe9b027dd4e609b97b265a015f72b [term 0 FOLLOWER]: Starting leader election (no leader contacted us within the election timeout)
I20260709 14:49:53.189138 12825 raft_consensus.cc:3060] T e00cb4cf5fc0430eb36935abea6bec59 P 4fbfe9b027dd4e609b97b265a015f72b [term 0 FOLLOWER]: Advancing to term 1
I20260709 14:49:53.166500 12810 consensus_queue.cc:237] T 23365f80edda4f6ea2d6b0635ba87148 P b919450c87414f64835de4e74ab4fe5d [LEADER]: Queue going to LEADER mode. State: All replicated index: 0, Majority replicated index: 0, Committed index: 0, Last appended: 0.0, Last appended by leader: 0, Current term: 1, Majority size: 2, State: 0, Mode: LEADER, active raft config: opid_index: -1 OBSOLETE_local: false peers { permanent_uuid: "b919450c87414f64835de4e74ab4fe5d" member_type: VOTER last_known_addr { host: "127.11.47.193" port: 34711 } } peers { permanent_uuid: "4fbfe9b027dd4e609b97b265a015f72b" member_type: VOTER last_known_addr { host: "127.11.47.194" port: 42113 } } peers { permanent_uuid: "eae024d90c1c42e88f6467573f474527" member_type: VOTER last_known_addr { host: "127.11.47.195" port: 37333 } }
I20260709 14:49:53.195483 12803 tablet_bootstrap.cc:492] T b41f392ab1dc44529efbac980fbd7ec9 P eae024d90c1c42e88f6467573f474527: No bootstrap required, opened a new log
I20260709 14:49:53.195982 12803 ts_tablet_manager.cc:1403] T b41f392ab1dc44529efbac980fbd7ec9 P eae024d90c1c42e88f6467573f474527: Time spent bootstrapping tablet: real 0.372s	user 0.022s	sys 0.018s
I20260709 14:49:53.174567 12689 tablet_service.cc:1917] Received RequestConsensusVote() RPC: tablet_id: "0c8c86a80fbe47f68feeda477153bcc6" candidate_uuid: "b919450c87414f64835de4e74ab4fe5d" candidate_term: 1 candidate_status { last_received { term: 0 index: 0 } } ignore_live_leader: false dest_uuid: "4fbfe9b027dd4e609b97b265a015f72b"
I20260709 14:49:53.199245 12803 raft_consensus.cc:359] T b41f392ab1dc44529efbac980fbd7ec9 P eae024d90c1c42e88f6467573f474527 [term 0 FOLLOWER]: Replica starting. Triggering 0 pending ops. Active config: opid_index: -1 OBSOLETE_local: false peers { permanent_uuid: "b919450c87414f64835de4e74ab4fe5d" member_type: VOTER last_known_addr { host: "127.11.47.193" port: 34711 } } peers { permanent_uuid: "4fbfe9b027dd4e609b97b265a015f72b" member_type: VOTER last_known_addr { host: "127.11.47.194" port: 42113 } } peers { permanent_uuid: "eae024d90c1c42e88f6467573f474527" member_type: VOTER last_known_addr { host: "127.11.47.195" port: 37333 } }
I20260709 14:49:53.201399 12803 raft_consensus.cc:385] T b41f392ab1dc44529efbac980fbd7ec9 P eae024d90c1c42e88f6467573f474527 [term 0 FOLLOWER]: Consensus starting up: Expiring failure detector timer to make a prompt election more likely
I20260709 14:49:53.201781 12803 raft_consensus.cc:740] T b41f392ab1dc44529efbac980fbd7ec9 P eae024d90c1c42e88f6467573f474527 [term 0 FOLLOWER]: Becoming Follower/Learner. State: Replica: eae024d90c1c42e88f6467573f474527, State: Initialized, Role: FOLLOWER
W20260709 14:49:53.201956 12580 leader_election.cc:343] T 0c8c86a80fbe47f68feeda477153bcc6 P b919450c87414f64835de4e74ab4fe5d [CANDIDATE]: Term 1 election: Tablet error from VoteRequest() call to peer 4fbfe9b027dd4e609b97b265a015f72b (127.11.47.194:42113): Illegal state: must be running to vote when last-logged opid is not known
I20260709 14:49:53.202453 12580 leader_election.cc:304] T 0c8c86a80fbe47f68feeda477153bcc6 P b919450c87414f64835de4e74ab4fe5d [CANDIDATE]: Term 1 election: Election decided. Result: candidate lost. Election summary: received 3 responses out of 3 voters: 1 yes votes; 2 no votes. yes voters: b919450c87414f64835de4e74ab4fe5d; no voters: 4fbfe9b027dd4e609b97b265a015f72b, eae024d90c1c42e88f6467573f474527
I20260709 14:49:53.202788 12803 consensus_queue.cc:260] T b41f392ab1dc44529efbac980fbd7ec9 P eae024d90c1c42e88f6467573f474527 [NON_LEADER]: Queue going to NON_LEADER mode. State: All replicated index: 0, Majority replicated index: 0, Committed index: 0, Last appended: 0.0, Last appended by leader: 0, Current term: 0, Majority size: -1, State: 0, Mode: NON_LEADER, active raft config: opid_index: -1 OBSOLETE_local: false peers { permanent_uuid: "b919450c87414f64835de4e74ab4fe5d" member_type: VOTER last_known_addr { host: "127.11.47.193" port: 34711 } } peers { permanent_uuid: "4fbfe9b027dd4e609b97b265a015f72b" member_type: VOTER last_known_addr { host: "127.11.47.194" port: 42113 } } peers { permanent_uuid: "eae024d90c1c42e88f6467573f474527" member_type: VOTER last_known_addr { host: "127.11.47.195" port: 37333 } }
I20260709 14:49:53.206257 12844 raft_consensus.cc:2749] T 0c8c86a80fbe47f68feeda477153bcc6 P b919450c87414f64835de4e74ab4fe5d [term 1 FOLLOWER]: Leader election lost for term 1. Reason: could not achieve majority
I20260709 14:49:53.209182 12803 ts_tablet_manager.cc:1434] T b41f392ab1dc44529efbac980fbd7ec9 P eae024d90c1c42e88f6467573f474527: Time spent starting tablet: real 0.013s	user 0.008s	sys 0.000s
I20260709 14:49:53.210314 12803 tablet_bootstrap.cc:492] T 2a82cf7df45b473d963ff7343c8a6ccf P eae024d90c1c42e88f6467573f474527: Bootstrap starting.
I20260709 14:49:53.221431 12805 tablet_bootstrap.cc:654] T a2c3d0f20bc2472baed4db249f17c543 P b919450c87414f64835de4e74ab4fe5d: Neither blocks nor log segments found. Creating new log.
I20260709 14:49:53.213804 12804 tablet_bootstrap.cc:654] T 32c0c4b54a4445428627865d3c5ce116 P 4fbfe9b027dd4e609b97b265a015f72b: Neither blocks nor log segments found. Creating new log.
I20260709 14:49:53.201860 12752 tablet_service.cc:1511] Processing CreateTablet for tablet 786968377dc5477f96109d10e05bb044 (DEFAULT_TABLE table=test-workload [id=06e12a188cce49ee962972b4899759c4]), partition=RANGE (key) PARTITION 1674309242 <= VALUES < 1710707269
I20260709 14:49:53.226785 12752 data_dirs.cc:400] Could only allocate 1 dirs of requested 3 for tablet 786968377dc5477f96109d10e05bb044. 1 dirs total, 0 dirs full, 0 dirs failed
I20260709 14:49:53.226437 12746 tablet_service.cc:1511] Processing CreateTablet for tablet 5ddce4609c954a4db5d058473fc0581a (DEFAULT_TABLE table=test-workload [id=06e12a188cce49ee962972b4899759c4]), partition=RANGE (key) PARTITION 1747105296 <= VALUES < 1783503323
I20260709 14:49:53.227613 12746 data_dirs.cc:400] Could only allocate 1 dirs of requested 3 for tablet 5ddce4609c954a4db5d058473fc0581a. 1 dirs total, 0 dirs full, 0 dirs failed
I20260709 14:49:53.227542 12598 tablet_service.cc:1511] Processing CreateTablet for tablet ba463b6207a4445a987a340528f58611 (DEFAULT_TABLE table=test-workload [id=06e12a188cce49ee962972b4899759c4]), partition=RANGE (key) PARTITION 1783503323 <= VALUES < 1819901350
I20260709 14:49:53.228821 12598 data_dirs.cc:400] Could only allocate 1 dirs of requested 3 for tablet ba463b6207a4445a987a340528f58611. 1 dirs total, 0 dirs full, 0 dirs failed
W20260709 14:49:53.234433 12560 auto_rebalancer.cc:288] Could not retrieve cluster info: Service unavailable: Tablet not running
I20260709 14:49:53.236428 12747 tablet_service.cc:1511] Processing CreateTablet for tablet ba463b6207a4445a987a340528f58611 (DEFAULT_TABLE table=test-workload [id=06e12a188cce49ee962972b4899759c4]), partition=RANGE (key) PARTITION 1783503323 <= VALUES < 1819901350
I20260709 14:49:53.237658 12747 data_dirs.cc:400] Could only allocate 1 dirs of requested 3 for tablet ba463b6207a4445a987a340528f58611. 1 dirs total, 0 dirs full, 0 dirs failed
I20260709 14:49:53.246487 12677 tablet_service.cc:1511] Processing CreateTablet for tablet ba463b6207a4445a987a340528f58611 (DEFAULT_TABLE table=test-workload [id=06e12a188cce49ee962972b4899759c4]), partition=RANGE (key) PARTITION 1783503323 <= VALUES < 1819901350
I20260709 14:49:53.247845 12677 data_dirs.cc:400] Could only allocate 1 dirs of requested 3 for tablet ba463b6207a4445a987a340528f58611. 1 dirs total, 0 dirs full, 0 dirs failed
I20260709 14:49:53.251502 12510 catalog_manager.cc:5697] T 098c9a9343944d959872fd478f73ba8a P 4fbfe9b027dd4e609b97b265a015f72b reported cstate change: term changed from 0 to 1, leader changed from <none> to 4fbfe9b027dd4e609b97b265a015f72b (127.11.47.194). New cstate: current_term: 1 leader_uuid: "4fbfe9b027dd4e609b97b265a015f72b" committed_config { opid_index: -1 OBSOLETE_local: false peers { permanent_uuid: "b919450c87414f64835de4e74ab4fe5d" member_type: VOTER last_known_addr { host: "127.11.47.193" port: 34711 } health_report { overall_health: UNKNOWN } } peers { permanent_uuid: "4fbfe9b027dd4e609b97b265a015f72b" member_type: VOTER last_known_addr { host: "127.11.47.194" port: 42113 } health_report { overall_health: HEALTHY } } peers { permanent_uuid: "eae024d90c1c42e88f6467573f474527" member_type: VOTER last_known_addr { host: "127.11.47.195" port: 37333 } health_report { overall_health: UNKNOWN } } }
I20260709 14:49:53.253280 12744 tablet_service.cc:1511] Processing CreateTablet for tablet ababf304a220465780c4a698adc50466 (DEFAULT_TABLE table=test-workload [id=06e12a188cce49ee962972b4899759c4]), partition=RANGE (key) PARTITION 1819901350 <= VALUES < 1856299377
I20260709 14:49:53.248910 12595 tablet_service.cc:1511] Processing CreateTablet for tablet ababf304a220465780c4a698adc50466 (DEFAULT_TABLE table=test-workload [id=06e12a188cce49ee962972b4899759c4]), partition=RANGE (key) PARTITION 1819901350 <= VALUES < 1856299377
I20260709 14:49:53.254662 12595 data_dirs.cc:400] Could only allocate 1 dirs of requested 3 for tablet ababf304a220465780c4a698adc50466. 1 dirs total, 0 dirs full, 0 dirs failed
I20260709 14:49:53.254643 12744 data_dirs.cc:400] Could only allocate 1 dirs of requested 3 for tablet ababf304a220465780c4a698adc50466. 1 dirs total, 0 dirs full, 0 dirs failed
I20260709 14:49:53.258623 12809 consensus_queue.cc:1048] T 6162dbb5b25d4d7a98436e4cae926c37 P 4fbfe9b027dd4e609b97b265a015f72b [LEADER]: Connected to new peer: Peer: permanent_uuid: "b919450c87414f64835de4e74ab4fe5d" member_type: VOTER last_known_addr { host: "127.11.47.193" port: 34711 }, Status: LMP_MISMATCH, Last received: 0.0, Next index: 1, Last known committed idx: 0, Time since last communication: 0.000s
I20260709 14:49:53.260653 12596 tablet_service.cc:1511] Processing CreateTablet for tablet d262791e10234bee926fb0a49d54ada6 (DEFAULT_TABLE table=test-workload [id=06e12a188cce49ee962972b4899759c4]), partition=RANGE (key) PARTITION 1856299377 <= VALUES < 1892697404
I20260709 14:49:53.262595 12676 tablet_service.cc:1511] Processing CreateTablet for tablet 5ddce4609c954a4db5d058473fc0581a (DEFAULT_TABLE table=test-workload [id=06e12a188cce49ee962972b4899759c4]), partition=RANGE (key) PARTITION 1747105296 <= VALUES < 1783503323
I20260709 14:49:53.263875 12676 data_dirs.cc:400] Could only allocate 1 dirs of requested 3 for tablet 5ddce4609c954a4db5d058473fc0581a. 1 dirs total, 0 dirs full, 0 dirs failed
I20260709 14:49:53.266680 12671 tablet_service.cc:1511] Processing CreateTablet for tablet d262791e10234bee926fb0a49d54ada6 (DEFAULT_TABLE table=test-workload [id=06e12a188cce49ee962972b4899759c4]), partition=RANGE (key) PARTITION 1856299377 <= VALUES < 1892697404
I20260709 14:49:53.267202 12844 raft_consensus.cc:493] T 098c9a9343944d959872fd478f73ba8a P b919450c87414f64835de4e74ab4fe5d [term 0 FOLLOWER]: Starting pre-election (no leader contacted us within the election timeout)
I20260709 14:49:53.267859 12671 data_dirs.cc:400] Could only allocate 1 dirs of requested 3 for tablet d262791e10234bee926fb0a49d54ada6. 1 dirs total, 0 dirs full, 0 dirs failed
I20260709 14:49:53.267644 12844 raft_consensus.cc:515] T 098c9a9343944d959872fd478f73ba8a P b919450c87414f64835de4e74ab4fe5d [term 0 FOLLOWER]: Starting pre-election with config: opid_index: -1 OBSOLETE_local: false peers { permanent_uuid: "b919450c87414f64835de4e74ab4fe5d" member_type: VOTER last_known_addr { host: "127.11.47.193" port: 34711 } } peers { permanent_uuid: "4fbfe9b027dd4e609b97b265a015f72b" member_type: VOTER last_known_addr { host: "127.11.47.194" port: 42113 } } peers { permanent_uuid: "eae024d90c1c42e88f6467573f474527" member_type: VOTER last_known_addr { host: "127.11.47.195" port: 37333 } }
I20260709 14:49:53.269929 12844 leader_election.cc:290] T 098c9a9343944d959872fd478f73ba8a P b919450c87414f64835de4e74ab4fe5d [CANDIDATE]: Term 1 pre-election: Requested pre-vote from peers 4fbfe9b027dd4e609b97b265a015f72b (127.11.47.194:42113), eae024d90c1c42e88f6467573f474527 (127.11.47.195:37333)
I20260709 14:49:53.271618 12763 tablet_service.cc:1917] Received RequestConsensusVote() RPC: tablet_id: "098c9a9343944d959872fd478f73ba8a" candidate_uuid: "b919450c87414f64835de4e74ab4fe5d" candidate_term: 1 candidate_status { last_received { term: 0 index: 0 } } ignore_live_leader: false dest_uuid: "eae024d90c1c42e88f6467573f474527" is_pre_election: true
I20260709 14:49:53.272367 12763 raft_consensus.cc:2393] T 098c9a9343944d959872fd478f73ba8a P eae024d90c1c42e88f6467573f474527 [term 1 FOLLOWER]: Leader pre-election vote request: Denying vote to candidate b919450c87414f64835de4e74ab4fe5d in current term 1: Already voted for candidate 4fbfe9b027dd4e609b97b265a015f72b in this term.
I20260709 14:49:53.266867 12679 tablet_service.cc:1511] Processing CreateTablet for tablet ababf304a220465780c4a698adc50466 (DEFAULT_TABLE table=test-workload [id=06e12a188cce49ee962972b4899759c4]), partition=RANGE (key) PARTITION 1819901350 <= VALUES < 1856299377
I20260709 14:49:53.275203 12689 tablet_service.cc:1917] Received RequestConsensusVote() RPC: tablet_id: "098c9a9343944d959872fd478f73ba8a" candidate_uuid: "b919450c87414f64835de4e74ab4fe5d" candidate_term: 1 candidate_status { last_received { term: 0 index: 0 } } ignore_live_leader: false dest_uuid: "4fbfe9b027dd4e609b97b265a015f72b" is_pre_election: true
I20260709 14:49:53.276230 12679 data_dirs.cc:400] Could only allocate 1 dirs of requested 3 for tablet ababf304a220465780c4a698adc50466. 1 dirs total, 0 dirs full, 0 dirs failed
I20260709 14:49:53.276758 12580 leader_election.cc:304] T 098c9a9343944d959872fd478f73ba8a P b919450c87414f64835de4e74ab4fe5d [CANDIDATE]: Term 1 pre-election: Election decided. Result: candidate lost. Election summary: received 3 responses out of 3 voters: 1 yes votes; 2 no votes. yes voters: b919450c87414f64835de4e74ab4fe5d; no voters: 4fbfe9b027dd4e609b97b265a015f72b, eae024d90c1c42e88f6467573f474527
I20260709 14:49:53.277916 12844 raft_consensus.cc:3060] T 098c9a9343944d959872fd478f73ba8a P b919450c87414f64835de4e74ab4fe5d [term 0 FOLLOWER]: Advancing to term 1
I20260709 14:49:53.278018 12825 raft_consensus.cc:515] T e00cb4cf5fc0430eb36935abea6bec59 P 4fbfe9b027dd4e609b97b265a015f72b [term 1 FOLLOWER]: Starting leader election with config: opid_index: -1 OBSOLETE_local: false peers { permanent_uuid: "b919450c87414f64835de4e74ab4fe5d" member_type: VOTER last_known_addr { host: "127.11.47.193" port: 34711 } } peers { permanent_uuid: "4fbfe9b027dd4e609b97b265a015f72b" member_type: VOTER last_known_addr { host: "127.11.47.194" port: 42113 } } peers { permanent_uuid: "eae024d90c1c42e88f6467573f474527" member_type: VOTER last_known_addr { host: "127.11.47.195" port: 37333 } }
I20260709 14:49:53.279068 12596 data_dirs.cc:400] Could only allocate 1 dirs of requested 3 for tablet d262791e10234bee926fb0a49d54ada6. 1 dirs total, 0 dirs full, 0 dirs failed
I20260709 14:49:53.280190 12825 leader_election.cc:290] T e00cb4cf5fc0430eb36935abea6bec59 P 4fbfe9b027dd4e609b97b265a015f72b [CANDIDATE]: Term 1 election: Requested vote from peers b919450c87414f64835de4e74ab4fe5d (127.11.47.193:34711), eae024d90c1c42e88f6467573f474527 (127.11.47.195:37333)
I20260709 14:49:53.285692 12613 tablet_service.cc:1917] Received RequestConsensusVote() RPC: tablet_id: "e00cb4cf5fc0430eb36935abea6bec59" candidate_uuid: "4fbfe9b027dd4e609b97b265a015f72b" candidate_term: 1 candidate_status { last_received { term: 0 index: 0 } } ignore_live_leader: false dest_uuid: "b919450c87414f64835de4e74ab4fe5d"
I20260709 14:49:53.286401 12613 raft_consensus.cc:3060] T e00cb4cf5fc0430eb36935abea6bec59 P b919450c87414f64835de4e74ab4fe5d [term 0 FOLLOWER]: Advancing to term 1
I20260709 14:49:53.289115 12803 tablet_bootstrap.cc:654] T 2a82cf7df45b473d963ff7343c8a6ccf P eae024d90c1c42e88f6467573f474527: Neither blocks nor log segments found. Creating new log.
I20260709 14:49:53.304481 12613 raft_consensus.cc:2468] T e00cb4cf5fc0430eb36935abea6bec59 P b919450c87414f64835de4e74ab4fe5d [term 1 FOLLOWER]: Leader election vote request: Granting yes vote for candidate 4fbfe9b027dd4e609b97b265a015f72b in term 1.
I20260709 14:49:53.305150 12763 tablet_service.cc:1917] Received RequestConsensusVote() RPC: tablet_id: "e00cb4cf5fc0430eb36935abea6bec59" candidate_uuid: "4fbfe9b027dd4e609b97b265a015f72b" candidate_term: 1 candidate_status { last_received { term: 0 index: 0 } } ignore_live_leader: false dest_uuid: "eae024d90c1c42e88f6467573f474527"
I20260709 14:49:53.305747 12654 leader_election.cc:304] T e00cb4cf5fc0430eb36935abea6bec59 P 4fbfe9b027dd4e609b97b265a015f72b [CANDIDATE]: Term 1 election: Election decided. Result: candidate won. Election summary: received 2 responses out of 3 voters: 2 yes votes; 0 no votes. yes voters: 4fbfe9b027dd4e609b97b265a015f72b, b919450c87414f64835de4e74ab4fe5d; no voters: 
I20260709 14:49:53.307696 12809 raft_consensus.cc:493] T 2a82cf7df45b473d963ff7343c8a6ccf P 4fbfe9b027dd4e609b97b265a015f72b [term 0 FOLLOWER]: Starting pre-election (no leader contacted us within the election timeout)
I20260709 14:49:53.329257 12809 raft_consensus.cc:515] T 2a82cf7df45b473d963ff7343c8a6ccf P 4fbfe9b027dd4e609b97b265a015f72b [term 0 FOLLOWER]: Starting pre-election with config: opid_index: -1 OBSOLETE_local: false peers { permanent_uuid: "b919450c87414f64835de4e74ab4fe5d" member_type: VOTER last_known_addr { host: "127.11.47.193" port: 34711 } } peers { permanent_uuid: "4fbfe9b027dd4e609b97b265a015f72b" member_type: VOTER last_known_addr { host: "127.11.47.194" port: 42113 } } peers { permanent_uuid: "eae024d90c1c42e88f6467573f474527" member_type: VOTER last_known_addr { host: "127.11.47.195" port: 37333 } }
I20260709 14:49:53.330569 12744 tablet_service.cc:1511] Processing CreateTablet for tablet d262791e10234bee926fb0a49d54ada6 (DEFAULT_TABLE table=test-workload [id=06e12a188cce49ee962972b4899759c4]), partition=RANGE (key) PARTITION 1856299377 <= VALUES < 1892697404
I20260709 14:49:53.331272 12809 leader_election.cc:290] T 2a82cf7df45b473d963ff7343c8a6ccf P 4fbfe9b027dd4e609b97b265a015f72b [CANDIDATE]: Term 1 pre-election: Requested pre-vote from peers b919450c87414f64835de4e74ab4fe5d (127.11.47.193:34711), eae024d90c1c42e88f6467573f474527 (127.11.47.195:37333)
I20260709 14:49:53.331809 12809 raft_consensus.cc:2804] T e00cb4cf5fc0430eb36935abea6bec59 P 4fbfe9b027dd4e609b97b265a015f72b [term 1 FOLLOWER]: Leader election won for term 1
I20260709 14:49:53.331985 12744 data_dirs.cc:400] Could only allocate 1 dirs of requested 3 for tablet d262791e10234bee926fb0a49d54ada6. 1 dirs total, 0 dirs full, 0 dirs failed
I20260709 14:49:53.332276 12809 raft_consensus.cc:697] T e00cb4cf5fc0430eb36935abea6bec59 P 4fbfe9b027dd4e609b97b265a015f72b [term 1 LEADER]: Becoming Leader. State: Replica: 4fbfe9b027dd4e609b97b265a015f72b, State: Running, Role: LEADER
I20260709 14:49:53.334956 12844 raft_consensus.cc:2749] T 098c9a9343944d959872fd478f73ba8a P b919450c87414f64835de4e74ab4fe5d [term 1 FOLLOWER]: Leader pre-election lost for term 1. Reason: could not achieve majority
I20260709 14:49:53.333088 12809 consensus_queue.cc:237] T e00cb4cf5fc0430eb36935abea6bec59 P 4fbfe9b027dd4e609b97b265a015f72b [LEADER]: Queue going to LEADER mode. State: All replicated index: 0, Majority replicated index: 0, Committed index: 0, Last appended: 0.0, Last appended by leader: 0, Current term: 1, Majority size: 2, State: 0, Mode: LEADER, active raft config: opid_index: -1 OBSOLETE_local: false peers { permanent_uuid: "b919450c87414f64835de4e74ab4fe5d" member_type: VOTER last_known_addr { host: "127.11.47.193" port: 34711 } } peers { permanent_uuid: "4fbfe9b027dd4e609b97b265a015f72b" member_type: VOTER last_known_addr { host: "127.11.47.194" port: 42113 } } peers { permanent_uuid: "eae024d90c1c42e88f6467573f474527" member_type: VOTER last_known_addr { host: "127.11.47.195" port: 37333 } }
W20260709 14:49:53.351166 12654 outbound_call.cc:321] RPC callback for RPC call kudu.consensus.ConsensusService.RequestConsensusVote -> {remote=127.11.47.193:34711, user_credentials={real_user=slave}} blocked reactor thread for 45527.6us
I20260709 14:49:53.358089 12604 tablet_service.cc:1511] Processing CreateTablet for tablet 2e0ece54459f43a59a035bc5a7f626fa (DEFAULT_TABLE table=test-workload [id=06e12a188cce49ee962972b4899759c4]), partition=RANGE (key) PARTITION 1892697404 <= VALUES < 1929095431
I20260709 14:49:53.361900 12604 data_dirs.cc:400] Could only allocate 1 dirs of requested 3 for tablet 2e0ece54459f43a59a035bc5a7f626fa. 1 dirs total, 0 dirs full, 0 dirs failed
I20260709 14:49:53.363088 12673 tablet_service.cc:1511] Processing CreateTablet for tablet 2e0ece54459f43a59a035bc5a7f626fa (DEFAULT_TABLE table=test-workload [id=06e12a188cce49ee962972b4899759c4]), partition=RANGE (key) PARTITION 1892697404 <= VALUES < 1929095431
I20260709 14:49:53.363790 12746 tablet_service.cc:1511] Processing CreateTablet for tablet 2e0ece54459f43a59a035bc5a7f626fa (DEFAULT_TABLE table=test-workload [id=06e12a188cce49ee962972b4899759c4]), partition=RANGE (key) PARTITION 1892697404 <= VALUES < 1929095431
I20260709 14:49:53.364333 12673 data_dirs.cc:400] Could only allocate 1 dirs of requested 3 for tablet 2e0ece54459f43a59a035bc5a7f626fa. 1 dirs total, 0 dirs full, 0 dirs failed
I20260709 14:49:53.365139 12746 data_dirs.cc:400] Could only allocate 1 dirs of requested 3 for tablet 2e0ece54459f43a59a035bc5a7f626fa. 1 dirs total, 0 dirs full, 0 dirs failed
I20260709 14:49:53.351894 12509 catalog_manager.cc:5697] T 23365f80edda4f6ea2d6b0635ba87148 P b919450c87414f64835de4e74ab4fe5d reported cstate change: term changed from 0 to 1, leader changed from <none> to b919450c87414f64835de4e74ab4fe5d (127.11.47.193). New cstate: current_term: 1 leader_uuid: "b919450c87414f64835de4e74ab4fe5d" committed_config { opid_index: -1 OBSOLETE_local: false peers { permanent_uuid: "b919450c87414f64835de4e74ab4fe5d" member_type: VOTER last_known_addr { host: "127.11.47.193" port: 34711 } health_report { overall_health: HEALTHY } } peers { permanent_uuid: "4fbfe9b027dd4e609b97b265a015f72b" member_type: VOTER last_known_addr { host: "127.11.47.194" port: 42113 } health_report { overall_health: UNKNOWN } } peers { permanent_uuid: "eae024d90c1c42e88f6467573f474527" member_type: VOTER last_known_addr { host: "127.11.47.195" port: 37333 } health_report { overall_health: UNKNOWN } } }
I20260709 14:49:53.373262 12599 tablet_service.cc:1511] Processing CreateTablet for tablet f58ae12bc1d7485caa2961547ec8692e (DEFAULT_TABLE table=test-workload [id=06e12a188cce49ee962972b4899759c4]), partition=RANGE (key) PARTITION 1929095431 <= VALUES < 1965493458
I20260709 14:49:53.374634 12599 data_dirs.cc:400] Could only allocate 1 dirs of requested 3 for tablet f58ae12bc1d7485caa2961547ec8692e. 1 dirs total, 0 dirs full, 0 dirs failed
I20260709 14:49:53.375727 12671 tablet_service.cc:1511] Processing CreateTablet for tablet f58ae12bc1d7485caa2961547ec8692e (DEFAULT_TABLE table=test-workload [id=06e12a188cce49ee962972b4899759c4]), partition=RANGE (key) PARTITION 1929095431 <= VALUES < 1965493458
I20260709 14:49:53.376901 12671 data_dirs.cc:400] Could only allocate 1 dirs of requested 3 for tablet f58ae12bc1d7485caa2961547ec8692e. 1 dirs total, 0 dirs full, 0 dirs failed
I20260709 14:49:53.377501 12747 tablet_service.cc:1511] Processing CreateTablet for tablet f58ae12bc1d7485caa2961547ec8692e (DEFAULT_TABLE table=test-workload [id=06e12a188cce49ee962972b4899759c4]), partition=RANGE (key) PARTITION 1929095431 <= VALUES < 1965493458
I20260709 14:49:53.378593 12747 data_dirs.cc:400] Could only allocate 1 dirs of requested 3 for tablet f58ae12bc1d7485caa2961547ec8692e. 1 dirs total, 0 dirs full, 0 dirs failed
I20260709 14:49:53.400842 12804 tablet_bootstrap.cc:492] T 32c0c4b54a4445428627865d3c5ce116 P 4fbfe9b027dd4e609b97b265a015f72b: No bootstrap required, opened a new log
I20260709 14:49:53.401292 12804 ts_tablet_manager.cc:1403] T 32c0c4b54a4445428627865d3c5ce116 P 4fbfe9b027dd4e609b97b265a015f72b: Time spent bootstrapping tablet: real 0.228s	user 0.037s	sys 0.016s
I20260709 14:49:53.402046 12613 tablet_service.cc:1917] Received RequestConsensusVote() RPC: tablet_id: "2a82cf7df45b473d963ff7343c8a6ccf" candidate_uuid: "4fbfe9b027dd4e609b97b265a015f72b" candidate_term: 1 candidate_status { last_received { term: 0 index: 0 } } ignore_live_leader: false dest_uuid: "b919450c87414f64835de4e74ab4fe5d" is_pre_election: true
I20260709 14:49:53.404438 12677 tablet_service.cc:1511] Processing CreateTablet for tablet bb652a339fd14569b4f69164305f521a (DEFAULT_TABLE table=test-workload [id=06e12a188cce49ee962972b4899759c4]), partition=RANGE (key) PARTITION 1965493458 <= VALUES < 2001891485
I20260709 14:49:53.405110 12598 tablet_service.cc:1511] Processing CreateTablet for tablet bb652a339fd14569b4f69164305f521a (DEFAULT_TABLE table=test-workload [id=06e12a188cce49ee962972b4899759c4]), partition=RANGE (key) PARTITION 1965493458 <= VALUES < 2001891485
I20260709 14:49:53.405753 12677 data_dirs.cc:400] Could only allocate 1 dirs of requested 3 for tablet bb652a339fd14569b4f69164305f521a. 1 dirs total, 0 dirs full, 0 dirs failed
I20260709 14:49:53.406462 12598 data_dirs.cc:400] Could only allocate 1 dirs of requested 3 for tablet bb652a339fd14569b4f69164305f521a. 1 dirs total, 0 dirs full, 0 dirs failed
I20260709 14:49:53.405138 12763 tablet_service.cc:1917] Received RequestConsensusVote() RPC: tablet_id: "2a82cf7df45b473d963ff7343c8a6ccf" candidate_uuid: "4fbfe9b027dd4e609b97b265a015f72b" candidate_term: 1 candidate_status { last_received { term: 0 index: 0 } } ignore_live_leader: false dest_uuid: "eae024d90c1c42e88f6467573f474527" is_pre_election: true
W20260709 14:49:53.410699 12654 leader_election.cc:343] T e00cb4cf5fc0430eb36935abea6bec59 P 4fbfe9b027dd4e609b97b265a015f72b [CANDIDATE]: Term 1 election: Tablet error from VoteRequest() call to peer eae024d90c1c42e88f6467573f474527 (127.11.47.195:37333): Illegal state: must be running to vote when last-logged opid is not known
W20260709 14:49:53.411655 12654 leader_election.cc:343] T 2a82cf7df45b473d963ff7343c8a6ccf P 4fbfe9b027dd4e609b97b265a015f72b [CANDIDATE]: Term 1 pre-election: Tablet error from VoteRequest() call to peer eae024d90c1c42e88f6467573f474527 (127.11.47.195:37333): Illegal state: must be running to vote when last-logged opid is not known
I20260709 14:49:53.410470 12804 raft_consensus.cc:359] T 32c0c4b54a4445428627865d3c5ce116 P 4fbfe9b027dd4e609b97b265a015f72b [term 0 FOLLOWER]: Replica starting. Triggering 0 pending ops. Active config: opid_index: -1 OBSOLETE_local: false peers { permanent_uuid: "b919450c87414f64835de4e74ab4fe5d" member_type: VOTER last_known_addr { host: "127.11.47.193" port: 34711 } } peers { permanent_uuid: "4fbfe9b027dd4e609b97b265a015f72b" member_type: VOTER last_known_addr { host: "127.11.47.194" port: 42113 } } peers { permanent_uuid: "eae024d90c1c42e88f6467573f474527" member_type: VOTER last_known_addr { host: "127.11.47.195" port: 37333 } }
I20260709 14:49:53.412299 12804 raft_consensus.cc:385] T 32c0c4b54a4445428627865d3c5ce116 P 4fbfe9b027dd4e609b97b265a015f72b [term 0 FOLLOWER]: Consensus starting up: Expiring failure detector timer to make a prompt election more likely
I20260709 14:49:53.415519 12804 raft_consensus.cc:740] T 32c0c4b54a4445428627865d3c5ce116 P 4fbfe9b027dd4e609b97b265a015f72b [term 0 FOLLOWER]: Becoming Follower/Learner. State: Replica: 4fbfe9b027dd4e609b97b265a015f72b, State: Initialized, Role: FOLLOWER
I20260709 14:49:53.415287 12510 catalog_manager.cc:5697] T e00cb4cf5fc0430eb36935abea6bec59 P 4fbfe9b027dd4e609b97b265a015f72b reported cstate change: term changed from 0 to 1, leader changed from <none> to 4fbfe9b027dd4e609b97b265a015f72b (127.11.47.194). New cstate: current_term: 1 leader_uuid: "4fbfe9b027dd4e609b97b265a015f72b" committed_config { opid_index: -1 OBSOLETE_local: false peers { permanent_uuid: "b919450c87414f64835de4e74ab4fe5d" member_type: VOTER last_known_addr { host: "127.11.47.193" port: 34711 } health_report { overall_health: UNKNOWN } } peers { permanent_uuid: "4fbfe9b027dd4e609b97b265a015f72b" member_type: VOTER last_known_addr { host: "127.11.47.194" port: 42113 } health_report { overall_health: HEALTHY } } peers { permanent_uuid: "eae024d90c1c42e88f6467573f474527" member_type: VOTER last_known_addr { host: "127.11.47.195" port: 37333 } health_report { overall_health: UNKNOWN } } }
I20260709 14:49:53.416429 12804 consensus_queue.cc:260] T 32c0c4b54a4445428627865d3c5ce116 P 4fbfe9b027dd4e609b97b265a015f72b [NON_LEADER]: Queue going to NON_LEADER mode. State: All replicated index: 0, Majority replicated index: 0, Committed index: 0, Last appended: 0.0, Last appended by leader: 0, Current term: 0, Majority size: -1, State: 0, Mode: NON_LEADER, active raft config: opid_index: -1 OBSOLETE_local: false peers { permanent_uuid: "b919450c87414f64835de4e74ab4fe5d" member_type: VOTER last_known_addr { host: "127.11.47.193" port: 34711 } } peers { permanent_uuid: "4fbfe9b027dd4e609b97b265a015f72b" member_type: VOTER last_known_addr { host: "127.11.47.194" port: 42113 } } peers { permanent_uuid: "eae024d90c1c42e88f6467573f474527" member_type: VOTER last_known_addr { host: "127.11.47.195" port: 37333 } }
W20260709 14:49:53.418560 12654 leader_election.cc:343] T 2a82cf7df45b473d963ff7343c8a6ccf P 4fbfe9b027dd4e609b97b265a015f72b [CANDIDATE]: Term 1 pre-election: Tablet error from VoteRequest() call to peer b919450c87414f64835de4e74ab4fe5d (127.11.47.193:34711): Illegal state: must be running to vote when last-logged opid is not known
I20260709 14:49:53.420807 12747 tablet_service.cc:1511] Processing CreateTablet for tablet bb652a339fd14569b4f69164305f521a (DEFAULT_TABLE table=test-workload [id=06e12a188cce49ee962972b4899759c4]), partition=RANGE (key) PARTITION 1965493458 <= VALUES < 2001891485
I20260709 14:49:53.422009 12747 data_dirs.cc:400] Could only allocate 1 dirs of requested 3 for tablet bb652a339fd14569b4f69164305f521a. 1 dirs total, 0 dirs full, 0 dirs failed
I20260709 14:49:53.423879 12676 tablet_service.cc:1511] Processing CreateTablet for tablet 986f2e56d9b8488fbe5e5a7c46402489 (DEFAULT_TABLE table=test-workload [id=06e12a188cce49ee962972b4899759c4]), partition=RANGE (key) PARTITION 2001891485 <= VALUES < 2038289512
I20260709 14:49:53.423879 12603 tablet_service.cc:1511] Processing CreateTablet for tablet 986f2e56d9b8488fbe5e5a7c46402489 (DEFAULT_TABLE table=test-workload [id=06e12a188cce49ee962972b4899759c4]), partition=RANGE (key) PARTITION 2001891485 <= VALUES < 2038289512
I20260709 14:49:53.425129 12676 data_dirs.cc:400] Could only allocate 1 dirs of requested 3 for tablet 986f2e56d9b8488fbe5e5a7c46402489. 1 dirs total, 0 dirs full, 0 dirs failed
I20260709 14:49:53.425129 12603 data_dirs.cc:400] Could only allocate 1 dirs of requested 3 for tablet 986f2e56d9b8488fbe5e5a7c46402489. 1 dirs total, 0 dirs full, 0 dirs failed
I20260709 14:49:53.430482 12803 tablet_bootstrap.cc:492] T 2a82cf7df45b473d963ff7343c8a6ccf P eae024d90c1c42e88f6467573f474527: No bootstrap required, opened a new log
I20260709 14:49:53.431022 12803 ts_tablet_manager.cc:1403] T 2a82cf7df45b473d963ff7343c8a6ccf P eae024d90c1c42e88f6467573f474527: Time spent bootstrapping tablet: real 0.221s	user 0.015s	sys 0.004s
I20260709 14:49:53.433966 12803 raft_consensus.cc:359] T 2a82cf7df45b473d963ff7343c8a6ccf P eae024d90c1c42e88f6467573f474527 [term 0 FOLLOWER]: Replica starting. Triggering 0 pending ops. Active config: opid_index: -1 OBSOLETE_local: false peers { permanent_uuid: "b919450c87414f64835de4e74ab4fe5d" member_type: VOTER last_known_addr { host: "127.11.47.193" port: 34711 } } peers { permanent_uuid: "4fbfe9b027dd4e609b97b265a015f72b" member_type: VOTER last_known_addr { host: "127.11.47.194" port: 42113 } } peers { permanent_uuid: "eae024d90c1c42e88f6467573f474527" member_type: VOTER last_known_addr { host: "127.11.47.195" port: 37333 } }
I20260709 14:49:53.437474 12654 leader_election.cc:304] T 2a82cf7df45b473d963ff7343c8a6ccf P 4fbfe9b027dd4e609b97b265a015f72b [CANDIDATE]: Term 1 pre-election: Election decided. Result: candidate lost. Election summary: received 3 responses out of 3 voters: 1 yes votes; 2 no votes. yes voters: 4fbfe9b027dd4e609b97b265a015f72b; no voters: b919450c87414f64835de4e74ab4fe5d, eae024d90c1c42e88f6467573f474527
I20260709 14:49:53.457309 12601 tablet_service.cc:1511] Processing CreateTablet for tablet 78fe5c2a29bb41caaba0f7649eaf61a9 (DEFAULT_TABLE table=test-workload [id=06e12a188cce49ee962972b4899759c4]), partition=RANGE (key) PARTITION 2074687539 <= VALUES < 2111085566
I20260709 14:49:53.457952 12809 raft_consensus.cc:2749] T 2a82cf7df45b473d963ff7343c8a6ccf P 4fbfe9b027dd4e609b97b265a015f72b [term 0 FOLLOWER]: Leader pre-election lost for term 1. Reason: could not achieve majority
I20260709 14:49:53.458590 12601 data_dirs.cc:400] Could only allocate 1 dirs of requested 3 for tablet 78fe5c2a29bb41caaba0f7649eaf61a9. 1 dirs total, 0 dirs full, 0 dirs failed
I20260709 14:49:53.459542 12851 consensus_queue.cc:1048] T 098c9a9343944d959872fd478f73ba8a P 4fbfe9b027dd4e609b97b265a015f72b [LEADER]: Connected to new peer: Peer: permanent_uuid: "b919450c87414f64835de4e74ab4fe5d" member_type: VOTER last_known_addr { host: "127.11.47.193" port: 34711 }, Status: LMP_MISMATCH, Last received: 0.0, Next index: 1, Last known committed idx: 0, Time since last communication: 0.001s
I20260709 14:49:53.465236 12673 tablet_service.cc:1511] Processing CreateTablet for tablet 1e542c63d6a2439081859ae6eb24fb48 (DEFAULT_TABLE table=test-workload [id=06e12a188cce49ee962972b4899759c4]), partition=RANGE (key) PARTITION 2111085566 <= VALUES
I20260709 14:49:53.466650 12673 data_dirs.cc:400] Could only allocate 1 dirs of requested 3 for tablet 1e542c63d6a2439081859ae6eb24fb48. 1 dirs total, 0 dirs full, 0 dirs failed
I20260709 14:49:53.439778 12804 ts_tablet_manager.cc:1434] T 32c0c4b54a4445428627865d3c5ce116 P 4fbfe9b027dd4e609b97b265a015f72b: Time spent starting tablet: real 0.038s	user 0.006s	sys 0.000s
I20260709 14:49:53.466938 12603 tablet_service.cc:1511] Processing CreateTablet for tablet 1e542c63d6a2439081859ae6eb24fb48 (DEFAULT_TABLE table=test-workload [id=06e12a188cce49ee962972b4899759c4]), partition=RANGE (key) PARTITION 2111085566 <= VALUES
I20260709 14:49:53.468112 12603 data_dirs.cc:400] Could only allocate 1 dirs of requested 3 for tablet 1e542c63d6a2439081859ae6eb24fb48. 1 dirs total, 0 dirs full, 0 dirs failed
I20260709 14:49:53.439857 12805 tablet_bootstrap.cc:492] T a2c3d0f20bc2472baed4db249f17c543 P b919450c87414f64835de4e74ab4fe5d: No bootstrap required, opened a new log
I20260709 14:49:53.469043 12805 ts_tablet_manager.cc:1403] T a2c3d0f20bc2472baed4db249f17c543 P b919450c87414f64835de4e74ab4fe5d: Time spent bootstrapping tablet: real 0.282s	user 0.017s	sys 0.007s
I20260709 14:49:53.471037 12804 tablet_bootstrap.cc:492] T 5ea533092cc0405bab4287001f8b8913 P 4fbfe9b027dd4e609b97b265a015f72b: Bootstrap starting.
I20260709 14:49:53.444032 12595 tablet_service.cc:1511] Processing CreateTablet for tablet bb3c9be548324d0f8135c72129f1cf0d (DEFAULT_TABLE table=test-workload [id=06e12a188cce49ee962972b4899759c4]), partition=RANGE (key) PARTITION 2038289512 <= VALUES < 2074687539
I20260709 14:49:53.476542 12595 data_dirs.cc:400] Could only allocate 1 dirs of requested 3 for tablet bb3c9be548324d0f8135c72129f1cf0d. 1 dirs total, 0 dirs full, 0 dirs failed
I20260709 14:49:53.477236 12851 consensus_queue.cc:1048] T 6162dbb5b25d4d7a98436e4cae926c37 P 4fbfe9b027dd4e609b97b265a015f72b [LEADER]: Connected to new peer: Peer: permanent_uuid: "eae024d90c1c42e88f6467573f474527" member_type: VOTER last_known_addr { host: "127.11.47.195" port: 37333 }, Status: LMP_MISMATCH, Last received: 0.0, Next index: 1, Last known committed idx: 0, Time since last communication: 0.001s
I20260709 14:49:53.453580 12676 tablet_service.cc:1511] Processing CreateTablet for tablet bb3c9be548324d0f8135c72129f1cf0d (DEFAULT_TABLE table=test-workload [id=06e12a188cce49ee962972b4899759c4]), partition=RANGE (key) PARTITION 2038289512 <= VALUES < 2074687539
