I20260709 14:49:46.920608 13404 raft_consensus.cc:493] T ff784281a008465e8aba1c2b3b2051db P e30e917cd3684fa7acd7747de6383499 [term 0 FOLLOWER]: Starting pre-election (no leader contacted us within the election timeout)
I20260709 14:49:46.921054 13404 raft_consensus.cc:515] T ff784281a008465e8aba1c2b3b2051db P e30e917cd3684fa7acd7747de6383499 [term 0 FOLLOWER]: Starting pre-election with config: opid_index: -1 OBSOLETE_local: false peers { permanent_uuid: "e30e917cd3684fa7acd7747de6383499" member_type: VOTER last_known_addr { host: "127.11.212.65" port: 39413 } } peers { permanent_uuid: "081ce2a9d4a841ceb303fbb9681ad020" member_type: VOTER last_known_addr { host: "127.11.212.66" port: 40969 } } peers { permanent_uuid: "d0eba1e183bb4629a77a18d04c4abe23" member_type: VOTER last_known_addr { host: "127.11.212.67" port: 38475 } }
I20260709 14:49:46.921362 13205 raft_consensus.cc:2468] T 4308900a68da4ba7a583b67996e685eb P e30e917cd3684fa7acd7747de6383499 [term 1 FOLLOWER]: Leader election vote request: Granting yes vote for candidate d0eba1e183bb4629a77a18d04c4abe23 in term 1.
I20260709 14:49:46.922163 13395 tablet_bootstrap.cc:654] T 4308900a68da4ba7a583b67996e685eb P 081ce2a9d4a841ceb303fbb9681ad020: Neither blocks nor log segments found. Creating new log.
I20260709 14:49:46.922827 13321 leader_election.cc:304] T 4308900a68da4ba7a583b67996e685eb P d0eba1e183bb4629a77a18d04c4abe23 [CANDIDATE]: Term 1 election: Election decided. Result: candidate won. Election summary: received 2 responses out of 3 voters: 2 yes votes; 0 no votes. yes voters: d0eba1e183bb4629a77a18d04c4abe23, e30e917cd3684fa7acd7747de6383499; no voters: 
I20260709 14:49:46.923257 13404 leader_election.cc:290] T ff784281a008465e8aba1c2b3b2051db P e30e917cd3684fa7acd7747de6383499 [CANDIDATE]: Term 1 pre-election: Requested pre-vote from peers 081ce2a9d4a841ceb303fbb9681ad020 (127.11.212.66:40969), d0eba1e183bb4629a77a18d04c4abe23 (127.11.212.67:38475)
I20260709 14:49:46.923638 13403 raft_consensus.cc:2804] T 4308900a68da4ba7a583b67996e685eb P d0eba1e183bb4629a77a18d04c4abe23 [term 1 FOLLOWER]: Leader election won for term 1
I20260709 14:49:46.925325 13280 tablet_service.cc:1917] Received RequestConsensusVote() RPC: tablet_id: "ff784281a008465e8aba1c2b3b2051db" candidate_uuid: "e30e917cd3684fa7acd7747de6383499" candidate_term: 1 candidate_status { last_received { term: 0 index: 0 } } ignore_live_leader: false dest_uuid: "081ce2a9d4a841ceb303fbb9681ad020" is_pre_election: true
I20260709 14:49:46.925680 13425 raft_consensus.cc:515] T 8362c297905f4f37b8a96dafad9f8317 P e30e917cd3684fa7acd7747de6383499 [term 1 FOLLOWER]: Starting leader election with config: opid_index: -1 OBSOLETE_local: false peers { permanent_uuid: "e30e917cd3684fa7acd7747de6383499" member_type: VOTER last_known_addr { host: "127.11.212.65" port: 39413 } } peers { permanent_uuid: "081ce2a9d4a841ceb303fbb9681ad020" member_type: VOTER last_known_addr { host: "127.11.212.66" port: 40969 } } peers { permanent_uuid: "d0eba1e183bb4629a77a18d04c4abe23" member_type: VOTER last_known_addr { host: "127.11.212.67" port: 38475 } }
W20260709 14:49:46.926630 13170 leader_election.cc:343] T ff784281a008465e8aba1c2b3b2051db P e30e917cd3684fa7acd7747de6383499 [CANDIDATE]: Term 1 pre-election: Tablet error from VoteRequest() call to peer 081ce2a9d4a841ceb303fbb9681ad020 (127.11.212.66:40969): Illegal state: must be running to vote when last-logged opid is not known
I20260709 14:49:46.927933 13355 tablet_service.cc:1917] Received RequestConsensusVote() RPC: tablet_id: "ff784281a008465e8aba1c2b3b2051db" candidate_uuid: "e30e917cd3684fa7acd7747de6383499" candidate_term: 1 candidate_status { last_received { term: 0 index: 0 } } ignore_live_leader: false dest_uuid: "d0eba1e183bb4629a77a18d04c4abe23" is_pre_election: true
I20260709 14:49:46.928607 13355 raft_consensus.cc:2468] T ff784281a008465e8aba1c2b3b2051db P d0eba1e183bb4629a77a18d04c4abe23 [term 0 FOLLOWER]: Leader pre-election vote request: Granting yes vote for candidate e30e917cd3684fa7acd7747de6383499 in term 0.
I20260709 14:49:46.930033 13169 leader_election.cc:304] T ff784281a008465e8aba1c2b3b2051db P e30e917cd3684fa7acd7747de6383499 [CANDIDATE]: Term 1 pre-election: Election decided. Result: candidate won. Election summary: received 3 responses out of 3 voters: 2 yes votes; 1 no votes. yes voters: d0eba1e183bb4629a77a18d04c4abe23, e30e917cd3684fa7acd7747de6383499; no voters: 081ce2a9d4a841ceb303fbb9681ad020
I20260709 14:49:46.931152 13404 raft_consensus.cc:2804] T ff784281a008465e8aba1c2b3b2051db P e30e917cd3684fa7acd7747de6383499 [term 0 FOLLOWER]: Leader pre-election won for term 1
I20260709 14:49:46.931524 13404 raft_consensus.cc:493] T ff784281a008465e8aba1c2b3b2051db P e30e917cd3684fa7acd7747de6383499 [term 0 FOLLOWER]: Starting leader election (no leader contacted us within the election timeout)
I20260709 14:49:46.931875 13404 raft_consensus.cc:3060] T ff784281a008465e8aba1c2b3b2051db P e30e917cd3684fa7acd7747de6383499 [term 0 FOLLOWER]: Advancing to term 1
I20260709 14:49:46.940342 13404 raft_consensus.cc:515] T ff784281a008465e8aba1c2b3b2051db P e30e917cd3684fa7acd7747de6383499 [term 1 FOLLOWER]: Starting leader election with config: opid_index: -1 OBSOLETE_local: false peers { permanent_uuid: "e30e917cd3684fa7acd7747de6383499" member_type: VOTER last_known_addr { host: "127.11.212.65" port: 39413 } } peers { permanent_uuid: "081ce2a9d4a841ceb303fbb9681ad020" member_type: VOTER last_known_addr { host: "127.11.212.66" port: 40969 } } peers { permanent_uuid: "d0eba1e183bb4629a77a18d04c4abe23" member_type: VOTER last_known_addr { host: "127.11.212.67" port: 38475 } }
I20260709 14:49:46.948881 13280 tablet_service.cc:1917] Received RequestConsensusVote() RPC: tablet_id: "ff784281a008465e8aba1c2b3b2051db" candidate_uuid: "e30e917cd3684fa7acd7747de6383499" candidate_term: 1 candidate_status { last_received { term: 0 index: 0 } } ignore_live_leader: false dest_uuid: "081ce2a9d4a841ceb303fbb9681ad020"
I20260709 14:49:46.949198 13355 tablet_service.cc:1917] Received RequestConsensusVote() RPC: tablet_id: "ff784281a008465e8aba1c2b3b2051db" candidate_uuid: "e30e917cd3684fa7acd7747de6383499" candidate_term: 1 candidate_status { last_received { term: 0 index: 0 } } ignore_live_leader: false dest_uuid: "d0eba1e183bb4629a77a18d04c4abe23"
I20260709 14:49:46.949702 13355 raft_consensus.cc:3060] T ff784281a008465e8aba1c2b3b2051db P d0eba1e183bb4629a77a18d04c4abe23 [term 0 FOLLOWER]: Advancing to term 1
W20260709 14:49:46.950273 13170 leader_election.cc:343] T ff784281a008465e8aba1c2b3b2051db P e30e917cd3684fa7acd7747de6383499 [CANDIDATE]: Term 1 election: Tablet error from VoteRequest() call to peer 081ce2a9d4a841ceb303fbb9681ad020 (127.11.212.66:40969): Illegal state: must be running to vote when last-logged opid is not known
I20260709 14:49:46.958673 13416 leader_election.cc:290] T 4308900a68da4ba7a583b67996e685eb P d0eba1e183bb4629a77a18d04c4abe23 [CANDIDATE]: Term 1 election: Requested vote from peers e30e917cd3684fa7acd7747de6383499 (127.11.212.65:39413), 081ce2a9d4a841ceb303fbb9681ad020 (127.11.212.66:40969)
I20260709 14:49:46.959427 13416 raft_consensus.cc:493] T 7b417d788b5847a6a70a0c69cd1a6ec1 P d0eba1e183bb4629a77a18d04c4abe23 [term 0 FOLLOWER]: Starting pre-election (no leader contacted us within the election timeout)
I20260709 14:49:46.962603 13417 raft_consensus.cc:515] T a04f7d12258840e98d80077e52e8133f P 081ce2a9d4a841ceb303fbb9681ad020 [term 1 FOLLOWER]: Starting leader election with config: opid_index: -1 OBSOLETE_local: false peers { permanent_uuid: "e30e917cd3684fa7acd7747de6383499" member_type: VOTER last_known_addr { host: "127.11.212.65" port: 39413 } } peers { permanent_uuid: "081ce2a9d4a841ceb303fbb9681ad020" member_type: VOTER last_known_addr { host: "127.11.212.66" port: 40969 } } peers { permanent_uuid: "d0eba1e183bb4629a77a18d04c4abe23" member_type: VOTER last_known_addr { host: "127.11.212.67" port: 38475 } }
I20260709 14:49:46.965425 13425 leader_election.cc:290] T 8362c297905f4f37b8a96dafad9f8317 P e30e917cd3684fa7acd7747de6383499 [CANDIDATE]: Term 1 election: Requested vote from peers 081ce2a9d4a841ceb303fbb9681ad020 (127.11.212.66:40969), d0eba1e183bb4629a77a18d04c4abe23 (127.11.212.67:38475)
I20260709 14:49:46.966179 13280 tablet_service.cc:1917] Received RequestConsensusVote() RPC: tablet_id: "8362c297905f4f37b8a96dafad9f8317" candidate_uuid: "e30e917cd3684fa7acd7747de6383499" candidate_term: 1 candidate_status { last_received { term: 0 index: 0 } } ignore_live_leader: false dest_uuid: "081ce2a9d4a841ceb303fbb9681ad020"
I20260709 14:49:46.966745 13280 raft_consensus.cc:3060] T 8362c297905f4f37b8a96dafad9f8317 P 081ce2a9d4a841ceb303fbb9681ad020 [term 0 FOLLOWER]: Advancing to term 1
I20260709 14:49:46.967304 13404 leader_election.cc:290] T ff784281a008465e8aba1c2b3b2051db P e30e917cd3684fa7acd7747de6383499 [CANDIDATE]: Term 1 election: Requested vote from peers 081ce2a9d4a841ceb303fbb9681ad020 (127.11.212.66:40969), d0eba1e183bb4629a77a18d04c4abe23 (127.11.212.67:38475)
I20260709 14:49:46.959877 13416 raft_consensus.cc:515] T 7b417d788b5847a6a70a0c69cd1a6ec1 P d0eba1e183bb4629a77a18d04c4abe23 [term 0 FOLLOWER]: Starting pre-election with config: opid_index: -1 OBSOLETE_local: false peers { permanent_uuid: "e30e917cd3684fa7acd7747de6383499" member_type: VOTER last_known_addr { host: "127.11.212.65" port: 39413 } } peers { permanent_uuid: "081ce2a9d4a841ceb303fbb9681ad020" member_type: VOTER last_known_addr { host: "127.11.212.66" port: 40969 } } peers { permanent_uuid: "d0eba1e183bb4629a77a18d04c4abe23" member_type: VOTER last_known_addr { host: "127.11.212.67" port: 38475 } }
I20260709 14:49:46.972162 13403 raft_consensus.cc:697] T 4308900a68da4ba7a583b67996e685eb P d0eba1e183bb4629a77a18d04c4abe23 [term 1 LEADER]: Becoming Leader. State: Replica: d0eba1e183bb4629a77a18d04c4abe23, State: Running, Role: LEADER
I20260709 14:49:46.973055 13403 consensus_queue.cc:237] T 4308900a68da4ba7a583b67996e685eb P d0eba1e183bb4629a77a18d04c4abe23 [LEADER]: Queue going to LEADER mode. State: All replicated index: 0, Majority replicated index: 0, Committed index: 0, Last appended: 0.0, Last appended by leader: 0, Current term: 1, Majority size: 2, State: 0, Mode: LEADER, active raft config: opid_index: -1 OBSOLETE_local: false peers { permanent_uuid: "e30e917cd3684fa7acd7747de6383499" member_type: VOTER last_known_addr { host: "127.11.212.65" port: 39413 } } peers { permanent_uuid: "081ce2a9d4a841ceb303fbb9681ad020" member_type: VOTER last_known_addr { host: "127.11.212.66" port: 40969 } } peers { permanent_uuid: "d0eba1e183bb4629a77a18d04c4abe23" member_type: VOTER last_known_addr { host: "127.11.212.67" port: 38475 } }
I20260709 14:49:46.973711 13354 tablet_service.cc:1917] Received RequestConsensusVote() RPC: tablet_id: "8362c297905f4f37b8a96dafad9f8317" candidate_uuid: "e30e917cd3684fa7acd7747de6383499" candidate_term: 1 candidate_status { last_received { term: 0 index: 0 } } ignore_live_leader: false dest_uuid: "d0eba1e183bb4629a77a18d04c4abe23"
I20260709 14:49:46.974239 13354 raft_consensus.cc:3060] T 8362c297905f4f37b8a96dafad9f8317 P d0eba1e183bb4629a77a18d04c4abe23 [term 0 FOLLOWER]: Advancing to term 1
I20260709 14:49:46.975721 13280 raft_consensus.cc:2468] T 8362c297905f4f37b8a96dafad9f8317 P 081ce2a9d4a841ceb303fbb9681ad020 [term 1 FOLLOWER]: Leader election vote request: Granting yes vote for candidate e30e917cd3684fa7acd7747de6383499 in term 1.
I20260709 14:49:46.976876 13281 tablet_service.cc:1917] Received RequestConsensusVote() RPC: tablet_id: "4308900a68da4ba7a583b67996e685eb" candidate_uuid: "d0eba1e183bb4629a77a18d04c4abe23" candidate_term: 1 candidate_status { last_received { term: 0 index: 0 } } ignore_live_leader: false dest_uuid: "081ce2a9d4a841ceb303fbb9681ad020"
I20260709 14:49:46.976840 13170 leader_election.cc:304] T 8362c297905f4f37b8a96dafad9f8317 P e30e917cd3684fa7acd7747de6383499 [CANDIDATE]: Term 1 election: Election decided. Result: candidate won. Election summary: received 2 responses out of 3 voters: 2 yes votes; 0 no votes. yes voters: 081ce2a9d4a841ceb303fbb9681ad020, e30e917cd3684fa7acd7747de6383499; no voters: 
I20260709 14:49:46.977756 13205 tablet_service.cc:1917] Received RequestConsensusVote() RPC: tablet_id: "a04f7d12258840e98d80077e52e8133f" candidate_uuid: "081ce2a9d4a841ceb303fbb9681ad020" candidate_term: 1 candidate_status { last_received { term: 0 index: 0 } } ignore_live_leader: false dest_uuid: "e30e917cd3684fa7acd7747de6383499"
I20260709 14:49:46.978387 13205 raft_consensus.cc:3060] T a04f7d12258840e98d80077e52e8133f P e30e917cd3684fa7acd7747de6383499 [term 0 FOLLOWER]: Advancing to term 1
W20260709 14:49:46.978706 13319 leader_election.cc:343] T 4308900a68da4ba7a583b67996e685eb P d0eba1e183bb4629a77a18d04c4abe23 [CANDIDATE]: Term 1 election: Tablet error from VoteRequest() call to peer 081ce2a9d4a841ceb303fbb9681ad020 (127.11.212.66:40969): Illegal state: must be running to vote when last-logged opid is not known
I20260709 14:49:46.979652 13404 raft_consensus.cc:2804] T 8362c297905f4f37b8a96dafad9f8317 P e30e917cd3684fa7acd7747de6383499 [term 1 FOLLOWER]: Leader election won for term 1
I20260709 14:49:46.980132 13404 raft_consensus.cc:697] T 8362c297905f4f37b8a96dafad9f8317 P e30e917cd3684fa7acd7747de6383499 [term 1 LEADER]: Becoming Leader. State: Replica: e30e917cd3684fa7acd7747de6383499, State: Running, Role: LEADER
I20260709 14:49:46.983067 13206 tablet_service.cc:1917] Received RequestConsensusVote() RPC: tablet_id: "7b417d788b5847a6a70a0c69cd1a6ec1" candidate_uuid: "d0eba1e183bb4629a77a18d04c4abe23" candidate_term: 1 candidate_status { last_received { term: 0 index: 0 } } ignore_live_leader: false dest_uuid: "e30e917cd3684fa7acd7747de6383499" is_pre_election: true
I20260709 14:49:46.983412 13281 tablet_service.cc:1917] Received RequestConsensusVote() RPC: tablet_id: "7b417d788b5847a6a70a0c69cd1a6ec1" candidate_uuid: "d0eba1e183bb4629a77a18d04c4abe23" candidate_term: 1 candidate_status { last_received { term: 0 index: 0 } } ignore_live_leader: false dest_uuid: "081ce2a9d4a841ceb303fbb9681ad020" is_pre_election: true
I20260709 14:49:46.984112 13281 raft_consensus.cc:2393] T 7b417d788b5847a6a70a0c69cd1a6ec1 P 081ce2a9d4a841ceb303fbb9681ad020 [term 1 FOLLOWER]: Leader pre-election vote request: Denying vote to candidate d0eba1e183bb4629a77a18d04c4abe23 in current term 1: Already voted for candidate e30e917cd3684fa7acd7747de6383499 in this term.
I20260709 14:49:46.985327 13319 leader_election.cc:304] T 7b417d788b5847a6a70a0c69cd1a6ec1 P d0eba1e183bb4629a77a18d04c4abe23 [CANDIDATE]: Term 1 pre-election: Election decided. Result: candidate lost. Election summary: received 3 responses out of 3 voters: 1 yes votes; 2 no votes. yes voters: d0eba1e183bb4629a77a18d04c4abe23; no voters: 081ce2a9d4a841ceb303fbb9681ad020, e30e917cd3684fa7acd7747de6383499
I20260709 14:49:46.986527 13404 consensus_queue.cc:237] T 8362c297905f4f37b8a96dafad9f8317 P e30e917cd3684fa7acd7747de6383499 [LEADER]: Queue going to LEADER mode. State: All replicated index: 0, Majority replicated index: 0, Committed index: 0, Last appended: 0.0, Last appended by leader: 0, Current term: 1, Majority size: 2, State: 0, Mode: LEADER, active raft config: opid_index: -1 OBSOLETE_local: false peers { permanent_uuid: "e30e917cd3684fa7acd7747de6383499" member_type: VOTER last_known_addr { host: "127.11.212.65" port: 39413 } } peers { permanent_uuid: "081ce2a9d4a841ceb303fbb9681ad020" member_type: VOTER last_known_addr { host: "127.11.212.66" port: 40969 } } peers { permanent_uuid: "d0eba1e183bb4629a77a18d04c4abe23" member_type: VOTER last_known_addr { host: "127.11.212.67" port: 38475 } }
I20260709 14:49:46.988826 13453 raft_consensus.cc:3060] T 7b417d788b5847a6a70a0c69cd1a6ec1 P d0eba1e183bb4629a77a18d04c4abe23 [term 0 FOLLOWER]: Advancing to term 1
I20260709 14:49:46.991755 13205 raft_consensus.cc:2468] T a04f7d12258840e98d80077e52e8133f P e30e917cd3684fa7acd7747de6383499 [term 1 FOLLOWER]: Leader election vote request: Granting yes vote for candidate 081ce2a9d4a841ceb303fbb9681ad020 in term 1.
I20260709 14:49:46.993328 13247 leader_election.cc:304] T a04f7d12258840e98d80077e52e8133f P 081ce2a9d4a841ceb303fbb9681ad020 [CANDIDATE]: Term 1 election: Election decided. Result: candidate won. Election summary: received 2 responses out of 3 voters: 2 yes votes; 0 no votes. yes voters: 081ce2a9d4a841ceb303fbb9681ad020, e30e917cd3684fa7acd7747de6383499; no voters: 
I20260709 14:49:46.994172 13400 raft_consensus.cc:2804] T a04f7d12258840e98d80077e52e8133f P 081ce2a9d4a841ceb303fbb9681ad020 [term 1 FOLLOWER]: Leader election won for term 1
I20260709 14:49:46.995633 13354 raft_consensus.cc:2468] T 8362c297905f4f37b8a96dafad9f8317 P d0eba1e183bb4629a77a18d04c4abe23 [term 1 FOLLOWER]: Leader election vote request: Granting yes vote for candidate e30e917cd3684fa7acd7747de6383499 in term 1.
I20260709 14:49:46.996582 13355 raft_consensus.cc:2468] T ff784281a008465e8aba1c2b3b2051db P d0eba1e183bb4629a77a18d04c4abe23 [term 1 FOLLOWER]: Leader election vote request: Granting yes vote for candidate e30e917cd3684fa7acd7747de6383499 in term 1.
I20260709 14:49:46.997298 13416 leader_election.cc:290] T 7b417d788b5847a6a70a0c69cd1a6ec1 P d0eba1e183bb4629a77a18d04c4abe23 [CANDIDATE]: Term 1 pre-election: Requested pre-vote from peers e30e917cd3684fa7acd7747de6383499 (127.11.212.65:39413), 081ce2a9d4a841ceb303fbb9681ad020 (127.11.212.66:40969)
I20260709 14:49:46.997730 13169 leader_election.cc:304] T ff784281a008465e8aba1c2b3b2051db P e30e917cd3684fa7acd7747de6383499 [CANDIDATE]: Term 1 election: Election decided. Result: candidate won. Election summary: received 3 responses out of 3 voters: 2 yes votes; 1 no votes. yes voters: d0eba1e183bb4629a77a18d04c4abe23, e30e917cd3684fa7acd7747de6383499; no voters: 081ce2a9d4a841ceb303fbb9681ad020
I20260709 14:49:47.000766 13425 raft_consensus.cc:2804] T ff784281a008465e8aba1c2b3b2051db P e30e917cd3684fa7acd7747de6383499 [term 1 FOLLOWER]: Leader election won for term 1
I20260709 14:49:47.005198 13417 leader_election.cc:290] T a04f7d12258840e98d80077e52e8133f P 081ce2a9d4a841ceb303fbb9681ad020 [CANDIDATE]: Term 1 election: Requested vote from peers e30e917cd3684fa7acd7747de6383499 (127.11.212.65:39413), d0eba1e183bb4629a77a18d04c4abe23 (127.11.212.67:38475)
I20260709 14:49:47.005805 13355 tablet_service.cc:1917] Received RequestConsensusVote() RPC: tablet_id: "a04f7d12258840e98d80077e52e8133f" candidate_uuid: "081ce2a9d4a841ceb303fbb9681ad020" candidate_term: 1 candidate_status { last_received { term: 0 index: 0 } } ignore_live_leader: false dest_uuid: "d0eba1e183bb4629a77a18d04c4abe23"
I20260709 14:49:47.005826 13417 raft_consensus.cc:493] T 739d775fa4684f3e97dcaeb33681ce5f P 081ce2a9d4a841ceb303fbb9681ad020 [term 0 FOLLOWER]: Starting pre-election (no leader contacted us within the election timeout)
I20260709 14:49:47.007853 13417 raft_consensus.cc:515] T 739d775fa4684f3e97dcaeb33681ce5f P 081ce2a9d4a841ceb303fbb9681ad020 [term 0 FOLLOWER]: Starting pre-election with config: opid_index: -1 OBSOLETE_local: false peers { permanent_uuid: "e30e917cd3684fa7acd7747de6383499" member_type: VOTER last_known_addr { host: "127.11.212.65" port: 39413 } } peers { permanent_uuid: "081ce2a9d4a841ceb303fbb9681ad020" member_type: VOTER last_known_addr { host: "127.11.212.66" port: 40969 } } peers { permanent_uuid: "d0eba1e183bb4629a77a18d04c4abe23" member_type: VOTER last_known_addr { host: "127.11.212.67" port: 38475 } }
I20260709 14:49:47.010622 13206 tablet_service.cc:1917] Received RequestConsensusVote() RPC: tablet_id: "739d775fa4684f3e97dcaeb33681ce5f" candidate_uuid: "081ce2a9d4a841ceb303fbb9681ad020" candidate_term: 1 candidate_status { last_received { term: 0 index: 0 } } ignore_live_leader: false dest_uuid: "e30e917cd3684fa7acd7747de6383499" is_pre_election: true
I20260709 14:49:47.010833 13417 leader_election.cc:290] T 739d775fa4684f3e97dcaeb33681ce5f P 081ce2a9d4a841ceb303fbb9681ad020 [CANDIDATE]: Term 1 pre-election: Requested pre-vote from peers e30e917cd3684fa7acd7747de6383499 (127.11.212.65:39413), d0eba1e183bb4629a77a18d04c4abe23 (127.11.212.67:38475)
W20260709 14:49:47.011988 13247 leader_election.cc:343] T 739d775fa4684f3e97dcaeb33681ce5f P 081ce2a9d4a841ceb303fbb9681ad020 [CANDIDATE]: Term 1 pre-election: Tablet error from VoteRequest() call to peer e30e917cd3684fa7acd7747de6383499 (127.11.212.65:39413): Illegal state: must be running to vote when last-logged opid is not known
I20260709 14:49:47.007522 13355 raft_consensus.cc:3060] T a04f7d12258840e98d80077e52e8133f P d0eba1e183bb4629a77a18d04c4abe23 [term 0 FOLLOWER]: Advancing to term 1
I20260709 14:49:47.019536 13354 tablet_service.cc:1917] Received RequestConsensusVote() RPC: tablet_id: "739d775fa4684f3e97dcaeb33681ce5f" candidate_uuid: "081ce2a9d4a841ceb303fbb9681ad020" candidate_term: 1 candidate_status { last_received { term: 0 index: 0 } } ignore_live_leader: false dest_uuid: "d0eba1e183bb4629a77a18d04c4abe23" is_pre_election: true
W20260709 14:49:47.020948 13244 leader_election.cc:343] T 739d775fa4684f3e97dcaeb33681ce5f P 081ce2a9d4a841ceb303fbb9681ad020 [CANDIDATE]: Term 1 pre-election: Tablet error from VoteRequest() call to peer d0eba1e183bb4629a77a18d04c4abe23 (127.11.212.67:38475): Illegal state: must be running to vote when last-logged opid is not known
I20260709 14:49:47.021411 13244 leader_election.cc:304] T 739d775fa4684f3e97dcaeb33681ce5f P 081ce2a9d4a841ceb303fbb9681ad020 [CANDIDATE]: Term 1 pre-election: Election decided. Result: candidate lost. Election summary: received 3 responses out of 3 voters: 1 yes votes; 2 no votes. yes voters: 081ce2a9d4a841ceb303fbb9681ad020; no voters: d0eba1e183bb4629a77a18d04c4abe23, e30e917cd3684fa7acd7747de6383499
I20260709 14:49:47.030421 13400 raft_consensus.cc:697] T a04f7d12258840e98d80077e52e8133f P 081ce2a9d4a841ceb303fbb9681ad020 [term 1 LEADER]: Becoming Leader. State: Replica: 081ce2a9d4a841ceb303fbb9681ad020, State: Running, Role: LEADER
I20260709 14:49:47.037240 13400 consensus_queue.cc:237] T a04f7d12258840e98d80077e52e8133f P 081ce2a9d4a841ceb303fbb9681ad020 [LEADER]: Queue going to LEADER mode. State: All replicated index: 0, Majority replicated index: 0, Committed index: 0, Last appended: 0.0, Last appended by leader: 0, Current term: 1, Majority size: 2, State: 0, Mode: LEADER, active raft config: opid_index: -1 OBSOLETE_local: false peers { permanent_uuid: "e30e917cd3684fa7acd7747de6383499" member_type: VOTER last_known_addr { host: "127.11.212.65" port: 39413 } } peers { permanent_uuid: "081ce2a9d4a841ceb303fbb9681ad020" member_type: VOTER last_known_addr { host: "127.11.212.66" port: 40969 } } peers { permanent_uuid: "d0eba1e183bb4629a77a18d04c4abe23" member_type: VOTER last_known_addr { host: "127.11.212.67" port: 38475 } }
I20260709 14:49:47.038203 13355 raft_consensus.cc:2468] T a04f7d12258840e98d80077e52e8133f P d0eba1e183bb4629a77a18d04c4abe23 [term 1 FOLLOWER]: Leader election vote request: Granting yes vote for candidate 081ce2a9d4a841ceb303fbb9681ad020 in term 1.
I20260709 14:49:47.032724 13453 raft_consensus.cc:2749] T 7b417d788b5847a6a70a0c69cd1a6ec1 P d0eba1e183bb4629a77a18d04c4abe23 [term 1 FOLLOWER]: Leader pre-election lost for term 1. Reason: could not achieve majority
I20260709 14:49:47.041232 13397 tablet_bootstrap.cc:492] T c5fdc136fe17459e834009e8c26d1914 P d0eba1e183bb4629a77a18d04c4abe23: No bootstrap required, opened a new log
I20260709 14:49:47.041616 13397 ts_tablet_manager.cc:1403] T c5fdc136fe17459e834009e8c26d1914 P d0eba1e183bb4629a77a18d04c4abe23: Time spent bootstrapping tablet: real 0.152s	user 0.075s	sys 0.051s
I20260709 14:49:47.040153 13103 catalog_manager.cc:5697] T 8362c297905f4f37b8a96dafad9f8317 P e30e917cd3684fa7acd7747de6383499 reported cstate change: term changed from 0 to 1, leader changed from <none> to e30e917cd3684fa7acd7747de6383499 (127.11.212.65). New cstate: current_term: 1 leader_uuid: "e30e917cd3684fa7acd7747de6383499" committed_config { opid_index: -1 OBSOLETE_local: false peers { permanent_uuid: "e30e917cd3684fa7acd7747de6383499" member_type: VOTER last_known_addr { host: "127.11.212.65" port: 39413 } health_report { overall_health: HEALTHY } } peers { permanent_uuid: "081ce2a9d4a841ceb303fbb9681ad020" member_type: VOTER last_known_addr { host: "127.11.212.66" port: 40969 } health_report { overall_health: UNKNOWN } } peers { permanent_uuid: "d0eba1e183bb4629a77a18d04c4abe23" member_type: VOTER last_known_addr { host: "127.11.212.67" port: 38475 } health_report { overall_health: UNKNOWN } } }
I20260709 14:49:47.040053 13102 catalog_manager.cc:5697] T 4308900a68da4ba7a583b67996e685eb P d0eba1e183bb4629a77a18d04c4abe23 reported cstate change: term changed from 0 to 1, leader changed from <none> to d0eba1e183bb4629a77a18d04c4abe23 (127.11.212.67). New cstate: current_term: 1 leader_uuid: "d0eba1e183bb4629a77a18d04c4abe23" committed_config { opid_index: -1 OBSOLETE_local: false peers { permanent_uuid: "e30e917cd3684fa7acd7747de6383499" member_type: VOTER last_known_addr { host: "127.11.212.65" port: 39413 } health_report { overall_health: UNKNOWN } } peers { permanent_uuid: "081ce2a9d4a841ceb303fbb9681ad020" member_type: VOTER last_known_addr { host: "127.11.212.66" port: 40969 } health_report { overall_health: UNKNOWN } } peers { permanent_uuid: "d0eba1e183bb4629a77a18d04c4abe23" member_type: VOTER last_known_addr { host: "127.11.212.67" port: 38475 } health_report { overall_health: HEALTHY } } }
I20260709 14:49:47.039544 13425 raft_consensus.cc:697] T ff784281a008465e8aba1c2b3b2051db P e30e917cd3684fa7acd7747de6383499 [term 1 LEADER]: Becoming Leader. State: Replica: e30e917cd3684fa7acd7747de6383499, State: Running, Role: LEADER
I20260709 14:49:47.042778 13425 consensus_queue.cc:237] T ff784281a008465e8aba1c2b3b2051db P e30e917cd3684fa7acd7747de6383499 [LEADER]: Queue going to LEADER mode. State: All replicated index: 0, Majority replicated index: 0, Committed index: 0, Last appended: 0.0, Last appended by leader: 0, Current term: 1, Majority size: 2, State: 0, Mode: LEADER, active raft config: opid_index: -1 OBSOLETE_local: false peers { permanent_uuid: "e30e917cd3684fa7acd7747de6383499" member_type: VOTER last_known_addr { host: "127.11.212.65" port: 39413 } } peers { permanent_uuid: "081ce2a9d4a841ceb303fbb9681ad020" member_type: VOTER last_known_addr { host: "127.11.212.66" port: 40969 } } peers { permanent_uuid: "d0eba1e183bb4629a77a18d04c4abe23" member_type: VOTER last_known_addr { host: "127.11.212.67" port: 38475 } }
I20260709 14:49:47.044504 13397 raft_consensus.cc:359] T c5fdc136fe17459e834009e8c26d1914 P d0eba1e183bb4629a77a18d04c4abe23 [term 0 FOLLOWER]: Replica starting. Triggering 0 pending ops. Active config: opid_index: -1 OBSOLETE_local: false peers { permanent_uuid: "081ce2a9d4a841ceb303fbb9681ad020" member_type: VOTER last_known_addr { host: "127.11.212.66" port: 40969 } } peers { permanent_uuid: "e30e917cd3684fa7acd7747de6383499" member_type: VOTER last_known_addr { host: "127.11.212.65" port: 39413 } } peers { permanent_uuid: "d0eba1e183bb4629a77a18d04c4abe23" member_type: VOTER last_known_addr { host: "127.11.212.67" port: 38475 } }
I20260709 14:49:47.045526 13397 raft_consensus.cc:385] T c5fdc136fe17459e834009e8c26d1914 P d0eba1e183bb4629a77a18d04c4abe23 [term 0 FOLLOWER]: Consensus starting up: Expiring failure detector timer to make a prompt election more likely
I20260709 14:49:47.045862 13397 raft_consensus.cc:740] T c5fdc136fe17459e834009e8c26d1914 P d0eba1e183bb4629a77a18d04c4abe23 [term 0 FOLLOWER]: Becoming Follower/Learner. State: Replica: d0eba1e183bb4629a77a18d04c4abe23, State: Initialized, Role: FOLLOWER
I20260709 14:49:47.044975 13458 raft_consensus.cc:2749] T 739d775fa4684f3e97dcaeb33681ce5f P 081ce2a9d4a841ceb303fbb9681ad020 [term 0 FOLLOWER]: Leader pre-election lost for term 1. Reason: could not achieve majority
I20260709 14:49:47.046794 13397 consensus_queue.cc:260] T c5fdc136fe17459e834009e8c26d1914 P d0eba1e183bb4629a77a18d04c4abe23 [NON_LEADER]: Queue going to NON_LEADER mode. State: All replicated index: 0, Majority replicated index: 0, Committed index: 0, Last appended: 0.0, Last appended by leader: 0, Current term: 0, Majority size: -1, State: 0, Mode: NON_LEADER, active raft config: opid_index: -1 OBSOLETE_local: false peers { permanent_uuid: "081ce2a9d4a841ceb303fbb9681ad020" member_type: VOTER last_known_addr { host: "127.11.212.66" port: 40969 } } peers { permanent_uuid: "e30e917cd3684fa7acd7747de6383499" member_type: VOTER last_known_addr { host: "127.11.212.65" port: 39413 } } peers { permanent_uuid: "d0eba1e183bb4629a77a18d04c4abe23" member_type: VOTER last_known_addr { host: "127.11.212.67" port: 38475 } }
I20260709 14:49:47.044814 13395 tablet_bootstrap.cc:492] T 4308900a68da4ba7a583b67996e685eb P 081ce2a9d4a841ceb303fbb9681ad020: No bootstrap required, opened a new log
I20260709 14:49:47.048039 13395 ts_tablet_manager.cc:1403] T 4308900a68da4ba7a583b67996e685eb P 081ce2a9d4a841ceb303fbb9681ad020: Time spent bootstrapping tablet: real 0.132s	user 0.020s	sys 0.061s
I20260709 14:49:47.052191 13397 ts_tablet_manager.cc:1434] T c5fdc136fe17459e834009e8c26d1914 P d0eba1e183bb4629a77a18d04c4abe23: Time spent starting tablet: real 0.010s	user 0.007s	sys 0.000s
I20260709 14:49:47.052995 13397 tablet_bootstrap.cc:492] T 7f6f42144a07465490b40bfd6dc2af8e P d0eba1e183bb4629a77a18d04c4abe23: Bootstrap starting.
I20260709 14:49:47.057950 13396 tablet_bootstrap.cc:492] T 17d325e913074189a8dfb7f34b967df0 P e30e917cd3684fa7acd7747de6383499: No bootstrap required, opened a new log
I20260709 14:49:47.058403 13396 ts_tablet_manager.cc:1403] T 17d325e913074189a8dfb7f34b967df0 P e30e917cd3684fa7acd7747de6383499: Time spent bootstrapping tablet: real 0.188s	user 0.044s	sys 0.040s
I20260709 14:49:47.061810 13397 tablet_bootstrap.cc:654] T 7f6f42144a07465490b40bfd6dc2af8e P d0eba1e183bb4629a77a18d04c4abe23: Neither blocks nor log segments found. Creating new log.
I20260709 14:49:47.062651 13395 raft_consensus.cc:359] T 4308900a68da4ba7a583b67996e685eb P 081ce2a9d4a841ceb303fbb9681ad020 [term 0 FOLLOWER]: Replica starting. Triggering 0 pending ops. Active config: opid_index: -1 OBSOLETE_local: false peers { permanent_uuid: "e30e917cd3684fa7acd7747de6383499" member_type: VOTER last_known_addr { host: "127.11.212.65" port: 39413 } } peers { permanent_uuid: "081ce2a9d4a841ceb303fbb9681ad020" member_type: VOTER last_known_addr { host: "127.11.212.66" port: 40969 } } peers { permanent_uuid: "d0eba1e183bb4629a77a18d04c4abe23" member_type: VOTER last_known_addr { host: "127.11.212.67" port: 38475 } }
I20260709 14:49:47.063582 13395 raft_consensus.cc:385] T 4308900a68da4ba7a583b67996e685eb P 081ce2a9d4a841ceb303fbb9681ad020 [term 0 FOLLOWER]: Consensus starting up: Expiring failure detector timer to make a prompt election more likely
I20260709 14:49:47.063843 13395 raft_consensus.cc:740] T 4308900a68da4ba7a583b67996e685eb P 081ce2a9d4a841ceb303fbb9681ad020 [term 0 FOLLOWER]: Becoming Follower/Learner. State: Replica: 081ce2a9d4a841ceb303fbb9681ad020, State: Initialized, Role: FOLLOWER
I20260709 14:49:47.064461 13395 consensus_queue.cc:260] T 4308900a68da4ba7a583b67996e685eb P 081ce2a9d4a841ceb303fbb9681ad020 [NON_LEADER]: Queue going to NON_LEADER mode. State: All replicated index: 0, Majority replicated index: 0, Committed index: 0, Last appended: 0.0, Last appended by leader: 0, Current term: 0, Majority size: -1, State: 0, Mode: NON_LEADER, active raft config: opid_index: -1 OBSOLETE_local: false peers { permanent_uuid: "e30e917cd3684fa7acd7747de6383499" member_type: VOTER last_known_addr { host: "127.11.212.65" port: 39413 } } peers { permanent_uuid: "081ce2a9d4a841ceb303fbb9681ad020" member_type: VOTER last_known_addr { host: "127.11.212.66" port: 40969 } } peers { permanent_uuid: "d0eba1e183bb4629a77a18d04c4abe23" member_type: VOTER last_known_addr { host: "127.11.212.67" port: 38475 } }
I20260709 14:49:47.066314 13396 raft_consensus.cc:359] T 17d325e913074189a8dfb7f34b967df0 P e30e917cd3684fa7acd7747de6383499 [term 0 FOLLOWER]: Replica starting. Triggering 0 pending ops. Active config: opid_index: -1 OBSOLETE_local: false peers { permanent_uuid: "e30e917cd3684fa7acd7747de6383499" member_type: VOTER last_known_addr { host: "127.11.212.65" port: 39413 } } peers { permanent_uuid: "081ce2a9d4a841ceb303fbb9681ad020" member_type: VOTER last_known_addr { host: "127.11.212.66" port: 40969 } } peers { permanent_uuid: "d0eba1e183bb4629a77a18d04c4abe23" member_type: VOTER last_known_addr { host: "127.11.212.67" port: 38475 } }
I20260709 14:49:47.067207 13396 raft_consensus.cc:385] T 17d325e913074189a8dfb7f34b967df0 P e30e917cd3684fa7acd7747de6383499 [term 0 FOLLOWER]: Consensus starting up: Expiring failure detector timer to make a prompt election more likely
I20260709 14:49:47.067512 13396 raft_consensus.cc:740] T 17d325e913074189a8dfb7f34b967df0 P e30e917cd3684fa7acd7747de6383499 [term 0 FOLLOWER]: Becoming Follower/Learner. State: Replica: e30e917cd3684fa7acd7747de6383499, State: Initialized, Role: FOLLOWER
I20260709 14:49:47.069371 13395 ts_tablet_manager.cc:1434] T 4308900a68da4ba7a583b67996e685eb P 081ce2a9d4a841ceb303fbb9681ad020: Time spent starting tablet: real 0.021s	user 0.006s	sys 0.000s
I20260709 14:49:47.070253 13395 tablet_bootstrap.cc:492] T 268dc206c1e948a691679210aa070ce2 P 081ce2a9d4a841ceb303fbb9681ad020: Bootstrap starting.
I20260709 14:49:47.068149 13396 consensus_queue.cc:260] T 17d325e913074189a8dfb7f34b967df0 P e30e917cd3684fa7acd7747de6383499 [NON_LEADER]: Queue going to NON_LEADER mode. State: All replicated index: 0, Majority replicated index: 0, Committed index: 0, Last appended: 0.0, Last appended by leader: 0, Current term: 0, Majority size: -1, State: 0, Mode: NON_LEADER, active raft config: opid_index: -1 OBSOLETE_local: false peers { permanent_uuid: "e30e917cd3684fa7acd7747de6383499" member_type: VOTER last_known_addr { host: "127.11.212.65" port: 39413 } } peers { permanent_uuid: "081ce2a9d4a841ceb303fbb9681ad020" member_type: VOTER last_known_addr { host: "127.11.212.66" port: 40969 } } peers { permanent_uuid: "d0eba1e183bb4629a77a18d04c4abe23" member_type: VOTER last_known_addr { host: "127.11.212.67" port: 38475 } }
I20260709 14:49:47.072777 13396 ts_tablet_manager.cc:1434] T 17d325e913074189a8dfb7f34b967df0 P e30e917cd3684fa7acd7747de6383499: Time spent starting tablet: real 0.014s	user 0.006s	sys 0.001s
I20260709 14:49:47.073343 13396 tablet_bootstrap.cc:492] T 7f6f42144a07465490b40bfd6dc2af8e P e30e917cd3684fa7acd7747de6383499: Bootstrap starting.
I20260709 14:49:47.085150 13396 tablet_bootstrap.cc:654] T 7f6f42144a07465490b40bfd6dc2af8e P e30e917cd3684fa7acd7747de6383499: Neither blocks nor log segments found. Creating new log.
I20260709 14:49:47.086577 13395 tablet_bootstrap.cc:654] T 268dc206c1e948a691679210aa070ce2 P 081ce2a9d4a841ceb303fbb9681ad020: Neither blocks nor log segments found. Creating new log.
I20260709 14:49:47.088223 13104 catalog_manager.cc:5697] T ff784281a008465e8aba1c2b3b2051db P e30e917cd3684fa7acd7747de6383499 reported cstate change: term changed from 0 to 1, leader changed from <none> to e30e917cd3684fa7acd7747de6383499 (127.11.212.65). New cstate: current_term: 1 leader_uuid: "e30e917cd3684fa7acd7747de6383499" committed_config { opid_index: -1 OBSOLETE_local: false peers { permanent_uuid: "e30e917cd3684fa7acd7747de6383499" member_type: VOTER last_known_addr { host: "127.11.212.65" port: 39413 } health_report { overall_health: HEALTHY } } peers { permanent_uuid: "081ce2a9d4a841ceb303fbb9681ad020" member_type: VOTER last_known_addr { host: "127.11.212.66" port: 40969 } health_report { overall_health: UNKNOWN } } peers { permanent_uuid: "d0eba1e183bb4629a77a18d04c4abe23" member_type: VOTER last_known_addr { host: "127.11.212.67" port: 38475 } health_report { overall_health: UNKNOWN } } }
I20260709 14:49:47.090337 13396 tablet_bootstrap.cc:492] T 7f6f42144a07465490b40bfd6dc2af8e P e30e917cd3684fa7acd7747de6383499: No bootstrap required, opened a new log
I20260709 14:49:47.090493 13397 tablet_bootstrap.cc:492] T 7f6f42144a07465490b40bfd6dc2af8e P d0eba1e183bb4629a77a18d04c4abe23: No bootstrap required, opened a new log
I20260709 14:49:47.090735 13396 ts_tablet_manager.cc:1403] T 7f6f42144a07465490b40bfd6dc2af8e P e30e917cd3684fa7acd7747de6383499: Time spent bootstrapping tablet: real 0.018s	user 0.010s	sys 0.000s
I20260709 14:49:47.090945 13397 ts_tablet_manager.cc:1403] T 7f6f42144a07465490b40bfd6dc2af8e P d0eba1e183bb4629a77a18d04c4abe23: Time spent bootstrapping tablet: real 0.038s	user 0.008s	sys 0.002s
I20260709 14:49:47.089385 13103 catalog_manager.cc:5697] T a04f7d12258840e98d80077e52e8133f P 081ce2a9d4a841ceb303fbb9681ad020 reported cstate change: term changed from 0 to 1, leader changed from <none> to 081ce2a9d4a841ceb303fbb9681ad020 (127.11.212.66). New cstate: current_term: 1 leader_uuid: "081ce2a9d4a841ceb303fbb9681ad020" committed_config { opid_index: -1 OBSOLETE_local: false peers { permanent_uuid: "e30e917cd3684fa7acd7747de6383499" member_type: VOTER last_known_addr { host: "127.11.212.65" port: 39413 } health_report { overall_health: UNKNOWN } } peers { permanent_uuid: "081ce2a9d4a841ceb303fbb9681ad020" member_type: VOTER last_known_addr { host: "127.11.212.66" port: 40969 } health_report { overall_health: HEALTHY } } peers { permanent_uuid: "d0eba1e183bb4629a77a18d04c4abe23" member_type: VOTER last_known_addr { host: "127.11.212.67" port: 38475 } health_report { overall_health: UNKNOWN } } }
I20260709 14:49:47.093221 13396 raft_consensus.cc:359] T 7f6f42144a07465490b40bfd6dc2af8e P e30e917cd3684fa7acd7747de6383499 [term 0 FOLLOWER]: Replica starting. Triggering 0 pending ops. Active config: opid_index: -1 OBSOLETE_local: false peers { permanent_uuid: "e30e917cd3684fa7acd7747de6383499" member_type: VOTER last_known_addr { host: "127.11.212.65" port: 39413 } } peers { permanent_uuid: "081ce2a9d4a841ceb303fbb9681ad020" member_type: VOTER last_known_addr { host: "127.11.212.66" port: 40969 } } peers { permanent_uuid: "d0eba1e183bb4629a77a18d04c4abe23" member_type: VOTER last_known_addr { host: "127.11.212.67" port: 38475 } }
I20260709 14:49:47.093770 13397 raft_consensus.cc:359] T 7f6f42144a07465490b40bfd6dc2af8e P d0eba1e183bb4629a77a18d04c4abe23 [term 0 FOLLOWER]: Replica starting. Triggering 0 pending ops. Active config: opid_index: -1 OBSOLETE_local: false peers { permanent_uuid: "e30e917cd3684fa7acd7747de6383499" member_type: VOTER last_known_addr { host: "127.11.212.65" port: 39413 } } peers { permanent_uuid: "081ce2a9d4a841ceb303fbb9681ad020" member_type: VOTER last_known_addr { host: "127.11.212.66" port: 40969 } } peers { permanent_uuid: "d0eba1e183bb4629a77a18d04c4abe23" member_type: VOTER last_known_addr { host: "127.11.212.67" port: 38475 } }
I20260709 14:49:47.094784 13397 raft_consensus.cc:385] T 7f6f42144a07465490b40bfd6dc2af8e P d0eba1e183bb4629a77a18d04c4abe23 [term 0 FOLLOWER]: Consensus starting up: Expiring failure detector timer to make a prompt election more likely
I20260709 14:49:47.095053 13397 raft_consensus.cc:740] T 7f6f42144a07465490b40bfd6dc2af8e P d0eba1e183bb4629a77a18d04c4abe23 [term 0 FOLLOWER]: Becoming Follower/Learner. State: Replica: d0eba1e183bb4629a77a18d04c4abe23, State: Initialized, Role: FOLLOWER
I20260709 14:49:47.095723 13397 consensus_queue.cc:260] T 7f6f42144a07465490b40bfd6dc2af8e P d0eba1e183bb4629a77a18d04c4abe23 [NON_LEADER]: Queue going to NON_LEADER mode. State: All replicated index: 0, Majority replicated index: 0, Committed index: 0, Last appended: 0.0, Last appended by leader: 0, Current term: 0, Majority size: -1, State: 0, Mode: NON_LEADER, active raft config: opid_index: -1 OBSOLETE_local: false peers { permanent_uuid: "e30e917cd3684fa7acd7747de6383499" member_type: VOTER last_known_addr { host: "127.11.212.65" port: 39413 } } peers { permanent_uuid: "081ce2a9d4a841ceb303fbb9681ad020" member_type: VOTER last_known_addr { host: "127.11.212.66" port: 40969 } } peers { permanent_uuid: "d0eba1e183bb4629a77a18d04c4abe23" member_type: VOTER last_known_addr { host: "127.11.212.67" port: 38475 } }
I20260709 14:49:47.097770 13397 ts_tablet_manager.cc:1434] T 7f6f42144a07465490b40bfd6dc2af8e P d0eba1e183bb4629a77a18d04c4abe23: Time spent starting tablet: real 0.006s	user 0.005s	sys 0.000s
I20260709 14:49:47.094081 13400 raft_consensus.cc:493] T b373a781c56a44c39bd450b75bff2ba3 P 081ce2a9d4a841ceb303fbb9681ad020 [term 0 FOLLOWER]: Starting pre-election (no leader contacted us within the election timeout)
I20260709 14:49:47.098680 13397 tablet_bootstrap.cc:492] T fbc4a26a7b3e465787518b3ae2ce8b76 P d0eba1e183bb4629a77a18d04c4abe23: Bootstrap starting.
I20260709 14:49:47.098551 13400 raft_consensus.cc:515] T b373a781c56a44c39bd450b75bff2ba3 P 081ce2a9d4a841ceb303fbb9681ad020 [term 0 FOLLOWER]: Starting pre-election with config: opid_index: -1 OBSOLETE_local: false peers { permanent_uuid: "e30e917cd3684fa7acd7747de6383499" member_type: VOTER last_known_addr { host: "127.11.212.65" port: 39413 } } peers { permanent_uuid: "081ce2a9d4a841ceb303fbb9681ad020" member_type: VOTER last_known_addr { host: "127.11.212.66" port: 40969 } } peers { permanent_uuid: "d0eba1e183bb4629a77a18d04c4abe23" member_type: VOTER last_known_addr { host: "127.11.212.67" port: 38475 } }
I20260709 14:49:47.100497 13400 leader_election.cc:290] T b373a781c56a44c39bd450b75bff2ba3 P 081ce2a9d4a841ceb303fbb9681ad020 [CANDIDATE]: Term 1 pre-election: Requested pre-vote from peers e30e917cd3684fa7acd7747de6383499 (127.11.212.65:39413), d0eba1e183bb4629a77a18d04c4abe23 (127.11.212.67:38475)
I20260709 14:49:47.093828 13396 raft_consensus.cc:385] T 7f6f42144a07465490b40bfd6dc2af8e P e30e917cd3684fa7acd7747de6383499 [term 0 FOLLOWER]: Consensus starting up: Expiring failure detector timer to make a prompt election more likely
I20260709 14:49:47.105151 13396 raft_consensus.cc:740] T 7f6f42144a07465490b40bfd6dc2af8e P e30e917cd3684fa7acd7747de6383499 [term 0 FOLLOWER]: Becoming Follower/Learner. State: Replica: e30e917cd3684fa7acd7747de6383499, State: Initialized, Role: FOLLOWER
I20260709 14:49:47.105250 13453 raft_consensus.cc:493] T 1d4b43ca7c0744c6a576db4e49140a06 P d0eba1e183bb4629a77a18d04c4abe23 [term 0 FOLLOWER]: Starting pre-election (no leader contacted us within the election timeout)
I20260709 14:49:47.105862 13396 consensus_queue.cc:260] T 7f6f42144a07465490b40bfd6dc2af8e P e30e917cd3684fa7acd7747de6383499 [NON_LEADER]: Queue going to NON_LEADER mode. State: All replicated index: 0, Majority replicated index: 0, Committed index: 0, Last appended: 0.0, Last appended by leader: 0, Current term: 0, Majority size: -1, State: 0, Mode: NON_LEADER, active raft config: opid_index: -1 OBSOLETE_local: false peers { permanent_uuid: "e30e917cd3684fa7acd7747de6383499" member_type: VOTER last_known_addr { host: "127.11.212.65" port: 39413 } } peers { permanent_uuid: "081ce2a9d4a841ceb303fbb9681ad020" member_type: VOTER last_known_addr { host: "127.11.212.66" port: 40969 } } peers { permanent_uuid: "d0eba1e183bb4629a77a18d04c4abe23" member_type: VOTER last_known_addr { host: "127.11.212.67" port: 38475 } }
I20260709 14:49:47.105814 13453 raft_consensus.cc:515] T 1d4b43ca7c0744c6a576db4e49140a06 P d0eba1e183bb4629a77a18d04c4abe23 [term 0 FOLLOWER]: Starting pre-election with config: opid_index: -1 OBSOLETE_local: false peers { permanent_uuid: "e30e917cd3684fa7acd7747de6383499" member_type: VOTER last_known_addr { host: "127.11.212.65" port: 39413 } } peers { permanent_uuid: "081ce2a9d4a841ceb303fbb9681ad020" member_type: VOTER last_known_addr { host: "127.11.212.66" port: 40969 } } peers { permanent_uuid: "d0eba1e183bb4629a77a18d04c4abe23" member_type: VOTER last_known_addr { host: "127.11.212.67" port: 38475 } }
I20260709 14:49:47.107249 13355 tablet_service.cc:1917] Received RequestConsensusVote() RPC: tablet_id: "b373a781c56a44c39bd450b75bff2ba3" candidate_uuid: "081ce2a9d4a841ceb303fbb9681ad020" candidate_term: 1 candidate_status { last_received { term: 0 index: 0 } } ignore_live_leader: false dest_uuid: "d0eba1e183bb4629a77a18d04c4abe23" is_pre_election: true
I20260709 14:49:47.107788 13396 ts_tablet_manager.cc:1434] T 7f6f42144a07465490b40bfd6dc2af8e P e30e917cd3684fa7acd7747de6383499: Time spent starting tablet: real 0.017s	user 0.004s	sys 0.000s
I20260709 14:49:47.108604 13396 tablet_bootstrap.cc:492] T b373a781c56a44c39bd450b75bff2ba3 P e30e917cd3684fa7acd7747de6383499: Bootstrap starting.
W20260709 14:49:47.108767 13244 leader_election.cc:343] T b373a781c56a44c39bd450b75bff2ba3 P 081ce2a9d4a841ceb303fbb9681ad020 [CANDIDATE]: Term 1 pre-election: Tablet error from VoteRequest() call to peer d0eba1e183bb4629a77a18d04c4abe23 (127.11.212.67:38475): Illegal state: must be running to vote when last-logged opid is not known
I20260709 14:49:47.105967 13205 tablet_service.cc:1917] Received RequestConsensusVote() RPC: tablet_id: "b373a781c56a44c39bd450b75bff2ba3" candidate_uuid: "081ce2a9d4a841ceb303fbb9681ad020" candidate_term: 1 candidate_status { last_received { term: 0 index: 0 } } ignore_live_leader: false dest_uuid: "e30e917cd3684fa7acd7747de6383499" is_pre_election: true
I20260709 14:49:47.110879 13453 leader_election.cc:290] T 1d4b43ca7c0744c6a576db4e49140a06 P d0eba1e183bb4629a77a18d04c4abe23 [CANDIDATE]: Term 1 pre-election: Requested pre-vote from peers e30e917cd3684fa7acd7747de6383499 (127.11.212.65:39413), 081ce2a9d4a841ceb303fbb9681ad020 (127.11.212.66:40969)
I20260709 14:49:47.111982 13281 tablet_service.cc:1917] Received RequestConsensusVote() RPC: tablet_id: "1d4b43ca7c0744c6a576db4e49140a06" candidate_uuid: "d0eba1e183bb4629a77a18d04c4abe23" candidate_term: 1 candidate_status { last_received { term: 0 index: 0 } } ignore_live_leader: false dest_uuid: "081ce2a9d4a841ceb303fbb9681ad020" is_pre_election: true
W20260709 14:49:47.112339 13247 leader_election.cc:343] T b373a781c56a44c39bd450b75bff2ba3 P 081ce2a9d4a841ceb303fbb9681ad020 [CANDIDATE]: Term 1 pre-election: Tablet error from VoteRequest() call to peer e30e917cd3684fa7acd7747de6383499 (127.11.212.65:39413): Illegal state: must be running to vote when last-logged opid is not known
I20260709 14:49:47.112581 13281 raft_consensus.cc:2468] T 1d4b43ca7c0744c6a576db4e49140a06 P 081ce2a9d4a841ceb303fbb9681ad020 [term 0 FOLLOWER]: Leader pre-election vote request: Granting yes vote for candidate d0eba1e183bb4629a77a18d04c4abe23 in term 0.
I20260709 14:49:47.112843 13247 leader_election.cc:304] T b373a781c56a44c39bd450b75bff2ba3 P 081ce2a9d4a841ceb303fbb9681ad020 [CANDIDATE]: Term 1 pre-election: Election decided. Result: candidate lost. Election summary: received 3 responses out of 3 voters: 1 yes votes; 2 no votes. yes voters: 081ce2a9d4a841ceb303fbb9681ad020; no voters: d0eba1e183bb4629a77a18d04c4abe23, e30e917cd3684fa7acd7747de6383499
I20260709 14:49:47.113749 13319 leader_election.cc:304] T 1d4b43ca7c0744c6a576db4e49140a06 P d0eba1e183bb4629a77a18d04c4abe23 [CANDIDATE]: Term 1 pre-election: Election decided. Result: candidate won. Election summary: received 2 responses out of 3 voters: 2 yes votes; 0 no votes. yes voters: 081ce2a9d4a841ceb303fbb9681ad020, d0eba1e183bb4629a77a18d04c4abe23; no voters: 
I20260709 14:49:47.113899 13400 raft_consensus.cc:2749] T b373a781c56a44c39bd450b75bff2ba3 P 081ce2a9d4a841ceb303fbb9681ad020 [term 0 FOLLOWER]: Leader pre-election lost for term 1. Reason: could not achieve majority
I20260709 14:49:47.114181 13396 tablet_bootstrap.cc:654] T b373a781c56a44c39bd450b75bff2ba3 P e30e917cd3684fa7acd7747de6383499: Neither blocks nor log segments found. Creating new log.
I20260709 14:49:47.114475 13453 raft_consensus.cc:2804] T 1d4b43ca7c0744c6a576db4e49140a06 P d0eba1e183bb4629a77a18d04c4abe23 [term 0 FOLLOWER]: Leader pre-election won for term 1
I20260709 14:49:47.114810 13453 raft_consensus.cc:493] T 1d4b43ca7c0744c6a576db4e49140a06 P d0eba1e183bb4629a77a18d04c4abe23 [term 0 FOLLOWER]: Starting leader election (no leader contacted us within the election timeout)
I20260709 14:49:47.115276 13403 raft_consensus.cc:493] T c5fdc136fe17459e834009e8c26d1914 P d0eba1e183bb4629a77a18d04c4abe23 [term 0 FOLLOWER]: Starting pre-election (no leader contacted us within the election timeout)
I20260709 14:49:47.115463 13453 raft_consensus.cc:3060] T 1d4b43ca7c0744c6a576db4e49140a06 P d0eba1e183bb4629a77a18d04c4abe23 [term 0 FOLLOWER]: Advancing to term 1
I20260709 14:49:47.115617 13205 tablet_service.cc:1917] Received RequestConsensusVote() RPC: tablet_id: "1d4b43ca7c0744c6a576db4e49140a06" candidate_uuid: "d0eba1e183bb4629a77a18d04c4abe23" candidate_term: 1 candidate_status { last_received { term: 0 index: 0 } } ignore_live_leader: false dest_uuid: "e30e917cd3684fa7acd7747de6383499" is_pre_election: true
I20260709 14:49:47.116350 13205 raft_consensus.cc:2468] T 1d4b43ca7c0744c6a576db4e49140a06 P e30e917cd3684fa7acd7747de6383499 [term 0 FOLLOWER]: Leader pre-election vote request: Granting yes vote for candidate d0eba1e183bb4629a77a18d04c4abe23 in term 0.
I20260709 14:49:47.123512 13453 raft_consensus.cc:515] T 1d4b43ca7c0744c6a576db4e49140a06 P d0eba1e183bb4629a77a18d04c4abe23 [term 1 FOLLOWER]: Starting leader election with config: opid_index: -1 OBSOLETE_local: false peers { permanent_uuid: "e30e917cd3684fa7acd7747de6383499" member_type: VOTER last_known_addr { host: "127.11.212.65" port: 39413 } } peers { permanent_uuid: "081ce2a9d4a841ceb303fbb9681ad020" member_type: VOTER last_known_addr { host: "127.11.212.66" port: 40969 } } peers { permanent_uuid: "d0eba1e183bb4629a77a18d04c4abe23" member_type: VOTER last_known_addr { host: "127.11.212.67" port: 38475 } }
