I20260709 14:49:51.437067  8211 raft_consensus.cc:740] T 65bc4bf3c5a44c09a08a635eb8193ebd P 3c7d2f9ce32c47cca1956d030c32fec3 [term 0 FOLLOWER]: Becoming Follower/Learner. State: Replica: 3c7d2f9ce32c47cca1956d030c32fec3, State: Initialized, Role: FOLLOWER
I20260709 14:49:51.437778  8211 consensus_queue.cc:260] T 65bc4bf3c5a44c09a08a635eb8193ebd P 3c7d2f9ce32c47cca1956d030c32fec3 [NON_LEADER]: Queue going to NON_LEADER mode. State: All replicated index: 0, Majority replicated index: 0, Committed index: 0, Last appended: 0.0, Last appended by leader: 0, Current term: 0, Majority size: -1, State: 0, Mode: NON_LEADER, active raft config: opid_index: -1 OBSOLETE_local: false peers { permanent_uuid: "e12dc590749b41cba1ca369e0395bce8" member_type: VOTER last_known_addr { host: "127.6.189.1" port: 45163 } } peers { permanent_uuid: "e6e9ad359615425380a5752ca9f710e8" member_type: VOTER last_known_addr { host: "127.6.189.2" port: 38775 } } peers { permanent_uuid: "3c7d2f9ce32c47cca1956d030c32fec3" member_type: VOTER last_known_addr { host: "127.6.189.3" port: 34439 } }
I20260709 14:49:51.440104  8211 ts_tablet_manager.cc:1434] T 65bc4bf3c5a44c09a08a635eb8193ebd P 3c7d2f9ce32c47cca1956d030c32fec3: Time spent starting tablet: real 0.007s	user 0.006s	sys 0.000s
I20260709 14:49:51.440351  8357 raft_consensus.cc:515] T 97b42577635d41bc8cb7fa2ecb6bf74d P e6e9ad359615425380a5752ca9f710e8 [term 1 FOLLOWER]: Starting leader election with config: opid_index: -1 OBSOLETE_local: false peers { permanent_uuid: "e12dc590749b41cba1ca369e0395bce8" member_type: VOTER last_known_addr { host: "127.6.189.1" port: 45163 } } peers { permanent_uuid: "e6e9ad359615425380a5752ca9f710e8" member_type: VOTER last_known_addr { host: "127.6.189.2" port: 38775 } } peers { permanent_uuid: "3c7d2f9ce32c47cca1956d030c32fec3" member_type: VOTER last_known_addr { host: "127.6.189.3" port: 34439 } }
I20260709 14:49:51.441130  8211 tablet_bootstrap.cc:492] T bb9884dc7cb44a36bfcc349f95e2eef9 P 3c7d2f9ce32c47cca1956d030c32fec3: Bootstrap starting.
I20260709 14:49:51.443166  8018 tablet_service.cc:1917] Received RequestConsensusVote() RPC: tablet_id: "97b42577635d41bc8cb7fa2ecb6bf74d" candidate_uuid: "e6e9ad359615425380a5752ca9f710e8" candidate_term: 1 candidate_status { last_received { term: 0 index: 0 } } ignore_live_leader: false dest_uuid: "e12dc590749b41cba1ca369e0395bce8"
I20260709 14:49:51.443782  8018 raft_consensus.cc:3060] T 97b42577635d41bc8cb7fa2ecb6bf74d P e12dc590749b41cba1ca369e0395bce8 [term 0 FOLLOWER]: Advancing to term 1
I20260709 14:49:51.448222  8209 tablet_bootstrap.cc:492] T 65bc4bf3c5a44c09a08a635eb8193ebd P e6e9ad359615425380a5752ca9f710e8: No bootstrap required, opened a new log
I20260709 14:49:51.448035  8166 tablet_service.cc:1917] Received RequestConsensusVote() RPC: tablet_id: "97b42577635d41bc8cb7fa2ecb6bf74d" candidate_uuid: "e6e9ad359615425380a5752ca9f710e8" candidate_term: 1 candidate_status { last_received { term: 0 index: 0 } } ignore_live_leader: false dest_uuid: "3c7d2f9ce32c47cca1956d030c32fec3"
I20260709 14:49:51.448776  8209 ts_tablet_manager.cc:1403] T 65bc4bf3c5a44c09a08a635eb8193ebd P e6e9ad359615425380a5752ca9f710e8: Time spent bootstrapping tablet: real 0.034s	user 0.011s	sys 0.000s
I20260709 14:49:51.448745  8166 raft_consensus.cc:3060] T 97b42577635d41bc8cb7fa2ecb6bf74d P 3c7d2f9ce32c47cca1956d030c32fec3 [term 0 FOLLOWER]: Advancing to term 1
I20260709 14:49:51.453132  8018 raft_consensus.cc:2468] T 97b42577635d41bc8cb7fa2ecb6bf74d P e12dc590749b41cba1ca369e0395bce8 [term 1 FOLLOWER]: Leader election vote request: Granting yes vote for candidate e6e9ad359615425380a5752ca9f710e8 in term 1.
I20260709 14:49:51.454322  8058 leader_election.cc:304] T 97b42577635d41bc8cb7fa2ecb6bf74d P e6e9ad359615425380a5752ca9f710e8 [CANDIDATE]: Term 1 election: Election decided. Result: candidate won. Election summary: received 2 responses out of 3 voters: 2 yes votes; 0 no votes. yes voters: e12dc590749b41cba1ca369e0395bce8, e6e9ad359615425380a5752ca9f710e8; no voters: 
I20260709 14:49:51.455474  8364 raft_consensus.cc:2804] T 97b42577635d41bc8cb7fa2ecb6bf74d P e6e9ad359615425380a5752ca9f710e8 [term 1 FOLLOWER]: Leader election won for term 1
I20260709 14:49:51.455937  8364 raft_consensus.cc:697] T 97b42577635d41bc8cb7fa2ecb6bf74d P e6e9ad359615425380a5752ca9f710e8 [term 1 LEADER]: Becoming Leader. State: Replica: e6e9ad359615425380a5752ca9f710e8, State: Running, Role: LEADER
I20260709 14:49:51.457113  8210 tablet_bootstrap.cc:654] T a5de45b0c37e4da3ad105a381facf63f P e12dc590749b41cba1ca369e0395bce8: Neither blocks nor log segments found. Creating new log.
I20260709 14:49:51.456760  8364 consensus_queue.cc:237] T 97b42577635d41bc8cb7fa2ecb6bf74d P e6e9ad359615425380a5752ca9f710e8 [LEADER]: Queue going to LEADER mode. State: All replicated index: 0, Majority replicated index: 0, Committed index: 0, Last appended: 0.0, Last appended by leader: 0, Current term: 1, Majority size: 2, State: 0, Mode: LEADER, active raft config: opid_index: -1 OBSOLETE_local: false peers { permanent_uuid: "e12dc590749b41cba1ca369e0395bce8" member_type: VOTER last_known_addr { host: "127.6.189.1" port: 45163 } } peers { permanent_uuid: "e6e9ad359615425380a5752ca9f710e8" member_type: VOTER last_known_addr { host: "127.6.189.2" port: 38775 } } peers { permanent_uuid: "3c7d2f9ce32c47cca1956d030c32fec3" member_type: VOTER last_known_addr { host: "127.6.189.3" port: 34439 } }
I20260709 14:49:51.458722  8211 tablet_bootstrap.cc:654] T bb9884dc7cb44a36bfcc349f95e2eef9 P 3c7d2f9ce32c47cca1956d030c32fec3: Neither blocks nor log segments found. Creating new log.
I20260709 14:49:51.461213  8166 raft_consensus.cc:2468] T 97b42577635d41bc8cb7fa2ecb6bf74d P 3c7d2f9ce32c47cca1956d030c32fec3 [term 1 FOLLOWER]: Leader election vote request: Granting yes vote for candidate e6e9ad359615425380a5752ca9f710e8 in term 1.
I20260709 14:49:51.447219  8357 leader_election.cc:290] T 97b42577635d41bc8cb7fa2ecb6bf74d P e6e9ad359615425380a5752ca9f710e8 [CANDIDATE]: Term 1 election: Requested vote from peers e12dc590749b41cba1ca369e0395bce8 (127.6.189.1:45163), 3c7d2f9ce32c47cca1956d030c32fec3 (127.6.189.3:34439)
I20260709 14:49:51.462579  8209 raft_consensus.cc:359] T 65bc4bf3c5a44c09a08a635eb8193ebd P e6e9ad359615425380a5752ca9f710e8 [term 0 FOLLOWER]: Replica starting. Triggering 0 pending ops. Active config: opid_index: -1 OBSOLETE_local: false peers { permanent_uuid: "e12dc590749b41cba1ca369e0395bce8" member_type: VOTER last_known_addr { host: "127.6.189.1" port: 45163 } } peers { permanent_uuid: "e6e9ad359615425380a5752ca9f710e8" member_type: VOTER last_known_addr { host: "127.6.189.2" port: 38775 } } peers { permanent_uuid: "3c7d2f9ce32c47cca1956d030c32fec3" member_type: VOTER last_known_addr { host: "127.6.189.3" port: 34439 } }
I20260709 14:49:51.467988  8209 raft_consensus.cc:385] T 65bc4bf3c5a44c09a08a635eb8193ebd P e6e9ad359615425380a5752ca9f710e8 [term 0 FOLLOWER]: Consensus starting up: Expiring failure detector timer to make a prompt election more likely
I20260709 14:49:51.468353  8209 raft_consensus.cc:740] T 65bc4bf3c5a44c09a08a635eb8193ebd P e6e9ad359615425380a5752ca9f710e8 [term 0 FOLLOWER]: Becoming Follower/Learner. State: Replica: e6e9ad359615425380a5752ca9f710e8, State: Initialized, Role: FOLLOWER
I20260709 14:49:51.469534  8209 consensus_queue.cc:260] T 65bc4bf3c5a44c09a08a635eb8193ebd P e6e9ad359615425380a5752ca9f710e8 [NON_LEADER]: Queue going to NON_LEADER mode. State: All replicated index: 0, Majority replicated index: 0, Committed index: 0, Last appended: 0.0, Last appended by leader: 0, Current term: 0, Majority size: -1, State: 0, Mode: NON_LEADER, active raft config: opid_index: -1 OBSOLETE_local: false peers { permanent_uuid: "e12dc590749b41cba1ca369e0395bce8" member_type: VOTER last_known_addr { host: "127.6.189.1" port: 45163 } } peers { permanent_uuid: "e6e9ad359615425380a5752ca9f710e8" member_type: VOTER last_known_addr { host: "127.6.189.2" port: 38775 } } peers { permanent_uuid: "3c7d2f9ce32c47cca1956d030c32fec3" member_type: VOTER last_known_addr { host: "127.6.189.3" port: 34439 } }
I20260709 14:49:51.472136  8209 ts_tablet_manager.cc:1434] T 65bc4bf3c5a44c09a08a635eb8193ebd P e6e9ad359615425380a5752ca9f710e8: Time spent starting tablet: real 0.023s	user 0.005s	sys 0.002s
I20260709 14:49:51.473158  8209 tablet_bootstrap.cc:492] T 38a1d40fe0cc4e95a0673788f28cd148 P e6e9ad359615425380a5752ca9f710e8: Bootstrap starting.
I20260709 14:49:51.479810  8210 tablet_bootstrap.cc:492] T a5de45b0c37e4da3ad105a381facf63f P e12dc590749b41cba1ca369e0395bce8: No bootstrap required, opened a new log
I20260709 14:49:51.480154  8211 tablet_bootstrap.cc:492] T bb9884dc7cb44a36bfcc349f95e2eef9 P 3c7d2f9ce32c47cca1956d030c32fec3: No bootstrap required, opened a new log
I20260709 14:49:51.480265  8210 ts_tablet_manager.cc:1403] T a5de45b0c37e4da3ad105a381facf63f P e12dc590749b41cba1ca369e0395bce8: Time spent bootstrapping tablet: real 0.050s	user 0.007s	sys 0.015s
I20260709 14:49:51.480588  8211 ts_tablet_manager.cc:1403] T bb9884dc7cb44a36bfcc349f95e2eef9 P 3c7d2f9ce32c47cca1956d030c32fec3: Time spent bootstrapping tablet: real 0.040s	user 0.010s	sys 0.001s
I20260709 14:49:51.481575  7917 catalog_manager.cc:5697] T 97b42577635d41bc8cb7fa2ecb6bf74d P e6e9ad359615425380a5752ca9f710e8 reported cstate change: term changed from 0 to 1, leader changed from <none> to e6e9ad359615425380a5752ca9f710e8 (127.6.189.2). New cstate: current_term: 1 leader_uuid: "e6e9ad359615425380a5752ca9f710e8" committed_config { opid_index: -1 OBSOLETE_local: false peers { permanent_uuid: "e12dc590749b41cba1ca369e0395bce8" member_type: VOTER last_known_addr { host: "127.6.189.1" port: 45163 } health_report { overall_health: UNKNOWN } } peers { permanent_uuid: "e6e9ad359615425380a5752ca9f710e8" member_type: VOTER last_known_addr { host: "127.6.189.2" port: 38775 } health_report { overall_health: HEALTHY } } peers { permanent_uuid: "3c7d2f9ce32c47cca1956d030c32fec3" member_type: VOTER last_known_addr { host: "127.6.189.3" port: 34439 } health_report { overall_health: UNKNOWN } } }
I20260709 14:49:51.483003  8210 raft_consensus.cc:359] T a5de45b0c37e4da3ad105a381facf63f P e12dc590749b41cba1ca369e0395bce8 [term 0 FOLLOWER]: Replica starting. Triggering 0 pending ops. Active config: opid_index: -1 OBSOLETE_local: false peers { permanent_uuid: "e12dc590749b41cba1ca369e0395bce8" member_type: VOTER last_known_addr { host: "127.6.189.1" port: 45163 } } peers { permanent_uuid: "e6e9ad359615425380a5752ca9f710e8" member_type: VOTER last_known_addr { host: "127.6.189.2" port: 38775 } } peers { permanent_uuid: "3c7d2f9ce32c47cca1956d030c32fec3" member_type: VOTER last_known_addr { host: "127.6.189.3" port: 34439 } }
I20260709 14:49:51.483645  8210 raft_consensus.cc:385] T a5de45b0c37e4da3ad105a381facf63f P e12dc590749b41cba1ca369e0395bce8 [term 0 FOLLOWER]: Consensus starting up: Expiring failure detector timer to make a prompt election more likely
I20260709 14:49:51.483513  8211 raft_consensus.cc:359] T bb9884dc7cb44a36bfcc349f95e2eef9 P 3c7d2f9ce32c47cca1956d030c32fec3 [term 0 FOLLOWER]: Replica starting. Triggering 0 pending ops. Active config: opid_index: -1 OBSOLETE_local: false peers { permanent_uuid: "e12dc590749b41cba1ca369e0395bce8" member_type: VOTER last_known_addr { host: "127.6.189.1" port: 45163 } } peers { permanent_uuid: "e6e9ad359615425380a5752ca9f710e8" member_type: VOTER last_known_addr { host: "127.6.189.2" port: 38775 } } peers { permanent_uuid: "3c7d2f9ce32c47cca1956d030c32fec3" member_type: VOTER last_known_addr { host: "127.6.189.3" port: 34439 } }
I20260709 14:49:51.483943  8210 raft_consensus.cc:740] T a5de45b0c37e4da3ad105a381facf63f P e12dc590749b41cba1ca369e0395bce8 [term 0 FOLLOWER]: Becoming Follower/Learner. State: Replica: e12dc590749b41cba1ca369e0395bce8, State: Initialized, Role: FOLLOWER
I20260709 14:49:51.484174  8211 raft_consensus.cc:385] T bb9884dc7cb44a36bfcc349f95e2eef9 P 3c7d2f9ce32c47cca1956d030c32fec3 [term 0 FOLLOWER]: Consensus starting up: Expiring failure detector timer to make a prompt election more likely
I20260709 14:49:51.484450  8211 raft_consensus.cc:740] T bb9884dc7cb44a36bfcc349f95e2eef9 P 3c7d2f9ce32c47cca1956d030c32fec3 [term 0 FOLLOWER]: Becoming Follower/Learner. State: Replica: 3c7d2f9ce32c47cca1956d030c32fec3, State: Initialized, Role: FOLLOWER
I20260709 14:49:51.485126  8211 consensus_queue.cc:260] T bb9884dc7cb44a36bfcc349f95e2eef9 P 3c7d2f9ce32c47cca1956d030c32fec3 [NON_LEADER]: Queue going to NON_LEADER mode. State: All replicated index: 0, Majority replicated index: 0, Committed index: 0, Last appended: 0.0, Last appended by leader: 0, Current term: 0, Majority size: -1, State: 0, Mode: NON_LEADER, active raft config: opid_index: -1 OBSOLETE_local: false peers { permanent_uuid: "e12dc590749b41cba1ca369e0395bce8" member_type: VOTER last_known_addr { host: "127.6.189.1" port: 45163 } } peers { permanent_uuid: "e6e9ad359615425380a5752ca9f710e8" member_type: VOTER last_known_addr { host: "127.6.189.2" port: 38775 } } peers { permanent_uuid: "3c7d2f9ce32c47cca1956d030c32fec3" member_type: VOTER last_known_addr { host: "127.6.189.3" port: 34439 } }
I20260709 14:49:51.487193  8211 ts_tablet_manager.cc:1434] T bb9884dc7cb44a36bfcc349f95e2eef9 P 3c7d2f9ce32c47cca1956d030c32fec3: Time spent starting tablet: real 0.006s	user 0.005s	sys 0.002s
I20260709 14:49:51.488387  8224 raft_consensus.cc:493] T 65bc4bf3c5a44c09a08a635eb8193ebd P e12dc590749b41cba1ca369e0395bce8 [term 0 FOLLOWER]: Starting pre-election (no leader contacted us within the election timeout)
I20260709 14:49:51.488847  8224 raft_consensus.cc:515] T 65bc4bf3c5a44c09a08a635eb8193ebd P e12dc590749b41cba1ca369e0395bce8 [term 0 FOLLOWER]: Starting pre-election with config: opid_index: -1 OBSOLETE_local: false peers { permanent_uuid: "e12dc590749b41cba1ca369e0395bce8" member_type: VOTER last_known_addr { host: "127.6.189.1" port: 45163 } } peers { permanent_uuid: "e6e9ad359615425380a5752ca9f710e8" member_type: VOTER last_known_addr { host: "127.6.189.2" port: 38775 } } peers { permanent_uuid: "3c7d2f9ce32c47cca1956d030c32fec3" member_type: VOTER last_known_addr { host: "127.6.189.3" port: 34439 } }
I20260709 14:49:51.490793  8211 tablet_bootstrap.cc:492] T 5d94c6490c8a4fb4a033d48f9d454f00 P 3c7d2f9ce32c47cca1956d030c32fec3: Bootstrap starting.
I20260709 14:49:51.496488  8224 leader_election.cc:290] T 65bc4bf3c5a44c09a08a635eb8193ebd P e12dc590749b41cba1ca369e0395bce8 [CANDIDATE]: Term 1 pre-election: Requested pre-vote from peers e6e9ad359615425380a5752ca9f710e8 (127.6.189.2:38775), 3c7d2f9ce32c47cca1956d030c32fec3 (127.6.189.3:34439)
I20260709 14:49:51.497505  8095 tablet_service.cc:1917] Received RequestConsensusVote() RPC: tablet_id: "65bc4bf3c5a44c09a08a635eb8193ebd" candidate_uuid: "e12dc590749b41cba1ca369e0395bce8" candidate_term: 1 candidate_status { last_received { term: 0 index: 0 } } ignore_live_leader: false dest_uuid: "e6e9ad359615425380a5752ca9f710e8" is_pre_election: true
I20260709 14:49:51.498114  8095 raft_consensus.cc:2468] T 65bc4bf3c5a44c09a08a635eb8193ebd P e6e9ad359615425380a5752ca9f710e8 [term 0 FOLLOWER]: Leader pre-election vote request: Granting yes vote for candidate e12dc590749b41cba1ca369e0395bce8 in term 0.
I20260709 14:49:51.499747  8166 tablet_service.cc:1917] Received RequestConsensusVote() RPC: tablet_id: "65bc4bf3c5a44c09a08a635eb8193ebd" candidate_uuid: "e12dc590749b41cba1ca369e0395bce8" candidate_term: 1 candidate_status { last_received { term: 0 index: 0 } } ignore_live_leader: false dest_uuid: "3c7d2f9ce32c47cca1956d030c32fec3" is_pre_election: true
I20260709 14:49:51.500345  8166 raft_consensus.cc:2468] T 65bc4bf3c5a44c09a08a635eb8193ebd P 3c7d2f9ce32c47cca1956d030c32fec3 [term 0 FOLLOWER]: Leader pre-election vote request: Granting yes vote for candidate e12dc590749b41cba1ca369e0395bce8 in term 0.
I20260709 14:49:51.484557  8210 consensus_queue.cc:260] T a5de45b0c37e4da3ad105a381facf63f P e12dc590749b41cba1ca369e0395bce8 [NON_LEADER]: Queue going to NON_LEADER mode. State: All replicated index: 0, Majority replicated index: 0, Committed index: 0, Last appended: 0.0, Last appended by leader: 0, Current term: 0, Majority size: -1, State: 0, Mode: NON_LEADER, active raft config: opid_index: -1 OBSOLETE_local: false peers { permanent_uuid: "e12dc590749b41cba1ca369e0395bce8" member_type: VOTER last_known_addr { host: "127.6.189.1" port: 45163 } } peers { permanent_uuid: "e6e9ad359615425380a5752ca9f710e8" member_type: VOTER last_known_addr { host: "127.6.189.2" port: 38775 } } peers { permanent_uuid: "3c7d2f9ce32c47cca1956d030c32fec3" member_type: VOTER last_known_addr { host: "127.6.189.3" port: 34439 } }
I20260709 14:49:51.502377  7985 leader_election.cc:304] T 65bc4bf3c5a44c09a08a635eb8193ebd P e12dc590749b41cba1ca369e0395bce8 [CANDIDATE]: Term 1 pre-election: Election decided. Result: candidate won. Election summary: received 2 responses out of 3 voters: 2 yes votes; 0 no votes. yes voters: 3c7d2f9ce32c47cca1956d030c32fec3, e12dc590749b41cba1ca369e0395bce8; no voters: 
I20260709 14:49:51.503127  8301 raft_consensus.cc:2804] T 65bc4bf3c5a44c09a08a635eb8193ebd P e12dc590749b41cba1ca369e0395bce8 [term 0 FOLLOWER]: Leader pre-election won for term 1
I20260709 14:49:51.503489  8301 raft_consensus.cc:493] T 65bc4bf3c5a44c09a08a635eb8193ebd P e12dc590749b41cba1ca369e0395bce8 [term 0 FOLLOWER]: Starting leader election (no leader contacted us within the election timeout)
I20260709 14:49:51.503826  8301 raft_consensus.cc:3060] T 65bc4bf3c5a44c09a08a635eb8193ebd P e12dc590749b41cba1ca369e0395bce8 [term 0 FOLLOWER]: Advancing to term 1
I20260709 14:49:51.504402  8255 raft_consensus.cc:493] T bb9884dc7cb44a36bfcc349f95e2eef9 P 3c7d2f9ce32c47cca1956d030c32fec3 [term 0 FOLLOWER]: Starting pre-election (no leader contacted us within the election timeout)
I20260709 14:49:51.504845  8255 raft_consensus.cc:515] T bb9884dc7cb44a36bfcc349f95e2eef9 P 3c7d2f9ce32c47cca1956d030c32fec3 [term 0 FOLLOWER]: Starting pre-election with config: opid_index: -1 OBSOLETE_local: false peers { permanent_uuid: "e12dc590749b41cba1ca369e0395bce8" member_type: VOTER last_known_addr { host: "127.6.189.1" port: 45163 } } peers { permanent_uuid: "e6e9ad359615425380a5752ca9f710e8" member_type: VOTER last_known_addr { host: "127.6.189.2" port: 38775 } } peers { permanent_uuid: "3c7d2f9ce32c47cca1956d030c32fec3" member_type: VOTER last_known_addr { host: "127.6.189.3" port: 34439 } }
I20260709 14:49:51.506938  8255 leader_election.cc:290] T bb9884dc7cb44a36bfcc349f95e2eef9 P 3c7d2f9ce32c47cca1956d030c32fec3 [CANDIDATE]: Term 1 pre-election: Requested pre-vote from peers e12dc590749b41cba1ca369e0395bce8 (127.6.189.1:45163), e6e9ad359615425380a5752ca9f710e8 (127.6.189.2:38775)
I20260709 14:49:51.507972  8095 tablet_service.cc:1917] Received RequestConsensusVote() RPC: tablet_id: "bb9884dc7cb44a36bfcc349f95e2eef9" candidate_uuid: "3c7d2f9ce32c47cca1956d030c32fec3" candidate_term: 1 candidate_status { last_received { term: 0 index: 0 } } ignore_live_leader: false dest_uuid: "e6e9ad359615425380a5752ca9f710e8" is_pre_election: true
I20260709 14:49:51.508808  8018 tablet_service.cc:1917] Received RequestConsensusVote() RPC: tablet_id: "bb9884dc7cb44a36bfcc349f95e2eef9" candidate_uuid: "3c7d2f9ce32c47cca1956d030c32fec3" candidate_term: 1 candidate_status { last_received { term: 0 index: 0 } } ignore_live_leader: false dest_uuid: "e12dc590749b41cba1ca369e0395bce8" is_pre_election: true
I20260709 14:49:51.509382  8018 raft_consensus.cc:2468] T bb9884dc7cb44a36bfcc349f95e2eef9 P e12dc590749b41cba1ca369e0395bce8 [term 0 FOLLOWER]: Leader pre-election vote request: Granting yes vote for candidate 3c7d2f9ce32c47cca1956d030c32fec3 in term 0.
I20260709 14:49:51.510842  8132 leader_election.cc:304] T bb9884dc7cb44a36bfcc349f95e2eef9 P 3c7d2f9ce32c47cca1956d030c32fec3 [CANDIDATE]: Term 1 pre-election: Election decided. Result: candidate won. Election summary: received 2 responses out of 3 voters: 2 yes votes; 0 no votes. yes voters: 3c7d2f9ce32c47cca1956d030c32fec3, e12dc590749b41cba1ca369e0395bce8; no voters: 
I20260709 14:49:51.511303  8301 raft_consensus.cc:515] T 65bc4bf3c5a44c09a08a635eb8193ebd P e12dc590749b41cba1ca369e0395bce8 [term 1 FOLLOWER]: Starting leader election with config: opid_index: -1 OBSOLETE_local: false peers { permanent_uuid: "e12dc590749b41cba1ca369e0395bce8" member_type: VOTER last_known_addr { host: "127.6.189.1" port: 45163 } } peers { permanent_uuid: "e6e9ad359615425380a5752ca9f710e8" member_type: VOTER last_known_addr { host: "127.6.189.2" port: 38775 } } peers { permanent_uuid: "3c7d2f9ce32c47cca1956d030c32fec3" member_type: VOTER last_known_addr { host: "127.6.189.3" port: 34439 } }
I20260709 14:49:51.512491  8210 ts_tablet_manager.cc:1434] T a5de45b0c37e4da3ad105a381facf63f P e12dc590749b41cba1ca369e0395bce8: Time spent starting tablet: real 0.032s	user 0.006s	sys 0.001s
I20260709 14:49:51.513196  8095 raft_consensus.cc:2468] T bb9884dc7cb44a36bfcc349f95e2eef9 P e6e9ad359615425380a5752ca9f710e8 [term 0 FOLLOWER]: Leader pre-election vote request: Granting yes vote for candidate 3c7d2f9ce32c47cca1956d030c32fec3 in term 0.
I20260709 14:49:51.514083  8091 tablet_service.cc:1917] Received RequestConsensusVote() RPC: tablet_id: "65bc4bf3c5a44c09a08a635eb8193ebd" candidate_uuid: "e12dc590749b41cba1ca369e0395bce8" candidate_term: 1 candidate_status { last_received { term: 0 index: 0 } } ignore_live_leader: false dest_uuid: "e6e9ad359615425380a5752ca9f710e8"
I20260709 14:49:51.514647  8091 raft_consensus.cc:3060] T 65bc4bf3c5a44c09a08a635eb8193ebd P e6e9ad359615425380a5752ca9f710e8 [term 0 FOLLOWER]: Advancing to term 1
I20260709 14:49:51.516081  8255 raft_consensus.cc:2804] T bb9884dc7cb44a36bfcc349f95e2eef9 P 3c7d2f9ce32c47cca1956d030c32fec3 [term 0 FOLLOWER]: Leader pre-election won for term 1
I20260709 14:49:51.516494  8255 raft_consensus.cc:493] T bb9884dc7cb44a36bfcc349f95e2eef9 P 3c7d2f9ce32c47cca1956d030c32fec3 [term 0 FOLLOWER]: Starting leader election (no leader contacted us within the election timeout)
I20260709 14:49:51.516673  8210 tablet_bootstrap.cc:492] T 38a1d40fe0cc4e95a0673788f28cd148 P e12dc590749b41cba1ca369e0395bce8: Bootstrap starting.
I20260709 14:49:51.516927  8255 raft_consensus.cc:3060] T bb9884dc7cb44a36bfcc349f95e2eef9 P 3c7d2f9ce32c47cca1956d030c32fec3 [term 0 FOLLOWER]: Advancing to term 1
I20260709 14:49:51.521724  8091 raft_consensus.cc:2468] T 65bc4bf3c5a44c09a08a635eb8193ebd P e6e9ad359615425380a5752ca9f710e8 [term 1 FOLLOWER]: Leader election vote request: Granting yes vote for candidate e12dc590749b41cba1ca369e0395bce8 in term 1.
I20260709 14:49:51.522915  7985 leader_election.cc:304] T 65bc4bf3c5a44c09a08a635eb8193ebd P e12dc590749b41cba1ca369e0395bce8 [CANDIDATE]: Term 1 election: Election decided. Result: candidate won. Election summary: received 2 responses out of 3 voters: 2 yes votes; 0 no votes. yes voters: e12dc590749b41cba1ca369e0395bce8, e6e9ad359615425380a5752ca9f710e8; no voters: 
I20260709 14:49:51.523756  8224 raft_consensus.cc:2804] T 65bc4bf3c5a44c09a08a635eb8193ebd P e12dc590749b41cba1ca369e0395bce8 [term 1 FOLLOWER]: Leader election won for term 1
I20260709 14:49:51.524842  8224 raft_consensus.cc:697] T 65bc4bf3c5a44c09a08a635eb8193ebd P e12dc590749b41cba1ca369e0395bce8 [term 1 LEADER]: Becoming Leader. State: Replica: e12dc590749b41cba1ca369e0395bce8, State: Running, Role: LEADER
I20260709 14:49:51.525702  8224 consensus_queue.cc:237] T 65bc4bf3c5a44c09a08a635eb8193ebd P e12dc590749b41cba1ca369e0395bce8 [LEADER]: Queue going to LEADER mode. State: All replicated index: 0, Majority replicated index: 0, Committed index: 0, Last appended: 0.0, Last appended by leader: 0, Current term: 1, Majority size: 2, State: 0, Mode: LEADER, active raft config: opid_index: -1 OBSOLETE_local: false peers { permanent_uuid: "e12dc590749b41cba1ca369e0395bce8" member_type: VOTER last_known_addr { host: "127.6.189.1" port: 45163 } } peers { permanent_uuid: "e6e9ad359615425380a5752ca9f710e8" member_type: VOTER last_known_addr { host: "127.6.189.2" port: 38775 } } peers { permanent_uuid: "3c7d2f9ce32c47cca1956d030c32fec3" member_type: VOTER last_known_addr { host: "127.6.189.3" port: 34439 } }
I20260709 14:49:51.529277  8219 raft_consensus.cc:493] T 1c44c99bd4e34d84b805c0097a16a75d P e12dc590749b41cba1ca369e0395bce8 [term 0 FOLLOWER]: Starting pre-election (no leader contacted us within the election timeout)
I20260709 14:49:51.529753  8296 raft_consensus.cc:493] T 1c44c99bd4e34d84b805c0097a16a75d P 3c7d2f9ce32c47cca1956d030c32fec3 [term 0 FOLLOWER]: Starting pre-election (no leader contacted us within the election timeout)
I20260709 14:49:51.529728  8219 raft_consensus.cc:515] T 1c44c99bd4e34d84b805c0097a16a75d P e12dc590749b41cba1ca369e0395bce8 [term 0 FOLLOWER]: Starting pre-election with config: opid_index: -1 OBSOLETE_local: false peers { permanent_uuid: "e12dc590749b41cba1ca369e0395bce8" member_type: VOTER last_known_addr { host: "127.6.189.1" port: 45163 } } peers { permanent_uuid: "e6e9ad359615425380a5752ca9f710e8" member_type: VOTER last_known_addr { host: "127.6.189.2" port: 38775 } } peers { permanent_uuid: "3c7d2f9ce32c47cca1956d030c32fec3" member_type: VOTER last_known_addr { host: "127.6.189.3" port: 34439 } }
I20260709 14:49:51.530292  8296 raft_consensus.cc:515] T 1c44c99bd4e34d84b805c0097a16a75d P 3c7d2f9ce32c47cca1956d030c32fec3 [term 0 FOLLOWER]: Starting pre-election with config: opid_index: -1 OBSOLETE_local: false peers { permanent_uuid: "e12dc590749b41cba1ca369e0395bce8" member_type: VOTER last_known_addr { host: "127.6.189.1" port: 45163 } } peers { permanent_uuid: "e6e9ad359615425380a5752ca9f710e8" member_type: VOTER last_known_addr { host: "127.6.189.2" port: 38775 } } peers { permanent_uuid: "3c7d2f9ce32c47cca1956d030c32fec3" member_type: VOTER last_known_addr { host: "127.6.189.3" port: 34439 } }
I20260709 14:49:51.531363  8166 tablet_service.cc:1917] Received RequestConsensusVote() RPC: tablet_id: "65bc4bf3c5a44c09a08a635eb8193ebd" candidate_uuid: "e12dc590749b41cba1ca369e0395bce8" candidate_term: 1 candidate_status { last_received { term: 0 index: 0 } } ignore_live_leader: false dest_uuid: "3c7d2f9ce32c47cca1956d030c32fec3"
I20260709 14:49:51.532071  8166 raft_consensus.cc:3060] T 65bc4bf3c5a44c09a08a635eb8193ebd P 3c7d2f9ce32c47cca1956d030c32fec3 [term 0 FOLLOWER]: Advancing to term 1
I20260709 14:49:51.532225  8219 leader_election.cc:290] T 1c44c99bd4e34d84b805c0097a16a75d P e12dc590749b41cba1ca369e0395bce8 [CANDIDATE]: Term 1 pre-election: Requested pre-vote from peers e6e9ad359615425380a5752ca9f710e8 (127.6.189.2:38775), 3c7d2f9ce32c47cca1956d030c32fec3 (127.6.189.3:34439)
I20260709 14:49:51.534391  8018 tablet_service.cc:1917] Received RequestConsensusVote() RPC: tablet_id: "1c44c99bd4e34d84b805c0097a16a75d" candidate_uuid: "3c7d2f9ce32c47cca1956d030c32fec3" candidate_term: 1 candidate_status { last_received { term: 0 index: 0 } } ignore_live_leader: false dest_uuid: "e12dc590749b41cba1ca369e0395bce8" is_pre_election: true
I20260709 14:49:51.535059  8018 raft_consensus.cc:2468] T 1c44c99bd4e34d84b805c0097a16a75d P e12dc590749b41cba1ca369e0395bce8 [term 0 FOLLOWER]: Leader pre-election vote request: Granting yes vote for candidate 3c7d2f9ce32c47cca1956d030c32fec3 in term 0.
I20260709 14:49:51.536196  8095 tablet_service.cc:1917] Received RequestConsensusVote() RPC: tablet_id: "1c44c99bd4e34d84b805c0097a16a75d" candidate_uuid: "3c7d2f9ce32c47cca1956d030c32fec3" candidate_term: 1 candidate_status { last_received { term: 0 index: 0 } } ignore_live_leader: false dest_uuid: "e6e9ad359615425380a5752ca9f710e8" is_pre_election: true
I20260709 14:49:51.536841  8095 raft_consensus.cc:2468] T 1c44c99bd4e34d84b805c0097a16a75d P e6e9ad359615425380a5752ca9f710e8 [term 0 FOLLOWER]: Leader pre-election vote request: Granting yes vote for candidate 3c7d2f9ce32c47cca1956d030c32fec3 in term 0.
I20260709 14:49:51.538180  8134 leader_election.cc:304] T 1c44c99bd4e34d84b805c0097a16a75d P 3c7d2f9ce32c47cca1956d030c32fec3 [CANDIDATE]: Term 1 pre-election: Election decided. Result: candidate won. Election summary: received 2 responses out of 3 voters: 2 yes votes; 0 no votes. yes voters: 3c7d2f9ce32c47cca1956d030c32fec3, e6e9ad359615425380a5752ca9f710e8; no voters: 
I20260709 14:49:51.539024  8353 raft_consensus.cc:2804] T 1c44c99bd4e34d84b805c0097a16a75d P 3c7d2f9ce32c47cca1956d030c32fec3 [term 0 FOLLOWER]: Leader pre-election won for term 1
I20260709 14:49:51.539392  8353 raft_consensus.cc:493] T 1c44c99bd4e34d84b805c0097a16a75d P 3c7d2f9ce32c47cca1956d030c32fec3 [term 0 FOLLOWER]: Starting leader election (no leader contacted us within the election timeout)
I20260709 14:49:51.539371  8095 tablet_service.cc:1917] Received RequestConsensusVote() RPC: tablet_id: "1c44c99bd4e34d84b805c0097a16a75d" candidate_uuid: "e12dc590749b41cba1ca369e0395bce8" candidate_term: 1 candidate_status { last_received { term: 0 index: 0 } } ignore_live_leader: false dest_uuid: "e6e9ad359615425380a5752ca9f710e8" is_pre_election: true
I20260709 14:49:51.532248  8296 leader_election.cc:290] T 1c44c99bd4e34d84b805c0097a16a75d P 3c7d2f9ce32c47cca1956d030c32fec3 [CANDIDATE]: Term 1 pre-election: Requested pre-vote from peers e12dc590749b41cba1ca369e0395bce8 (127.6.189.1:45163), e6e9ad359615425380a5752ca9f710e8 (127.6.189.2:38775)
I20260709 14:49:51.539924  8353 raft_consensus.cc:3060] T 1c44c99bd4e34d84b805c0097a16a75d P 3c7d2f9ce32c47cca1956d030c32fec3 [term 0 FOLLOWER]: Advancing to term 1
I20260709 14:49:51.540082  8095 raft_consensus.cc:2468] T 1c44c99bd4e34d84b805c0097a16a75d P e6e9ad359615425380a5752ca9f710e8 [term 0 FOLLOWER]: Leader pre-election vote request: Granting yes vote for candidate e12dc590749b41cba1ca369e0395bce8 in term 0.
I20260709 14:49:51.541590  8209 tablet_bootstrap.cc:654] T 38a1d40fe0cc4e95a0673788f28cd148 P e6e9ad359615425380a5752ca9f710e8: Neither blocks nor log segments found. Creating new log.
I20260709 14:49:51.545475  7985 leader_election.cc:304] T 1c44c99bd4e34d84b805c0097a16a75d P e12dc590749b41cba1ca369e0395bce8 [CANDIDATE]: Term 1 pre-election: Election decided. Result: candidate won. Election summary: received 2 responses out of 3 voters: 2 yes votes; 0 no votes. yes voters: e12dc590749b41cba1ca369e0395bce8, e6e9ad359615425380a5752ca9f710e8; no voters: 
I20260709 14:49:51.546732  8219 raft_consensus.cc:2804] T 1c44c99bd4e34d84b805c0097a16a75d P e12dc590749b41cba1ca369e0395bce8 [term 0 FOLLOWER]: Leader pre-election won for term 1
I20260709 14:49:51.547089  8219 raft_consensus.cc:493] T 1c44c99bd4e34d84b805c0097a16a75d P e12dc590749b41cba1ca369e0395bce8 [term 0 FOLLOWER]: Starting leader election (no leader contacted us within the election timeout)
I20260709 14:49:51.547473  8211 tablet_bootstrap.cc:654] T 5d94c6490c8a4fb4a033d48f9d454f00 P 3c7d2f9ce32c47cca1956d030c32fec3: Neither blocks nor log segments found. Creating new log.
I20260709 14:49:51.544384  8167 tablet_service.cc:1917] Received RequestConsensusVote() RPC: tablet_id: "1c44c99bd4e34d84b805c0097a16a75d" candidate_uuid: "e12dc590749b41cba1ca369e0395bce8" candidate_term: 1 candidate_status { last_received { term: 0 index: 0 } } ignore_live_leader: false dest_uuid: "3c7d2f9ce32c47cca1956d030c32fec3" is_pre_election: true
I20260709 14:49:51.547422  8219 raft_consensus.cc:3060] T 1c44c99bd4e34d84b805c0097a16a75d P e12dc590749b41cba1ca369e0395bce8 [term 0 FOLLOWER]: Advancing to term 1
I20260709 14:49:51.530295  8301 leader_election.cc:290] T 65bc4bf3c5a44c09a08a635eb8193ebd P e12dc590749b41cba1ca369e0395bce8 [CANDIDATE]: Term 1 election: Requested vote from peers e6e9ad359615425380a5752ca9f710e8 (127.6.189.2:38775), 3c7d2f9ce32c47cca1956d030c32fec3 (127.6.189.3:34439)
I20260709 14:49:51.547669  8353 raft_consensus.cc:515] T 1c44c99bd4e34d84b805c0097a16a75d P 3c7d2f9ce32c47cca1956d030c32fec3 [term 1 FOLLOWER]: Starting leader election with config: opid_index: -1 OBSOLETE_local: false peers { permanent_uuid: "e12dc590749b41cba1ca369e0395bce8" member_type: VOTER last_known_addr { host: "127.6.189.1" port: 45163 } } peers { permanent_uuid: "e6e9ad359615425380a5752ca9f710e8" member_type: VOTER last_known_addr { host: "127.6.189.2" port: 38775 } } peers { permanent_uuid: "3c7d2f9ce32c47cca1956d030c32fec3" member_type: VOTER last_known_addr { host: "127.6.189.3" port: 34439 } }
I20260709 14:49:51.549885  8167 raft_consensus.cc:2393] T 1c44c99bd4e34d84b805c0097a16a75d P 3c7d2f9ce32c47cca1956d030c32fec3 [term 1 FOLLOWER]: Leader pre-election vote request: Denying vote to candidate e12dc590749b41cba1ca369e0395bce8 in current term 1: Already voted for candidate 3c7d2f9ce32c47cca1956d030c32fec3 in this term.
I20260709 14:49:51.551309  8166 raft_consensus.cc:2468] T 65bc4bf3c5a44c09a08a635eb8193ebd P 3c7d2f9ce32c47cca1956d030c32fec3 [term 1 FOLLOWER]: Leader election vote request: Granting yes vote for candidate e12dc590749b41cba1ca369e0395bce8 in term 1.
I20260709 14:49:51.554620  8210 tablet_bootstrap.cc:654] T 38a1d40fe0cc4e95a0673788f28cd148 P e12dc590749b41cba1ca369e0395bce8: Neither blocks nor log segments found. Creating new log.
I20260709 14:49:51.554723  8219 raft_consensus.cc:515] T 1c44c99bd4e34d84b805c0097a16a75d P e12dc590749b41cba1ca369e0395bce8 [term 1 FOLLOWER]: Starting leader election with config: opid_index: -1 OBSOLETE_local: false peers { permanent_uuid: "e12dc590749b41cba1ca369e0395bce8" member_type: VOTER last_known_addr { host: "127.6.189.1" port: 45163 } } peers { permanent_uuid: "e6e9ad359615425380a5752ca9f710e8" member_type: VOTER last_known_addr { host: "127.6.189.2" port: 38775 } } peers { permanent_uuid: "3c7d2f9ce32c47cca1956d030c32fec3" member_type: VOTER last_known_addr { host: "127.6.189.3" port: 34439 } }
I20260709 14:49:51.556305  8018 tablet_service.cc:1917] Received RequestConsensusVote() RPC: tablet_id: "1c44c99bd4e34d84b805c0097a16a75d" candidate_uuid: "3c7d2f9ce32c47cca1956d030c32fec3" candidate_term: 1 candidate_status { last_received { term: 0 index: 0 } } ignore_live_leader: false dest_uuid: "e12dc590749b41cba1ca369e0395bce8"
I20260709 14:49:51.557097  8018 raft_consensus.cc:2393] T 1c44c99bd4e34d84b805c0097a16a75d P e12dc590749b41cba1ca369e0395bce8 [term 1 FOLLOWER]: Leader election vote request: Denying vote to candidate 3c7d2f9ce32c47cca1956d030c32fec3 in current term 1: Already voted for candidate e12dc590749b41cba1ca369e0395bce8 in this term.
I20260709 14:49:51.558637  8095 tablet_service.cc:1917] Received RequestConsensusVote() RPC: tablet_id: "1c44c99bd4e34d84b805c0097a16a75d" candidate_uuid: "e12dc590749b41cba1ca369e0395bce8" candidate_term: 1 candidate_status { last_received { term: 0 index: 0 } } ignore_live_leader: false dest_uuid: "e6e9ad359615425380a5752ca9f710e8"
I20260709 14:49:51.543457  8255 raft_consensus.cc:515] T bb9884dc7cb44a36bfcc349f95e2eef9 P 3c7d2f9ce32c47cca1956d030c32fec3 [term 1 FOLLOWER]: Starting leader election with config: opid_index: -1 OBSOLETE_local: false peers { permanent_uuid: "e12dc590749b41cba1ca369e0395bce8" member_type: VOTER last_known_addr { host: "127.6.189.1" port: 45163 } } peers { permanent_uuid: "e6e9ad359615425380a5752ca9f710e8" member_type: VOTER last_known_addr { host: "127.6.189.2" port: 38775 } } peers { permanent_uuid: "3c7d2f9ce32c47cca1956d030c32fec3" member_type: VOTER last_known_addr { host: "127.6.189.3" port: 34439 } }
I20260709 14:49:51.559172  8095 raft_consensus.cc:3060] T 1c44c99bd4e34d84b805c0097a16a75d P e6e9ad359615425380a5752ca9f710e8 [term 0 FOLLOWER]: Advancing to term 1
I20260709 14:49:51.559939  8091 tablet_service.cc:1917] Received RequestConsensusVote() RPC: tablet_id: "1c44c99bd4e34d84b805c0097a16a75d" candidate_uuid: "3c7d2f9ce32c47cca1956d030c32fec3" candidate_term: 1 candidate_status { last_received { term: 0 index: 0 } } ignore_live_leader: false dest_uuid: "e6e9ad359615425380a5752ca9f710e8"
I20260709 14:49:51.561467  8016 tablet_service.cc:1917] Received RequestConsensusVote() RPC: tablet_id: "bb9884dc7cb44a36bfcc349f95e2eef9" candidate_uuid: "3c7d2f9ce32c47cca1956d030c32fec3" candidate_term: 1 candidate_status { last_received { term: 0 index: 0 } } ignore_live_leader: false dest_uuid: "e12dc590749b41cba1ca369e0395bce8"
I20260709 14:49:51.561851  8211 tablet_bootstrap.cc:492] T 5d94c6490c8a4fb4a033d48f9d454f00 P 3c7d2f9ce32c47cca1956d030c32fec3: No bootstrap required, opened a new log
I20260709 14:49:51.562080  8016 raft_consensus.cc:3060] T bb9884dc7cb44a36bfcc349f95e2eef9 P e12dc590749b41cba1ca369e0395bce8 [term 0 FOLLOWER]: Advancing to term 1
I20260709 14:49:51.562014  8134 leader_election.cc:304] T 1c44c99bd4e34d84b805c0097a16a75d P 3c7d2f9ce32c47cca1956d030c32fec3 [CANDIDATE]: Term 1 election: Election decided. Result: candidate lost. Election summary: received 3 responses out of 3 voters: 1 yes votes; 2 no votes. yes voters: 3c7d2f9ce32c47cca1956d030c32fec3; no voters: e12dc590749b41cba1ca369e0395bce8, e6e9ad359615425380a5752ca9f710e8
I20260709 14:49:51.562326  8211 ts_tablet_manager.cc:1403] T 5d94c6490c8a4fb4a033d48f9d454f00 P 3c7d2f9ce32c47cca1956d030c32fec3: Time spent bootstrapping tablet: real 0.072s	user 0.005s	sys 0.010s
I20260709 14:49:51.563019  8296 raft_consensus.cc:2749] T 1c44c99bd4e34d84b805c0097a16a75d P 3c7d2f9ce32c47cca1956d030c32fec3 [term 1 FOLLOWER]: Leader election lost for term 1. Reason: could not achieve majority
I20260709 14:49:51.565618  8211 raft_consensus.cc:359] T 5d94c6490c8a4fb4a033d48f9d454f00 P 3c7d2f9ce32c47cca1956d030c32fec3 [term 0 FOLLOWER]: Replica starting. Triggering 0 pending ops. Active config: opid_index: -1 OBSOLETE_local: false peers { permanent_uuid: "e12dc590749b41cba1ca369e0395bce8" member_type: VOTER last_known_addr { host: "127.6.189.1" port: 45163 } } peers { permanent_uuid: "e6e9ad359615425380a5752ca9f710e8" member_type: VOTER last_known_addr { host: "127.6.189.2" port: 38775 } } peers { permanent_uuid: "3c7d2f9ce32c47cca1956d030c32fec3" member_type: VOTER last_known_addr { host: "127.6.189.3" port: 34439 } }
I20260709 14:49:51.566319  8211 raft_consensus.cc:385] T 5d94c6490c8a4fb4a033d48f9d454f00 P 3c7d2f9ce32c47cca1956d030c32fec3 [term 0 FOLLOWER]: Consensus starting up: Expiring failure detector timer to make a prompt election more likely
I20260709 14:49:51.566368  8095 raft_consensus.cc:2468] T 1c44c99bd4e34d84b805c0097a16a75d P e6e9ad359615425380a5752ca9f710e8 [term 1 FOLLOWER]: Leader election vote request: Granting yes vote for candidate e12dc590749b41cba1ca369e0395bce8 in term 1.
I20260709 14:49:51.566699  8211 raft_consensus.cc:740] T 5d94c6490c8a4fb4a033d48f9d454f00 P 3c7d2f9ce32c47cca1956d030c32fec3 [term 0 FOLLOWER]: Becoming Follower/Learner. State: Replica: 3c7d2f9ce32c47cca1956d030c32fec3, State: Initialized, Role: FOLLOWER
I20260709 14:49:51.567651  7985 leader_election.cc:304] T 1c44c99bd4e34d84b805c0097a16a75d P e12dc590749b41cba1ca369e0395bce8 [CANDIDATE]: Term 1 election: Election decided. Result: candidate won. Election summary: received 2 responses out of 3 voters: 2 yes votes; 0 no votes. yes voters: e12dc590749b41cba1ca369e0395bce8, e6e9ad359615425380a5752ca9f710e8; no voters: 
I20260709 14:49:51.567543  8211 consensus_queue.cc:260] T 5d94c6490c8a4fb4a033d48f9d454f00 P 3c7d2f9ce32c47cca1956d030c32fec3 [NON_LEADER]: Queue going to NON_LEADER mode. State: All replicated index: 0, Majority replicated index: 0, Committed index: 0, Last appended: 0.0, Last appended by leader: 0, Current term: 0, Majority size: -1, State: 0, Mode: NON_LEADER, active raft config: opid_index: -1 OBSOLETE_local: false peers { permanent_uuid: "e12dc590749b41cba1ca369e0395bce8" member_type: VOTER last_known_addr { host: "127.6.189.1" port: 45163 } } peers { permanent_uuid: "e6e9ad359615425380a5752ca9f710e8" member_type: VOTER last_known_addr { host: "127.6.189.2" port: 38775 } } peers { permanent_uuid: "3c7d2f9ce32c47cca1956d030c32fec3" member_type: VOTER last_known_addr { host: "127.6.189.3" port: 34439 } }
I20260709 14:49:51.568607  8301 raft_consensus.cc:2804] T 1c44c99bd4e34d84b805c0097a16a75d P e12dc590749b41cba1ca369e0395bce8 [term 1 FOLLOWER]: Leader election won for term 1
I20260709 14:49:51.569063  8301 raft_consensus.cc:697] T 1c44c99bd4e34d84b805c0097a16a75d P e12dc590749b41cba1ca369e0395bce8 [term 1 LEADER]: Becoming Leader. State: Replica: e12dc590749b41cba1ca369e0395bce8, State: Running, Role: LEADER
I20260709 14:49:51.569518  8211 ts_tablet_manager.cc:1434] T 5d94c6490c8a4fb4a033d48f9d454f00 P 3c7d2f9ce32c47cca1956d030c32fec3: Time spent starting tablet: real 0.007s	user 0.004s	sys 0.000s
I20260709 14:49:51.570504  8211 tablet_bootstrap.cc:492] T 6910fc9f2c64465ba2689566d82a2cc4 P 3c7d2f9ce32c47cca1956d030c32fec3: Bootstrap starting.
I20260709 14:49:51.569856  8353 leader_election.cc:290] T 1c44c99bd4e34d84b805c0097a16a75d P 3c7d2f9ce32c47cca1956d030c32fec3 [CANDIDATE]: Term 1 election: Requested vote from peers e12dc590749b41cba1ca369e0395bce8 (127.6.189.1:45163), e6e9ad359615425380a5752ca9f710e8 (127.6.189.2:38775)
I20260709 14:49:51.574321  7917 catalog_manager.cc:5697] T 65bc4bf3c5a44c09a08a635eb8193ebd P e12dc590749b41cba1ca369e0395bce8 reported cstate change: term changed from 0 to 1, leader changed from <none> to e12dc590749b41cba1ca369e0395bce8 (127.6.189.1). New cstate: current_term: 1 leader_uuid: "e12dc590749b41cba1ca369e0395bce8" committed_config { opid_index: -1 OBSOLETE_local: false peers { permanent_uuid: "e12dc590749b41cba1ca369e0395bce8" member_type: VOTER last_known_addr { host: "127.6.189.1" port: 45163 } health_report { overall_health: HEALTHY } } peers { permanent_uuid: "e6e9ad359615425380a5752ca9f710e8" member_type: VOTER last_known_addr { host: "127.6.189.2" port: 38775 } health_report { overall_health: UNKNOWN } } peers { permanent_uuid: "3c7d2f9ce32c47cca1956d030c32fec3" member_type: VOTER last_known_addr { host: "127.6.189.3" port: 34439 } health_report { overall_health: UNKNOWN } } }
I20260709 14:49:51.577102  8095 tablet_service.cc:1917] Received RequestConsensusVote() RPC: tablet_id: "bb9884dc7cb44a36bfcc349f95e2eef9" candidate_uuid: "3c7d2f9ce32c47cca1956d030c32fec3" candidate_term: 1 candidate_status { last_received { term: 0 index: 0 } } ignore_live_leader: false dest_uuid: "e6e9ad359615425380a5752ca9f710e8"
I20260709 14:49:51.574281  8016 raft_consensus.cc:2468] T bb9884dc7cb44a36bfcc349f95e2eef9 P e12dc590749b41cba1ca369e0395bce8 [term 1 FOLLOWER]: Leader election vote request: Granting yes vote for candidate 3c7d2f9ce32c47cca1956d030c32fec3 in term 1.
I20260709 14:49:51.577701  8095 raft_consensus.cc:3060] T bb9884dc7cb44a36bfcc349f95e2eef9 P e6e9ad359615425380a5752ca9f710e8 [term 0 FOLLOWER]: Advancing to term 1
I20260709 14:49:51.578449  8132 leader_election.cc:304] T bb9884dc7cb44a36bfcc349f95e2eef9 P 3c7d2f9ce32c47cca1956d030c32fec3 [CANDIDATE]: Term 1 election: Election decided. Result: candidate won. Election summary: received 2 responses out of 3 voters: 2 yes votes; 0 no votes. yes voters: 3c7d2f9ce32c47cca1956d030c32fec3, e12dc590749b41cba1ca369e0395bce8; no voters: 
I20260709 14:49:51.578678  8219 leader_election.cc:290] T 1c44c99bd4e34d84b805c0097a16a75d P e12dc590749b41cba1ca369e0395bce8 [CANDIDATE]: Term 1 election: Requested vote from peers e6e9ad359615425380a5752ca9f710e8 (127.6.189.2:38775), 3c7d2f9ce32c47cca1956d030c32fec3 (127.6.189.3:34439)
I20260709 14:49:51.577277  8255 leader_election.cc:290] T bb9884dc7cb44a36bfcc349f95e2eef9 P 3c7d2f9ce32c47cca1956d030c32fec3 [CANDIDATE]: Term 1 election: Requested vote from peers e12dc590749b41cba1ca369e0395bce8 (127.6.189.1:45163), e6e9ad359615425380a5752ca9f710e8 (127.6.189.2:38775)
I20260709 14:49:51.569856  8301 consensus_queue.cc:237] T 1c44c99bd4e34d84b805c0097a16a75d P e12dc590749b41cba1ca369e0395bce8 [LEADER]: Queue going to LEADER mode. State: All replicated index: 0, Majority replicated index: 0, Committed index: 0, Last appended: 0.0, Last appended by leader: 0, Current term: 1, Majority size: 2, State: 0, Mode: LEADER, active raft config: opid_index: -1 OBSOLETE_local: false peers { permanent_uuid: "e12dc590749b41cba1ca369e0395bce8" member_type: VOTER last_known_addr { host: "127.6.189.1" port: 45163 } } peers { permanent_uuid: "e6e9ad359615425380a5752ca9f710e8" member_type: VOTER last_known_addr { host: "127.6.189.2" port: 38775 } } peers { permanent_uuid: "3c7d2f9ce32c47cca1956d030c32fec3" member_type: VOTER last_known_addr { host: "127.6.189.3" port: 34439 } }
I20260709 14:49:51.584586  8166 tablet_service.cc:1917] Received RequestConsensusVote() RPC: tablet_id: "1c44c99bd4e34d84b805c0097a16a75d" candidate_uuid: "e12dc590749b41cba1ca369e0395bce8" candidate_term: 1 candidate_status { last_received { term: 0 index: 0 } } ignore_live_leader: false dest_uuid: "3c7d2f9ce32c47cca1956d030c32fec3"
I20260709 14:49:51.585471  8166 raft_consensus.cc:2393] T 1c44c99bd4e34d84b805c0097a16a75d P 3c7d2f9ce32c47cca1956d030c32fec3 [term 1 FOLLOWER]: Leader election vote request: Denying vote to candidate e12dc590749b41cba1ca369e0395bce8 in current term 1: Already voted for candidate 3c7d2f9ce32c47cca1956d030c32fec3 in this term.
I20260709 14:49:51.585772  8095 raft_consensus.cc:2468] T bb9884dc7cb44a36bfcc349f95e2eef9 P e6e9ad359615425380a5752ca9f710e8 [term 1 FOLLOWER]: Leader election vote request: Granting yes vote for candidate 3c7d2f9ce32c47cca1956d030c32fec3 in term 1.
I20260709 14:49:51.579358  8353 raft_consensus.cc:2804] T bb9884dc7cb44a36bfcc349f95e2eef9 P 3c7d2f9ce32c47cca1956d030c32fec3 [term 1 FOLLOWER]: Leader election won for term 1
I20260709 14:49:51.592255  8353 raft_consensus.cc:697] T bb9884dc7cb44a36bfcc349f95e2eef9 P 3c7d2f9ce32c47cca1956d030c32fec3 [term 1 LEADER]: Becoming Leader. State: Replica: 3c7d2f9ce32c47cca1956d030c32fec3, State: Running, Role: LEADER
I20260709 14:49:51.593114  8211 tablet_bootstrap.cc:654] T 6910fc9f2c64465ba2689566d82a2cc4 P 3c7d2f9ce32c47cca1956d030c32fec3: Neither blocks nor log segments found. Creating new log.
I20260709 14:49:51.593142  8353 consensus_queue.cc:237] T bb9884dc7cb44a36bfcc349f95e2eef9 P 3c7d2f9ce32c47cca1956d030c32fec3 [LEADER]: Queue going to LEADER mode. State: All replicated index: 0, Majority replicated index: 0, Committed index: 0, Last appended: 0.0, Last appended by leader: 0, Current term: 1, Majority size: 2, State: 0, Mode: LEADER, active raft config: opid_index: -1 OBSOLETE_local: false peers { permanent_uuid: "e12dc590749b41cba1ca369e0395bce8" member_type: VOTER last_known_addr { host: "127.6.189.1" port: 45163 } } peers { permanent_uuid: "e6e9ad359615425380a5752ca9f710e8" member_type: VOTER last_known_addr { host: "127.6.189.2" port: 38775 } } peers { permanent_uuid: "3c7d2f9ce32c47cca1956d030c32fec3" member_type: VOTER last_known_addr { host: "127.6.189.3" port: 34439 } }
I20260709 14:49:51.606441  8210 tablet_bootstrap.cc:492] T 38a1d40fe0cc4e95a0673788f28cd148 P e12dc590749b41cba1ca369e0395bce8: No bootstrap required, opened a new log
I20260709 14:49:51.607019  8210 ts_tablet_manager.cc:1403] T 38a1d40fe0cc4e95a0673788f28cd148 P e12dc590749b41cba1ca369e0395bce8: Time spent bootstrapping tablet: real 0.091s	user 0.012s	sys 0.002s
I20260709 14:49:51.584492  8209 tablet_bootstrap.cc:492] T 38a1d40fe0cc4e95a0673788f28cd148 P e6e9ad359615425380a5752ca9f710e8: No bootstrap required, opened a new log
I20260709 14:49:51.610513  8209 ts_tablet_manager.cc:1403] T 38a1d40fe0cc4e95a0673788f28cd148 P e6e9ad359615425380a5752ca9f710e8: Time spent bootstrapping tablet: real 0.138s	user 0.009s	sys 0.002s
I20260709 14:49:51.615252  8016 raft_consensus.cc:3060] T a5de45b0c37e4da3ad105a381facf63f P e12dc590749b41cba1ca369e0395bce8 [term 0 FOLLOWER]: Advancing to term 1
I20260709 14:49:51.616654  8209 raft_consensus.cc:359] T 38a1d40fe0cc4e95a0673788f28cd148 P e6e9ad359615425380a5752ca9f710e8 [term 0 FOLLOWER]: Replica starting. Triggering 0 pending ops. Active config: opid_index: -1 OBSOLETE_local: false peers { permanent_uuid: "e12dc590749b41cba1ca369e0395bce8" member_type: VOTER last_known_addr { host: "127.6.189.1" port: 45163 } } peers { permanent_uuid: "e6e9ad359615425380a5752ca9f710e8" member_type: VOTER last_known_addr { host: "127.6.189.2" port: 38775 } } peers { permanent_uuid: "3c7d2f9ce32c47cca1956d030c32fec3" member_type: VOTER last_known_addr { host: "127.6.189.3" port: 34439 } }
I20260709 14:49:51.616777  8210 raft_consensus.cc:359] T 38a1d40fe0cc4e95a0673788f28cd148 P e12dc590749b41cba1ca369e0395bce8 [term 0 FOLLOWER]: Replica starting. Triggering 0 pending ops. Active config: opid_index: -1 OBSOLETE_local: false peers { permanent_uuid: "e12dc590749b41cba1ca369e0395bce8" member_type: VOTER last_known_addr { host: "127.6.189.1" port: 45163 } } peers { permanent_uuid: "e6e9ad359615425380a5752ca9f710e8" member_type: VOTER last_known_addr { host: "127.6.189.2" port: 38775 } } peers { permanent_uuid: "3c7d2f9ce32c47cca1956d030c32fec3" member_type: VOTER last_known_addr { host: "127.6.189.3" port: 34439 } }
I20260709 14:49:51.617391  8209 raft_consensus.cc:385] T 38a1d40fe0cc4e95a0673788f28cd148 P e6e9ad359615425380a5752ca9f710e8 [term 0 FOLLOWER]: Consensus starting up: Expiring failure detector timer to make a prompt election more likely
I20260709 14:49:51.617673  8210 raft_consensus.cc:385] T 38a1d40fe0cc4e95a0673788f28cd148 P e12dc590749b41cba1ca369e0395bce8 [term 0 FOLLOWER]: Consensus starting up: Expiring failure detector timer to make a prompt election more likely
I20260709 14:49:51.617792  8209 raft_consensus.cc:740] T 38a1d40fe0cc4e95a0673788f28cd148 P e6e9ad359615425380a5752ca9f710e8 [term 0 FOLLOWER]: Becoming Follower/Learner. State: Replica: e6e9ad359615425380a5752ca9f710e8, State: Initialized, Role: FOLLOWER
I20260709 14:49:51.618130  8210 raft_consensus.cc:740] T 38a1d40fe0cc4e95a0673788f28cd148 P e12dc590749b41cba1ca369e0395bce8 [term 0 FOLLOWER]: Becoming Follower/Learner. State: Replica: e12dc590749b41cba1ca369e0395bce8, State: Initialized, Role: FOLLOWER
