I20260709 14:49:48.862177 11443 raft_consensus.cc:2749] T e3757061f3ef4771913b9811b0d2053c P 19fb1debfd44468daaaf1eb25c5752a7 [term 1 FOLLOWER]: Leader pre-election lost for term 1. Reason: could not achieve majority
I20260709 14:49:48.863729 11241 tablet_service.cc:1917] Received RequestConsensusVote() RPC: tablet_id: "e6999b964ed049e28a488d5cb4925c74" candidate_uuid: "c89d0377801142caa949458bc1d8e2bc" candidate_term: 1 candidate_status { last_received { term: 0 index: 0 } } ignore_live_leader: false dest_uuid: "19fb1debfd44468daaaf1eb25c5752a7"
I20260709 14:49:48.864313 11241 raft_consensus.cc:3060] T e6999b964ed049e28a488d5cb4925c74 P 19fb1debfd44468daaaf1eb25c5752a7 [term 0 FOLLOWER]: Advancing to term 1
I20260709 14:49:48.871137 11241 raft_consensus.cc:2468] T e6999b964ed049e28a488d5cb4925c74 P 19fb1debfd44468daaaf1eb25c5752a7 [term 1 FOLLOWER]: Leader election vote request: Granting yes vote for candidate c89d0377801142caa949458bc1d8e2bc in term 1.
I20260709 14:49:48.871423 11621 raft_consensus.cc:493] T c1442defea234ec3a290c30b9a7cfc17 P c89d0377801142caa949458bc1d8e2bc [term 0 FOLLOWER]: Starting pre-election (no leader contacted us within the election timeout)
I20260709 14:49:48.871922 11621 raft_consensus.cc:515] T c1442defea234ec3a290c30b9a7cfc17 P c89d0377801142caa949458bc1d8e2bc [term 0 FOLLOWER]: Starting pre-election with config: opid_index: -1 OBSOLETE_local: false peers { permanent_uuid: "19fb1debfd44468daaaf1eb25c5752a7" member_type: VOTER last_known_addr { host: "127.9.227.65" port: 41261 } } peers { permanent_uuid: "d18a5bcfbda5411aa831cf788ae8a507" member_type: VOTER last_known_addr { host: "127.9.227.66" port: 37875 } } peers { permanent_uuid: "c89d0377801142caa949458bc1d8e2bc" member_type: VOTER last_known_addr { host: "127.9.227.67" port: 33213 } }
I20260709 14:49:48.864300 11309 tablet_service.cc:1917] Received RequestConsensusVote() RPC: tablet_id: "e6999b964ed049e28a488d5cb4925c74" candidate_uuid: "c89d0377801142caa949458bc1d8e2bc" candidate_term: 1 candidate_status { last_received { term: 0 index: 0 } } ignore_live_leader: false dest_uuid: "d18a5bcfbda5411aa831cf788ae8a507" is_pre_election: true
I20260709 14:49:48.873250 11309 raft_consensus.cc:2468] T e6999b964ed049e28a488d5cb4925c74 P d18a5bcfbda5411aa831cf788ae8a507 [term 0 FOLLOWER]: Leader pre-election vote request: Granting yes vote for candidate c89d0377801142caa949458bc1d8e2bc in term 0.
I20260709 14:49:48.873772 11621 leader_election.cc:290] T c1442defea234ec3a290c30b9a7cfc17 P c89d0377801142caa949458bc1d8e2bc [CANDIDATE]: Term 1 pre-election: Requested pre-vote from peers 19fb1debfd44468daaaf1eb25c5752a7 (127.9.227.65:41261), d18a5bcfbda5411aa831cf788ae8a507 (127.9.227.66:37875)
I20260709 14:49:48.876741 11355 leader_election.cc:304] T e6999b964ed049e28a488d5cb4925c74 P c89d0377801142caa949458bc1d8e2bc [CANDIDATE]: Term 1 election: Election decided. Result: candidate won. Election summary: received 2 responses out of 3 voters: 2 yes votes; 0 no votes. yes voters: 19fb1debfd44468daaaf1eb25c5752a7, c89d0377801142caa949458bc1d8e2bc; no voters: 
I20260709 14:49:48.877487 11451 raft_consensus.cc:2804] T e6999b964ed049e28a488d5cb4925c74 P c89d0377801142caa949458bc1d8e2bc [term 1 FOLLOWER]: Leader election won for term 1
I20260709 14:49:48.878911 11451 raft_consensus.cc:697] T e6999b964ed049e28a488d5cb4925c74 P c89d0377801142caa949458bc1d8e2bc [term 1 LEADER]: Becoming Leader. State: Replica: c89d0377801142caa949458bc1d8e2bc, State: Running, Role: LEADER
I20260709 14:49:48.879630 11451 consensus_queue.cc:237] T e6999b964ed049e28a488d5cb4925c74 P c89d0377801142caa949458bc1d8e2bc [LEADER]: Queue going to LEADER mode. State: All replicated index: 0, Majority replicated index: 0, Committed index: 0, Last appended: 0.0, Last appended by leader: 0, Current term: 1, Majority size: 2, State: 0, Mode: LEADER, active raft config: opid_index: -1 OBSOLETE_local: false peers { permanent_uuid: "19fb1debfd44468daaaf1eb25c5752a7" member_type: VOTER last_known_addr { host: "127.9.227.65" port: 41261 } } peers { permanent_uuid: "d18a5bcfbda5411aa831cf788ae8a507" member_type: VOTER last_known_addr { host: "127.9.227.66" port: 37875 } } peers { permanent_uuid: "c89d0377801142caa949458bc1d8e2bc" member_type: VOTER last_known_addr { host: "127.9.227.67" port: 33213 } }
I20260709 14:49:48.880934 11236 tablet_service.cc:1917] Received RequestConsensusVote() RPC: tablet_id: "c1442defea234ec3a290c30b9a7cfc17" candidate_uuid: "c89d0377801142caa949458bc1d8e2bc" candidate_term: 1 candidate_status { last_received { term: 0 index: 0 } } ignore_live_leader: false dest_uuid: "19fb1debfd44468daaaf1eb25c5752a7" is_pre_election: true
I20260709 14:49:48.885634 11708 raft_consensus.cc:493] T bf83f448131549b9abe22edccb0861a1 P c89d0377801142caa949458bc1d8e2bc [term 0 FOLLOWER]: Starting pre-election (no leader contacted us within the election timeout)
I20260709 14:49:48.886089 11708 raft_consensus.cc:515] T bf83f448131549b9abe22edccb0861a1 P c89d0377801142caa949458bc1d8e2bc [term 0 FOLLOWER]: Starting pre-election with config: opid_index: -1 OBSOLETE_local: false peers { permanent_uuid: "19fb1debfd44468daaaf1eb25c5752a7" member_type: VOTER last_known_addr { host: "127.9.227.65" port: 41261 } } peers { permanent_uuid: "d18a5bcfbda5411aa831cf788ae8a507" member_type: VOTER last_known_addr { host: "127.9.227.66" port: 37875 } } peers { permanent_uuid: "c89d0377801142caa949458bc1d8e2bc" member_type: VOTER last_known_addr { host: "127.9.227.67" port: 33213 } }
I20260709 14:49:48.887143 11241 raft_consensus.cc:3060] T a821ed3820d54a73807d3c40afbcff45 P 19fb1debfd44468daaaf1eb25c5752a7 [term 0 FOLLOWER]: Advancing to term 1
I20260709 14:49:48.888404 11708 leader_election.cc:290] T bf83f448131549b9abe22edccb0861a1 P c89d0377801142caa949458bc1d8e2bc [CANDIDATE]: Term 1 pre-election: Requested pre-vote from peers 19fb1debfd44468daaaf1eb25c5752a7 (127.9.227.65:41261), d18a5bcfbda5411aa831cf788ae8a507 (127.9.227.66:37875)
I20260709 14:49:48.892060 11714 consensus_queue.cc:1048] T e3757061f3ef4771913b9811b0d2053c P d18a5bcfbda5411aa831cf788ae8a507 [LEADER]: Connected to new peer: Peer: permanent_uuid: "c89d0377801142caa949458bc1d8e2bc" member_type: VOTER last_known_addr { host: "127.9.227.67" port: 33213 }, Status: LMP_MISMATCH, Last received: 0.0, Next index: 1, Last known committed idx: 0, Time since last communication: 0.000s
I20260709 14:49:48.895776 11353 leader_election.cc:304] T 96a0a0a8986d413a8da138ab8430c9c4 P c89d0377801142caa949458bc1d8e2bc [CANDIDATE]: Term 1 pre-election: Election decided. Result: candidate won. Election summary: received 3 responses out of 3 voters: 2 yes votes; 1 no votes. yes voters: c89d0377801142caa949458bc1d8e2bc, d18a5bcfbda5411aa831cf788ae8a507; no voters: 19fb1debfd44468daaaf1eb25c5752a7
I20260709 14:49:48.896642 11621 raft_consensus.cc:2804] T 96a0a0a8986d413a8da138ab8430c9c4 P c89d0377801142caa949458bc1d8e2bc [term 0 FOLLOWER]: Leader pre-election won for term 1
I20260709 14:49:48.896978 11621 raft_consensus.cc:493] T 96a0a0a8986d413a8da138ab8430c9c4 P c89d0377801142caa949458bc1d8e2bc [term 0 FOLLOWER]: Starting leader election (no leader contacted us within the election timeout)
I20260709 14:49:48.897272 11621 raft_consensus.cc:3060] T 96a0a0a8986d413a8da138ab8430c9c4 P c89d0377801142caa949458bc1d8e2bc [term 0 FOLLOWER]: Advancing to term 1
I20260709 14:49:48.897698 11236 tablet_service.cc:1917] Received RequestConsensusVote() RPC: tablet_id: "bf83f448131549b9abe22edccb0861a1" candidate_uuid: "c89d0377801142caa949458bc1d8e2bc" candidate_term: 1 candidate_status { last_received { term: 0 index: 0 } } ignore_live_leader: false dest_uuid: "19fb1debfd44468daaaf1eb25c5752a7" is_pre_election: true
I20260709 14:49:48.898263 11236 raft_consensus.cc:2468] T bf83f448131549b9abe22edccb0861a1 P 19fb1debfd44468daaaf1eb25c5752a7 [term 0 FOLLOWER]: Leader pre-election vote request: Granting yes vote for candidate c89d0377801142caa949458bc1d8e2bc in term 0.
W20260709 14:49:48.899487 11355 leader_election.cc:343] T c1442defea234ec3a290c30b9a7cfc17 P c89d0377801142caa949458bc1d8e2bc [CANDIDATE]: Term 1 pre-election: Tablet error from VoteRequest() call to peer 19fb1debfd44468daaaf1eb25c5752a7 (127.9.227.65:41261): Illegal state: must be running to vote when last-logged opid is not known
I20260709 14:49:48.900059 11355 leader_election.cc:304] T bf83f448131549b9abe22edccb0861a1 P c89d0377801142caa949458bc1d8e2bc [CANDIDATE]: Term 1 pre-election: Election decided. Result: candidate won. Election summary: received 2 responses out of 3 voters: 2 yes votes; 0 no votes. yes voters: 19fb1debfd44468daaaf1eb25c5752a7, c89d0377801142caa949458bc1d8e2bc; no voters: 
I20260709 14:49:48.900995 11708 raft_consensus.cc:2804] T bf83f448131549b9abe22edccb0861a1 P c89d0377801142caa949458bc1d8e2bc [term 0 FOLLOWER]: Leader pre-election won for term 1
I20260709 14:49:48.901338 11708 raft_consensus.cc:493] T bf83f448131549b9abe22edccb0861a1 P c89d0377801142caa949458bc1d8e2bc [term 0 FOLLOWER]: Starting leader election (no leader contacted us within the election timeout)
I20260709 14:49:48.901654 11708 raft_consensus.cc:3060] T bf83f448131549b9abe22edccb0861a1 P c89d0377801142caa949458bc1d8e2bc [term 0 FOLLOWER]: Advancing to term 1
I20260709 14:49:48.910226 11621 raft_consensus.cc:515] T 96a0a0a8986d413a8da138ab8430c9c4 P c89d0377801142caa949458bc1d8e2bc [term 1 FOLLOWER]: Starting leader election with config: opid_index: -1 OBSOLETE_local: false peers { permanent_uuid: "19fb1debfd44468daaaf1eb25c5752a7" member_type: VOTER last_known_addr { host: "127.9.227.65" port: 41261 } } peers { permanent_uuid: "d18a5bcfbda5411aa831cf788ae8a507" member_type: VOTER last_known_addr { host: "127.9.227.66" port: 37875 } } peers { permanent_uuid: "c89d0377801142caa949458bc1d8e2bc" member_type: VOTER last_known_addr { host: "127.9.227.67" port: 33213 } }
I20260709 14:49:48.914433 11309 tablet_service.cc:1917] Received RequestConsensusVote() RPC: tablet_id: "e6999b964ed049e28a488d5cb4925c74" candidate_uuid: "c89d0377801142caa949458bc1d8e2bc" candidate_term: 1 candidate_status { last_received { term: 0 index: 0 } } ignore_live_leader: false dest_uuid: "d18a5bcfbda5411aa831cf788ae8a507"
I20260709 14:49:48.915340 11432 ts_tablet_manager.cc:1434] T ea0b77f07c8944ecb18858fe070f4cda P c89d0377801142caa949458bc1d8e2bc: Time spent starting tablet: real 0.075s	user 0.024s	sys 0.014s
I20260709 14:49:48.916968 11236 raft_consensus.cc:3060] T 6905fc6564774153905d32fb9b087e61 P 19fb1debfd44468daaaf1eb25c5752a7 [term 0 FOLLOWER]: Advancing to term 1
I20260709 14:49:48.917713 11430 tablet_bootstrap.cc:492] T cb480f767d2640f5a3624212fcd4d642 P d18a5bcfbda5411aa831cf788ae8a507: No bootstrap required, opened a new log
I20260709 14:49:48.933794 11430 ts_tablet_manager.cc:1403] T cb480f767d2640f5a3624212fcd4d642 P d18a5bcfbda5411aa831cf788ae8a507: Time spent bootstrapping tablet: real 0.172s	user 0.026s	sys 0.050s
I20260709 14:49:48.934063 11432 tablet_bootstrap.cc:492] T edbe80bbf2c0470b9acff0ea59b9bfa3 P c89d0377801142caa949458bc1d8e2bc: Bootstrap starting.
I20260709 14:49:48.920219 11312 tablet_service.cc:1917] Received RequestConsensusVote() RPC: tablet_id: "c1442defea234ec3a290c30b9a7cfc17" candidate_uuid: "c89d0377801142caa949458bc1d8e2bc" candidate_term: 1 candidate_status { last_received { term: 0 index: 0 } } ignore_live_leader: false dest_uuid: "d18a5bcfbda5411aa831cf788ae8a507" is_pre_election: true
I20260709 14:49:48.937428 11312 raft_consensus.cc:2468] T c1442defea234ec3a290c30b9a7cfc17 P d18a5bcfbda5411aa831cf788ae8a507 [term 0 FOLLOWER]: Leader pre-election vote request: Granting yes vote for candidate c89d0377801142caa949458bc1d8e2bc in term 0.
I20260709 14:49:48.924401 11443 raft_consensus.cc:493] T a821ed3820d54a73807d3c40afbcff45 P 19fb1debfd44468daaaf1eb25c5752a7 [term 1 FOLLOWER]: Starting pre-election (no leader contacted us within the election timeout)
I20260709 14:49:48.938179 11443 raft_consensus.cc:515] T a821ed3820d54a73807d3c40afbcff45 P 19fb1debfd44468daaaf1eb25c5752a7 [term 1 FOLLOWER]: Starting pre-election with config: opid_index: -1 OBSOLETE_local: false peers { permanent_uuid: "19fb1debfd44468daaaf1eb25c5752a7" member_type: VOTER last_known_addr { host: "127.9.227.65" port: 41261 } } peers { permanent_uuid: "d18a5bcfbda5411aa831cf788ae8a507" member_type: VOTER last_known_addr { host: "127.9.227.66" port: 37875 } } peers { permanent_uuid: "c89d0377801142caa949458bc1d8e2bc" member_type: VOTER last_known_addr { host: "127.9.227.67" port: 33213 } }
I20260709 14:49:48.926771 11792 consensus_queue.cc:1048] T 49ae8f8ebf6949af8968b25cc870bf1e P c89d0377801142caa949458bc1d8e2bc [LEADER]: Connected to new peer: Peer: permanent_uuid: "d18a5bcfbda5411aa831cf788ae8a507" member_type: VOTER last_known_addr { host: "127.9.227.66" port: 37875 }, Status: LMP_MISMATCH, Last received: 0.0, Next index: 1, Last known committed idx: 0, Time since last communication: 0.000s
I20260709 14:49:48.926769 11308 tablet_service.cc:1917] Received RequestConsensusVote() RPC: tablet_id: "bf83f448131549b9abe22edccb0861a1" candidate_uuid: "c89d0377801142caa949458bc1d8e2bc" candidate_term: 1 candidate_status { last_received { term: 0 index: 0 } } ignore_live_leader: false dest_uuid: "d18a5bcfbda5411aa831cf788ae8a507" is_pre_election: true
I20260709 14:49:48.941133 11308 raft_consensus.cc:2468] T bf83f448131549b9abe22edccb0861a1 P d18a5bcfbda5411aa831cf788ae8a507 [term 0 FOLLOWER]: Leader pre-election vote request: Granting yes vote for candidate c89d0377801142caa949458bc1d8e2bc in term 0.
I20260709 14:49:48.941428 11443 leader_election.cc:290] T a821ed3820d54a73807d3c40afbcff45 P 19fb1debfd44468daaaf1eb25c5752a7 [CANDIDATE]: Term 2 pre-election: Requested pre-vote from peers d18a5bcfbda5411aa831cf788ae8a507 (127.9.227.66:37875), c89d0377801142caa949458bc1d8e2bc (127.9.227.67:33213)
I20260709 14:49:48.929205 11710 consensus_queue.cc:1048] T a821ed3820d54a73807d3c40afbcff45 P c89d0377801142caa949458bc1d8e2bc [LEADER]: Connected to new peer: Peer: permanent_uuid: "19fb1debfd44468daaaf1eb25c5752a7" member_type: VOTER last_known_addr { host: "127.9.227.65" port: 41261 }, Status: LMP_MISMATCH, Last received: 0.0, Next index: 1, Last known committed idx: 0, Time since last communication: 0.000s
I20260709 14:49:48.941717 11432 tablet_bootstrap.cc:654] T edbe80bbf2c0470b9acff0ea59b9bfa3 P c89d0377801142caa949458bc1d8e2bc: Neither blocks nor log segments found. Creating new log.
I20260709 14:49:48.936586 11430 raft_consensus.cc:359] T cb480f767d2640f5a3624212fcd4d642 P d18a5bcfbda5411aa831cf788ae8a507 [term 0 FOLLOWER]: Replica starting. Triggering 0 pending ops. Active config: opid_index: -1 OBSOLETE_local: false peers { permanent_uuid: "19fb1debfd44468daaaf1eb25c5752a7" member_type: VOTER last_known_addr { host: "127.9.227.65" port: 41261 } } peers { permanent_uuid: "d18a5bcfbda5411aa831cf788ae8a507" member_type: VOTER last_known_addr { host: "127.9.227.66" port: 37875 } } peers { permanent_uuid: "c89d0377801142caa949458bc1d8e2bc" member_type: VOTER last_known_addr { host: "127.9.227.67" port: 33213 } }
I20260709 14:49:48.943041 11430 raft_consensus.cc:385] T cb480f767d2640f5a3624212fcd4d642 P d18a5bcfbda5411aa831cf788ae8a507 [term 0 FOLLOWER]: Consensus starting up: Expiring failure detector timer to make a prompt election more likely
I20260709 14:49:48.943073 11308 tablet_service.cc:1917] Received RequestConsensusVote() RPC: tablet_id: "a821ed3820d54a73807d3c40afbcff45" candidate_uuid: "19fb1debfd44468daaaf1eb25c5752a7" candidate_term: 2 candidate_status { last_received { term: 0 index: 0 } } ignore_live_leader: false dest_uuid: "d18a5bcfbda5411aa831cf788ae8a507" is_pre_election: true
I20260709 14:49:48.943401 11430 raft_consensus.cc:740] T cb480f767d2640f5a3624212fcd4d642 P d18a5bcfbda5411aa831cf788ae8a507 [term 0 FOLLOWER]: Becoming Follower/Learner. State: Replica: d18a5bcfbda5411aa831cf788ae8a507, State: Initialized, Role: FOLLOWER
I20260709 14:49:48.943611 11309 raft_consensus.cc:3060] T e6999b964ed049e28a488d5cb4925c74 P d18a5bcfbda5411aa831cf788ae8a507 [term 0 FOLLOWER]: Advancing to term 1
I20260709 14:49:48.945397 11430 consensus_queue.cc:260] T cb480f767d2640f5a3624212fcd4d642 P d18a5bcfbda5411aa831cf788ae8a507 [NON_LEADER]: Queue going to NON_LEADER mode. State: All replicated index: 0, Majority replicated index: 0, Committed index: 0, Last appended: 0.0, Last appended by leader: 0, Current term: 0, Majority size: -1, State: 0, Mode: NON_LEADER, active raft config: opid_index: -1 OBSOLETE_local: false peers { permanent_uuid: "19fb1debfd44468daaaf1eb25c5752a7" member_type: VOTER last_known_addr { host: "127.9.227.65" port: 41261 } } peers { permanent_uuid: "d18a5bcfbda5411aa831cf788ae8a507" member_type: VOTER last_known_addr { host: "127.9.227.66" port: 37875 } } peers { permanent_uuid: "c89d0377801142caa949458bc1d8e2bc" member_type: VOTER last_known_addr { host: "127.9.227.67" port: 33213 } }
I20260709 14:49:48.946406 11353 leader_election.cc:304] T c1442defea234ec3a290c30b9a7cfc17 P c89d0377801142caa949458bc1d8e2bc [CANDIDATE]: Term 1 pre-election: Election decided. Result: candidate won. Election summary: received 3 responses out of 3 voters: 2 yes votes; 1 no votes. yes voters: c89d0377801142caa949458bc1d8e2bc, d18a5bcfbda5411aa831cf788ae8a507; no voters: 19fb1debfd44468daaaf1eb25c5752a7
I20260709 14:49:48.947431 11430 ts_tablet_manager.cc:1434] T cb480f767d2640f5a3624212fcd4d642 P d18a5bcfbda5411aa831cf788ae8a507: Time spent starting tablet: real 0.013s	user 0.005s	sys 0.001s
I20260709 14:49:48.948455 11430 tablet_bootstrap.cc:492] T 9941626bacd449daaeb83385c6d94bd1 P d18a5bcfbda5411aa831cf788ae8a507: Bootstrap starting.
I20260709 14:49:48.948020 11616 raft_consensus.cc:2804] T c1442defea234ec3a290c30b9a7cfc17 P c89d0377801142caa949458bc1d8e2bc [term 0 FOLLOWER]: Leader pre-election won for term 1
I20260709 14:49:48.948814 11616 raft_consensus.cc:493] T c1442defea234ec3a290c30b9a7cfc17 P c89d0377801142caa949458bc1d8e2bc [term 0 FOLLOWER]: Starting leader election (no leader contacted us within the election timeout)
I20260709 14:49:48.949173 11616 raft_consensus.cc:3060] T c1442defea234ec3a290c30b9a7cfc17 P c89d0377801142caa949458bc1d8e2bc [term 0 FOLLOWER]: Advancing to term 1
I20260709 14:49:48.953965 11430 tablet_bootstrap.cc:654] T 9941626bacd449daaeb83385c6d94bd1 P d18a5bcfbda5411aa831cf788ae8a507: Neither blocks nor log segments found. Creating new log.
I20260709 14:49:48.956164 11621 leader_election.cc:290] T 96a0a0a8986d413a8da138ab8430c9c4 P c89d0377801142caa949458bc1d8e2bc [CANDIDATE]: Term 1 election: Requested vote from peers 19fb1debfd44468daaaf1eb25c5752a7 (127.9.227.65:41261), d18a5bcfbda5411aa831cf788ae8a507 (127.9.227.66:37875)
I20260709 14:49:48.958810 11433 tablet_bootstrap.cc:492] T c2ee797293474dfa98b9c23be73c3e16 P 19fb1debfd44468daaaf1eb25c5752a7: No bootstrap required, opened a new log
I20260709 14:49:48.959214 11433 ts_tablet_manager.cc:1403] T c2ee797293474dfa98b9c23be73c3e16 P 19fb1debfd44468daaaf1eb25c5752a7: Time spent bootstrapping tablet: real 0.215s	user 0.030s	sys 0.069s
I20260709 14:49:48.960369 11616 raft_consensus.cc:515] T c1442defea234ec3a290c30b9a7cfc17 P c89d0377801142caa949458bc1d8e2bc [term 1 FOLLOWER]: Starting leader election with config: opid_index: -1 OBSOLETE_local: false peers { permanent_uuid: "19fb1debfd44468daaaf1eb25c5752a7" member_type: VOTER last_known_addr { host: "127.9.227.65" port: 41261 } } peers { permanent_uuid: "d18a5bcfbda5411aa831cf788ae8a507" member_type: VOTER last_known_addr { host: "127.9.227.66" port: 37875 } } peers { permanent_uuid: "c89d0377801142caa949458bc1d8e2bc" member_type: VOTER last_known_addr { host: "127.9.227.67" port: 33213 } }
I20260709 14:49:48.961697 11433 raft_consensus.cc:359] T c2ee797293474dfa98b9c23be73c3e16 P 19fb1debfd44468daaaf1eb25c5752a7 [term 0 FOLLOWER]: Replica starting. Triggering 0 pending ops. Active config: opid_index: -1 OBSOLETE_local: false peers { permanent_uuid: "19fb1debfd44468daaaf1eb25c5752a7" member_type: VOTER last_known_addr { host: "127.9.227.65" port: 41261 } } peers { permanent_uuid: "d18a5bcfbda5411aa831cf788ae8a507" member_type: VOTER last_known_addr { host: "127.9.227.66" port: 37875 } } peers { permanent_uuid: "c89d0377801142caa949458bc1d8e2bc" member_type: VOTER last_known_addr { host: "127.9.227.67" port: 33213 } }
I20260709 14:49:48.962337 11433 raft_consensus.cc:385] T c2ee797293474dfa98b9c23be73c3e16 P 19fb1debfd44468daaaf1eb25c5752a7 [term 0 FOLLOWER]: Consensus starting up: Expiring failure detector timer to make a prompt election more likely
I20260709 14:49:48.962589 11433 raft_consensus.cc:740] T c2ee797293474dfa98b9c23be73c3e16 P 19fb1debfd44468daaaf1eb25c5752a7 [term 0 FOLLOWER]: Becoming Follower/Learner. State: Replica: 19fb1debfd44468daaaf1eb25c5752a7, State: Initialized, Role: FOLLOWER
I20260709 14:49:48.963146 11433 consensus_queue.cc:260] T c2ee797293474dfa98b9c23be73c3e16 P 19fb1debfd44468daaaf1eb25c5752a7 [NON_LEADER]: Queue going to NON_LEADER mode. State: All replicated index: 0, Majority replicated index: 0, Committed index: 0, Last appended: 0.0, Last appended by leader: 0, Current term: 0, Majority size: -1, State: 0, Mode: NON_LEADER, active raft config: opid_index: -1 OBSOLETE_local: false peers { permanent_uuid: "19fb1debfd44468daaaf1eb25c5752a7" member_type: VOTER last_known_addr { host: "127.9.227.65" port: 41261 } } peers { permanent_uuid: "d18a5bcfbda5411aa831cf788ae8a507" member_type: VOTER last_known_addr { host: "127.9.227.66" port: 37875 } } peers { permanent_uuid: "c89d0377801142caa949458bc1d8e2bc" member_type: VOTER last_known_addr { host: "127.9.227.67" port: 33213 } }
I20260709 14:49:48.965122 11433 ts_tablet_manager.cc:1434] T c2ee797293474dfa98b9c23be73c3e16 P 19fb1debfd44468daaaf1eb25c5752a7: Time spent starting tablet: real 0.006s	user 0.006s	sys 0.000s
I20260709 14:49:48.929994 11708 raft_consensus.cc:515] T bf83f448131549b9abe22edccb0861a1 P c89d0377801142caa949458bc1d8e2bc [term 1 FOLLOWER]: Starting leader election with config: opid_index: -1 OBSOLETE_local: false peers { permanent_uuid: "19fb1debfd44468daaaf1eb25c5752a7" member_type: VOTER last_known_addr { host: "127.9.227.65" port: 41261 } } peers { permanent_uuid: "d18a5bcfbda5411aa831cf788ae8a507" member_type: VOTER last_known_addr { host: "127.9.227.66" port: 37875 } } peers { permanent_uuid: "c89d0377801142caa949458bc1d8e2bc" member_type: VOTER last_known_addr { host: "127.9.227.67" port: 33213 } }
I20260709 14:49:48.966333 11312 tablet_service.cc:1917] Received RequestConsensusVote() RPC: tablet_id: "96a0a0a8986d413a8da138ab8430c9c4" candidate_uuid: "c89d0377801142caa949458bc1d8e2bc" candidate_term: 1 candidate_status { last_received { term: 0 index: 0 } } ignore_live_leader: false dest_uuid: "d18a5bcfbda5411aa831cf788ae8a507"
I20260709 14:49:48.966849 11312 raft_consensus.cc:3060] T 96a0a0a8986d413a8da138ab8430c9c4 P d18a5bcfbda5411aa831cf788ae8a507 [term 0 FOLLOWER]: Advancing to term 1
I20260709 14:49:48.968293 11433 tablet_bootstrap.cc:492] T 96a0a0a8986d413a8da138ab8430c9c4 P 19fb1debfd44468daaaf1eb25c5752a7: Bootstrap starting.
I20260709 14:49:48.970914 11708 leader_election.cc:290] T bf83f448131549b9abe22edccb0861a1 P c89d0377801142caa949458bc1d8e2bc [CANDIDATE]: Term 1 election: Requested vote from peers 19fb1debfd44468daaaf1eb25c5752a7 (127.9.227.65:41261), d18a5bcfbda5411aa831cf788ae8a507 (127.9.227.66:37875)
I20260709 14:49:48.972100 11443 raft_consensus.cc:493] T 6905fc6564774153905d32fb9b087e61 P 19fb1debfd44468daaaf1eb25c5752a7 [term 1 FOLLOWER]: Starting pre-election (no leader contacted us within the election timeout)
I20260709 14:49:48.972501 11443 raft_consensus.cc:515] T 6905fc6564774153905d32fb9b087e61 P 19fb1debfd44468daaaf1eb25c5752a7 [term 1 FOLLOWER]: Starting pre-election with config: opid_index: -1 OBSOLETE_local: false peers { permanent_uuid: "19fb1debfd44468daaaf1eb25c5752a7" member_type: VOTER last_known_addr { host: "127.9.227.65" port: 41261 } } peers { permanent_uuid: "d18a5bcfbda5411aa831cf788ae8a507" member_type: VOTER last_known_addr { host: "127.9.227.66" port: 37875 } } peers { permanent_uuid: "c89d0377801142caa949458bc1d8e2bc" member_type: VOTER last_known_addr { host: "127.9.227.67" port: 33213 } }
I20260709 14:49:48.972968 11312 raft_consensus.cc:2468] T 96a0a0a8986d413a8da138ab8430c9c4 P d18a5bcfbda5411aa831cf788ae8a507 [term 1 FOLLOWER]: Leader election vote request: Granting yes vote for candidate c89d0377801142caa949458bc1d8e2bc in term 1.
I20260709 14:49:48.973834 11433 tablet_bootstrap.cc:654] T 96a0a0a8986d413a8da138ab8430c9c4 P 19fb1debfd44468daaaf1eb25c5752a7: Neither blocks nor log segments found. Creating new log.
I20260709 14:49:48.976032 11316 tablet_service.cc:1917] Received RequestConsensusVote() RPC: tablet_id: "c1442defea234ec3a290c30b9a7cfc17" candidate_uuid: "c89d0377801142caa949458bc1d8e2bc" candidate_term: 1 candidate_status { last_received { term: 0 index: 0 } } ignore_live_leader: false dest_uuid: "d18a5bcfbda5411aa831cf788ae8a507"
I20260709 14:49:48.980197 11316 raft_consensus.cc:3060] T c1442defea234ec3a290c30b9a7cfc17 P d18a5bcfbda5411aa831cf788ae8a507 [term 0 FOLLOWER]: Advancing to term 1
I20260709 14:49:48.974092 11443 leader_election.cc:290] T 6905fc6564774153905d32fb9b087e61 P 19fb1debfd44468daaaf1eb25c5752a7 [CANDIDATE]: Term 2 pre-election: Requested pre-vote from peers d18a5bcfbda5411aa831cf788ae8a507 (127.9.227.66:37875), c89d0377801142caa949458bc1d8e2bc (127.9.227.67:33213)
I20260709 14:49:48.986366 11316 raft_consensus.cc:2468] T c1442defea234ec3a290c30b9a7cfc17 P d18a5bcfbda5411aa831cf788ae8a507 [term 1 FOLLOWER]: Leader election vote request: Granting yes vote for candidate c89d0377801142caa949458bc1d8e2bc in term 1.
I20260709 14:49:48.986438 11307 tablet_service.cc:1917] Received RequestConsensusVote() RPC: tablet_id: "bf83f448131549b9abe22edccb0861a1" candidate_uuid: "c89d0377801142caa949458bc1d8e2bc" candidate_term: 1 candidate_status { last_received { term: 0 index: 0 } } ignore_live_leader: false dest_uuid: "d18a5bcfbda5411aa831cf788ae8a507"
I20260709 14:49:48.987001 11307 raft_consensus.cc:3060] T bf83f448131549b9abe22edccb0861a1 P d18a5bcfbda5411aa831cf788ae8a507 [term 0 FOLLOWER]: Advancing to term 1
I20260709 14:49:48.975335 11312 tablet_service.cc:1917] Received RequestConsensusVote() RPC: tablet_id: "6905fc6564774153905d32fb9b087e61" candidate_uuid: "19fb1debfd44468daaaf1eb25c5752a7" candidate_term: 2 candidate_status { last_received { term: 0 index: 0 } } ignore_live_leader: false dest_uuid: "d18a5bcfbda5411aa831cf788ae8a507" is_pre_election: true
I20260709 14:49:48.993132 11307 raft_consensus.cc:2468] T bf83f448131549b9abe22edccb0861a1 P d18a5bcfbda5411aa831cf788ae8a507 [term 1 FOLLOWER]: Leader election vote request: Granting yes vote for candidate c89d0377801142caa949458bc1d8e2bc in term 1.
I20260709 14:49:48.976652 11430 tablet_bootstrap.cc:492] T 9941626bacd449daaeb83385c6d94bd1 P d18a5bcfbda5411aa831cf788ae8a507: No bootstrap required, opened a new log
I20260709 14:49:48.995142 11430 ts_tablet_manager.cc:1403] T 9941626bacd449daaeb83385c6d94bd1 P d18a5bcfbda5411aa831cf788ae8a507: Time spent bootstrapping tablet: real 0.047s	user 0.012s	sys 0.001s
I20260709 14:49:48.995854 11620 raft_consensus.cc:493] T 2f1c56c3f2284ca5ac03919856641b2d P d18a5bcfbda5411aa831cf788ae8a507 [term 0 FOLLOWER]: Starting pre-election (no leader contacted us within the election timeout)
I20260709 14:49:48.995937 11240 tablet_service.cc:1917] Received RequestConsensusVote() RPC: tablet_id: "bf83f448131549b9abe22edccb0861a1" candidate_uuid: "c89d0377801142caa949458bc1d8e2bc" candidate_term: 1 candidate_status { last_received { term: 0 index: 0 } } ignore_live_leader: false dest_uuid: "19fb1debfd44468daaaf1eb25c5752a7"
I20260709 14:49:48.996548 11240 raft_consensus.cc:3060] T bf83f448131549b9abe22edccb0861a1 P 19fb1debfd44468daaaf1eb25c5752a7 [term 0 FOLLOWER]: Advancing to term 1
I20260709 14:49:48.996403 11620 raft_consensus.cc:515] T 2f1c56c3f2284ca5ac03919856641b2d P d18a5bcfbda5411aa831cf788ae8a507 [term 0 FOLLOWER]: Starting pre-election with config: opid_index: -1 OBSOLETE_local: false peers { permanent_uuid: "19fb1debfd44468daaaf1eb25c5752a7" member_type: VOTER last_known_addr { host: "127.9.227.65" port: 41261 } } peers { permanent_uuid: "d18a5bcfbda5411aa831cf788ae8a507" member_type: VOTER last_known_addr { host: "127.9.227.66" port: 37875 } } peers { permanent_uuid: "c89d0377801142caa949458bc1d8e2bc" member_type: VOTER last_known_addr { host: "127.9.227.67" port: 33213 } }
I20260709 14:49:48.996883 11239 tablet_service.cc:1917] Received RequestConsensusVote() RPC: tablet_id: "c1442defea234ec3a290c30b9a7cfc17" candidate_uuid: "c89d0377801142caa949458bc1d8e2bc" candidate_term: 1 candidate_status { last_received { term: 0 index: 0 } } ignore_live_leader: false dest_uuid: "19fb1debfd44468daaaf1eb25c5752a7"
I20260709 14:49:48.998498 11137 catalog_manager.cc:5697] T e6999b964ed049e28a488d5cb4925c74 P c89d0377801142caa949458bc1d8e2bc reported cstate change: term changed from 0 to 1, leader changed from <none> to c89d0377801142caa949458bc1d8e2bc (127.9.227.67). New cstate: current_term: 1 leader_uuid: "c89d0377801142caa949458bc1d8e2bc" committed_config { opid_index: -1 OBSOLETE_local: false peers { permanent_uuid: "19fb1debfd44468daaaf1eb25c5752a7" member_type: VOTER last_known_addr { host: "127.9.227.65" port: 41261 } health_report { overall_health: UNKNOWN } } peers { permanent_uuid: "d18a5bcfbda5411aa831cf788ae8a507" member_type: VOTER last_known_addr { host: "127.9.227.66" port: 37875 } health_report { overall_health: UNKNOWN } } peers { permanent_uuid: "c89d0377801142caa949458bc1d8e2bc" member_type: VOTER last_known_addr { host: "127.9.227.67" port: 33213 } health_report { overall_health: HEALTHY } } }
I20260709 14:49:48.999987 11137 catalog_manager.cc:5697] T c2ee797293474dfa98b9c23be73c3e16 P c89d0377801142caa949458bc1d8e2bc reported cstate change: term changed from 0 to 1, leader changed from <none> to c89d0377801142caa949458bc1d8e2bc (127.9.227.67). New cstate: current_term: 1 leader_uuid: "c89d0377801142caa949458bc1d8e2bc" committed_config { opid_index: -1 OBSOLETE_local: false peers { permanent_uuid: "19fb1debfd44468daaaf1eb25c5752a7" member_type: VOTER last_known_addr { host: "127.9.227.65" port: 41261 } health_report { overall_health: UNKNOWN } } peers { permanent_uuid: "d18a5bcfbda5411aa831cf788ae8a507" member_type: VOTER last_known_addr { host: "127.9.227.66" port: 37875 } health_report { overall_health: UNKNOWN } } peers { permanent_uuid: "c89d0377801142caa949458bc1d8e2bc" member_type: VOTER last_known_addr { host: "127.9.227.67" port: 33213 } health_report { overall_health: HEALTHY } } }
I20260709 14:49:49.002291 11240 raft_consensus.cc:2468] T bf83f448131549b9abe22edccb0861a1 P 19fb1debfd44468daaaf1eb25c5752a7 [term 1 FOLLOWER]: Leader election vote request: Granting yes vote for candidate c89d0377801142caa949458bc1d8e2bc in term 1.
I20260709 14:49:49.004869 11389 tablet_service.cc:1917] Received RequestConsensusVote() RPC: tablet_id: "6905fc6564774153905d32fb9b087e61" candidate_uuid: "19fb1debfd44468daaaf1eb25c5752a7" candidate_term: 2 candidate_status { last_received { term: 0 index: 0 } } ignore_live_leader: false dest_uuid: "c89d0377801142caa949458bc1d8e2bc" is_pre_election: true
I20260709 14:49:49.005275 11235 tablet_service.cc:1917] Received RequestConsensusVote() RPC: tablet_id: "96a0a0a8986d413a8da138ab8430c9c4" candidate_uuid: "c89d0377801142caa949458bc1d8e2bc" candidate_term: 1 candidate_status { last_received { term: 0 index: 0 } } ignore_live_leader: false dest_uuid: "19fb1debfd44468daaaf1eb25c5752a7"
I20260709 14:49:49.006175 11382 tablet_service.cc:1917] Received RequestConsensusVote() RPC: tablet_id: "a821ed3820d54a73807d3c40afbcff45" candidate_uuid: "19fb1debfd44468daaaf1eb25c5752a7" candidate_term: 2 candidate_status { last_received { term: 0 index: 0 } } ignore_live_leader: false dest_uuid: "c89d0377801142caa949458bc1d8e2bc" is_pre_election: true
W20260709 14:49:49.008174 11355 leader_election.cc:343] T c1442defea234ec3a290c30b9a7cfc17 P c89d0377801142caa949458bc1d8e2bc [CANDIDATE]: Term 1 election: Tablet error from VoteRequest() call to peer 19fb1debfd44468daaaf1eb25c5752a7 (127.9.227.65:41261): Illegal state: must be running to vote when last-logged opid is not known
I20260709 14:49:49.009704 11240 tablet_service.cc:1917] Received RequestConsensusVote() RPC: tablet_id: "2f1c56c3f2284ca5ac03919856641b2d" candidate_uuid: "d18a5bcfbda5411aa831cf788ae8a507" candidate_term: 1 candidate_status { last_received { term: 0 index: 0 } } ignore_live_leader: false dest_uuid: "19fb1debfd44468daaaf1eb25c5752a7" is_pre_election: true
I20260709 14:49:48.979635 11309 raft_consensus.cc:2468] T e6999b964ed049e28a488d5cb4925c74 P d18a5bcfbda5411aa831cf788ae8a507 [term 1 FOLLOWER]: Leader election vote request: Granting yes vote for candidate c89d0377801142caa949458bc1d8e2bc in term 1.
I20260709 14:49:49.007169 11621 consensus_queue.cc:1048] T 6905fc6564774153905d32fb9b087e61 P c89d0377801142caa949458bc1d8e2bc [LEADER]: Connected to new peer: Peer: permanent_uuid: "19fb1debfd44468daaaf1eb25c5752a7" member_type: VOTER last_known_addr { host: "127.9.227.65" port: 41261 }, Status: LMP_MISMATCH, Last received: 0.0, Next index: 1, Last known committed idx: 0, Time since last communication: 0.000s
W20260709 14:49:49.013120 11281 leader_election.cc:343] T 2f1c56c3f2284ca5ac03919856641b2d P d18a5bcfbda5411aa831cf788ae8a507 [CANDIDATE]: Term 1 pre-election: Tablet error from VoteRequest() call to peer 19fb1debfd44468daaaf1eb25c5752a7 (127.9.227.65:41261): Illegal state: must be running to vote when last-logged opid is not known
I20260709 14:49:49.014803 11355 leader_election.cc:304] T bf83f448131549b9abe22edccb0861a1 P c89d0377801142caa949458bc1d8e2bc [CANDIDATE]: Term 1 election: Election decided. Result: candidate won. Election summary: received 2 responses out of 3 voters: 2 yes votes; 0 no votes. yes voters: 19fb1debfd44468daaaf1eb25c5752a7, c89d0377801142caa949458bc1d8e2bc; no voters: 
W20260709 14:49:49.015727 11355 leader_election.cc:343] T 96a0a0a8986d413a8da138ab8430c9c4 P c89d0377801142caa949458bc1d8e2bc [CANDIDATE]: Term 1 election: Tablet error from VoteRequest() call to peer 19fb1debfd44468daaaf1eb25c5752a7 (127.9.227.65:41261): Illegal state: must be running to vote when last-logged opid is not known
I20260709 14:49:49.017210 11430 raft_consensus.cc:359] T 9941626bacd449daaeb83385c6d94bd1 P d18a5bcfbda5411aa831cf788ae8a507 [term 0 FOLLOWER]: Replica starting. Triggering 0 pending ops. Active config: opid_index: -1 OBSOLETE_local: false peers { permanent_uuid: "19fb1debfd44468daaaf1eb25c5752a7" member_type: VOTER last_known_addr { host: "127.9.227.65" port: 41261 } } peers { permanent_uuid: "d18a5bcfbda5411aa831cf788ae8a507" member_type: VOTER last_known_addr { host: "127.9.227.66" port: 37875 } } peers { permanent_uuid: "c89d0377801142caa949458bc1d8e2bc" member_type: VOTER last_known_addr { host: "127.9.227.67" port: 33213 } }
I20260709 14:49:49.017964 11430 raft_consensus.cc:385] T 9941626bacd449daaeb83385c6d94bd1 P d18a5bcfbda5411aa831cf788ae8a507 [term 0 FOLLOWER]: Consensus starting up: Expiring failure detector timer to make a prompt election more likely
I20260709 14:49:49.018260 11430 raft_consensus.cc:740] T 9941626bacd449daaeb83385c6d94bd1 P d18a5bcfbda5411aa831cf788ae8a507 [term 0 FOLLOWER]: Becoming Follower/Learner. State: Replica: d18a5bcfbda5411aa831cf788ae8a507, State: Initialized, Role: FOLLOWER
I20260709 14:49:49.018522 11204 leader_election.cc:304] T 6905fc6564774153905d32fb9b087e61 P 19fb1debfd44468daaaf1eb25c5752a7 [CANDIDATE]: Term 2 pre-election: Election decided. Result: candidate lost. Election summary: received 3 responses out of 3 voters: 1 yes votes; 2 no votes. yes voters: 19fb1debfd44468daaaf1eb25c5752a7; no voters: c89d0377801142caa949458bc1d8e2bc, d18a5bcfbda5411aa831cf788ae8a507
I20260709 14:49:49.019538 11204 leader_election.cc:304] T a821ed3820d54a73807d3c40afbcff45 P 19fb1debfd44468daaaf1eb25c5752a7 [CANDIDATE]: Term 2 pre-election: Election decided. Result: candidate lost. Election summary: received 3 responses out of 3 voters: 1 yes votes; 2 no votes. yes voters: 19fb1debfd44468daaaf1eb25c5752a7; no voters: c89d0377801142caa949458bc1d8e2bc, d18a5bcfbda5411aa831cf788ae8a507
I20260709 14:49:49.016461 11620 leader_election.cc:290] T 2f1c56c3f2284ca5ac03919856641b2d P d18a5bcfbda5411aa831cf788ae8a507 [CANDIDATE]: Term 1 pre-election: Requested pre-vote from peers 19fb1debfd44468daaaf1eb25c5752a7 (127.9.227.65:41261), c89d0377801142caa949458bc1d8e2bc (127.9.227.67:33213)
I20260709 14:49:49.021231 11353 leader_election.cc:304] T 96a0a0a8986d413a8da138ab8430c9c4 P c89d0377801142caa949458bc1d8e2bc [CANDIDATE]: Term 1 election: Election decided. Result: candidate won. Election summary: received 3 responses out of 3 voters: 2 yes votes; 1 no votes. yes voters: c89d0377801142caa949458bc1d8e2bc, d18a5bcfbda5411aa831cf788ae8a507; no voters: 19fb1debfd44468daaaf1eb25c5752a7
I20260709 14:49:49.002537 11616 leader_election.cc:290] T c1442defea234ec3a290c30b9a7cfc17 P c89d0377801142caa949458bc1d8e2bc [CANDIDATE]: Term 1 election: Requested vote from peers 19fb1debfd44468daaaf1eb25c5752a7 (127.9.227.65:41261), d18a5bcfbda5411aa831cf788ae8a507 (127.9.227.66:37875)
I20260709 14:49:49.021636 11430 consensus_queue.cc:260] T 9941626bacd449daaeb83385c6d94bd1 P d18a5bcfbda5411aa831cf788ae8a507 [NON_LEADER]: Queue going to NON_LEADER mode. State: All replicated index: 0, Majority replicated index: 0, Committed index: 0, Last appended: 0.0, Last appended by leader: 0, Current term: 0, Majority size: -1, State: 0, Mode: NON_LEADER, active raft config: opid_index: -1 OBSOLETE_local: false peers { permanent_uuid: "19fb1debfd44468daaaf1eb25c5752a7" member_type: VOTER last_known_addr { host: "127.9.227.65" port: 41261 } } peers { permanent_uuid: "d18a5bcfbda5411aa831cf788ae8a507" member_type: VOTER last_known_addr { host: "127.9.227.66" port: 37875 } } peers { permanent_uuid: "c89d0377801142caa949458bc1d8e2bc" member_type: VOTER last_known_addr { host: "127.9.227.67" port: 33213 } }
I20260709 14:49:49.022550 11451 raft_consensus.cc:2804] T 96a0a0a8986d413a8da138ab8430c9c4 P c89d0377801142caa949458bc1d8e2bc [term 1 FOLLOWER]: Leader election won for term 1
I20260709 14:49:49.023063 11792 consensus_queue.cc:1048] T 6aa199f5d9a24f64ae19184de569f0cd P c89d0377801142caa949458bc1d8e2bc [LEADER]: Connected to new peer: Peer: permanent_uuid: "d18a5bcfbda5411aa831cf788ae8a507" member_type: VOTER last_known_addr { host: "127.9.227.66" port: 37875 }, Status: LMP_MISMATCH, Last received: 0.0, Next index: 1, Last known committed idx: 0, Time since last communication: 0.000s
I20260709 14:49:49.024539 11430 ts_tablet_manager.cc:1434] T 9941626bacd449daaeb83385c6d94bd1 P d18a5bcfbda5411aa831cf788ae8a507: Time spent starting tablet: real 0.029s	user 0.004s	sys 0.002s
I20260709 14:49:49.025557 11432 tablet_bootstrap.cc:492] T edbe80bbf2c0470b9acff0ea59b9bfa3 P c89d0377801142caa949458bc1d8e2bc: No bootstrap required, opened a new log
I20260709 14:49:49.026656 11432 ts_tablet_manager.cc:1403] T edbe80bbf2c0470b9acff0ea59b9bfa3 P c89d0377801142caa949458bc1d8e2bc: Time spent bootstrapping tablet: real 0.093s	user 0.010s	sys 0.001s
I20260709 14:49:49.025475 11430 tablet_bootstrap.cc:492] T 40298e4ad0564220bdd997433c8eeb67 P d18a5bcfbda5411aa831cf788ae8a507: Bootstrap starting.
I20260709 14:49:49.021503 11796 raft_consensus.cc:2804] T bf83f448131549b9abe22edccb0861a1 P c89d0377801142caa949458bc1d8e2bc [term 1 FOLLOWER]: Leader election won for term 1
I20260709 14:49:49.037791 11451 raft_consensus.cc:697] T 96a0a0a8986d413a8da138ab8430c9c4 P c89d0377801142caa949458bc1d8e2bc [term 1 LEADER]: Becoming Leader. State: Replica: c89d0377801142caa949458bc1d8e2bc, State: Running, Role: LEADER
I20260709 14:49:49.038640 11451 consensus_queue.cc:237] T 96a0a0a8986d413a8da138ab8430c9c4 P c89d0377801142caa949458bc1d8e2bc [LEADER]: Queue going to LEADER mode. State: All replicated index: 0, Majority replicated index: 0, Committed index: 0, Last appended: 0.0, Last appended by leader: 0, Current term: 1, Majority size: 2, State: 0, Mode: LEADER, active raft config: opid_index: -1 OBSOLETE_local: false peers { permanent_uuid: "19fb1debfd44468daaaf1eb25c5752a7" member_type: VOTER last_known_addr { host: "127.9.227.65" port: 41261 } } peers { permanent_uuid: "d18a5bcfbda5411aa831cf788ae8a507" member_type: VOTER last_known_addr { host: "127.9.227.66" port: 37875 } } peers { permanent_uuid: "c89d0377801142caa949458bc1d8e2bc" member_type: VOTER last_known_addr { host: "127.9.227.67" port: 33213 } }
I20260709 14:49:49.044749 11443 raft_consensus.cc:2749] T a821ed3820d54a73807d3c40afbcff45 P 19fb1debfd44468daaaf1eb25c5752a7 [term 1 FOLLOWER]: Leader pre-election lost for term 2. Reason: could not achieve majority
I20260709 14:49:49.040966 11796 raft_consensus.cc:697] T bf83f448131549b9abe22edccb0861a1 P c89d0377801142caa949458bc1d8e2bc [term 1 LEADER]: Becoming Leader. State: Replica: c89d0377801142caa949458bc1d8e2bc, State: Running, Role: LEADER
I20260709 14:49:49.052246 11796 consensus_queue.cc:237] T bf83f448131549b9abe22edccb0861a1 P c89d0377801142caa949458bc1d8e2bc [LEADER]: Queue going to LEADER mode. State: All replicated index: 0, Majority replicated index: 0, Committed index: 0, Last appended: 0.0, Last appended by leader: 0, Current term: 1, Majority size: 2, State: 0, Mode: LEADER, active raft config: opid_index: -1 OBSOLETE_local: false peers { permanent_uuid: "19fb1debfd44468daaaf1eb25c5752a7" member_type: VOTER last_known_addr { host: "127.9.227.65" port: 41261 } } peers { permanent_uuid: "d18a5bcfbda5411aa831cf788ae8a507" member_type: VOTER last_known_addr { host: "127.9.227.66" port: 37875 } } peers { permanent_uuid: "c89d0377801142caa949458bc1d8e2bc" member_type: VOTER last_known_addr { host: "127.9.227.67" port: 33213 } }
I20260709 14:49:49.054208 11432 raft_consensus.cc:359] T edbe80bbf2c0470b9acff0ea59b9bfa3 P c89d0377801142caa949458bc1d8e2bc [term 0 FOLLOWER]: Replica starting. Triggering 0 pending ops. Active config: opid_index: -1 OBSOLETE_local: false peers { permanent_uuid: "19fb1debfd44468daaaf1eb25c5752a7" member_type: VOTER last_known_addr { host: "127.9.227.65" port: 41261 } } peers { permanent_uuid: "d18a5bcfbda5411aa831cf788ae8a507" member_type: VOTER last_known_addr { host: "127.9.227.66" port: 37875 } } peers { permanent_uuid: "c89d0377801142caa949458bc1d8e2bc" member_type: VOTER last_known_addr { host: "127.9.227.67" port: 33213 } }
I20260709 14:49:49.055101 11432 raft_consensus.cc:385] T edbe80bbf2c0470b9acff0ea59b9bfa3 P c89d0377801142caa949458bc1d8e2bc [term 0 FOLLOWER]: Consensus starting up: Expiring failure detector timer to make a prompt election more likely
I20260709 14:49:49.055365 11432 raft_consensus.cc:740] T edbe80bbf2c0470b9acff0ea59b9bfa3 P c89d0377801142caa949458bc1d8e2bc [term 0 FOLLOWER]: Becoming Follower/Learner. State: Replica: c89d0377801142caa949458bc1d8e2bc, State: Initialized, Role: FOLLOWER
I20260709 14:49:49.056042 11432 consensus_queue.cc:260] T edbe80bbf2c0470b9acff0ea59b9bfa3 P c89d0377801142caa949458bc1d8e2bc [NON_LEADER]: Queue going to NON_LEADER mode. State: All replicated index: 0, Majority replicated index: 0, Committed index: 0, Last appended: 0.0, Last appended by leader: 0, Current term: 0, Majority size: -1, State: 0, Mode: NON_LEADER, active raft config: opid_index: -1 OBSOLETE_local: false peers { permanent_uuid: "19fb1debfd44468daaaf1eb25c5752a7" member_type: VOTER last_known_addr { host: "127.9.227.65" port: 41261 } } peers { permanent_uuid: "d18a5bcfbda5411aa831cf788ae8a507" member_type: VOTER last_known_addr { host: "127.9.227.66" port: 37875 } } peers { permanent_uuid: "c89d0377801142caa949458bc1d8e2bc" member_type: VOTER last_known_addr { host: "127.9.227.67" port: 33213 } }
I20260709 14:49:49.063244 11432 ts_tablet_manager.cc:1434] T edbe80bbf2c0470b9acff0ea59b9bfa3 P c89d0377801142caa949458bc1d8e2bc: Time spent starting tablet: real 0.036s	user 0.003s	sys 0.002s
I20260709 14:49:49.042665 11389 tablet_service.cc:1917] Received RequestConsensusVote() RPC: tablet_id: "2f1c56c3f2284ca5ac03919856641b2d" candidate_uuid: "d18a5bcfbda5411aa831cf788ae8a507" candidate_term: 1 candidate_status { last_received { term: 0 index: 0 } } ignore_live_leader: false dest_uuid: "c89d0377801142caa949458bc1d8e2bc" is_pre_election: true
I20260709 14:49:49.064834 11432 tablet_bootstrap.cc:492] T 2f1c56c3f2284ca5ac03919856641b2d P c89d0377801142caa949458bc1d8e2bc: Bootstrap starting.
W20260709 14:49:49.069253 11353 outbound_call.cc:321] RPC callback for RPC call kudu.consensus.ConsensusService.UpdateConsensus -> {remote=127.9.227.66:37875, user_credentials={real_user=slave}} blocked reactor thread for 46277.6us
I20260709 14:49:49.071765 11353 leader_election.cc:304] T c1442defea234ec3a290c30b9a7cfc17 P c89d0377801142caa949458bc1d8e2bc [CANDIDATE]: Term 1 election: Election decided. Result: candidate won. Election summary: received 3 responses out of 3 voters: 2 yes votes; 1 no votes. yes voters: c89d0377801142caa949458bc1d8e2bc, d18a5bcfbda5411aa831cf788ae8a507; no voters: 19fb1debfd44468daaaf1eb25c5752a7
I20260709 14:49:49.070314 11619 raft_consensus.cc:2749] T 6905fc6564774153905d32fb9b087e61 P 19fb1debfd44468daaaf1eb25c5752a7 [term 1 FOLLOWER]: Leader pre-election lost for term 2. Reason: could not achieve majority
I20260709 14:49:49.078323 11802 raft_consensus.cc:2804] T c1442defea234ec3a290c30b9a7cfc17 P c89d0377801142caa949458bc1d8e2bc [term 1 FOLLOWER]: Leader election won for term 1
I20260709 14:49:49.080229 11802 raft_consensus.cc:697] T c1442defea234ec3a290c30b9a7cfc17 P c89d0377801142caa949458bc1d8e2bc [term 1 LEADER]: Becoming Leader. State: Replica: c89d0377801142caa949458bc1d8e2bc, State: Running, Role: LEADER
I20260709 14:49:49.082768 11433 tablet_bootstrap.cc:492] T 96a0a0a8986d413a8da138ab8430c9c4 P 19fb1debfd44468daaaf1eb25c5752a7: No bootstrap required, opened a new log
I20260709 14:49:49.083226 11433 ts_tablet_manager.cc:1403] T 96a0a0a8986d413a8da138ab8430c9c4 P 19fb1debfd44468daaaf1eb25c5752a7: Time spent bootstrapping tablet: real 0.115s	user 0.010s	sys 0.000s
I20260709 14:49:49.089473 11430 tablet_bootstrap.cc:654] T 40298e4ad0564220bdd997433c8eeb67 P d18a5bcfbda5411aa831cf788ae8a507: Neither blocks nor log segments found. Creating new log.
I20260709 14:49:49.090454 11432 tablet_bootstrap.cc:654] T 2f1c56c3f2284ca5ac03919856641b2d P c89d0377801142caa949458bc1d8e2bc: Neither blocks nor log segments found. Creating new log.
I20260709 14:49:49.083678 11802 consensus_queue.cc:237] T c1442defea234ec3a290c30b9a7cfc17 P c89d0377801142caa949458bc1d8e2bc [LEADER]: Queue going to LEADER mode. State: All replicated index: 0, Majority replicated index: 0, Committed index: 0, Last appended: 0.0, Last appended by leader: 0, Current term: 1, Majority size: 2, State: 0, Mode: LEADER, active raft config: opid_index: -1 OBSOLETE_local: false peers { permanent_uuid: "19fb1debfd44468daaaf1eb25c5752a7" member_type: VOTER last_known_addr { host: "127.9.227.65" port: 41261 } } peers { permanent_uuid: "d18a5bcfbda5411aa831cf788ae8a507" member_type: VOTER last_known_addr { host: "127.9.227.66" port: 37875 } } peers { permanent_uuid: "c89d0377801142caa949458bc1d8e2bc" member_type: VOTER last_known_addr { host: "127.9.227.67" port: 33213 } }
I20260709 14:49:49.092414 11433 raft_consensus.cc:359] T 96a0a0a8986d413a8da138ab8430c9c4 P 19fb1debfd44468daaaf1eb25c5752a7 [term 0 FOLLOWER]: Replica starting. Triggering 0 pending ops. Active config: opid_index: -1 OBSOLETE_local: false peers { permanent_uuid: "19fb1debfd44468daaaf1eb25c5752a7" member_type: VOTER last_known_addr { host: "127.9.227.65" port: 41261 } } peers { permanent_uuid: "d18a5bcfbda5411aa831cf788ae8a507" member_type: VOTER last_known_addr { host: "127.9.227.66" port: 37875 } } peers { permanent_uuid: "c89d0377801142caa949458bc1d8e2bc" member_type: VOTER last_known_addr { host: "127.9.227.67" port: 33213 } }
I20260709 14:49:49.093012 11433 raft_consensus.cc:385] T 96a0a0a8986d413a8da138ab8430c9c4 P 19fb1debfd44468daaaf1eb25c5752a7 [term 0 FOLLOWER]: Consensus starting up: Expiring failure detector timer to make a prompt election more likely
I20260709 14:49:49.093271 11433 raft_consensus.cc:740] T 96a0a0a8986d413a8da138ab8430c9c4 P 19fb1debfd44468daaaf1eb25c5752a7 [term 0 FOLLOWER]: Becoming Follower/Learner. State: Replica: 19fb1debfd44468daaaf1eb25c5752a7, State: Initialized, Role: FOLLOWER
I20260709 14:49:49.093798 11433 consensus_queue.cc:260] T 96a0a0a8986d413a8da138ab8430c9c4 P 19fb1debfd44468daaaf1eb25c5752a7 [NON_LEADER]: Queue going to NON_LEADER mode. State: All replicated index: 0, Majority replicated index: 0, Committed index: 0, Last appended: 0.0, Last appended by leader: 0, Current term: 0, Majority size: -1, State: 0, Mode: NON_LEADER, active raft config: opid_index: -1 OBSOLETE_local: false peers { permanent_uuid: "19fb1debfd44468daaaf1eb25c5752a7" member_type: VOTER last_known_addr { host: "127.9.227.65" port: 41261 } } peers { permanent_uuid: "d18a5bcfbda5411aa831cf788ae8a507" member_type: VOTER last_known_addr { host: "127.9.227.66" port: 37875 } } peers { permanent_uuid: "c89d0377801142caa949458bc1d8e2bc" member_type: VOTER last_known_addr { host: "127.9.227.67" port: 33213 } }
I20260709 14:49:49.095911 11433 ts_tablet_manager.cc:1434] T 96a0a0a8986d413a8da138ab8430c9c4 P 19fb1debfd44468daaaf1eb25c5752a7: Time spent starting tablet: real 0.012s	user 0.007s	sys 0.000s
I20260709 14:49:49.096710 11433 tablet_bootstrap.cc:492] T ea0b77f07c8944ecb18858fe070f4cda P 19fb1debfd44468daaaf1eb25c5752a7: Bootstrap starting.
W20260709 14:49:49.131126 11204 outbound_call.cc:321] RPC callback for RPC call kudu.consensus.ConsensusService.UpdateConsensus -> {remote=127.9.227.67:33213, user_credentials={real_user=slave}} blocked reactor thread for 74304.6us
