I20260709 14:50:49.676738  1445 catalog_manager.cc:5697] T 157e17bfb81d44e4a92fd4bd34b0f35b P 03efd0fde93d40ffb67507c5b72bf4fd reported cstate change: term changed from 0 to 1, leader changed from <none> to 03efd0fde93d40ffb67507c5b72bf4fd (127.0.107.193). New cstate: current_term: 1 leader_uuid: "03efd0fde93d40ffb67507c5b72bf4fd" committed_config { opid_index: -1 OBSOLETE_local: false peers { permanent_uuid: "03efd0fde93d40ffb67507c5b72bf4fd" member_type: VOTER last_known_addr { host: "127.0.107.193" port: 33657 } health_report { overall_health: HEALTHY } } peers { permanent_uuid: "4fb5e04bda15459f876862e640c0fa20" member_type: VOTER last_known_addr { host: "127.0.107.194" port: 39095 } health_report { overall_health: UNKNOWN } } peers { permanent_uuid: "91d42523aa0d401e883f459a3a79451d" member_type: VOTER last_known_addr { host: "127.0.107.195" port: 45649 } health_report { overall_health: UNKNOWN } } }
I20260709 14:50:49.695803  1740 tablet_bootstrap.cc:492] T 762ce6cbd4954d7382b2fe7c273ad83d P 4fb5e04bda15459f876862e640c0fa20: Bootstrap starting.
I20260709 14:50:49.682243  2062 raft_consensus.cc:515] T 3042aeee8d8148e1ac1a177120c0bf64 P 03efd0fde93d40ffb67507c5b72bf4fd [term 1 FOLLOWER]: Starting leader election with config: opid_index: -1 OBSOLETE_local: false peers { permanent_uuid: "03efd0fde93d40ffb67507c5b72bf4fd" member_type: VOTER last_known_addr { host: "127.0.107.193" port: 33657 } } peers { permanent_uuid: "4fb5e04bda15459f876862e640c0fa20" member_type: VOTER last_known_addr { host: "127.0.107.194" port: 39095 } } peers { permanent_uuid: "91d42523aa0d401e883f459a3a79451d" member_type: VOTER last_known_addr { host: "127.0.107.195" port: 45649 } }
I20260709 14:50:49.707116  1620 raft_consensus.cc:2468] T b115dafe006e40c486604eb8e335191d P 4fb5e04bda15459f876862e640c0fa20 [term 2 FOLLOWER]: Leader election vote request: Granting yes vote for candidate 91d42523aa0d401e883f459a3a79451d in term 2.
I20260709 14:50:49.727550  1618 raft_consensus.cc:2468] T 8b2285c767184c54a4675aac59985a8c P 4fb5e04bda15459f876862e640c0fa20 [term 1 FOLLOWER]: Leader election vote request: Granting yes vote for candidate 91d42523aa0d401e883f459a3a79451d in term 1.
I20260709 14:50:49.730473  1613 tablet_service.cc:1917] Received RequestConsensusVote() RPC: tablet_id: "3042aeee8d8148e1ac1a177120c0bf64" candidate_uuid: "03efd0fde93d40ffb67507c5b72bf4fd" candidate_term: 1 candidate_status { last_received { term: 0 index: 0 } } ignore_live_leader: false dest_uuid: "4fb5e04bda15459f876862e640c0fa20"
I20260709 14:50:49.731169  1613 raft_consensus.cc:3060] T 3042aeee8d8148e1ac1a177120c0bf64 P 4fb5e04bda15459f876862e640c0fa20 [term 0 FOLLOWER]: Advancing to term 1
I20260709 14:50:49.732826  1542 raft_consensus.cc:2468] T b115dafe006e40c486604eb8e335191d P 03efd0fde93d40ffb67507c5b72bf4fd [term 2 FOLLOWER]: Leader election vote request: Granting yes vote for candidate 91d42523aa0d401e883f459a3a79451d in term 2.
I20260709 14:50:49.737231  2062 leader_election.cc:290] T 3042aeee8d8148e1ac1a177120c0bf64 P 03efd0fde93d40ffb67507c5b72bf4fd [CANDIDATE]: Term 1 election: Requested vote from peers 4fb5e04bda15459f876862e640c0fa20 (127.0.107.194:39095), 91d42523aa0d401e883f459a3a79451d (127.0.107.195:45649)
I20260709 14:50:49.738257  1659 leader_election.cc:304] T b115dafe006e40c486604eb8e335191d P 91d42523aa0d401e883f459a3a79451d [CANDIDATE]: Term 2 election: Election decided. Result: candidate won. Election summary: received 2 responses out of 3 voters: 2 yes votes; 0 no votes. yes voters: 4fb5e04bda15459f876862e640c0fa20, 91d42523aa0d401e883f459a3a79451d; no voters: 
I20260709 14:50:49.740093  2021 consensus_queue.cc:1048] T 9303de9bb5c7430783a0d535c1768640 P 4fb5e04bda15459f876862e640c0fa20 [LEADER]: Connected to new peer: Peer: permanent_uuid: "91d42523aa0d401e883f459a3a79451d" member_type: VOTER last_known_addr { host: "127.0.107.195" port: 45649 }, Status: LMP_MISMATCH, Last received: 0.0, Next index: 1, Last known committed idx: 0, Time since last communication: 0.001s
I20260709 14:50:49.742143  1884 raft_consensus.cc:2804] T b115dafe006e40c486604eb8e335191d P 91d42523aa0d401e883f459a3a79451d [term 2 FOLLOWER]: Leader election won for term 2
I20260709 14:50:49.742962  1884 raft_consensus.cc:697] T b115dafe006e40c486604eb8e335191d P 91d42523aa0d401e883f459a3a79451d [term 2 LEADER]: Becoming Leader. State: Replica: 91d42523aa0d401e883f459a3a79451d, State: Running, Role: LEADER
I20260709 14:50:49.743772  1884 consensus_queue.cc:237] T b115dafe006e40c486604eb8e335191d P 91d42523aa0d401e883f459a3a79451d [LEADER]: Queue going to LEADER mode. State: All replicated index: 0, Majority replicated index: 0, Committed index: 0, Last appended: 0.0, Last appended by leader: 0, Current term: 2, Majority size: 2, State: 0, Mode: LEADER, active raft config: opid_index: -1 OBSOLETE_local: false peers { permanent_uuid: "03efd0fde93d40ffb67507c5b72bf4fd" member_type: VOTER last_known_addr { host: "127.0.107.193" port: 33657 } } peers { permanent_uuid: "4fb5e04bda15459f876862e640c0fa20" member_type: VOTER last_known_addr { host: "127.0.107.194" port: 39095 } } peers { permanent_uuid: "91d42523aa0d401e883f459a3a79451d" member_type: VOTER last_known_addr { host: "127.0.107.195" port: 45649 } }
I20260709 14:50:49.755784  1694 tablet_service.cc:1917] Received RequestConsensusVote() RPC: tablet_id: "3042aeee8d8148e1ac1a177120c0bf64" candidate_uuid: "03efd0fde93d40ffb67507c5b72bf4fd" candidate_term: 1 candidate_status { last_received { term: 0 index: 0 } } ignore_live_leader: false dest_uuid: "91d42523aa0d401e883f459a3a79451d"
W20260709 14:50:49.761718  1511 leader_election.cc:343] T 3042aeee8d8148e1ac1a177120c0bf64 P 03efd0fde93d40ffb67507c5b72bf4fd [CANDIDATE]: Term 1 election: Tablet error from VoteRequest() call to peer 91d42523aa0d401e883f459a3a79451d (127.0.107.195:45649): Illegal state: must be running to vote when last-logged opid is not known
I20260709 14:50:49.769093  1445 catalog_manager.cc:5697] T 8b2285c767184c54a4675aac59985a8c P 91d42523aa0d401e883f459a3a79451d reported cstate change: term changed from 0 to 1, leader changed from <none> to 91d42523aa0d401e883f459a3a79451d (127.0.107.195). New cstate: current_term: 1 leader_uuid: "91d42523aa0d401e883f459a3a79451d" committed_config { opid_index: -1 OBSOLETE_local: false peers { permanent_uuid: "03efd0fde93d40ffb67507c5b72bf4fd" member_type: VOTER last_known_addr { host: "127.0.107.193" port: 33657 } health_report { overall_health: UNKNOWN } } peers { permanent_uuid: "4fb5e04bda15459f876862e640c0fa20" member_type: VOTER last_known_addr { host: "127.0.107.194" port: 39095 } health_report { overall_health: UNKNOWN } } peers { permanent_uuid: "91d42523aa0d401e883f459a3a79451d" member_type: VOTER last_known_addr { host: "127.0.107.195" port: 45649 } health_report { overall_health: HEALTHY } } }
I20260709 14:50:49.771019  2070 raft_consensus.cc:515] T 3164327806914b99b1ad12bdb551973e P 4fb5e04bda15459f876862e640c0fa20 [term 1 FOLLOWER]: Starting leader election with config: opid_index: -1 OBSOLETE_local: false peers { permanent_uuid: "03efd0fde93d40ffb67507c5b72bf4fd" member_type: VOTER last_known_addr { host: "127.0.107.193" port: 33657 } } peers { permanent_uuid: "4fb5e04bda15459f876862e640c0fa20" member_type: VOTER last_known_addr { host: "127.0.107.194" port: 39095 } } peers { permanent_uuid: "91d42523aa0d401e883f459a3a79451d" member_type: VOTER last_known_addr { host: "127.0.107.195" port: 45649 } }
I20260709 14:50:49.774080  2070 leader_election.cc:290] T 3164327806914b99b1ad12bdb551973e P 4fb5e04bda15459f876862e640c0fa20 [CANDIDATE]: Term 1 election: Requested vote from peers 03efd0fde93d40ffb67507c5b72bf4fd (127.0.107.193:33657), 91d42523aa0d401e883f459a3a79451d (127.0.107.195:45649)
I20260709 14:50:49.774180  1547 tablet_service.cc:1917] Received RequestConsensusVote() RPC: tablet_id: "3164327806914b99b1ad12bdb551973e" candidate_uuid: "4fb5e04bda15459f876862e640c0fa20" candidate_term: 1 candidate_status { last_received { term: 0 index: 0 } } ignore_live_leader: false dest_uuid: "03efd0fde93d40ffb67507c5b72bf4fd"
W20260709 14:50:49.775853  1588 leader_election.cc:343] T 3164327806914b99b1ad12bdb551973e P 4fb5e04bda15459f876862e640c0fa20 [CANDIDATE]: Term 1 election: Tablet error from VoteRequest() call to peer 03efd0fde93d40ffb67507c5b72bf4fd (127.0.107.193:33657): Illegal state: must be running to vote when last-logged opid is not known
I20260709 14:50:49.777171  1688 tablet_service.cc:1917] Received RequestConsensusVote() RPC: tablet_id: "3164327806914b99b1ad12bdb551973e" candidate_uuid: "4fb5e04bda15459f876862e640c0fa20" candidate_term: 1 candidate_status { last_received { term: 0 index: 0 } } ignore_live_leader: false dest_uuid: "91d42523aa0d401e883f459a3a79451d"
I20260709 14:50:49.778085  1688 raft_consensus.cc:3060] T 3164327806914b99b1ad12bdb551973e P 91d42523aa0d401e883f459a3a79451d [term 0 FOLLOWER]: Advancing to term 1
I20260709 14:50:49.779928  1741 tablet_bootstrap.cc:492] T 57ad82ed48b24d76a56d352ea399cf2e P 03efd0fde93d40ffb67507c5b72bf4fd: No bootstrap required, opened a new log
I20260709 14:50:49.780485  1741 ts_tablet_manager.cc:1403] T 57ad82ed48b24d76a56d352ea399cf2e P 03efd0fde93d40ffb67507c5b72bf4fd: Time spent bootstrapping tablet: real 0.312s	user 0.019s	sys 0.010s
I20260709 14:50:49.779946  1613 raft_consensus.cc:2468] T 3042aeee8d8148e1ac1a177120c0bf64 P 4fb5e04bda15459f876862e640c0fa20 [term 1 FOLLOWER]: Leader election vote request: Granting yes vote for candidate 03efd0fde93d40ffb67507c5b72bf4fd in term 1.
I20260709 14:50:49.785296  1740 tablet_bootstrap.cc:654] T 762ce6cbd4954d7382b2fe7c273ad83d P 4fb5e04bda15459f876862e640c0fa20: Neither blocks nor log segments found. Creating new log.
I20260709 14:50:49.786839  1510 leader_election.cc:304] T 3042aeee8d8148e1ac1a177120c0bf64 P 03efd0fde93d40ffb67507c5b72bf4fd [CANDIDATE]: Term 1 election: Election decided. Result: candidate won. Election summary: received 3 responses out of 3 voters: 2 yes votes; 1 no votes. yes voters: 03efd0fde93d40ffb67507c5b72bf4fd, 4fb5e04bda15459f876862e640c0fa20; no voters: 91d42523aa0d401e883f459a3a79451d
I20260709 14:50:49.786813  1741 raft_consensus.cc:359] T 57ad82ed48b24d76a56d352ea399cf2e P 03efd0fde93d40ffb67507c5b72bf4fd [term 0 FOLLOWER]: Replica starting. Triggering 0 pending ops. Active config: opid_index: -1 OBSOLETE_local: false peers { permanent_uuid: "03efd0fde93d40ffb67507c5b72bf4fd" member_type: VOTER last_known_addr { host: "127.0.107.193" port: 33657 } } peers { permanent_uuid: "4fb5e04bda15459f876862e640c0fa20" member_type: VOTER last_known_addr { host: "127.0.107.194" port: 39095 } } peers { permanent_uuid: "91d42523aa0d401e883f459a3a79451d" member_type: VOTER last_known_addr { host: "127.0.107.195" port: 45649 } }
I20260709 14:50:49.787817  1741 raft_consensus.cc:385] T 57ad82ed48b24d76a56d352ea399cf2e P 03efd0fde93d40ffb67507c5b72bf4fd [term 0 FOLLOWER]: Consensus starting up: Expiring failure detector timer to make a prompt election more likely
I20260709 14:50:49.788261  1741 raft_consensus.cc:740] T 57ad82ed48b24d76a56d352ea399cf2e P 03efd0fde93d40ffb67507c5b72bf4fd [term 0 FOLLOWER]: Becoming Follower/Learner. State: Replica: 03efd0fde93d40ffb67507c5b72bf4fd, State: Initialized, Role: FOLLOWER
I20260709 14:50:49.788300  2067 consensus_queue.cc:1048] T 31571c2310f14ad3af31cf29af5b037f P 4fb5e04bda15459f876862e640c0fa20 [LEADER]: Connected to new peer: Peer: permanent_uuid: "91d42523aa0d401e883f459a3a79451d" member_type: VOTER last_known_addr { host: "127.0.107.195" port: 45649 }, Status: LMP_MISMATCH, Last received: 0.0, Next index: 1, Last known committed idx: 0, Time since last communication: 0.000s
I20260709 14:50:49.788559  2062 raft_consensus.cc:2804] T 3042aeee8d8148e1ac1a177120c0bf64 P 03efd0fde93d40ffb67507c5b72bf4fd [term 1 FOLLOWER]: Leader election won for term 1
I20260709 14:50:49.789398  2062 raft_consensus.cc:697] T 3042aeee8d8148e1ac1a177120c0bf64 P 03efd0fde93d40ffb67507c5b72bf4fd [term 1 LEADER]: Becoming Leader. State: Replica: 03efd0fde93d40ffb67507c5b72bf4fd, State: Running, Role: LEADER
I20260709 14:50:49.789266  1741 consensus_queue.cc:260] T 57ad82ed48b24d76a56d352ea399cf2e P 03efd0fde93d40ffb67507c5b72bf4fd [NON_LEADER]: Queue going to NON_LEADER mode. State: All replicated index: 0, Majority replicated index: 0, Committed index: 0, Last appended: 0.0, Last appended by leader: 0, Current term: 0, Majority size: -1, State: 0, Mode: NON_LEADER, active raft config: opid_index: -1 OBSOLETE_local: false peers { permanent_uuid: "03efd0fde93d40ffb67507c5b72bf4fd" member_type: VOTER last_known_addr { host: "127.0.107.193" port: 33657 } } peers { permanent_uuid: "4fb5e04bda15459f876862e640c0fa20" member_type: VOTER last_known_addr { host: "127.0.107.194" port: 39095 } } peers { permanent_uuid: "91d42523aa0d401e883f459a3a79451d" member_type: VOTER last_known_addr { host: "127.0.107.195" port: 45649 } }
I20260709 14:50:49.790294  2062 consensus_queue.cc:237] T 3042aeee8d8148e1ac1a177120c0bf64 P 03efd0fde93d40ffb67507c5b72bf4fd [LEADER]: Queue going to LEADER mode. State: All replicated index: 0, Majority replicated index: 0, Committed index: 0, Last appended: 0.0, Last appended by leader: 0, Current term: 1, Majority size: 2, State: 0, Mode: LEADER, active raft config: opid_index: -1 OBSOLETE_local: false peers { permanent_uuid: "03efd0fde93d40ffb67507c5b72bf4fd" member_type: VOTER last_known_addr { host: "127.0.107.193" port: 33657 } } peers { permanent_uuid: "4fb5e04bda15459f876862e640c0fa20" member_type: VOTER last_known_addr { host: "127.0.107.194" port: 39095 } } peers { permanent_uuid: "91d42523aa0d401e883f459a3a79451d" member_type: VOTER last_known_addr { host: "127.0.107.195" port: 45649 } }
I20260709 14:50:49.791600  1741 ts_tablet_manager.cc:1434] T 57ad82ed48b24d76a56d352ea399cf2e P 03efd0fde93d40ffb67507c5b72bf4fd: Time spent starting tablet: real 0.011s	user 0.008s	sys 0.000s
I20260709 14:50:49.799654  1740 tablet_bootstrap.cc:492] T 762ce6cbd4954d7382b2fe7c273ad83d P 4fb5e04bda15459f876862e640c0fa20: No bootstrap required, opened a new log
I20260709 14:50:49.800200  1740 ts_tablet_manager.cc:1403] T 762ce6cbd4954d7382b2fe7c273ad83d P 4fb5e04bda15459f876862e640c0fa20: Time spent bootstrapping tablet: real 0.117s	user 0.010s	sys 0.005s
I20260709 14:50:49.803877  1741 tablet_bootstrap.cc:492] T ff0b8ce629e7421cb78ca532dec34ce5 P 03efd0fde93d40ffb67507c5b72bf4fd: Bootstrap starting.
I20260709 14:50:49.805299  1739 tablet_bootstrap.cc:654] T f34cd32d1f404068b97cbe0694ec683a P 91d42523aa0d401e883f459a3a79451d: Neither blocks nor log segments found. Creating new log.
I20260709 14:50:49.807010  1876 consensus_queue.cc:1048] T 31571c2310f14ad3af31cf29af5b037f P 4fb5e04bda15459f876862e640c0fa20 [LEADER]: Connected to new peer: Peer: permanent_uuid: "03efd0fde93d40ffb67507c5b72bf4fd" member_type: VOTER last_known_addr { host: "127.0.107.193" port: 33657 }, Status: LMP_MISMATCH, Last received: 0.0, Next index: 1, Last known committed idx: 0, Time since last communication: 0.000s
I20260709 14:50:49.809180  1688 raft_consensus.cc:2468] T 3164327806914b99b1ad12bdb551973e P 91d42523aa0d401e883f459a3a79451d [term 1 FOLLOWER]: Leader election vote request: Granting yes vote for candidate 4fb5e04bda15459f876862e640c0fa20 in term 1.
I20260709 14:50:49.812718  1740 raft_consensus.cc:359] T 762ce6cbd4954d7382b2fe7c273ad83d P 4fb5e04bda15459f876862e640c0fa20 [term 0 FOLLOWER]: Replica starting. Triggering 0 pending ops. Active config: opid_index: -1 OBSOLETE_local: false peers { permanent_uuid: "03efd0fde93d40ffb67507c5b72bf4fd" member_type: VOTER last_known_addr { host: "127.0.107.193" port: 33657 } } peers { permanent_uuid: "4fb5e04bda15459f876862e640c0fa20" member_type: VOTER last_known_addr { host: "127.0.107.194" port: 39095 } } peers { permanent_uuid: "91d42523aa0d401e883f459a3a79451d" member_type: VOTER last_known_addr { host: "127.0.107.195" port: 45649 } }
I20260709 14:50:49.813508  1740 raft_consensus.cc:385] T 762ce6cbd4954d7382b2fe7c273ad83d P 4fb5e04bda15459f876862e640c0fa20 [term 0 FOLLOWER]: Consensus starting up: Expiring failure detector timer to make a prompt election more likely
I20260709 14:50:49.813795  1740 raft_consensus.cc:740] T 762ce6cbd4954d7382b2fe7c273ad83d P 4fb5e04bda15459f876862e640c0fa20 [term 0 FOLLOWER]: Becoming Follower/Learner. State: Replica: 4fb5e04bda15459f876862e640c0fa20, State: Initialized, Role: FOLLOWER
I20260709 14:50:49.814481  1740 consensus_queue.cc:260] T 762ce6cbd4954d7382b2fe7c273ad83d P 4fb5e04bda15459f876862e640c0fa20 [NON_LEADER]: Queue going to NON_LEADER mode. State: All replicated index: 0, Majority replicated index: 0, Committed index: 0, Last appended: 0.0, Last appended by leader: 0, Current term: 0, Majority size: -1, State: 0, Mode: NON_LEADER, active raft config: opid_index: -1 OBSOLETE_local: false peers { permanent_uuid: "03efd0fde93d40ffb67507c5b72bf4fd" member_type: VOTER last_known_addr { host: "127.0.107.193" port: 33657 } } peers { permanent_uuid: "4fb5e04bda15459f876862e640c0fa20" member_type: VOTER last_known_addr { host: "127.0.107.194" port: 39095 } } peers { permanent_uuid: "91d42523aa0d401e883f459a3a79451d" member_type: VOTER last_known_addr { host: "127.0.107.195" port: 45649 } }
I20260709 14:50:49.815999  1741 tablet_bootstrap.cc:654] T ff0b8ce629e7421cb78ca532dec34ce5 P 03efd0fde93d40ffb67507c5b72bf4fd: Neither blocks nor log segments found. Creating new log.
I20260709 14:50:49.816699  1586 leader_election.cc:304] T 3164327806914b99b1ad12bdb551973e P 4fb5e04bda15459f876862e640c0fa20 [CANDIDATE]: Term 1 election: Election decided. Result: candidate won. Election summary: received 3 responses out of 3 voters: 2 yes votes; 1 no votes. yes voters: 4fb5e04bda15459f876862e640c0fa20, 91d42523aa0d401e883f459a3a79451d; no voters: 03efd0fde93d40ffb67507c5b72bf4fd
I20260709 14:50:49.817709  2021 raft_consensus.cc:2804] T 3164327806914b99b1ad12bdb551973e P 4fb5e04bda15459f876862e640c0fa20 [term 1 FOLLOWER]: Leader election won for term 1
I20260709 14:50:49.818186  2021 raft_consensus.cc:697] T 3164327806914b99b1ad12bdb551973e P 4fb5e04bda15459f876862e640c0fa20 [term 1 LEADER]: Becoming Leader. State: Replica: 4fb5e04bda15459f876862e640c0fa20, State: Running, Role: LEADER
I20260709 14:50:49.818982  2021 consensus_queue.cc:237] T 3164327806914b99b1ad12bdb551973e P 4fb5e04bda15459f876862e640c0fa20 [LEADER]: Queue going to LEADER mode. State: All replicated index: 0, Majority replicated index: 0, Committed index: 0, Last appended: 0.0, Last appended by leader: 0, Current term: 1, Majority size: 2, State: 0, Mode: LEADER, active raft config: opid_index: -1 OBSOLETE_local: false peers { permanent_uuid: "03efd0fde93d40ffb67507c5b72bf4fd" member_type: VOTER last_known_addr { host: "127.0.107.193" port: 33657 } } peers { permanent_uuid: "4fb5e04bda15459f876862e640c0fa20" member_type: VOTER last_known_addr { host: "127.0.107.194" port: 39095 } } peers { permanent_uuid: "91d42523aa0d401e883f459a3a79451d" member_type: VOTER last_known_addr { host: "127.0.107.195" port: 45649 } }
I20260709 14:50:49.816054  1740 ts_tablet_manager.cc:1434] T 762ce6cbd4954d7382b2fe7c273ad83d P 4fb5e04bda15459f876862e640c0fa20: Time spent starting tablet: real 0.015s	user 0.007s	sys 0.000s
I20260709 14:50:49.821130  1740 tablet_bootstrap.cc:492] T d6997d7c34f340dbac27719d803fffbc P 4fb5e04bda15459f876862e640c0fa20: Bootstrap starting.
I20260709 14:50:49.829624  1876 raft_consensus.cc:493] T c50a7e3ab09c45aca7d90bf1565ca5af P 4fb5e04bda15459f876862e640c0fa20 [term 0 FOLLOWER]: Starting pre-election (no leader contacted us within the election timeout)
I20260709 14:50:49.830211  1876 raft_consensus.cc:515] T c50a7e3ab09c45aca7d90bf1565ca5af P 4fb5e04bda15459f876862e640c0fa20 [term 0 FOLLOWER]: Starting pre-election with config: opid_index: -1 OBSOLETE_local: false peers { permanent_uuid: "03efd0fde93d40ffb67507c5b72bf4fd" member_type: VOTER last_known_addr { host: "127.0.107.193" port: 33657 } } peers { permanent_uuid: "4fb5e04bda15459f876862e640c0fa20" member_type: VOTER last_known_addr { host: "127.0.107.194" port: 39095 } } peers { permanent_uuid: "91d42523aa0d401e883f459a3a79451d" member_type: VOTER last_known_addr { host: "127.0.107.195" port: 45649 } }
I20260709 14:50:49.831167  1740 tablet_bootstrap.cc:654] T d6997d7c34f340dbac27719d803fffbc P 4fb5e04bda15459f876862e640c0fa20: Neither blocks nor log segments found. Creating new log.
I20260709 14:50:49.833519  1876 leader_election.cc:290] T c50a7e3ab09c45aca7d90bf1565ca5af P 4fb5e04bda15459f876862e640c0fa20 [CANDIDATE]: Term 1 pre-election: Requested pre-vote from peers 03efd0fde93d40ffb67507c5b72bf4fd (127.0.107.193:33657), 91d42523aa0d401e883f459a3a79451d (127.0.107.195:45649)
I20260709 14:50:49.836043  1688 tablet_service.cc:1917] Received RequestConsensusVote() RPC: tablet_id: "c50a7e3ab09c45aca7d90bf1565ca5af" candidate_uuid: "4fb5e04bda15459f876862e640c0fa20" candidate_term: 1 candidate_status { last_received { term: 0 index: 0 } } ignore_live_leader: false dest_uuid: "91d42523aa0d401e883f459a3a79451d" is_pre_election: true
I20260709 14:50:49.838650  1876 raft_consensus.cc:493] T 762ce6cbd4954d7382b2fe7c273ad83d P 4fb5e04bda15459f876862e640c0fa20 [term 0 FOLLOWER]: Starting pre-election (no leader contacted us within the election timeout)
W20260709 14:50:49.838901  1586 leader_election.cc:343] T c50a7e3ab09c45aca7d90bf1565ca5af P 4fb5e04bda15459f876862e640c0fa20 [CANDIDATE]: Term 1 pre-election: Tablet error from VoteRequest() call to peer 91d42523aa0d401e883f459a3a79451d (127.0.107.195:45649): Illegal state: must be running to vote when last-logged opid is not known
I20260709 14:50:49.841274  1542 tablet_service.cc:1917] Received RequestConsensusVote() RPC: tablet_id: "c50a7e3ab09c45aca7d90bf1565ca5af" candidate_uuid: "4fb5e04bda15459f876862e640c0fa20" candidate_term: 1 candidate_status { last_received { term: 0 index: 0 } } ignore_live_leader: false dest_uuid: "03efd0fde93d40ffb67507c5b72bf4fd" is_pre_election: true
I20260709 14:50:49.839434  1876 raft_consensus.cc:515] T 762ce6cbd4954d7382b2fe7c273ad83d P 4fb5e04bda15459f876862e640c0fa20 [term 0 FOLLOWER]: Starting pre-election with config: opid_index: -1 OBSOLETE_local: false peers { permanent_uuid: "03efd0fde93d40ffb67507c5b72bf4fd" member_type: VOTER last_known_addr { host: "127.0.107.193" port: 33657 } } peers { permanent_uuid: "4fb5e04bda15459f876862e640c0fa20" member_type: VOTER last_known_addr { host: "127.0.107.194" port: 39095 } } peers { permanent_uuid: "91d42523aa0d401e883f459a3a79451d" member_type: VOTER last_known_addr { host: "127.0.107.195" port: 45649 } }
I20260709 14:50:49.847788  1741 tablet_bootstrap.cc:492] T ff0b8ce629e7421cb78ca532dec34ce5 P 03efd0fde93d40ffb67507c5b72bf4fd: No bootstrap required, opened a new log
I20260709 14:50:49.848570  1741 ts_tablet_manager.cc:1403] T ff0b8ce629e7421cb78ca532dec34ce5 P 03efd0fde93d40ffb67507c5b72bf4fd: Time spent bootstrapping tablet: real 0.045s	user 0.014s	sys 0.007s
I20260709 14:50:49.853724  1741 raft_consensus.cc:359] T ff0b8ce629e7421cb78ca532dec34ce5 P 03efd0fde93d40ffb67507c5b72bf4fd [term 0 FOLLOWER]: Replica starting. Triggering 0 pending ops. Active config: opid_index: -1 OBSOLETE_local: false peers { permanent_uuid: "03efd0fde93d40ffb67507c5b72bf4fd" member_type: VOTER last_known_addr { host: "127.0.107.193" port: 33657 } } peers { permanent_uuid: "4fb5e04bda15459f876862e640c0fa20" member_type: VOTER last_known_addr { host: "127.0.107.194" port: 39095 } } peers { permanent_uuid: "91d42523aa0d401e883f459a3a79451d" member_type: VOTER last_known_addr { host: "127.0.107.195" port: 45649 } }
I20260709 14:50:49.854617  1741 raft_consensus.cc:385] T ff0b8ce629e7421cb78ca532dec34ce5 P 03efd0fde93d40ffb67507c5b72bf4fd [term 0 FOLLOWER]: Consensus starting up: Expiring failure detector timer to make a prompt election more likely
I20260709 14:50:49.854935  1741 raft_consensus.cc:740] T ff0b8ce629e7421cb78ca532dec34ce5 P 03efd0fde93d40ffb67507c5b72bf4fd [term 0 FOLLOWER]: Becoming Follower/Learner. State: Replica: 03efd0fde93d40ffb67507c5b72bf4fd, State: Initialized, Role: FOLLOWER
I20260709 14:50:49.855646  1741 consensus_queue.cc:260] T ff0b8ce629e7421cb78ca532dec34ce5 P 03efd0fde93d40ffb67507c5b72bf4fd [NON_LEADER]: Queue going to NON_LEADER mode. State: All replicated index: 0, Majority replicated index: 0, Committed index: 0, Last appended: 0.0, Last appended by leader: 0, Current term: 0, Majority size: -1, State: 0, Mode: NON_LEADER, active raft config: opid_index: -1 OBSOLETE_local: false peers { permanent_uuid: "03efd0fde93d40ffb67507c5b72bf4fd" member_type: VOTER last_known_addr { host: "127.0.107.193" port: 33657 } } peers { permanent_uuid: "4fb5e04bda15459f876862e640c0fa20" member_type: VOTER last_known_addr { host: "127.0.107.194" port: 39095 } } peers { permanent_uuid: "91d42523aa0d401e883f459a3a79451d" member_type: VOTER last_known_addr { host: "127.0.107.195" port: 45649 } }
I20260709 14:50:49.858073  1739 tablet_bootstrap.cc:492] T f34cd32d1f404068b97cbe0694ec683a P 91d42523aa0d401e883f459a3a79451d: No bootstrap required, opened a new log
I20260709 14:50:49.858649  1739 ts_tablet_manager.cc:1403] T f34cd32d1f404068b97cbe0694ec683a P 91d42523aa0d401e883f459a3a79451d: Time spent bootstrapping tablet: real 0.195s	user 0.016s	sys 0.012s
W20260709 14:50:49.859114  1588 leader_election.cc:343] T c50a7e3ab09c45aca7d90bf1565ca5af P 4fb5e04bda15459f876862e640c0fa20 [CANDIDATE]: Term 1 pre-election: Tablet error from VoteRequest() call to peer 03efd0fde93d40ffb67507c5b72bf4fd (127.0.107.193:33657): Illegal state: must be running to vote when last-logged opid is not known
I20260709 14:50:49.859730  1588 leader_election.cc:304] T c50a7e3ab09c45aca7d90bf1565ca5af P 4fb5e04bda15459f876862e640c0fa20 [CANDIDATE]: Term 1 pre-election: Election decided. Result: candidate lost. Election summary: received 3 responses out of 3 voters: 1 yes votes; 2 no votes. yes voters: 4fb5e04bda15459f876862e640c0fa20; no voters: 03efd0fde93d40ffb67507c5b72bf4fd, 91d42523aa0d401e883f459a3a79451d
I20260709 14:50:49.861683  2070 raft_consensus.cc:2749] T c50a7e3ab09c45aca7d90bf1565ca5af P 4fb5e04bda15459f876862e640c0fa20 [term 0 FOLLOWER]: Leader pre-election lost for term 1. Reason: could not achieve majority
I20260709 14:50:49.863694  1741 ts_tablet_manager.cc:1434] T ff0b8ce629e7421cb78ca532dec34ce5 P 03efd0fde93d40ffb67507c5b72bf4fd: Time spent starting tablet: real 0.015s	user 0.007s	sys 0.000s
I20260709 14:50:49.858006  1542 tablet_service.cc:1917] Received RequestConsensusVote() RPC: tablet_id: "762ce6cbd4954d7382b2fe7c273ad83d" candidate_uuid: "4fb5e04bda15459f876862e640c0fa20" candidate_term: 1 candidate_status { last_received { term: 0 index: 0 } } ignore_live_leader: false dest_uuid: "03efd0fde93d40ffb67507c5b72bf4fd" is_pre_election: true
I20260709 14:50:49.864861  1741 tablet_bootstrap.cc:492] T d6997d7c34f340dbac27719d803fffbc P 03efd0fde93d40ffb67507c5b72bf4fd: Bootstrap starting.
I20260709 14:50:49.867755  1739 raft_consensus.cc:359] T f34cd32d1f404068b97cbe0694ec683a P 91d42523aa0d401e883f459a3a79451d [term 0 FOLLOWER]: Replica starting. Triggering 0 pending ops. Active config: opid_index: -1 OBSOLETE_local: false peers { permanent_uuid: "03efd0fde93d40ffb67507c5b72bf4fd" member_type: VOTER last_known_addr { host: "127.0.107.193" port: 33657 } } peers { permanent_uuid: "4fb5e04bda15459f876862e640c0fa20" member_type: VOTER last_known_addr { host: "127.0.107.194" port: 39095 } } peers { permanent_uuid: "91d42523aa0d401e883f459a3a79451d" member_type: VOTER last_known_addr { host: "127.0.107.195" port: 45649 } }
I20260709 14:50:49.868523  1739 raft_consensus.cc:385] T f34cd32d1f404068b97cbe0694ec683a P 91d42523aa0d401e883f459a3a79451d [term 0 FOLLOWER]: Consensus starting up: Expiring failure detector timer to make a prompt election more likely
I20260709 14:50:49.868793  1739 raft_consensus.cc:740] T f34cd32d1f404068b97cbe0694ec683a P 91d42523aa0d401e883f459a3a79451d [term 0 FOLLOWER]: Becoming Follower/Learner. State: Replica: 91d42523aa0d401e883f459a3a79451d, State: Initialized, Role: FOLLOWER
I20260709 14:50:49.869438  1739 consensus_queue.cc:260] T f34cd32d1f404068b97cbe0694ec683a P 91d42523aa0d401e883f459a3a79451d [NON_LEADER]: Queue going to NON_LEADER mode. State: All replicated index: 0, Majority replicated index: 0, Committed index: 0, Last appended: 0.0, Last appended by leader: 0, Current term: 0, Majority size: -1, State: 0, Mode: NON_LEADER, active raft config: opid_index: -1 OBSOLETE_local: false peers { permanent_uuid: "03efd0fde93d40ffb67507c5b72bf4fd" member_type: VOTER last_known_addr { host: "127.0.107.193" port: 33657 } } peers { permanent_uuid: "4fb5e04bda15459f876862e640c0fa20" member_type: VOTER last_known_addr { host: "127.0.107.194" port: 39095 } } peers { permanent_uuid: "91d42523aa0d401e883f459a3a79451d" member_type: VOTER last_known_addr { host: "127.0.107.195" port: 45649 } }
W20260709 14:50:49.870118  1588 leader_election.cc:343] T 762ce6cbd4954d7382b2fe7c273ad83d P 4fb5e04bda15459f876862e640c0fa20 [CANDIDATE]: Term 1 pre-election: Tablet error from VoteRequest() call to peer 03efd0fde93d40ffb67507c5b72bf4fd (127.0.107.193:33657): Illegal state: must be running to vote when last-logged opid is not known
I20260709 14:50:49.871196  1876 leader_election.cc:290] T 762ce6cbd4954d7382b2fe7c273ad83d P 4fb5e04bda15459f876862e640c0fa20 [CANDIDATE]: Term 1 pre-election: Requested pre-vote from peers 03efd0fde93d40ffb67507c5b72bf4fd (127.0.107.193:33657), 91d42523aa0d401e883f459a3a79451d (127.0.107.195:45649)
I20260709 14:50:49.871798  1739 ts_tablet_manager.cc:1434] T f34cd32d1f404068b97cbe0694ec683a P 91d42523aa0d401e883f459a3a79451d: Time spent starting tablet: real 0.013s	user 0.006s	sys 0.001s
I20260709 14:50:49.872977  1739 tablet_bootstrap.cc:492] T 630df048b8e846439ae0c99da8f2621d P 91d42523aa0d401e883f459a3a79451d: Bootstrap starting.
I20260709 14:50:49.873420  1445 catalog_manager.cc:5697] T b115dafe006e40c486604eb8e335191d P 91d42523aa0d401e883f459a3a79451d reported cstate change: term changed from 0 to 2, leader changed from <none> to 91d42523aa0d401e883f459a3a79451d (127.0.107.195). New cstate: current_term: 2 leader_uuid: "91d42523aa0d401e883f459a3a79451d" committed_config { opid_index: -1 OBSOLETE_local: false peers { permanent_uuid: "03efd0fde93d40ffb67507c5b72bf4fd" member_type: VOTER last_known_addr { host: "127.0.107.193" port: 33657 } health_report { overall_health: UNKNOWN } } peers { permanent_uuid: "4fb5e04bda15459f876862e640c0fa20" member_type: VOTER last_known_addr { host: "127.0.107.194" port: 39095 } health_report { overall_health: UNKNOWN } } peers { permanent_uuid: "91d42523aa0d401e883f459a3a79451d" member_type: VOTER last_known_addr { host: "127.0.107.195" port: 45649 } health_report { overall_health: HEALTHY } } }
I20260709 14:50:49.874390  1688 tablet_service.cc:1917] Received RequestConsensusVote() RPC: tablet_id: "762ce6cbd4954d7382b2fe7c273ad83d" candidate_uuid: "4fb5e04bda15459f876862e640c0fa20" candidate_term: 1 candidate_status { last_received { term: 0 index: 0 } } ignore_live_leader: false dest_uuid: "91d42523aa0d401e883f459a3a79451d" is_pre_election: true
W20260709 14:50:49.878690  1586 leader_election.cc:343] T 762ce6cbd4954d7382b2fe7c273ad83d P 4fb5e04bda15459f876862e640c0fa20 [CANDIDATE]: Term 1 pre-election: Tablet error from VoteRequest() call to peer 91d42523aa0d401e883f459a3a79451d (127.0.107.195:45649): Illegal state: must be running to vote when last-logged opid is not known
I20260709 14:50:49.879196  1586 leader_election.cc:304] T 762ce6cbd4954d7382b2fe7c273ad83d P 4fb5e04bda15459f876862e640c0fa20 [CANDIDATE]: Term 1 pre-election: Election decided. Result: candidate lost. Election summary: received 3 responses out of 3 voters: 1 yes votes; 2 no votes. yes voters: 4fb5e04bda15459f876862e640c0fa20; no voters: 03efd0fde93d40ffb67507c5b72bf4fd, 91d42523aa0d401e883f459a3a79451d
I20260709 14:50:49.882005  1739 tablet_bootstrap.cc:654] T 630df048b8e846439ae0c99da8f2621d P 91d42523aa0d401e883f459a3a79451d: Neither blocks nor log segments found. Creating new log.
I20260709 14:50:49.891834  1542 raft_consensus.cc:1275] T 306eaba2b9334798b2d3991e6230875a P 03efd0fde93d40ffb67507c5b72bf4fd [term 2 FOLLOWER]: Refusing update from remote peer 91d42523aa0d401e883f459a3a79451d: Log matching property violated. Preceding OpId in replica: term: 1 index: 1. Preceding OpId from leader: term: 2 index: 1. (term mismatch)
I20260709 14:50:49.891856  1741 tablet_bootstrap.cc:654] T d6997d7c34f340dbac27719d803fffbc P 03efd0fde93d40ffb67507c5b72bf4fd: Neither blocks nor log segments found. Creating new log.
I20260709 14:50:49.892359  1542 pending_rounds.cc:85] T 306eaba2b9334798b2d3991e6230875a P 03efd0fde93d40ffb67507c5b72bf4fd: Aborting all ops after (but not including) 0
I20260709 14:50:49.892949  1542 pending_rounds.cc:107] T 306eaba2b9334798b2d3991e6230875a P 03efd0fde93d40ffb67507c5b72bf4fd: Aborting uncommitted NO_OP operation due to leader change: 1.1
I20260709 14:50:49.893316  1542 raft_consensus.cc:2889] T 306eaba2b9334798b2d3991e6230875a P 03efd0fde93d40ffb67507c5b72bf4fd [term 2 FOLLOWER]: NO_OP replication failed: Aborted: Op aborted by new leader
I20260709 14:50:49.896160  1876 raft_consensus.cc:2749] T 762ce6cbd4954d7382b2fe7c273ad83d P 4fb5e04bda15459f876862e640c0fa20 [term 0 FOLLOWER]: Leader pre-election lost for term 1. Reason: could not achieve majority
I20260709 14:50:49.913255  1884 consensus_queue.cc:1048] T 306eaba2b9334798b2d3991e6230875a P 91d42523aa0d401e883f459a3a79451d [LEADER]: Connected to new peer: Peer: permanent_uuid: "03efd0fde93d40ffb67507c5b72bf4fd" member_type: VOTER last_known_addr { host: "127.0.107.193" port: 33657 }, Status: LMP_MISMATCH, Last received: 0.0, Next index: 1, Last known committed idx: 0, Time since last communication: 0.001s
I20260709 14:50:49.949190  2069 raft_consensus.cc:493] T f34cd32d1f404068b97cbe0694ec683a P 91d42523aa0d401e883f459a3a79451d [term 0 FOLLOWER]: Starting pre-election (no leader contacted us within the election timeout)
I20260709 14:50:49.949553  1739 tablet_bootstrap.cc:492] T 630df048b8e846439ae0c99da8f2621d P 91d42523aa0d401e883f459a3a79451d: No bootstrap required, opened a new log
I20260709 14:50:49.950286  1739 ts_tablet_manager.cc:1403] T 630df048b8e846439ae0c99da8f2621d P 91d42523aa0d401e883f459a3a79451d: Time spent bootstrapping tablet: real 0.078s	user 0.020s	sys 0.016s
I20260709 14:50:49.949721  2069 raft_consensus.cc:515] T f34cd32d1f404068b97cbe0694ec683a P 91d42523aa0d401e883f459a3a79451d [term 0 FOLLOWER]: Starting pre-election with config: opid_index: -1 OBSOLETE_local: false peers { permanent_uuid: "03efd0fde93d40ffb67507c5b72bf4fd" member_type: VOTER last_known_addr { host: "127.0.107.193" port: 33657 } } peers { permanent_uuid: "4fb5e04bda15459f876862e640c0fa20" member_type: VOTER last_known_addr { host: "127.0.107.194" port: 39095 } } peers { permanent_uuid: "91d42523aa0d401e883f459a3a79451d" member_type: VOTER last_known_addr { host: "127.0.107.195" port: 45649 } }
I20260709 14:50:49.954149  2069 leader_election.cc:290] T f34cd32d1f404068b97cbe0694ec683a P 91d42523aa0d401e883f459a3a79451d [CANDIDATE]: Term 1 pre-election: Requested pre-vote from peers 03efd0fde93d40ffb67507c5b72bf4fd (127.0.107.193:33657), 4fb5e04bda15459f876862e640c0fa20 (127.0.107.194:39095)
I20260709 14:50:49.959993  1543 tablet_service.cc:1917] Received RequestConsensusVote() RPC: tablet_id: "f34cd32d1f404068b97cbe0694ec683a" candidate_uuid: "91d42523aa0d401e883f459a3a79451d" candidate_term: 1 candidate_status { last_received { term: 0 index: 0 } } ignore_live_leader: false dest_uuid: "03efd0fde93d40ffb67507c5b72bf4fd" is_pre_election: true
W20260709 14:50:49.963433  1662 leader_election.cc:343] T f34cd32d1f404068b97cbe0694ec683a P 91d42523aa0d401e883f459a3a79451d [CANDIDATE]: Term 1 pre-election: Tablet error from VoteRequest() call to peer 03efd0fde93d40ffb67507c5b72bf4fd (127.0.107.193:33657): Illegal state: must be running to vote when last-logged opid is not known
I20260709 14:50:49.964049  1613 tablet_service.cc:1917] Received RequestConsensusVote() RPC: tablet_id: "f34cd32d1f404068b97cbe0694ec683a" candidate_uuid: "91d42523aa0d401e883f459a3a79451d" candidate_term: 1 candidate_status { last_received { term: 0 index: 0 } } ignore_live_leader: false dest_uuid: "4fb5e04bda15459f876862e640c0fa20" is_pre_election: true
I20260709 14:50:49.964704  1613 raft_consensus.cc:2468] T f34cd32d1f404068b97cbe0694ec683a P 4fb5e04bda15459f876862e640c0fa20 [term 0 FOLLOWER]: Leader pre-election vote request: Granting yes vote for candidate 91d42523aa0d401e883f459a3a79451d in term 0.
I20260709 14:50:49.965903  1659 leader_election.cc:304] T f34cd32d1f404068b97cbe0694ec683a P 91d42523aa0d401e883f459a3a79451d [CANDIDATE]: Term 1 pre-election: Election decided. Result: candidate won. Election summary: received 3 responses out of 3 voters: 2 yes votes; 1 no votes. yes voters: 4fb5e04bda15459f876862e640c0fa20, 91d42523aa0d401e883f459a3a79451d; no voters: 03efd0fde93d40ffb67507c5b72bf4fd
I20260709 14:50:49.966914  1884 raft_consensus.cc:2804] T f34cd32d1f404068b97cbe0694ec683a P 91d42523aa0d401e883f459a3a79451d [term 0 FOLLOWER]: Leader pre-election won for term 1
I20260709 14:50:49.966046  1442 catalog_manager.cc:5697] T 3164327806914b99b1ad12bdb551973e P 4fb5e04bda15459f876862e640c0fa20 reported cstate change: term changed from 0 to 1, leader changed from <none> to 4fb5e04bda15459f876862e640c0fa20 (127.0.107.194). New cstate: current_term: 1 leader_uuid: "4fb5e04bda15459f876862e640c0fa20" committed_config { opid_index: -1 OBSOLETE_local: false peers { permanent_uuid: "03efd0fde93d40ffb67507c5b72bf4fd" member_type: VOTER last_known_addr { host: "127.0.107.193" port: 33657 } health_report { overall_health: UNKNOWN } } peers { permanent_uuid: "4fb5e04bda15459f876862e640c0fa20" member_type: VOTER last_known_addr { host: "127.0.107.194" port: 39095 } health_report { overall_health: HEALTHY } } peers { permanent_uuid: "91d42523aa0d401e883f459a3a79451d" member_type: VOTER last_known_addr { host: "127.0.107.195" port: 45649 } health_report { overall_health: UNKNOWN } } }
I20260709 14:50:49.967299  1884 raft_consensus.cc:493] T f34cd32d1f404068b97cbe0694ec683a P 91d42523aa0d401e883f459a3a79451d [term 0 FOLLOWER]: Starting leader election (no leader contacted us within the election timeout)
I20260709 14:50:49.972594  1884 raft_consensus.cc:3060] T f34cd32d1f404068b97cbe0694ec683a P 91d42523aa0d401e883f459a3a79451d [term 0 FOLLOWER]: Advancing to term 1
I20260709 14:50:49.977736  2062 raft_consensus.cc:493] T ff0b8ce629e7421cb78ca532dec34ce5 P 03efd0fde93d40ffb67507c5b72bf4fd [term 0 FOLLOWER]: Starting pre-election (no leader contacted us within the election timeout)
I20260709 14:50:49.978610  2062 raft_consensus.cc:515] T ff0b8ce629e7421cb78ca532dec34ce5 P 03efd0fde93d40ffb67507c5b72bf4fd [term 0 FOLLOWER]: Starting pre-election with config: opid_index: -1 OBSOLETE_local: false peers { permanent_uuid: "03efd0fde93d40ffb67507c5b72bf4fd" member_type: VOTER last_known_addr { host: "127.0.107.193" port: 33657 } } peers { permanent_uuid: "4fb5e04bda15459f876862e640c0fa20" member_type: VOTER last_known_addr { host: "127.0.107.194" port: 39095 } } peers { permanent_uuid: "91d42523aa0d401e883f459a3a79451d" member_type: VOTER last_known_addr { host: "127.0.107.195" port: 45649 } }
I20260709 14:50:49.985289  2056 consensus_queue.cc:1048] T 157e17bfb81d44e4a92fd4bd34b0f35b P 03efd0fde93d40ffb67507c5b72bf4fd [LEADER]: Connected to new peer: Peer: permanent_uuid: "91d42523aa0d401e883f459a3a79451d" member_type: VOTER last_known_addr { host: "127.0.107.195" port: 45649 }, Status: LMP_MISMATCH, Last received: 0.0, Next index: 1, Last known committed idx: 0, Time since last communication: 0.000s
I20260709 14:50:49.996994  1615 tablet_service.cc:1917] Received RequestConsensusVote() RPC: tablet_id: "ff0b8ce629e7421cb78ca532dec34ce5" candidate_uuid: "03efd0fde93d40ffb67507c5b72bf4fd" candidate_term: 1 candidate_status { last_received { term: 0 index: 0 } } ignore_live_leader: false dest_uuid: "4fb5e04bda15459f876862e640c0fa20" is_pre_election: true
I20260709 14:50:49.997763  1615 raft_consensus.cc:2468] T ff0b8ce629e7421cb78ca532dec34ce5 P 4fb5e04bda15459f876862e640c0fa20 [term 0 FOLLOWER]: Leader pre-election vote request: Granting yes vote for candidate 03efd0fde93d40ffb67507c5b72bf4fd in term 0.
I20260709 14:50:50.002969  1510 leader_election.cc:304] T ff0b8ce629e7421cb78ca532dec34ce5 P 03efd0fde93d40ffb67507c5b72bf4fd [CANDIDATE]: Term 1 pre-election: Election decided. Result: candidate won. Election summary: received 2 responses out of 3 voters: 2 yes votes; 0 no votes. yes voters: 03efd0fde93d40ffb67507c5b72bf4fd, 4fb5e04bda15459f876862e640c0fa20; no voters: 
I20260709 14:50:49.998616  1884 raft_consensus.cc:515] T f34cd32d1f404068b97cbe0694ec683a P 91d42523aa0d401e883f459a3a79451d [term 1 FOLLOWER]: Starting leader election with config: opid_index: -1 OBSOLETE_local: false peers { permanent_uuid: "03efd0fde93d40ffb67507c5b72bf4fd" member_type: VOTER last_known_addr { host: "127.0.107.193" port: 33657 } } peers { permanent_uuid: "4fb5e04bda15459f876862e640c0fa20" member_type: VOTER last_known_addr { host: "127.0.107.194" port: 39095 } } peers { permanent_uuid: "91d42523aa0d401e883f459a3a79451d" member_type: VOTER last_known_addr { host: "127.0.107.195" port: 45649 } }
W20260709 14:50:50.007730  1493 auto_rebalancer.cc:288] Could not retrieve cluster info: Service unavailable: Tablet not running
I20260709 14:50:49.998767  1689 tablet_service.cc:1917] Received RequestConsensusVote() RPC: tablet_id: "ff0b8ce629e7421cb78ca532dec34ce5" candidate_uuid: "03efd0fde93d40ffb67507c5b72bf4fd" candidate_term: 1 candidate_status { last_received { term: 0 index: 0 } } ignore_live_leader: false dest_uuid: "91d42523aa0d401e883f459a3a79451d" is_pre_election: true
I20260709 14:50:50.006798  2003 raft_consensus.cc:2804] T ff0b8ce629e7421cb78ca532dec34ce5 P 03efd0fde93d40ffb67507c5b72bf4fd [term 0 FOLLOWER]: Leader pre-election won for term 1
I20260709 14:50:50.010869  2003 raft_consensus.cc:493] T ff0b8ce629e7421cb78ca532dec34ce5 P 03efd0fde93d40ffb67507c5b72bf4fd [term 0 FOLLOWER]: Starting leader election (no leader contacted us within the election timeout)
I20260709 14:50:50.011353  2003 raft_consensus.cc:3060] T ff0b8ce629e7421cb78ca532dec34ce5 P 03efd0fde93d40ffb67507c5b72bf4fd [term 0 FOLLOWER]: Advancing to term 1
W20260709 14:50:50.011831  1511 leader_election.cc:343] T ff0b8ce629e7421cb78ca532dec34ce5 P 03efd0fde93d40ffb67507c5b72bf4fd [CANDIDATE]: Term 1 pre-election: Tablet error from VoteRequest() call to peer 91d42523aa0d401e883f459a3a79451d (127.0.107.195:45649): Illegal state: must be running to vote when last-logged opid is not known
I20260709 14:50:49.996999  2062 leader_election.cc:290] T ff0b8ce629e7421cb78ca532dec34ce5 P 03efd0fde93d40ffb67507c5b72bf4fd [CANDIDATE]: Term 1 pre-election: Requested pre-vote from peers 4fb5e04bda15459f876862e640c0fa20 (127.0.107.194:39095), 91d42523aa0d401e883f459a3a79451d (127.0.107.195:45649)
I20260709 14:50:50.015645  1740 tablet_bootstrap.cc:492] T d6997d7c34f340dbac27719d803fffbc P 4fb5e04bda15459f876862e640c0fa20: No bootstrap required, opened a new log
I20260709 14:50:50.016191  1740 ts_tablet_manager.cc:1403] T d6997d7c34f340dbac27719d803fffbc P 4fb5e04bda15459f876862e640c0fa20: Time spent bootstrapping tablet: real 0.195s	user 0.021s	sys 0.030s
I20260709 14:50:50.020958  1884 leader_election.cc:290] T f34cd32d1f404068b97cbe0694ec683a P 91d42523aa0d401e883f459a3a79451d [CANDIDATE]: Term 1 election: Requested vote from peers 03efd0fde93d40ffb67507c5b72bf4fd (127.0.107.193:33657), 4fb5e04bda15459f876862e640c0fa20 (127.0.107.194:39095)
I20260709 14:50:50.020545  1618 tablet_service.cc:1917] Received RequestConsensusVote() RPC: tablet_id: "f34cd32d1f404068b97cbe0694ec683a" candidate_uuid: "91d42523aa0d401e883f459a3a79451d" candidate_term: 1 candidate_status { last_received { term: 0 index: 0 } } ignore_live_leader: false dest_uuid: "4fb5e04bda15459f876862e640c0fa20"
I20260709 14:50:50.016808  2087 consensus_queue.cc:1048] T 157e17bfb81d44e4a92fd4bd34b0f35b P 03efd0fde93d40ffb67507c5b72bf4fd [LEADER]: Connected to new peer: Peer: permanent_uuid: "4fb5e04bda15459f876862e640c0fa20" member_type: VOTER last_known_addr { host: "127.0.107.194" port: 39095 }, Status: LMP_MISMATCH, Last received: 0.0, Next index: 1, Last known committed idx: 0, Time since last communication: 0.004s
I20260709 14:50:50.031145  1613 raft_consensus.cc:1275] T 306eaba2b9334798b2d3991e6230875a P 4fb5e04bda15459f876862e640c0fa20 [term 2 FOLLOWER]: Refusing update from remote peer 91d42523aa0d401e883f459a3a79451d: Log matching property violated. Preceding OpId in replica: term: 0 index: 0. Preceding OpId from leader: term: 2 index: 1. (index mismatch)
I20260709 14:50:50.034667  1740 raft_consensus.cc:359] T d6997d7c34f340dbac27719d803fffbc P 4fb5e04bda15459f876862e640c0fa20 [term 0 FOLLOWER]: Replica starting. Triggering 0 pending ops. Active config: opid_index: -1 OBSOLETE_local: false peers { permanent_uuid: "03efd0fde93d40ffb67507c5b72bf4fd" member_type: VOTER last_known_addr { host: "127.0.107.193" port: 33657 } } peers { permanent_uuid: "4fb5e04bda15459f876862e640c0fa20" member_type: VOTER last_known_addr { host: "127.0.107.194" port: 39095 } } peers { permanent_uuid: "91d42523aa0d401e883f459a3a79451d" member_type: VOTER last_known_addr { host: "127.0.107.195" port: 45649 } }
I20260709 14:50:50.026832  1618 raft_consensus.cc:3060] T f34cd32d1f404068b97cbe0694ec683a P 4fb5e04bda15459f876862e640c0fa20 [term 0 FOLLOWER]: Advancing to term 1
I20260709 14:50:50.035801  2065 consensus_queue.cc:1048] T 306eaba2b9334798b2d3991e6230875a P 91d42523aa0d401e883f459a3a79451d [LEADER]: Connected to new peer: Peer: permanent_uuid: "4fb5e04bda15459f876862e640c0fa20" member_type: VOTER last_known_addr { host: "127.0.107.194" port: 39095 }, Status: LMP_MISMATCH, Last received: 0.0, Next index: 1, Last known committed idx: 0, Time since last communication: 0.001s
I20260709 14:50:50.035455  1740 raft_consensus.cc:385] T d6997d7c34f340dbac27719d803fffbc P 4fb5e04bda15459f876862e640c0fa20 [term 0 FOLLOWER]: Consensus starting up: Expiring failure detector timer to make a prompt election more likely
I20260709 14:50:50.043869  1740 raft_consensus.cc:740] T d6997d7c34f340dbac27719d803fffbc P 4fb5e04bda15459f876862e640c0fa20 [term 0 FOLLOWER]: Becoming Follower/Learner. State: Replica: 4fb5e04bda15459f876862e640c0fa20, State: Initialized, Role: FOLLOWER
I20260709 14:50:50.045143  1740 consensus_queue.cc:260] T d6997d7c34f340dbac27719d803fffbc P 4fb5e04bda15459f876862e640c0fa20 [NON_LEADER]: Queue going to NON_LEADER mode. State: All replicated index: 0, Majority replicated index: 0, Committed index: 0, Last appended: 0.0, Last appended by leader: 0, Current term: 0, Majority size: -1, State: 0, Mode: NON_LEADER, active raft config: opid_index: -1 OBSOLETE_local: false peers { permanent_uuid: "03efd0fde93d40ffb67507c5b72bf4fd" member_type: VOTER last_known_addr { host: "127.0.107.193" port: 33657 } } peers { permanent_uuid: "4fb5e04bda15459f876862e640c0fa20" member_type: VOTER last_known_addr { host: "127.0.107.194" port: 39095 } } peers { permanent_uuid: "91d42523aa0d401e883f459a3a79451d" member_type: VOTER last_known_addr { host: "127.0.107.195" port: 45649 } }
I20260709 14:50:50.026980  1543 tablet_service.cc:1917] Received RequestConsensusVote() RPC: tablet_id: "f34cd32d1f404068b97cbe0694ec683a" candidate_uuid: "91d42523aa0d401e883f459a3a79451d" candidate_term: 1 candidate_status { last_received { term: 0 index: 0 } } ignore_live_leader: false dest_uuid: "03efd0fde93d40ffb67507c5b72bf4fd"
W20260709 14:50:50.049666  1662 leader_election.cc:343] T f34cd32d1f404068b97cbe0694ec683a P 91d42523aa0d401e883f459a3a79451d [CANDIDATE]: Term 1 election: Tablet error from VoteRequest() call to peer 03efd0fde93d40ffb67507c5b72bf4fd (127.0.107.193:33657): Illegal state: must be running to vote when last-logged opid is not known
I20260709 14:50:50.050612  1441 catalog_manager.cc:5697] T 3042aeee8d8148e1ac1a177120c0bf64 P 03efd0fde93d40ffb67507c5b72bf4fd reported cstate change: term changed from 0 to 1, leader changed from <none> to 03efd0fde93d40ffb67507c5b72bf4fd (127.0.107.193). New cstate: current_term: 1 leader_uuid: "03efd0fde93d40ffb67507c5b72bf4fd" committed_config { opid_index: -1 OBSOLETE_local: false peers { permanent_uuid: "03efd0fde93d40ffb67507c5b72bf4fd" member_type: VOTER last_known_addr { host: "127.0.107.193" port: 33657 } health_report { overall_health: HEALTHY } } peers { permanent_uuid: "4fb5e04bda15459f876862e640c0fa20" member_type: VOTER last_known_addr { host: "127.0.107.194" port: 39095 } health_report { overall_health: UNKNOWN } } peers { permanent_uuid: "91d42523aa0d401e883f459a3a79451d" member_type: VOTER last_known_addr { host: "127.0.107.195" port: 45649 } health_report { overall_health: UNKNOWN } } }
I20260709 14:50:50.052897  1739 raft_consensus.cc:359] T 630df048b8e846439ae0c99da8f2621d P 91d42523aa0d401e883f459a3a79451d [term 0 FOLLOWER]: Replica starting. Triggering 0 pending ops. Active config: opid_index: -1 OBSOLETE_local: false peers { permanent_uuid: "03efd0fde93d40ffb67507c5b72bf4fd" member_type: VOTER last_known_addr { host: "127.0.107.193" port: 33657 } } peers { permanent_uuid: "4fb5e04bda15459f876862e640c0fa20" member_type: VOTER last_known_addr { host: "127.0.107.194" port: 39095 } } peers { permanent_uuid: "91d42523aa0d401e883f459a3a79451d" member_type: VOTER last_known_addr { host: "127.0.107.195" port: 45649 } }
I20260709 14:50:50.053668  1739 raft_consensus.cc:385] T 630df048b8e846439ae0c99da8f2621d P 91d42523aa0d401e883f459a3a79451d [term 0 FOLLOWER]: Consensus starting up: Expiring failure detector timer to make a prompt election more likely
