I20260709 14:50:45.990347  1740 raft_consensus.cc:359] T b50cb94a1d324b379d20d61c4b51bd70 P 4fb5e04bda15459f876862e640c0fa20 [term 0 FOLLOWER]: Replica starting. Triggering 0 pending ops. Active config: opid_index: -1 OBSOLETE_local: false peers { permanent_uuid: "03efd0fde93d40ffb67507c5b72bf4fd" member_type: VOTER last_known_addr { host: "127.0.107.193" port: 33657 } } peers { permanent_uuid: "4fb5e04bda15459f876862e640c0fa20" member_type: VOTER last_known_addr { host: "127.0.107.194" port: 39095 } } peers { permanent_uuid: "91d42523aa0d401e883f459a3a79451d" member_type: VOTER last_known_addr { host: "127.0.107.195" port: 45649 } }
I20260709 14:50:45.991276  1740 raft_consensus.cc:385] T b50cb94a1d324b379d20d61c4b51bd70 P 4fb5e04bda15459f876862e640c0fa20 [term 0 FOLLOWER]: Consensus starting up: Expiring failure detector timer to make a prompt election more likely
I20260709 14:50:45.991641  1740 raft_consensus.cc:740] T b50cb94a1d324b379d20d61c4b51bd70 P 4fb5e04bda15459f876862e640c0fa20 [term 0 FOLLOWER]: Becoming Follower/Learner. State: Replica: 4fb5e04bda15459f876862e640c0fa20, State: Initialized, Role: FOLLOWER
I20260709 14:50:45.992516  1740 consensus_queue.cc:260] T b50cb94a1d324b379d20d61c4b51bd70 P 4fb5e04bda15459f876862e640c0fa20 [NON_LEADER]: Queue going to NON_LEADER mode. State: All replicated index: 0, Majority replicated index: 0, Committed index: 0, Last appended: 0.0, Last appended by leader: 0, Current term: 0, Majority size: -1, State: 0, Mode: NON_LEADER, active raft config: opid_index: -1 OBSOLETE_local: false peers { permanent_uuid: "03efd0fde93d40ffb67507c5b72bf4fd" member_type: VOTER last_known_addr { host: "127.0.107.193" port: 33657 } } peers { permanent_uuid: "4fb5e04bda15459f876862e640c0fa20" member_type: VOTER last_known_addr { host: "127.0.107.194" port: 39095 } } peers { permanent_uuid: "91d42523aa0d401e883f459a3a79451d" member_type: VOTER last_known_addr { host: "127.0.107.195" port: 45649 } }
I20260709 14:50:45.995415  1740 ts_tablet_manager.cc:1434] T b50cb94a1d324b379d20d61c4b51bd70 P 4fb5e04bda15459f876862e640c0fa20: Time spent starting tablet: real 0.070s	user 0.006s	sys 0.001s
I20260709 14:50:45.998140  1740 tablet_bootstrap.cc:492] T b02de175d6e54d0ba094e20da2e2c36b P 4fb5e04bda15459f876862e640c0fa20: Bootstrap starting.
I20260709 14:50:46.019536  1621 tablet_service.cc:1917] Received RequestConsensusVote() RPC: tablet_id: "892024c423c24590837ed3267819369f" candidate_uuid: "91d42523aa0d401e883f459a3a79451d" candidate_term: 1 candidate_status { last_received { term: 0 index: 0 } } ignore_live_leader: false dest_uuid: "4fb5e04bda15459f876862e640c0fa20" is_pre_election: true
I20260709 14:50:46.021415  1621 raft_consensus.cc:2393] T 892024c423c24590837ed3267819369f P 4fb5e04bda15459f876862e640c0fa20 [term 1 FOLLOWER]: Leader pre-election vote request: Denying vote to candidate 91d42523aa0d401e883f459a3a79451d in current term 1: Already voted for candidate 03efd0fde93d40ffb67507c5b72bf4fd in this term.
I20260709 14:50:46.023466  1621 tablet_service.cc:1917] Received RequestConsensusVote() RPC: tablet_id: "9554150be40b4a44a5219be304550de4" candidate_uuid: "91d42523aa0d401e883f459a3a79451d" candidate_term: 1 candidate_status { last_received { term: 0 index: 0 } } ignore_live_leader: false dest_uuid: "4fb5e04bda15459f876862e640c0fa20"
I20260709 14:50:46.029008  1621 raft_consensus.cc:3060] T 9554150be40b4a44a5219be304550de4 P 4fb5e04bda15459f876862e640c0fa20 [term 0 FOLLOWER]: Advancing to term 1
I20260709 14:50:46.013314  1739 consensus_queue.cc:260] T b18c04aafba1492498ddde8332928c8f P 91d42523aa0d401e883f459a3a79451d [NON_LEADER]: Queue going to NON_LEADER mode. State: All replicated index: 0, Majority replicated index: 0, Committed index: 0, Last appended: 0.0, Last appended by leader: 0, Current term: 0, Majority size: -1, State: 0, Mode: NON_LEADER, active raft config: opid_index: -1 OBSOLETE_local: false peers { permanent_uuid: "03efd0fde93d40ffb67507c5b72bf4fd" member_type: VOTER last_known_addr { host: "127.0.107.193" port: 33657 } } peers { permanent_uuid: "4fb5e04bda15459f876862e640c0fa20" member_type: VOTER last_known_addr { host: "127.0.107.194" port: 39095 } } peers { permanent_uuid: "91d42523aa0d401e883f459a3a79451d" member_type: VOTER last_known_addr { host: "127.0.107.195" port: 45649 } }
I20260709 14:50:46.062480  1739 ts_tablet_manager.cc:1434] T b18c04aafba1492498ddde8332928c8f P 91d42523aa0d401e883f459a3a79451d: Time spent starting tablet: real 0.089s	user 0.004s	sys 0.003s
I20260709 14:50:46.065127  1741 tablet_bootstrap.cc:492] T 6b69bd364f8a4d9cb925781e66b2bea4 P 03efd0fde93d40ffb67507c5b72bf4fd: No bootstrap required, opened a new log
I20260709 14:50:46.066287  1741 ts_tablet_manager.cc:1403] T 6b69bd364f8a4d9cb925781e66b2bea4 P 03efd0fde93d40ffb67507c5b72bf4fd: Time spent bootstrapping tablet: real 0.351s	user 0.014s	sys 0.011s
I20260709 14:50:46.062114  1442 catalog_manager.cc:5697] T 7b77b5c781f5445c90452917d9508aff P 91d42523aa0d401e883f459a3a79451d reported cstate change: term changed from 0 to 1, leader changed from <none> to 91d42523aa0d401e883f459a3a79451d (127.0.107.195). New cstate: current_term: 1 leader_uuid: "91d42523aa0d401e883f459a3a79451d" committed_config { opid_index: -1 OBSOLETE_local: false peers { permanent_uuid: "03efd0fde93d40ffb67507c5b72bf4fd" member_type: VOTER last_known_addr { host: "127.0.107.193" port: 33657 } health_report { overall_health: UNKNOWN } } peers { permanent_uuid: "4fb5e04bda15459f876862e640c0fa20" member_type: VOTER last_known_addr { host: "127.0.107.194" port: 39095 } health_report { overall_health: UNKNOWN } } peers { permanent_uuid: "91d42523aa0d401e883f459a3a79451d" member_type: VOTER last_known_addr { host: "127.0.107.195" port: 45649 } health_report { overall_health: HEALTHY } } }
I20260709 14:50:46.073767  1442 catalog_manager.cc:5697] T 9554150be40b4a44a5219be304550de4 P 91d42523aa0d401e883f459a3a79451d reported cstate change: term changed from 0 to 1, leader changed from <none> to 91d42523aa0d401e883f459a3a79451d (127.0.107.195). New cstate: current_term: 1 leader_uuid: "91d42523aa0d401e883f459a3a79451d" committed_config { opid_index: -1 OBSOLETE_local: false peers { permanent_uuid: "03efd0fde93d40ffb67507c5b72bf4fd" member_type: VOTER last_known_addr { host: "127.0.107.193" port: 33657 } health_report { overall_health: UNKNOWN } } peers { permanent_uuid: "4fb5e04bda15459f876862e640c0fa20" member_type: VOTER last_known_addr { host: "127.0.107.194" port: 39095 } health_report { overall_health: UNKNOWN } } peers { permanent_uuid: "91d42523aa0d401e883f459a3a79451d" member_type: VOTER last_known_addr { host: "127.0.107.195" port: 45649 } health_report { overall_health: HEALTHY } } }
I20260709 14:50:46.080229  1443 catalog_manager.cc:5697] T 6b69bd364f8a4d9cb925781e66b2bea4 P 4fb5e04bda15459f876862e640c0fa20 reported cstate change: term changed from 0 to 1, leader changed from <none> to 4fb5e04bda15459f876862e640c0fa20 (127.0.107.194). New cstate: current_term: 1 leader_uuid: "4fb5e04bda15459f876862e640c0fa20" committed_config { opid_index: -1 OBSOLETE_local: false peers { permanent_uuid: "03efd0fde93d40ffb67507c5b72bf4fd" member_type: VOTER last_known_addr { host: "127.0.107.193" port: 33657 } health_report { overall_health: UNKNOWN } } peers { permanent_uuid: "4fb5e04bda15459f876862e640c0fa20" member_type: VOTER last_known_addr { host: "127.0.107.194" port: 39095 } health_report { overall_health: HEALTHY } } peers { permanent_uuid: "91d42523aa0d401e883f459a3a79451d" member_type: VOTER last_known_addr { host: "127.0.107.195" port: 45649 } health_report { overall_health: UNKNOWN } } }
I20260709 14:50:46.091491  1659 leader_election.cc:304] T ce19d416a9e141b8a82681a2b2abf036 P 91d42523aa0d401e883f459a3a79451d [CANDIDATE]: Term 1 election: Election decided. Result: candidate won. Election summary: received 3 responses out of 3 voters: 2 yes votes; 1 no votes. yes voters: 4fb5e04bda15459f876862e640c0fa20, 91d42523aa0d401e883f459a3a79451d; no voters: 03efd0fde93d40ffb67507c5b72bf4fd
I20260709 14:50:46.093397  1884 raft_consensus.cc:2804] T ce19d416a9e141b8a82681a2b2abf036 P 91d42523aa0d401e883f459a3a79451d [term 1 FOLLOWER]: Leader election won for term 1
I20260709 14:50:46.094331  1884 raft_consensus.cc:697] T ce19d416a9e141b8a82681a2b2abf036 P 91d42523aa0d401e883f459a3a79451d [term 1 LEADER]: Becoming Leader. State: Replica: 91d42523aa0d401e883f459a3a79451d, State: Running, Role: LEADER
I20260709 14:50:46.096357  1621 raft_consensus.cc:2468] T 9554150be40b4a44a5219be304550de4 P 4fb5e04bda15459f876862e640c0fa20 [term 1 FOLLOWER]: Leader election vote request: Granting yes vote for candidate 91d42523aa0d401e883f459a3a79451d in term 1.
I20260709 14:50:46.099783  1659 leader_election.cc:304] T 892024c423c24590837ed3267819369f P 91d42523aa0d401e883f459a3a79451d [CANDIDATE]: Term 1 pre-election: Election decided. Result: candidate lost. Election summary: received 3 responses out of 3 voters: 1 yes votes; 2 no votes. yes voters: 91d42523aa0d401e883f459a3a79451d; no voters: 03efd0fde93d40ffb67507c5b72bf4fd, 4fb5e04bda15459f876862e640c0fa20
I20260709 14:50:46.101008  1883 raft_consensus.cc:3060] T 892024c423c24590837ed3267819369f P 91d42523aa0d401e883f459a3a79451d [term 0 FOLLOWER]: Advancing to term 1
I20260709 14:50:46.101368  1740 tablet_bootstrap.cc:654] T b02de175d6e54d0ba094e20da2e2c36b P 4fb5e04bda15459f876862e640c0fa20: Neither blocks nor log segments found. Creating new log.
I20260709 14:50:46.096458  1884 consensus_queue.cc:237] T ce19d416a9e141b8a82681a2b2abf036 P 91d42523aa0d401e883f459a3a79451d [LEADER]: Queue going to LEADER mode. State: All replicated index: 0, Majority replicated index: 0, Committed index: 0, Last appended: 0.0, Last appended by leader: 0, Current term: 1, Majority size: 2, State: 0, Mode: LEADER, active raft config: opid_index: -1 OBSOLETE_local: false peers { permanent_uuid: "03efd0fde93d40ffb67507c5b72bf4fd" member_type: VOTER last_known_addr { host: "127.0.107.193" port: 33657 } } peers { permanent_uuid: "4fb5e04bda15459f876862e640c0fa20" member_type: VOTER last_known_addr { host: "127.0.107.194" port: 39095 } } peers { permanent_uuid: "91d42523aa0d401e883f459a3a79451d" member_type: VOTER last_known_addr { host: "127.0.107.195" port: 45649 } }
I20260709 14:50:46.097473  1741 raft_consensus.cc:359] T 6b69bd364f8a4d9cb925781e66b2bea4 P 03efd0fde93d40ffb67507c5b72bf4fd [term 0 FOLLOWER]: Replica starting. Triggering 0 pending ops. Active config: opid_index: -1 OBSOLETE_local: false peers { permanent_uuid: "03efd0fde93d40ffb67507c5b72bf4fd" member_type: VOTER last_known_addr { host: "127.0.107.193" port: 33657 } } peers { permanent_uuid: "4fb5e04bda15459f876862e640c0fa20" member_type: VOTER last_known_addr { host: "127.0.107.194" port: 39095 } } peers { permanent_uuid: "91d42523aa0d401e883f459a3a79451d" member_type: VOTER last_known_addr { host: "127.0.107.195" port: 45649 } }
I20260709 14:50:46.103675  1741 raft_consensus.cc:385] T 6b69bd364f8a4d9cb925781e66b2bea4 P 03efd0fde93d40ffb67507c5b72bf4fd [term 0 FOLLOWER]: Consensus starting up: Expiring failure detector timer to make a prompt election more likely
I20260709 14:50:46.104220  1741 raft_consensus.cc:740] T 6b69bd364f8a4d9cb925781e66b2bea4 P 03efd0fde93d40ffb67507c5b72bf4fd [term 0 FOLLOWER]: Becoming Follower/Learner. State: Replica: 03efd0fde93d40ffb67507c5b72bf4fd, State: Initialized, Role: FOLLOWER
I20260709 14:50:46.105037  1741 consensus_queue.cc:260] T 6b69bd364f8a4d9cb925781e66b2bea4 P 03efd0fde93d40ffb67507c5b72bf4fd [NON_LEADER]: Queue going to NON_LEADER mode. State: All replicated index: 0, Majority replicated index: 0, Committed index: 0, Last appended: 0.0, Last appended by leader: 0, Current term: 0, Majority size: -1, State: 0, Mode: NON_LEADER, active raft config: opid_index: -1 OBSOLETE_local: false peers { permanent_uuid: "03efd0fde93d40ffb67507c5b72bf4fd" member_type: VOTER last_known_addr { host: "127.0.107.193" port: 33657 } } peers { permanent_uuid: "4fb5e04bda15459f876862e640c0fa20" member_type: VOTER last_known_addr { host: "127.0.107.194" port: 39095 } } peers { permanent_uuid: "91d42523aa0d401e883f459a3a79451d" member_type: VOTER last_known_addr { host: "127.0.107.195" port: 45649 } }
W20260709 14:50:46.110909  1933 log.cc:927] Time spent T 79ebd44d503742d2aa48337cd6454f86 P 91d42523aa0d401e883f459a3a79451d: Append to log took a long time: real 0.131s	user 0.005s	sys 0.000s
I20260709 14:50:46.112217  1696 tablet_service.cc:1917] Received RequestConsensusVote() RPC: tablet_id: "af111534f16f46219cc253765b604720" candidate_uuid: "4fb5e04bda15459f876862e640c0fa20" candidate_term: 1 candidate_status { last_received { term: 0 index: 0 } } ignore_live_leader: false dest_uuid: "91d42523aa0d401e883f459a3a79451d" is_pre_election: true
I20260709 14:50:46.112886  1883 raft_consensus.cc:2749] T 892024c423c24590837ed3267819369f P 91d42523aa0d401e883f459a3a79451d [term 1 FOLLOWER]: Leader pre-election lost for term 1. Reason: could not achieve majority
I20260709 14:50:46.107344  1741 ts_tablet_manager.cc:1434] T 6b69bd364f8a4d9cb925781e66b2bea4 P 03efd0fde93d40ffb67507c5b72bf4fd: Time spent starting tablet: real 0.041s	user 0.005s	sys 0.001s
I20260709 14:50:46.132525  1741 tablet_bootstrap.cc:492] T b18c04aafba1492498ddde8332928c8f P 03efd0fde93d40ffb67507c5b72bf4fd: Bootstrap starting.
I20260709 14:50:46.133500  1739 tablet_bootstrap.cc:492] T 452cafec2aee4d6398edcea657f43e95 P 91d42523aa0d401e883f459a3a79451d: Bootstrap starting.
I20260709 14:50:46.172940  1924 consensus_queue.cc:1048] T 3f5d896e64154b71ae876ff4dc1a9620 P 03efd0fde93d40ffb67507c5b72bf4fd [LEADER]: Connected to new peer: Peer: permanent_uuid: "4fb5e04bda15459f876862e640c0fa20" member_type: VOTER last_known_addr { host: "127.0.107.194" port: 39095 }, Status: LMP_MISMATCH, Last received: 0.0, Next index: 1, Last known committed idx: 0, Time since last communication: 0.002s
I20260709 14:50:46.187742  1924 raft_consensus.cc:493] T ce19d416a9e141b8a82681a2b2abf036 P 03efd0fde93d40ffb67507c5b72bf4fd [term 0 FOLLOWER]: Starting pre-election (no leader contacted us within the election timeout)
I20260709 14:50:46.188225  1741 tablet_bootstrap.cc:654] T b18c04aafba1492498ddde8332928c8f P 03efd0fde93d40ffb67507c5b72bf4fd: Neither blocks nor log segments found. Creating new log.
I20260709 14:50:46.188707  1924 raft_consensus.cc:515] T ce19d416a9e141b8a82681a2b2abf036 P 03efd0fde93d40ffb67507c5b72bf4fd [term 0 FOLLOWER]: Starting pre-election with config: opid_index: -1 OBSOLETE_local: false peers { permanent_uuid: "03efd0fde93d40ffb67507c5b72bf4fd" member_type: VOTER last_known_addr { host: "127.0.107.193" port: 33657 } } peers { permanent_uuid: "4fb5e04bda15459f876862e640c0fa20" member_type: VOTER last_known_addr { host: "127.0.107.194" port: 39095 } } peers { permanent_uuid: "91d42523aa0d401e883f459a3a79451d" member_type: VOTER last_known_addr { host: "127.0.107.195" port: 45649 } }
I20260709 14:50:46.199935  1927 consensus_queue.cc:1048] T 892024c423c24590837ed3267819369f P 03efd0fde93d40ffb67507c5b72bf4fd [LEADER]: Connected to new peer: Peer: permanent_uuid: "91d42523aa0d401e883f459a3a79451d" member_type: VOTER last_known_addr { host: "127.0.107.195" port: 45649 }, Status: LMP_MISMATCH, Last received: 0.0, Next index: 1, Last known committed idx: 0, Time since last communication: 0.001s
I20260709 14:50:46.202483  1924 leader_election.cc:290] T ce19d416a9e141b8a82681a2b2abf036 P 03efd0fde93d40ffb67507c5b72bf4fd [CANDIDATE]: Term 1 pre-election: Requested pre-vote from peers 4fb5e04bda15459f876862e640c0fa20 (127.0.107.194:39095), 91d42523aa0d401e883f459a3a79451d (127.0.107.195:45649)
W20260709 14:50:46.216038  1586 leader_election.cc:343] T af111534f16f46219cc253765b604720 P 4fb5e04bda15459f876862e640c0fa20 [CANDIDATE]: Term 1 pre-election: Tablet error from VoteRequest() call to peer 91d42523aa0d401e883f459a3a79451d (127.0.107.195:45649): Illegal state: must be running to vote when last-logged opid is not known
I20260709 14:50:46.217015  1586 leader_election.cc:304] T af111534f16f46219cc253765b604720 P 4fb5e04bda15459f876862e640c0fa20 [CANDIDATE]: Term 1 pre-election: Election decided. Result: candidate lost. Election summary: received 3 responses out of 3 voters: 1 yes votes; 2 no votes. yes voters: 4fb5e04bda15459f876862e640c0fa20; no voters: 03efd0fde93d40ffb67507c5b72bf4fd, 91d42523aa0d401e883f459a3a79451d
I20260709 14:50:46.218451  1744 raft_consensus.cc:2749] T af111534f16f46219cc253765b604720 P 4fb5e04bda15459f876862e640c0fa20 [term 0 FOLLOWER]: Leader pre-election lost for term 1. Reason: could not achieve majority
I20260709 14:50:46.238071  1739 tablet_bootstrap.cc:654] T 452cafec2aee4d6398edcea657f43e95 P 91d42523aa0d401e883f459a3a79451d: Neither blocks nor log segments found. Creating new log.
I20260709 14:50:46.246078  1695 tablet_service.cc:1917] Received RequestConsensusVote() RPC: tablet_id: "ce19d416a9e141b8a82681a2b2abf036" candidate_uuid: "03efd0fde93d40ffb67507c5b72bf4fd" candidate_term: 1 candidate_status { last_received { term: 0 index: 0 } } ignore_live_leader: false dest_uuid: "91d42523aa0d401e883f459a3a79451d" is_pre_election: true
I20260709 14:50:46.258708  1744 raft_consensus.cc:493] T b50cb94a1d324b379d20d61c4b51bd70 P 4fb5e04bda15459f876862e640c0fa20 [term 0 FOLLOWER]: Starting pre-election (no leader contacted us within the election timeout)
I20260709 14:50:46.259560  1744 raft_consensus.cc:515] T b50cb94a1d324b379d20d61c4b51bd70 P 4fb5e04bda15459f876862e640c0fa20 [term 0 FOLLOWER]: Starting pre-election with config: opid_index: -1 OBSOLETE_local: false peers { permanent_uuid: "03efd0fde93d40ffb67507c5b72bf4fd" member_type: VOTER last_known_addr { host: "127.0.107.193" port: 33657 } } peers { permanent_uuid: "4fb5e04bda15459f876862e640c0fa20" member_type: VOTER last_known_addr { host: "127.0.107.194" port: 39095 } } peers { permanent_uuid: "91d42523aa0d401e883f459a3a79451d" member_type: VOTER last_known_addr { host: "127.0.107.195" port: 45649 } }
I20260709 14:50:46.262418  1744 leader_election.cc:290] T b50cb94a1d324b379d20d61c4b51bd70 P 4fb5e04bda15459f876862e640c0fa20 [CANDIDATE]: Term 1 pre-election: Requested pre-vote from peers 03efd0fde93d40ffb67507c5b72bf4fd (127.0.107.193:33657), 91d42523aa0d401e883f459a3a79451d (127.0.107.195:45649)
I20260709 14:50:46.264166  1740 tablet_bootstrap.cc:492] T b02de175d6e54d0ba094e20da2e2c36b P 4fb5e04bda15459f876862e640c0fa20: No bootstrap required, opened a new log
I20260709 14:50:46.264108  1545 tablet_service.cc:1917] Received RequestConsensusVote() RPC: tablet_id: "b50cb94a1d324b379d20d61c4b51bd70" candidate_uuid: "4fb5e04bda15459f876862e640c0fa20" candidate_term: 1 candidate_status { last_received { term: 0 index: 0 } } ignore_live_leader: false dest_uuid: "03efd0fde93d40ffb67507c5b72bf4fd" is_pre_election: true
I20260709 14:50:46.265015  1740 ts_tablet_manager.cc:1403] T b02de175d6e54d0ba094e20da2e2c36b P 4fb5e04bda15459f876862e640c0fa20: Time spent bootstrapping tablet: real 0.267s	user 0.076s	sys 0.063s
I20260709 14:50:46.265875  1442 catalog_manager.cc:5697] T ce19d416a9e141b8a82681a2b2abf036 P 91d42523aa0d401e883f459a3a79451d reported cstate change: term changed from 0 to 1, leader changed from <none> to 91d42523aa0d401e883f459a3a79451d (127.0.107.195). New cstate: current_term: 1 leader_uuid: "91d42523aa0d401e883f459a3a79451d" committed_config { opid_index: -1 OBSOLETE_local: false peers { permanent_uuid: "03efd0fde93d40ffb67507c5b72bf4fd" member_type: VOTER last_known_addr { host: "127.0.107.193" port: 33657 } health_report { overall_health: UNKNOWN } } peers { permanent_uuid: "4fb5e04bda15459f876862e640c0fa20" member_type: VOTER last_known_addr { host: "127.0.107.194" port: 39095 } health_report { overall_health: UNKNOWN } } peers { permanent_uuid: "91d42523aa0d401e883f459a3a79451d" member_type: VOTER last_known_addr { host: "127.0.107.195" port: 45649 } health_report { overall_health: HEALTHY } } }
I20260709 14:50:46.268815  1740 raft_consensus.cc:359] T b02de175d6e54d0ba094e20da2e2c36b P 4fb5e04bda15459f876862e640c0fa20 [term 0 FOLLOWER]: Replica starting. Triggering 0 pending ops. Active config: opid_index: -1 OBSOLETE_local: false peers { permanent_uuid: "03efd0fde93d40ffb67507c5b72bf4fd" member_type: VOTER last_known_addr { host: "127.0.107.193" port: 33657 } } peers { permanent_uuid: "4fb5e04bda15459f876862e640c0fa20" member_type: VOTER last_known_addr { host: "127.0.107.194" port: 39095 } } peers { permanent_uuid: "91d42523aa0d401e883f459a3a79451d" member_type: VOTER last_known_addr { host: "127.0.107.195" port: 45649 } }
W20260709 14:50:46.270972  1588 leader_election.cc:343] T b50cb94a1d324b379d20d61c4b51bd70 P 4fb5e04bda15459f876862e640c0fa20 [CANDIDATE]: Term 1 pre-election: Tablet error from VoteRequest() call to peer 03efd0fde93d40ffb67507c5b72bf4fd (127.0.107.193:33657): Illegal state: must be running to vote when last-logged opid is not known
I20260709 14:50:46.274240  1884 consensus_queue.cc:1048] T 7b77b5c781f5445c90452917d9508aff P 91d42523aa0d401e883f459a3a79451d [LEADER]: Connected to new peer: Peer: permanent_uuid: "03efd0fde93d40ffb67507c5b72bf4fd" member_type: VOTER last_known_addr { host: "127.0.107.193" port: 33657 }, Status: LMP_MISMATCH, Last received: 0.0, Next index: 1, Last known committed idx: 0, Time since last communication: 0.001s
I20260709 14:50:46.269680  1740 raft_consensus.cc:385] T b02de175d6e54d0ba094e20da2e2c36b P 4fb5e04bda15459f876862e640c0fa20 [term 0 FOLLOWER]: Consensus starting up: Expiring failure detector timer to make a prompt election more likely
I20260709 14:50:46.276784  1740 raft_consensus.cc:740] T b02de175d6e54d0ba094e20da2e2c36b P 4fb5e04bda15459f876862e640c0fa20 [term 0 FOLLOWER]: Becoming Follower/Learner. State: Replica: 4fb5e04bda15459f876862e640c0fa20, State: Initialized, Role: FOLLOWER
I20260709 14:50:46.277983  1740 consensus_queue.cc:260] T b02de175d6e54d0ba094e20da2e2c36b P 4fb5e04bda15459f876862e640c0fa20 [NON_LEADER]: Queue going to NON_LEADER mode. State: All replicated index: 0, Majority replicated index: 0, Committed index: 0, Last appended: 0.0, Last appended by leader: 0, Current term: 0, Majority size: -1, State: 0, Mode: NON_LEADER, active raft config: opid_index: -1 OBSOLETE_local: false peers { permanent_uuid: "03efd0fde93d40ffb67507c5b72bf4fd" member_type: VOTER last_known_addr { host: "127.0.107.193" port: 33657 } } peers { permanent_uuid: "4fb5e04bda15459f876862e640c0fa20" member_type: VOTER last_known_addr { host: "127.0.107.194" port: 39095 } } peers { permanent_uuid: "91d42523aa0d401e883f459a3a79451d" member_type: VOTER last_known_addr { host: "127.0.107.195" port: 45649 } }
I20260709 14:50:46.286439  1740 ts_tablet_manager.cc:1434] T b02de175d6e54d0ba094e20da2e2c36b P 4fb5e04bda15459f876862e640c0fa20: Time spent starting tablet: real 0.021s	user 0.008s	sys 0.000s
I20260709 14:50:46.295143  1884 raft_consensus.cc:493] T b18c04aafba1492498ddde8332928c8f P 91d42523aa0d401e883f459a3a79451d [term 0 FOLLOWER]: Starting pre-election (no leader contacted us within the election timeout)
I20260709 14:50:46.295193  1740 tablet_bootstrap.cc:492] T 81a8d9f7a581479885edfe15e18463d0 P 4fb5e04bda15459f876862e640c0fa20: Bootstrap starting.
I20260709 14:50:46.295778  1884 raft_consensus.cc:515] T b18c04aafba1492498ddde8332928c8f P 91d42523aa0d401e883f459a3a79451d [term 0 FOLLOWER]: Starting pre-election with config: opid_index: -1 OBSOLETE_local: false peers { permanent_uuid: "03efd0fde93d40ffb67507c5b72bf4fd" member_type: VOTER last_known_addr { host: "127.0.107.193" port: 33657 } } peers { permanent_uuid: "4fb5e04bda15459f876862e640c0fa20" member_type: VOTER last_known_addr { host: "127.0.107.194" port: 39095 } } peers { permanent_uuid: "91d42523aa0d401e883f459a3a79451d" member_type: VOTER last_known_addr { host: "127.0.107.195" port: 45649 } }
I20260709 14:50:46.299211  1544 tablet_service.cc:1917] Received RequestConsensusVote() RPC: tablet_id: "b18c04aafba1492498ddde8332928c8f" candidate_uuid: "91d42523aa0d401e883f459a3a79451d" candidate_term: 1 candidate_status { last_received { term: 0 index: 0 } } ignore_live_leader: false dest_uuid: "03efd0fde93d40ffb67507c5b72bf4fd" is_pre_election: true
W20260709 14:50:46.301288  1662 leader_election.cc:343] T b18c04aafba1492498ddde8332928c8f P 91d42523aa0d401e883f459a3a79451d [CANDIDATE]: Term 1 pre-election: Tablet error from VoteRequest() call to peer 03efd0fde93d40ffb67507c5b72bf4fd (127.0.107.193:33657): Illegal state: must be running to vote when last-logged opid is not known
I20260709 14:50:46.301452  1621 tablet_service.cc:1917] Received RequestConsensusVote() RPC: tablet_id: "ce19d416a9e141b8a82681a2b2abf036" candidate_uuid: "03efd0fde93d40ffb67507c5b72bf4fd" candidate_term: 1 candidate_status { last_received { term: 0 index: 0 } } ignore_live_leader: false dest_uuid: "4fb5e04bda15459f876862e640c0fa20" is_pre_election: true
I20260709 14:50:46.302320  1621 raft_consensus.cc:2393] T ce19d416a9e141b8a82681a2b2abf036 P 4fb5e04bda15459f876862e640c0fa20 [term 1 FOLLOWER]: Leader pre-election vote request: Denying vote to candidate 03efd0fde93d40ffb67507c5b72bf4fd in current term 1: Already voted for candidate 91d42523aa0d401e883f459a3a79451d in this term.
I20260709 14:50:46.303395  1884 leader_election.cc:290] T b18c04aafba1492498ddde8332928c8f P 91d42523aa0d401e883f459a3a79451d [CANDIDATE]: Term 1 pre-election: Requested pre-vote from peers 03efd0fde93d40ffb67507c5b72bf4fd (127.0.107.193:33657), 4fb5e04bda15459f876862e640c0fa20 (127.0.107.194:39095)
I20260709 14:50:46.306427  1740 tablet_bootstrap.cc:654] T 81a8d9f7a581479885edfe15e18463d0 P 4fb5e04bda15459f876862e640c0fa20: Neither blocks nor log segments found. Creating new log.
I20260709 14:50:46.316433  1830 raft_consensus.cc:493] T 6b69bd364f8a4d9cb925781e66b2bea4 P 03efd0fde93d40ffb67507c5b72bf4fd [term 0 FOLLOWER]: Starting pre-election (no leader contacted us within the election timeout)
I20260709 14:50:46.317090  1830 raft_consensus.cc:515] T 6b69bd364f8a4d9cb925781e66b2bea4 P 03efd0fde93d40ffb67507c5b72bf4fd [term 0 FOLLOWER]: Starting pre-election with config: opid_index: -1 OBSOLETE_local: false peers { permanent_uuid: "03efd0fde93d40ffb67507c5b72bf4fd" member_type: VOTER last_known_addr { host: "127.0.107.193" port: 33657 } } peers { permanent_uuid: "4fb5e04bda15459f876862e640c0fa20" member_type: VOTER last_known_addr { host: "127.0.107.194" port: 39095 } } peers { permanent_uuid: "91d42523aa0d401e883f459a3a79451d" member_type: VOTER last_known_addr { host: "127.0.107.195" port: 45649 } }
I20260709 14:50:46.327632  1740 tablet_bootstrap.cc:492] T 81a8d9f7a581479885edfe15e18463d0 P 4fb5e04bda15459f876862e640c0fa20: No bootstrap required, opened a new log
I20260709 14:50:46.327335  1696 tablet_service.cc:1917] Received RequestConsensusVote() RPC: tablet_id: "6b69bd364f8a4d9cb925781e66b2bea4" candidate_uuid: "03efd0fde93d40ffb67507c5b72bf4fd" candidate_term: 1 candidate_status { last_received { term: 0 index: 0 } } ignore_live_leader: false dest_uuid: "91d42523aa0d401e883f459a3a79451d" is_pre_election: true
I20260709 14:50:46.328522  1830 leader_election.cc:290] T 6b69bd364f8a4d9cb925781e66b2bea4 P 03efd0fde93d40ffb67507c5b72bf4fd [CANDIDATE]: Term 1 pre-election: Requested pre-vote from peers 4fb5e04bda15459f876862e640c0fa20 (127.0.107.194:39095), 91d42523aa0d401e883f459a3a79451d (127.0.107.195:45649)
I20260709 14:50:46.329270  1696 raft_consensus.cc:2393] T 6b69bd364f8a4d9cb925781e66b2bea4 P 91d42523aa0d401e883f459a3a79451d [term 1 FOLLOWER]: Leader pre-election vote request: Denying vote to candidate 03efd0fde93d40ffb67507c5b72bf4fd in current term 1: Already voted for candidate 4fb5e04bda15459f876862e640c0fa20 in this term.
I20260709 14:50:46.330765  1740 ts_tablet_manager.cc:1403] T 81a8d9f7a581479885edfe15e18463d0 P 4fb5e04bda15459f876862e640c0fa20: Time spent bootstrapping tablet: real 0.036s	user 0.018s	sys 0.011s
I20260709 14:50:46.334759  1884 consensus_queue.cc:1048] T 7b77b5c781f5445c90452917d9508aff P 91d42523aa0d401e883f459a3a79451d [LEADER]: Connected to new peer: Peer: permanent_uuid: "4fb5e04bda15459f876862e640c0fa20" member_type: VOTER last_known_addr { host: "127.0.107.194" port: 39095 }, Status: LMP_MISMATCH, Last received: 0.0, Next index: 1, Last known committed idx: 0, Time since last communication: 0.001s
I20260709 14:50:46.337721  1510 leader_election.cc:304] T ce19d416a9e141b8a82681a2b2abf036 P 03efd0fde93d40ffb67507c5b72bf4fd [CANDIDATE]: Term 1 pre-election: Election decided. Result: candidate lost. Election summary: received 3 responses out of 3 voters: 1 yes votes; 2 no votes. yes voters: 03efd0fde93d40ffb67507c5b72bf4fd; no voters: 4fb5e04bda15459f876862e640c0fa20, 91d42523aa0d401e883f459a3a79451d
I20260709 14:50:46.341982  1832 raft_consensus.cc:3060] T ce19d416a9e141b8a82681a2b2abf036 P 03efd0fde93d40ffb67507c5b72bf4fd [term 0 FOLLOWER]: Advancing to term 1
I20260709 14:50:46.340700  1924 consensus_queue.cc:1048] T 892024c423c24590837ed3267819369f P 03efd0fde93d40ffb67507c5b72bf4fd [LEADER]: Connected to new peer: Peer: permanent_uuid: "4fb5e04bda15459f876862e640c0fa20" member_type: VOTER last_known_addr { host: "127.0.107.194" port: 39095 }, Status: LMP_MISMATCH, Last received: 0.0, Next index: 1, Last known committed idx: 0, Time since last communication: 0.007s
I20260709 14:50:46.347839  1621 tablet_service.cc:1917] Received RequestConsensusVote() RPC: tablet_id: "b18c04aafba1492498ddde8332928c8f" candidate_uuid: "91d42523aa0d401e883f459a3a79451d" candidate_term: 1 candidate_status { last_received { term: 0 index: 0 } } ignore_live_leader: false dest_uuid: "4fb5e04bda15459f876862e640c0fa20" is_pre_election: true
I20260709 14:50:46.379716  1622 tablet_service.cc:1917] Received RequestConsensusVote() RPC: tablet_id: "6b69bd364f8a4d9cb925781e66b2bea4" candidate_uuid: "03efd0fde93d40ffb67507c5b72bf4fd" candidate_term: 1 candidate_status { last_received { term: 0 index: 0 } } ignore_live_leader: false dest_uuid: "4fb5e04bda15459f876862e640c0fa20" is_pre_election: true
I20260709 14:50:46.388965  1741 tablet_bootstrap.cc:492] T b18c04aafba1492498ddde8332928c8f P 03efd0fde93d40ffb67507c5b72bf4fd: No bootstrap required, opened a new log
I20260709 14:50:46.389525  1741 ts_tablet_manager.cc:1403] T b18c04aafba1492498ddde8332928c8f P 03efd0fde93d40ffb67507c5b72bf4fd: Time spent bootstrapping tablet: real 0.258s	user 0.056s	sys 0.063s
I20260709 14:50:46.387445  1696 tablet_service.cc:1917] Received RequestConsensusVote() RPC: tablet_id: "b50cb94a1d324b379d20d61c4b51bd70" candidate_uuid: "4fb5e04bda15459f876862e640c0fa20" candidate_term: 1 candidate_status { last_received { term: 0 index: 0 } } ignore_live_leader: false dest_uuid: "91d42523aa0d401e883f459a3a79451d" is_pre_election: true
I20260709 14:50:46.393229  1621 raft_consensus.cc:2468] T b18c04aafba1492498ddde8332928c8f P 4fb5e04bda15459f876862e640c0fa20 [term 0 FOLLOWER]: Leader pre-election vote request: Granting yes vote for candidate 91d42523aa0d401e883f459a3a79451d in term 0.
I20260709 14:50:46.395768  1510 leader_election.cc:304] T 6b69bd364f8a4d9cb925781e66b2bea4 P 03efd0fde93d40ffb67507c5b72bf4fd [CANDIDATE]: Term 1 pre-election: Election decided. Result: candidate lost. Election summary: received 3 responses out of 3 voters: 1 yes votes; 2 no votes. yes voters: 03efd0fde93d40ffb67507c5b72bf4fd; no voters: 4fb5e04bda15459f876862e640c0fa20, 91d42523aa0d401e883f459a3a79451d
I20260709 14:50:46.397404  1832 raft_consensus.cc:2749] T ce19d416a9e141b8a82681a2b2abf036 P 03efd0fde93d40ffb67507c5b72bf4fd [term 1 FOLLOWER]: Leader pre-election lost for term 1. Reason: could not achieve majority
I20260709 14:50:46.397596  1830 raft_consensus.cc:3060] T 6b69bd364f8a4d9cb925781e66b2bea4 P 03efd0fde93d40ffb67507c5b72bf4fd [term 0 FOLLOWER]: Advancing to term 1
I20260709 14:50:46.398978  1739 tablet_bootstrap.cc:492] T 452cafec2aee4d6398edcea657f43e95 P 91d42523aa0d401e883f459a3a79451d: No bootstrap required, opened a new log
I20260709 14:50:46.399662  1739 ts_tablet_manager.cc:1403] T 452cafec2aee4d6398edcea657f43e95 P 91d42523aa0d401e883f459a3a79451d: Time spent bootstrapping tablet: real 0.313s	user 0.023s	sys 0.012s
I20260709 14:50:46.404320  1659 leader_election.cc:304] T b18c04aafba1492498ddde8332928c8f P 91d42523aa0d401e883f459a3a79451d [CANDIDATE]: Term 1 pre-election: Election decided. Result: candidate won. Election summary: received 3 responses out of 3 voters: 2 yes votes; 1 no votes. yes voters: 4fb5e04bda15459f876862e640c0fa20, 91d42523aa0d401e883f459a3a79451d; no voters: 03efd0fde93d40ffb67507c5b72bf4fd
I20260709 14:50:46.405341  1883 raft_consensus.cc:2804] T b18c04aafba1492498ddde8332928c8f P 91d42523aa0d401e883f459a3a79451d [term 0 FOLLOWER]: Leader pre-election won for term 1
I20260709 14:50:46.405808  1883 raft_consensus.cc:493] T b18c04aafba1492498ddde8332928c8f P 91d42523aa0d401e883f459a3a79451d [term 0 FOLLOWER]: Starting leader election (no leader contacted us within the election timeout)
I20260709 14:50:46.406800  1740 raft_consensus.cc:359] T 81a8d9f7a581479885edfe15e18463d0 P 4fb5e04bda15459f876862e640c0fa20 [term 0 FOLLOWER]: Replica starting. Triggering 0 pending ops. Active config: opid_index: -1 OBSOLETE_local: false peers { permanent_uuid: "03efd0fde93d40ffb67507c5b72bf4fd" member_type: VOTER last_known_addr { host: "127.0.107.193" port: 33657 } } peers { permanent_uuid: "4fb5e04bda15459f876862e640c0fa20" member_type: VOTER last_known_addr { host: "127.0.107.194" port: 39095 } } peers { permanent_uuid: "91d42523aa0d401e883f459a3a79451d" member_type: VOTER last_known_addr { host: "127.0.107.195" port: 45649 } }
I20260709 14:50:46.410104  1740 raft_consensus.cc:385] T 81a8d9f7a581479885edfe15e18463d0 P 4fb5e04bda15459f876862e640c0fa20 [term 0 FOLLOWER]: Consensus starting up: Expiring failure detector timer to make a prompt election more likely
I20260709 14:50:46.410526  1740 raft_consensus.cc:740] T 81a8d9f7a581479885edfe15e18463d0 P 4fb5e04bda15459f876862e640c0fa20 [term 0 FOLLOWER]: Becoming Follower/Learner. State: Replica: 4fb5e04bda15459f876862e640c0fa20, State: Initialized, Role: FOLLOWER
I20260709 14:50:46.410317  1883 raft_consensus.cc:3060] T b18c04aafba1492498ddde8332928c8f P 91d42523aa0d401e883f459a3a79451d [term 0 FOLLOWER]: Advancing to term 1
W20260709 14:50:46.406407  1586 leader_election.cc:343] T b50cb94a1d324b379d20d61c4b51bd70 P 4fb5e04bda15459f876862e640c0fa20 [CANDIDATE]: Term 1 pre-election: Tablet error from VoteRequest() call to peer 91d42523aa0d401e883f459a3a79451d (127.0.107.195:45649): Illegal state: must be running to vote when last-logged opid is not known
I20260709 14:50:46.414433  1586 leader_election.cc:304] T b50cb94a1d324b379d20d61c4b51bd70 P 4fb5e04bda15459f876862e640c0fa20 [CANDIDATE]: Term 1 pre-election: Election decided. Result: candidate lost. Election summary: received 3 responses out of 3 voters: 1 yes votes; 2 no votes. yes voters: 4fb5e04bda15459f876862e640c0fa20; no voters: 03efd0fde93d40ffb67507c5b72bf4fd, 91d42523aa0d401e883f459a3a79451d
I20260709 14:50:46.420787  1741 raft_consensus.cc:359] T b18c04aafba1492498ddde8332928c8f P 03efd0fde93d40ffb67507c5b72bf4fd [term 0 FOLLOWER]: Replica starting. Triggering 0 pending ops. Active config: opid_index: -1 OBSOLETE_local: false peers { permanent_uuid: "03efd0fde93d40ffb67507c5b72bf4fd" member_type: VOTER last_known_addr { host: "127.0.107.193" port: 33657 } } peers { permanent_uuid: "4fb5e04bda15459f876862e640c0fa20" member_type: VOTER last_known_addr { host: "127.0.107.194" port: 39095 } } peers { permanent_uuid: "91d42523aa0d401e883f459a3a79451d" member_type: VOTER last_known_addr { host: "127.0.107.195" port: 45649 } }
I20260709 14:50:46.421576  1741 raft_consensus.cc:385] T b18c04aafba1492498ddde8332928c8f P 03efd0fde93d40ffb67507c5b72bf4fd [term 0 FOLLOWER]: Consensus starting up: Expiring failure detector timer to make a prompt election more likely
I20260709 14:50:46.421851  1741 raft_consensus.cc:740] T b18c04aafba1492498ddde8332928c8f P 03efd0fde93d40ffb67507c5b72bf4fd [term 0 FOLLOWER]: Becoming Follower/Learner. State: Replica: 03efd0fde93d40ffb67507c5b72bf4fd, State: Initialized, Role: FOLLOWER
I20260709 14:50:46.422649  1741 consensus_queue.cc:260] T b18c04aafba1492498ddde8332928c8f P 03efd0fde93d40ffb67507c5b72bf4fd [NON_LEADER]: Queue going to NON_LEADER mode. State: All replicated index: 0, Majority replicated index: 0, Committed index: 0, Last appended: 0.0, Last appended by leader: 0, Current term: 0, Majority size: -1, State: 0, Mode: NON_LEADER, active raft config: opid_index: -1 OBSOLETE_local: false peers { permanent_uuid: "03efd0fde93d40ffb67507c5b72bf4fd" member_type: VOTER last_known_addr { host: "127.0.107.193" port: 33657 } } peers { permanent_uuid: "4fb5e04bda15459f876862e640c0fa20" member_type: VOTER last_known_addr { host: "127.0.107.194" port: 39095 } } peers { permanent_uuid: "91d42523aa0d401e883f459a3a79451d" member_type: VOTER last_known_addr { host: "127.0.107.195" port: 45649 } }
I20260709 14:50:46.413412  1740 consensus_queue.cc:260] T 81a8d9f7a581479885edfe15e18463d0 P 4fb5e04bda15459f876862e640c0fa20 [NON_LEADER]: Queue going to NON_LEADER mode. State: All replicated index: 0, Majority replicated index: 0, Committed index: 0, Last appended: 0.0, Last appended by leader: 0, Current term: 0, Majority size: -1, State: 0, Mode: NON_LEADER, active raft config: opid_index: -1 OBSOLETE_local: false peers { permanent_uuid: "03efd0fde93d40ffb67507c5b72bf4fd" member_type: VOTER last_known_addr { host: "127.0.107.193" port: 33657 } } peers { permanent_uuid: "4fb5e04bda15459f876862e640c0fa20" member_type: VOTER last_known_addr { host: "127.0.107.194" port: 39095 } } peers { permanent_uuid: "91d42523aa0d401e883f459a3a79451d" member_type: VOTER last_known_addr { host: "127.0.107.195" port: 45649 } }
I20260709 14:50:46.425823  1876 raft_consensus.cc:2749] T b50cb94a1d324b379d20d61c4b51bd70 P 4fb5e04bda15459f876862e640c0fa20 [term 0 FOLLOWER]: Leader pre-election lost for term 1. Reason: could not achieve majority
I20260709 14:50:46.427709  1741 ts_tablet_manager.cc:1434] T b18c04aafba1492498ddde8332928c8f P 03efd0fde93d40ffb67507c5b72bf4fd: Time spent starting tablet: real 0.038s	user 0.009s	sys 0.000s
I20260709 14:50:46.431595  1741 tablet_bootstrap.cc:492] T 31b5a992f36b46bbabf6314dfa4f888b P 03efd0fde93d40ffb67507c5b72bf4fd: Bootstrap starting.
I20260709 14:50:46.436465  1740 ts_tablet_manager.cc:1434] T 81a8d9f7a581479885edfe15e18463d0 P 4fb5e04bda15459f876862e640c0fa20: Time spent starting tablet: real 0.105s	user 0.015s	sys 0.005s
I20260709 14:50:46.441742  1740 tablet_bootstrap.cc:492] T 095505828c114b91a16edec91341907a P 4fb5e04bda15459f876862e640c0fa20: Bootstrap starting.
I20260709 14:50:46.447044  1747 consensus_queue.cc:1048] T 9554150be40b4a44a5219be304550de4 P 91d42523aa0d401e883f459a3a79451d [LEADER]: Connected to new peer: Peer: permanent_uuid: "4fb5e04bda15459f876862e640c0fa20" member_type: VOTER last_known_addr { host: "127.0.107.194" port: 39095 }, Status: LMP_MISMATCH, Last received: 0.0, Next index: 1, Last known committed idx: 0, Time since last communication: 0.002s
I20260709 14:50:46.460932  1830 raft_consensus.cc:2749] T 6b69bd364f8a4d9cb925781e66b2bea4 P 03efd0fde93d40ffb67507c5b72bf4fd [term 1 FOLLOWER]: Leader pre-election lost for term 1. Reason: could not achieve majority
I20260709 14:50:46.476426  1739 raft_consensus.cc:359] T 452cafec2aee4d6398edcea657f43e95 P 91d42523aa0d401e883f459a3a79451d [term 0 FOLLOWER]: Replica starting. Triggering 0 pending ops. Active config: opid_index: -1 OBSOLETE_local: false peers { permanent_uuid: "03efd0fde93d40ffb67507c5b72bf4fd" member_type: VOTER last_known_addr { host: "127.0.107.193" port: 33657 } } peers { permanent_uuid: "4fb5e04bda15459f876862e640c0fa20" member_type: VOTER last_known_addr { host: "127.0.107.194" port: 39095 } } peers { permanent_uuid: "91d42523aa0d401e883f459a3a79451d" member_type: VOTER last_known_addr { host: "127.0.107.195" port: 45649 } }
I20260709 14:50:46.477906  1739 raft_consensus.cc:385] T 452cafec2aee4d6398edcea657f43e95 P 91d42523aa0d401e883f459a3a79451d [term 0 FOLLOWER]: Consensus starting up: Expiring failure detector timer to make a prompt election more likely
I20260709 14:50:46.478322  1739 raft_consensus.cc:740] T 452cafec2aee4d6398edcea657f43e95 P 91d42523aa0d401e883f459a3a79451d [term 0 FOLLOWER]: Becoming Follower/Learner. State: Replica: 91d42523aa0d401e883f459a3a79451d, State: Initialized, Role: FOLLOWER
I20260709 14:50:46.479305  1739 consensus_queue.cc:260] T 452cafec2aee4d6398edcea657f43e95 P 91d42523aa0d401e883f459a3a79451d [NON_LEADER]: Queue going to NON_LEADER mode. State: All replicated index: 0, Majority replicated index: 0, Committed index: 0, Last appended: 0.0, Last appended by leader: 0, Current term: 0, Majority size: -1, State: 0, Mode: NON_LEADER, active raft config: opid_index: -1 OBSOLETE_local: false peers { permanent_uuid: "03efd0fde93d40ffb67507c5b72bf4fd" member_type: VOTER last_known_addr { host: "127.0.107.193" port: 33657 } } peers { permanent_uuid: "4fb5e04bda15459f876862e640c0fa20" member_type: VOTER last_known_addr { host: "127.0.107.194" port: 39095 } } peers { permanent_uuid: "91d42523aa0d401e883f459a3a79451d" member_type: VOTER last_known_addr { host: "127.0.107.195" port: 45649 } }
I20260709 14:50:46.480073  1747 consensus_queue.cc:1048] T 9554150be40b4a44a5219be304550de4 P 91d42523aa0d401e883f459a3a79451d [LEADER]: Connected to new peer: Peer: permanent_uuid: "03efd0fde93d40ffb67507c5b72bf4fd" member_type: VOTER last_known_addr { host: "127.0.107.193" port: 33657 }, Status: LMP_MISMATCH, Last received: 0.0, Next index: 1, Last known committed idx: 0, Time since last communication: 0.010s
I20260709 14:50:46.490660  1876 consensus_queue.cc:1048] T 6b69bd364f8a4d9cb925781e66b2bea4 P 4fb5e04bda15459f876862e640c0fa20 [LEADER]: Connected to new peer: Peer: permanent_uuid: "03efd0fde93d40ffb67507c5b72bf4fd" member_type: VOTER last_known_addr { host: "127.0.107.193" port: 33657 }, Status: LMP_MISMATCH, Last received: 0.0, Next index: 1, Last known committed idx: 0, Time since last communication: 0.001s
I20260709 14:50:46.493410  1741 tablet_bootstrap.cc:654] T 31b5a992f36b46bbabf6314dfa4f888b P 03efd0fde93d40ffb67507c5b72bf4fd: Neither blocks nor log segments found. Creating new log.
I20260709 14:50:46.505215  1747 raft_consensus.cc:493] T 452cafec2aee4d6398edcea657f43e95 P 91d42523aa0d401e883f459a3a79451d [term 0 FOLLOWER]: Starting pre-election (no leader contacted us within the election timeout)
I20260709 14:50:46.505791  1747 raft_consensus.cc:515] T 452cafec2aee4d6398edcea657f43e95 P 91d42523aa0d401e883f459a3a79451d [term 0 FOLLOWER]: Starting pre-election with config: opid_index: -1 OBSOLETE_local: false peers { permanent_uuid: "03efd0fde93d40ffb67507c5b72bf4fd" member_type: VOTER last_known_addr { host: "127.0.107.193" port: 33657 } } peers { permanent_uuid: "4fb5e04bda15459f876862e640c0fa20" member_type: VOTER last_known_addr { host: "127.0.107.194" port: 39095 } } peers { permanent_uuid: "91d42523aa0d401e883f459a3a79451d" member_type: VOTER last_known_addr { host: "127.0.107.195" port: 45649 } }
I20260709 14:50:46.517180  1739 ts_tablet_manager.cc:1434] T 452cafec2aee4d6398edcea657f43e95 P 91d42523aa0d401e883f459a3a79451d: Time spent starting tablet: real 0.115s	user 0.009s	sys 0.000s
I20260709 14:50:46.518393  1739 tablet_bootstrap.cc:492] T 31b5a992f36b46bbabf6314dfa4f888b P 91d42523aa0d401e883f459a3a79451d: Bootstrap starting.
W20260709 14:50:46.521442  1493 auto_rebalancer.cc:288] Could not retrieve cluster info: Service unavailable: Tablet not running
I20260709 14:50:46.523142  1740 tablet_bootstrap.cc:654] T 095505828c114b91a16edec91341907a P 4fb5e04bda15459f876862e640c0fa20: Neither blocks nor log segments found. Creating new log.
I20260709 14:50:46.524494  1747 leader_election.cc:290] T 452cafec2aee4d6398edcea657f43e95 P 91d42523aa0d401e883f459a3a79451d [CANDIDATE]: Term 1 pre-election: Requested pre-vote from peers 03efd0fde93d40ffb67507c5b72bf4fd (127.0.107.193:33657), 4fb5e04bda15459f876862e640c0fa20 (127.0.107.194:39095)
I20260709 14:50:46.485594  1883 raft_consensus.cc:515] T b18c04aafba1492498ddde8332928c8f P 91d42523aa0d401e883f459a3a79451d [term 1 FOLLOWER]: Starting leader election with config: opid_index: -1 OBSOLETE_local: false peers { permanent_uuid: "03efd0fde93d40ffb67507c5b72bf4fd" member_type: VOTER last_known_addr { host: "127.0.107.193" port: 33657 } } peers { permanent_uuid: "4fb5e04bda15459f876862e640c0fa20" member_type: VOTER last_known_addr { host: "127.0.107.194" port: 39095 } } peers { permanent_uuid: "91d42523aa0d401e883f459a3a79451d" member_type: VOTER last_known_addr { host: "127.0.107.195" port: 45649 } }
I20260709 14:50:46.533149  1546 tablet_service.cc:1917] Received RequestConsensusVote() RPC: tablet_id: "452cafec2aee4d6398edcea657f43e95" candidate_uuid: "91d42523aa0d401e883f459a3a79451d" candidate_term: 1 candidate_status { last_received { term: 0 index: 0 } } ignore_live_leader: false dest_uuid: "03efd0fde93d40ffb67507c5b72bf4fd" is_pre_election: true
W20260709 14:50:46.536223  1662 leader_election.cc:343] T 452cafec2aee4d6398edcea657f43e95 P 91d42523aa0d401e883f459a3a79451d [CANDIDATE]: Term 1 pre-election: Tablet error from VoteRequest() call to peer 03efd0fde93d40ffb67507c5b72bf4fd (127.0.107.193:33657): Illegal state: must be running to vote when last-logged opid is not known
I20260709 14:50:46.564183  1883 leader_election.cc:290] T b18c04aafba1492498ddde8332928c8f P 91d42523aa0d401e883f459a3a79451d [CANDIDATE]: Term 1 election: Requested vote from peers 03efd0fde93d40ffb67507c5b72bf4fd (127.0.107.193:33657), 4fb5e04bda15459f876862e640c0fa20 (127.0.107.194:39095)
I20260709 14:50:46.564247  1619 tablet_service.cc:1917] Received RequestConsensusVote() RPC: tablet_id: "452cafec2aee4d6398edcea657f43e95" candidate_uuid: "91d42523aa0d401e883f459a3a79451d" candidate_term: 1 candidate_status { last_received { term: 0 index: 0 } } ignore_live_leader: false dest_uuid: "4fb5e04bda15459f876862e640c0fa20" is_pre_election: true
I20260709 14:50:46.565578  1619 raft_consensus.cc:2468] T 452cafec2aee4d6398edcea657f43e95 P 4fb5e04bda15459f876862e640c0fa20 [term 0 FOLLOWER]: Leader pre-election vote request: Granting yes vote for candidate 91d42523aa0d401e883f459a3a79451d in term 0.
I20260709 14:50:46.567284  1544 tablet_service.cc:1917] Received RequestConsensusVote() RPC: tablet_id: "b18c04aafba1492498ddde8332928c8f" candidate_uuid: "91d42523aa0d401e883f459a3a79451d" candidate_term: 1 candidate_status { last_received { term: 0 index: 0 } } ignore_live_leader: false dest_uuid: "03efd0fde93d40ffb67507c5b72bf4fd"
I20260709 14:50:46.568064  1544 raft_consensus.cc:3060] T b18c04aafba1492498ddde8332928c8f P 03efd0fde93d40ffb67507c5b72bf4fd [term 0 FOLLOWER]: Advancing to term 1
I20260709 14:50:46.570379  1739 tablet_bootstrap.cc:654] T 31b5a992f36b46bbabf6314dfa4f888b P 91d42523aa0d401e883f459a3a79451d: Neither blocks nor log segments found. Creating new log.
I20260709 14:50:46.582773  1876 raft_consensus.cc:493] T 81a8d9f7a581479885edfe15e18463d0 P 4fb5e04bda15459f876862e640c0fa20 [term 0 FOLLOWER]: Starting pre-election (no leader contacted us within the election timeout)
I20260709 14:50:46.583236  1744 consensus_queue.cc:1048] T 6b69bd364f8a4d9cb925781e66b2bea4 P 4fb5e04bda15459f876862e640c0fa20 [LEADER]: Connected to new peer: Peer: permanent_uuid: "91d42523aa0d401e883f459a3a79451d" member_type: VOTER last_known_addr { host: "127.0.107.195" port: 45649 }, Status: LMP_MISMATCH, Last received: 0.0, Next index: 1, Last known committed idx: 0, Time since last communication: 0.000s
I20260709 14:50:46.583685  1621 tablet_service.cc:1917] Received RequestConsensusVote() RPC: tablet_id: "b18c04aafba1492498ddde8332928c8f" candidate_uuid: "91d42523aa0d401e883f459a3a79451d" candidate_term: 1 candidate_status { last_received { term: 0 index: 0 } } ignore_live_leader: false dest_uuid: "4fb5e04bda15459f876862e640c0fa20"
I20260709 14:50:46.583406  1876 raft_consensus.cc:515] T 81a8d9f7a581479885edfe15e18463d0 P 4fb5e04bda15459f876862e640c0fa20 [term 0 FOLLOWER]: Starting pre-election with config: opid_index: -1 OBSOLETE_local: false peers { permanent_uuid: "03efd0fde93d40ffb67507c5b72bf4fd" member_type: VOTER last_known_addr { host: "127.0.107.193" port: 33657 } } peers { permanent_uuid: "4fb5e04bda15459f876862e640c0fa20" member_type: VOTER last_known_addr { host: "127.0.107.194" port: 39095 } } peers { permanent_uuid: "91d42523aa0d401e883f459a3a79451d" member_type: VOTER last_known_addr { host: "127.0.107.195" port: 45649 } }
I20260709 14:50:46.584208  1621 raft_consensus.cc:3060] T b18c04aafba1492498ddde8332928c8f P 4fb5e04bda15459f876862e640c0fa20 [term 0 FOLLOWER]: Advancing to term 1
I20260709 14:50:46.585853  1876 leader_election.cc:290] T 81a8d9f7a581479885edfe15e18463d0 P 4fb5e04bda15459f876862e640c0fa20 [CANDIDATE]: Term 1 pre-election: Requested pre-vote from peers 03efd0fde93d40ffb67507c5b72bf4fd (127.0.107.193:33657), 91d42523aa0d401e883f459a3a79451d (127.0.107.195:45649)
I20260709 14:50:46.588025  1545 tablet_service.cc:1917] Received RequestConsensusVote() RPC: tablet_id: "81a8d9f7a581479885edfe15e18463d0" candidate_uuid: "4fb5e04bda15459f876862e640c0fa20" candidate_term: 1 candidate_status { last_received { term: 0 index: 0 } } ignore_live_leader: false dest_uuid: "03efd0fde93d40ffb67507c5b72bf4fd" is_pre_election: true
I20260709 14:50:46.589434  1659 leader_election.cc:304] T 452cafec2aee4d6398edcea657f43e95 P 91d42523aa0d401e883f459a3a79451d [CANDIDATE]: Term 1 pre-election: Election decided. Result: candidate won. Election summary: received 3 responses out of 3 voters: 2 yes votes; 1 no votes. yes voters: 4fb5e04bda15459f876862e640c0fa20, 91d42523aa0d401e883f459a3a79451d; no voters: 03efd0fde93d40ffb67507c5b72bf4fd
I20260709 14:50:46.590476  1747 raft_consensus.cc:2804] T 452cafec2aee4d6398edcea657f43e95 P 91d42523aa0d401e883f459a3a79451d [term 0 FOLLOWER]: Leader pre-election won for term 1
