I20260709 14:49:29.040118 12237 raft_consensus.cc:2468] T 6726cb6143a14e3983ac89a9c9b12d45 P 91a7f91d3dd043eba8055a5a6f80850c [term 3 FOLLOWER]: Leader election vote request: Granting yes vote for candidate 81bf512898934d9ab9ba1f85c4cfc07a in term 3.
I20260709 14:49:29.040787 12503 raft_consensus.cc:697] T 6726cb6143a14e3983ac89a9c9b12d45 P 81bf512898934d9ab9ba1f85c4cfc07a [term 3 LEADER]: Becoming Leader. State: Replica: 81bf512898934d9ab9ba1f85c4cfc07a, State: Running, Role: LEADER
I20260709 14:49:29.041885 12503 consensus_queue.cc:237] T 6726cb6143a14e3983ac89a9c9b12d45 P 81bf512898934d9ab9ba1f85c4cfc07a [LEADER]: Queue going to LEADER mode. State: All replicated index: 0, Majority replicated index: 2, Committed index: 2, Last appended: 2.2, Last appended by leader: 2, Current term: 3, Majority size: 2, State: 0, Mode: LEADER, active raft config: opid_index: -1 OBSOLETE_local: false peers { permanent_uuid: "81bf512898934d9ab9ba1f85c4cfc07a" member_type: VOTER last_known_addr { host: "127.11.191.129" port: 41091 } } peers { permanent_uuid: "91a7f91d3dd043eba8055a5a6f80850c" member_type: VOTER last_known_addr { host: "127.11.191.130" port: 34311 } } peers { permanent_uuid: "695f60fa500b40e79bd6c5289915185f" member_type: VOTER last_known_addr { host: "127.11.191.131" port: 35775 } }
I20260709 14:49:29.049021 12062 catalog_manager.cc:5697] T 6726cb6143a14e3983ac89a9c9b12d45 P 81bf512898934d9ab9ba1f85c4cfc07a reported cstate change: term changed from 2 to 3, leader changed from 91a7f91d3dd043eba8055a5a6f80850c (127.11.191.130) to 81bf512898934d9ab9ba1f85c4cfc07a (127.11.191.129). New cstate: current_term: 3 leader_uuid: "81bf512898934d9ab9ba1f85c4cfc07a" committed_config { opid_index: -1 OBSOLETE_local: false peers { permanent_uuid: "81bf512898934d9ab9ba1f85c4cfc07a" member_type: VOTER last_known_addr { host: "127.11.191.129" port: 41091 } health_report { overall_health: HEALTHY } } peers { permanent_uuid: "91a7f91d3dd043eba8055a5a6f80850c" member_type: VOTER last_known_addr { host: "127.11.191.130" port: 34311 } health_report { overall_health: UNKNOWN } } peers { permanent_uuid: "695f60fa500b40e79bd6c5289915185f" member_type: VOTER last_known_addr { host: "127.11.191.131" port: 35775 } health_report { overall_health: UNKNOWN } } }
I20260709 14:49:29.153652 12500 raft_consensus.cc:993] T 851c9fb8005d44a29c504de4eb78fbfb P 91a7f91d3dd043eba8055a5a6f80850c: : Instructing follower 695f60fa500b40e79bd6c5289915185f to start an election
I20260709 14:49:29.154093 12500 raft_consensus.cc:1081] T 851c9fb8005d44a29c504de4eb78fbfb P 91a7f91d3dd043eba8055a5a6f80850c [term 2 LEADER]: Signalling peer 695f60fa500b40e79bd6c5289915185f to start an election
I20260709 14:49:29.155609 12314 tablet_service.cc:2044] Received Run Leader Election RPC: tablet_id: "851c9fb8005d44a29c504de4eb78fbfb"
dest_uuid: "695f60fa500b40e79bd6c5289915185f"
 from {username='slave'} at 127.0.0.1:37720
I20260709 14:49:29.156062 12314 raft_consensus.cc:493] T 851c9fb8005d44a29c504de4eb78fbfb P 695f60fa500b40e79bd6c5289915185f [term 2 FOLLOWER]: Starting forced leader election (received explicit request)
I20260709 14:49:29.156338 12314 raft_consensus.cc:3060] T 851c9fb8005d44a29c504de4eb78fbfb P 695f60fa500b40e79bd6c5289915185f [term 2 FOLLOWER]: Advancing to term 3
I20260709 14:49:29.160327 12314 raft_consensus.cc:515] T 851c9fb8005d44a29c504de4eb78fbfb P 695f60fa500b40e79bd6c5289915185f [term 3 FOLLOWER]: Starting forced leader election with config: opid_index: -1 OBSOLETE_local: false peers { permanent_uuid: "81bf512898934d9ab9ba1f85c4cfc07a" member_type: VOTER last_known_addr { host: "127.11.191.129" port: 41091 } } peers { permanent_uuid: "91a7f91d3dd043eba8055a5a6f80850c" member_type: VOTER last_known_addr { host: "127.11.191.130" port: 34311 } } peers { permanent_uuid: "695f60fa500b40e79bd6c5289915185f" member_type: VOTER last_known_addr { host: "127.11.191.131" port: 35775 } }
I20260709 14:49:29.161887 12314 leader_election.cc:290] T 851c9fb8005d44a29c504de4eb78fbfb P 695f60fa500b40e79bd6c5289915185f [CANDIDATE]: Term 3 election: Requested vote from peers 81bf512898934d9ab9ba1f85c4cfc07a (127.11.191.129:41091), 91a7f91d3dd043eba8055a5a6f80850c (127.11.191.130:34311)
I20260709 14:49:29.163160 12237 tablet_service.cc:1917] Received RequestConsensusVote() RPC: tablet_id: "851c9fb8005d44a29c504de4eb78fbfb" candidate_uuid: "695f60fa500b40e79bd6c5289915185f" candidate_term: 3 candidate_status { last_received { term: 2 index: 2 } } ignore_live_leader: true dest_uuid: "91a7f91d3dd043eba8055a5a6f80850c"
I20260709 14:49:29.163183 12164 tablet_service.cc:1917] Received RequestConsensusVote() RPC: tablet_id: "851c9fb8005d44a29c504de4eb78fbfb" candidate_uuid: "695f60fa500b40e79bd6c5289915185f" candidate_term: 3 candidate_status { last_received { term: 2 index: 2 } } ignore_live_leader: true dest_uuid: "81bf512898934d9ab9ba1f85c4cfc07a"
I20260709 14:49:29.163616 12237 raft_consensus.cc:3055] T 851c9fb8005d44a29c504de4eb78fbfb P 91a7f91d3dd043eba8055a5a6f80850c [term 2 LEADER]: Stepping down as leader of term 2
I20260709 14:49:29.163872 12164 raft_consensus.cc:3060] T 851c9fb8005d44a29c504de4eb78fbfb P 81bf512898934d9ab9ba1f85c4cfc07a [term 2 FOLLOWER]: Advancing to term 3
I20260709 14:49:29.163932 12237 raft_consensus.cc:740] T 851c9fb8005d44a29c504de4eb78fbfb P 91a7f91d3dd043eba8055a5a6f80850c [term 2 LEADER]: Becoming Follower/Learner. State: Replica: 91a7f91d3dd043eba8055a5a6f80850c, State: Running, Role: LEADER
I20260709 14:49:29.164696 12237 consensus_queue.cc:260] T 851c9fb8005d44a29c504de4eb78fbfb P 91a7f91d3dd043eba8055a5a6f80850c [NON_LEADER]: Queue going to NON_LEADER mode. State: All replicated index: 0, Majority replicated index: 2, Committed index: 2, Last appended: 2.2, Last appended by leader: 2, Current term: 2, Majority size: -1, State: 0, Mode: NON_LEADER, active raft config: opid_index: -1 OBSOLETE_local: false peers { permanent_uuid: "81bf512898934d9ab9ba1f85c4cfc07a" member_type: VOTER last_known_addr { host: "127.11.191.129" port: 41091 } } peers { permanent_uuid: "91a7f91d3dd043eba8055a5a6f80850c" member_type: VOTER last_known_addr { host: "127.11.191.130" port: 34311 } } peers { permanent_uuid: "695f60fa500b40e79bd6c5289915185f" member_type: VOTER last_known_addr { host: "127.11.191.131" port: 35775 } }
I20260709 14:49:29.165541 12237 raft_consensus.cc:3060] T 851c9fb8005d44a29c504de4eb78fbfb P 91a7f91d3dd043eba8055a5a6f80850c [term 2 FOLLOWER]: Advancing to term 3
I20260709 14:49:29.168838 12164 raft_consensus.cc:2468] T 851c9fb8005d44a29c504de4eb78fbfb P 81bf512898934d9ab9ba1f85c4cfc07a [term 3 FOLLOWER]: Leader election vote request: Granting yes vote for candidate 695f60fa500b40e79bd6c5289915185f in term 3.
I20260709 14:49:29.169562 12237 raft_consensus.cc:2468] T 851c9fb8005d44a29c504de4eb78fbfb P 91a7f91d3dd043eba8055a5a6f80850c [term 3 FOLLOWER]: Leader election vote request: Granting yes vote for candidate 695f60fa500b40e79bd6c5289915185f in term 3.
I20260709 14:49:29.170285 12277 leader_election.cc:304] T 851c9fb8005d44a29c504de4eb78fbfb P 695f60fa500b40e79bd6c5289915185f [CANDIDATE]: Term 3 election: Election decided. Result: candidate won. Election summary: received 2 responses out of 3 voters: 2 yes votes; 0 no votes. yes voters: 695f60fa500b40e79bd6c5289915185f, 81bf512898934d9ab9ba1f85c4cfc07a; no voters: 
I20260709 14:49:29.171305 12499 raft_consensus.cc:2804] T 851c9fb8005d44a29c504de4eb78fbfb P 695f60fa500b40e79bd6c5289915185f [term 3 FOLLOWER]: Leader election won for term 3
I20260709 14:49:29.172466 12499 raft_consensus.cc:697] T 851c9fb8005d44a29c504de4eb78fbfb P 695f60fa500b40e79bd6c5289915185f [term 3 LEADER]: Becoming Leader. State: Replica: 695f60fa500b40e79bd6c5289915185f, State: Running, Role: LEADER
I20260709 14:49:29.173265 12499 consensus_queue.cc:237] T 851c9fb8005d44a29c504de4eb78fbfb P 695f60fa500b40e79bd6c5289915185f [LEADER]: Queue going to LEADER mode. State: All replicated index: 0, Majority replicated index: 2, Committed index: 2, Last appended: 2.2, Last appended by leader: 2, Current term: 3, Majority size: 2, State: 0, Mode: LEADER, active raft config: opid_index: -1 OBSOLETE_local: false peers { permanent_uuid: "81bf512898934d9ab9ba1f85c4cfc07a" member_type: VOTER last_known_addr { host: "127.11.191.129" port: 41091 } } peers { permanent_uuid: "91a7f91d3dd043eba8055a5a6f80850c" member_type: VOTER last_known_addr { host: "127.11.191.130" port: 34311 } } peers { permanent_uuid: "695f60fa500b40e79bd6c5289915185f" member_type: VOTER last_known_addr { host: "127.11.191.131" port: 35775 } }
I20260709 14:49:29.180629 12502 raft_consensus.cc:993] T e15a41b2fdee4163bde5e602b151da70 P 91a7f91d3dd043eba8055a5a6f80850c: : Instructing follower 695f60fa500b40e79bd6c5289915185f to start an election
I20260709 14:49:29.181214 12500 raft_consensus.cc:1081] T e15a41b2fdee4163bde5e602b151da70 P 91a7f91d3dd043eba8055a5a6f80850c [term 2 LEADER]: Signalling peer 695f60fa500b40e79bd6c5289915185f to start an election
I20260709 14:49:29.181077 12062 catalog_manager.cc:5697] T 851c9fb8005d44a29c504de4eb78fbfb P 695f60fa500b40e79bd6c5289915185f reported cstate change: term changed from 2 to 3, leader changed from 91a7f91d3dd043eba8055a5a6f80850c (127.11.191.130) to 695f60fa500b40e79bd6c5289915185f (127.11.191.131). New cstate: current_term: 3 leader_uuid: "695f60fa500b40e79bd6c5289915185f" committed_config { opid_index: -1 OBSOLETE_local: false peers { permanent_uuid: "81bf512898934d9ab9ba1f85c4cfc07a" member_type: VOTER last_known_addr { host: "127.11.191.129" port: 41091 } health_report { overall_health: UNKNOWN } } peers { permanent_uuid: "91a7f91d3dd043eba8055a5a6f80850c" member_type: VOTER last_known_addr { host: "127.11.191.130" port: 34311 } health_report { overall_health: UNKNOWN } } peers { permanent_uuid: "695f60fa500b40e79bd6c5289915185f" member_type: VOTER last_known_addr { host: "127.11.191.131" port: 35775 } health_report { overall_health: HEALTHY } } }
I20260709 14:49:29.182624 12314 tablet_service.cc:2044] Received Run Leader Election RPC: tablet_id: "e15a41b2fdee4163bde5e602b151da70"
dest_uuid: "695f60fa500b40e79bd6c5289915185f"
 from {username='slave'} at 127.0.0.1:37720
I20260709 14:49:29.183058 12314 raft_consensus.cc:493] T e15a41b2fdee4163bde5e602b151da70 P 695f60fa500b40e79bd6c5289915185f [term 2 FOLLOWER]: Starting forced leader election (received explicit request)
I20260709 14:49:29.183312 12314 raft_consensus.cc:3060] T e15a41b2fdee4163bde5e602b151da70 P 695f60fa500b40e79bd6c5289915185f [term 2 FOLLOWER]: Advancing to term 3
I20260709 14:49:29.187917 12314 raft_consensus.cc:515] T e15a41b2fdee4163bde5e602b151da70 P 695f60fa500b40e79bd6c5289915185f [term 3 FOLLOWER]: Starting forced leader election with config: opid_index: -1 OBSOLETE_local: false peers { permanent_uuid: "81bf512898934d9ab9ba1f85c4cfc07a" member_type: VOTER last_known_addr { host: "127.11.191.129" port: 41091 } } peers { permanent_uuid: "91a7f91d3dd043eba8055a5a6f80850c" member_type: VOTER last_known_addr { host: "127.11.191.130" port: 34311 } } peers { permanent_uuid: "695f60fa500b40e79bd6c5289915185f" member_type: VOTER last_known_addr { host: "127.11.191.131" port: 35775 } }
I20260709 14:49:29.189604 12314 leader_election.cc:290] T e15a41b2fdee4163bde5e602b151da70 P 695f60fa500b40e79bd6c5289915185f [CANDIDATE]: Term 3 election: Requested vote from peers 81bf512898934d9ab9ba1f85c4cfc07a (127.11.191.129:41091), 91a7f91d3dd043eba8055a5a6f80850c (127.11.191.130:34311)
I20260709 14:49:29.190438 12164 tablet_service.cc:1917] Received RequestConsensusVote() RPC: tablet_id: "e15a41b2fdee4163bde5e602b151da70" candidate_uuid: "695f60fa500b40e79bd6c5289915185f" candidate_term: 3 candidate_status { last_received { term: 2 index: 2 } } ignore_live_leader: true dest_uuid: "81bf512898934d9ab9ba1f85c4cfc07a"
I20260709 14:49:29.190678 12237 tablet_service.cc:1917] Received RequestConsensusVote() RPC: tablet_id: "e15a41b2fdee4163bde5e602b151da70" candidate_uuid: "695f60fa500b40e79bd6c5289915185f" candidate_term: 3 candidate_status { last_received { term: 2 index: 2 } } ignore_live_leader: true dest_uuid: "91a7f91d3dd043eba8055a5a6f80850c"
I20260709 14:49:29.191087 12164 raft_consensus.cc:3060] T e15a41b2fdee4163bde5e602b151da70 P 81bf512898934d9ab9ba1f85c4cfc07a [term 2 FOLLOWER]: Advancing to term 3
I20260709 14:49:29.191159 12237 raft_consensus.cc:3055] T e15a41b2fdee4163bde5e602b151da70 P 91a7f91d3dd043eba8055a5a6f80850c [term 2 LEADER]: Stepping down as leader of term 2
I20260709 14:49:29.191560 12237 raft_consensus.cc:740] T e15a41b2fdee4163bde5e602b151da70 P 91a7f91d3dd043eba8055a5a6f80850c [term 2 LEADER]: Becoming Follower/Learner. State: Replica: 91a7f91d3dd043eba8055a5a6f80850c, State: Running, Role: LEADER
I20260709 14:49:29.192329 12237 consensus_queue.cc:260] T e15a41b2fdee4163bde5e602b151da70 P 91a7f91d3dd043eba8055a5a6f80850c [NON_LEADER]: Queue going to NON_LEADER mode. State: All replicated index: 0, Majority replicated index: 2, Committed index: 2, Last appended: 2.2, Last appended by leader: 2, Current term: 2, Majority size: -1, State: 0, Mode: NON_LEADER, active raft config: opid_index: -1 OBSOLETE_local: false peers { permanent_uuid: "81bf512898934d9ab9ba1f85c4cfc07a" member_type: VOTER last_known_addr { host: "127.11.191.129" port: 41091 } } peers { permanent_uuid: "91a7f91d3dd043eba8055a5a6f80850c" member_type: VOTER last_known_addr { host: "127.11.191.130" port: 34311 } } peers { permanent_uuid: "695f60fa500b40e79bd6c5289915185f" member_type: VOTER last_known_addr { host: "127.11.191.131" port: 35775 } }
I20260709 14:49:29.193485 12237 raft_consensus.cc:3060] T e15a41b2fdee4163bde5e602b151da70 P 91a7f91d3dd043eba8055a5a6f80850c [term 2 FOLLOWER]: Advancing to term 3
I20260709 14:49:29.197945 12164 raft_consensus.cc:2468] T e15a41b2fdee4163bde5e602b151da70 P 81bf512898934d9ab9ba1f85c4cfc07a [term 3 FOLLOWER]: Leader election vote request: Granting yes vote for candidate 695f60fa500b40e79bd6c5289915185f in term 3.
I20260709 14:49:29.199169 12277 leader_election.cc:304] T e15a41b2fdee4163bde5e602b151da70 P 695f60fa500b40e79bd6c5289915185f [CANDIDATE]: Term 3 election: Election decided. Result: candidate won. Election summary: received 2 responses out of 3 voters: 2 yes votes; 0 no votes. yes voters: 695f60fa500b40e79bd6c5289915185f, 81bf512898934d9ab9ba1f85c4cfc07a; no voters: 
I20260709 14:49:29.200008 12237 raft_consensus.cc:2468] T e15a41b2fdee4163bde5e602b151da70 P 91a7f91d3dd043eba8055a5a6f80850c [term 3 FOLLOWER]: Leader election vote request: Granting yes vote for candidate 695f60fa500b40e79bd6c5289915185f in term 3.
I20260709 14:49:29.200081 12499 raft_consensus.cc:2804] T e15a41b2fdee4163bde5e602b151da70 P 695f60fa500b40e79bd6c5289915185f [term 3 FOLLOWER]: Leader election won for term 3
I20260709 14:49:29.200594 12499 raft_consensus.cc:697] T e15a41b2fdee4163bde5e602b151da70 P 695f60fa500b40e79bd6c5289915185f [term 3 LEADER]: Becoming Leader. State: Replica: 695f60fa500b40e79bd6c5289915185f, State: Running, Role: LEADER
I20260709 14:49:29.201437 12499 consensus_queue.cc:237] T e15a41b2fdee4163bde5e602b151da70 P 695f60fa500b40e79bd6c5289915185f [LEADER]: Queue going to LEADER mode. State: All replicated index: 0, Majority replicated index: 2, Committed index: 2, Last appended: 2.2, Last appended by leader: 2, Current term: 3, Majority size: 2, State: 0, Mode: LEADER, active raft config: opid_index: -1 OBSOLETE_local: false peers { permanent_uuid: "81bf512898934d9ab9ba1f85c4cfc07a" member_type: VOTER last_known_addr { host: "127.11.191.129" port: 41091 } } peers { permanent_uuid: "91a7f91d3dd043eba8055a5a6f80850c" member_type: VOTER last_known_addr { host: "127.11.191.130" port: 34311 } } peers { permanent_uuid: "695f60fa500b40e79bd6c5289915185f" member_type: VOTER last_known_addr { host: "127.11.191.131" port: 35775 } }
I20260709 14:49:29.208596 12062 catalog_manager.cc:5697] T e15a41b2fdee4163bde5e602b151da70 P 695f60fa500b40e79bd6c5289915185f reported cstate change: term changed from 2 to 3, leader changed from 91a7f91d3dd043eba8055a5a6f80850c (127.11.191.130) to 695f60fa500b40e79bd6c5289915185f (127.11.191.131). New cstate: current_term: 3 leader_uuid: "695f60fa500b40e79bd6c5289915185f" committed_config { opid_index: -1 OBSOLETE_local: false peers { permanent_uuid: "81bf512898934d9ab9ba1f85c4cfc07a" member_type: VOTER last_known_addr { host: "127.11.191.129" port: 41091 } health_report { overall_health: UNKNOWN } } peers { permanent_uuid: "91a7f91d3dd043eba8055a5a6f80850c" member_type: VOTER last_known_addr { host: "127.11.191.130" port: 34311 } health_report { overall_health: UNKNOWN } } peers { permanent_uuid: "695f60fa500b40e79bd6c5289915185f" member_type: VOTER last_known_addr { host: "127.11.191.131" port: 35775 } health_report { overall_health: HEALTHY } } }
I20260709 14:49:29.326412 12502 raft_consensus.cc:993] T 8382d0b00d2346e4bcdee3621010651f P 91a7f91d3dd043eba8055a5a6f80850c: : Instructing follower 81bf512898934d9ab9ba1f85c4cfc07a to start an election
I20260709 14:49:29.326879 12500 raft_consensus.cc:1081] T 8382d0b00d2346e4bcdee3621010651f P 91a7f91d3dd043eba8055a5a6f80850c [term 3 LEADER]: Signalling peer 81bf512898934d9ab9ba1f85c4cfc07a to start an election
I20260709 14:49:29.328403 12164 tablet_service.cc:2044] Received Run Leader Election RPC: tablet_id: "8382d0b00d2346e4bcdee3621010651f"
dest_uuid: "81bf512898934d9ab9ba1f85c4cfc07a"
 from {username='slave'} at 127.0.0.1:46422
I20260709 14:49:29.328964 12164 raft_consensus.cc:493] T 8382d0b00d2346e4bcdee3621010651f P 81bf512898934d9ab9ba1f85c4cfc07a [term 3 FOLLOWER]: Starting forced leader election (received explicit request)
I20260709 14:49:29.329267 12164 raft_consensus.cc:3060] T 8382d0b00d2346e4bcdee3621010651f P 81bf512898934d9ab9ba1f85c4cfc07a [term 3 FOLLOWER]: Advancing to term 4
I20260709 14:49:29.334342 12164 raft_consensus.cc:515] T 8382d0b00d2346e4bcdee3621010651f P 81bf512898934d9ab9ba1f85c4cfc07a [term 4 FOLLOWER]: Starting forced leader election with config: opid_index: -1 OBSOLETE_local: false peers { permanent_uuid: "81bf512898934d9ab9ba1f85c4cfc07a" member_type: VOTER last_known_addr { host: "127.11.191.129" port: 41091 } } peers { permanent_uuid: "91a7f91d3dd043eba8055a5a6f80850c" member_type: VOTER last_known_addr { host: "127.11.191.130" port: 34311 } } peers { permanent_uuid: "695f60fa500b40e79bd6c5289915185f" member_type: VOTER last_known_addr { host: "127.11.191.131" port: 35775 } }
I20260709 14:49:29.335952 12164 leader_election.cc:290] T 8382d0b00d2346e4bcdee3621010651f P 81bf512898934d9ab9ba1f85c4cfc07a [CANDIDATE]: Term 4 election: Requested vote from peers 91a7f91d3dd043eba8055a5a6f80850c (127.11.191.130:34311), 695f60fa500b40e79bd6c5289915185f (127.11.191.131:35775)
I20260709 14:49:29.337110 12237 tablet_service.cc:1917] Received RequestConsensusVote() RPC: tablet_id: "8382d0b00d2346e4bcdee3621010651f" candidate_uuid: "81bf512898934d9ab9ba1f85c4cfc07a" candidate_term: 4 candidate_status { last_received { term: 3 index: 3 } } ignore_live_leader: true dest_uuid: "91a7f91d3dd043eba8055a5a6f80850c"
I20260709 14:49:29.337334 12314 tablet_service.cc:1917] Received RequestConsensusVote() RPC: tablet_id: "8382d0b00d2346e4bcdee3621010651f" candidate_uuid: "81bf512898934d9ab9ba1f85c4cfc07a" candidate_term: 4 candidate_status { last_received { term: 3 index: 3 } } ignore_live_leader: true dest_uuid: "695f60fa500b40e79bd6c5289915185f"
I20260709 14:49:29.337636 12237 raft_consensus.cc:3055] T 8382d0b00d2346e4bcdee3621010651f P 91a7f91d3dd043eba8055a5a6f80850c [term 3 LEADER]: Stepping down as leader of term 3
I20260709 14:49:29.337926 12237 raft_consensus.cc:740] T 8382d0b00d2346e4bcdee3621010651f P 91a7f91d3dd043eba8055a5a6f80850c [term 3 LEADER]: Becoming Follower/Learner. State: Replica: 91a7f91d3dd043eba8055a5a6f80850c, State: Running, Role: LEADER
I20260709 14:49:29.337953 12314 raft_consensus.cc:3060] T 8382d0b00d2346e4bcdee3621010651f P 695f60fa500b40e79bd6c5289915185f [term 3 FOLLOWER]: Advancing to term 4
I20260709 14:49:29.338689 12237 consensus_queue.cc:260] T 8382d0b00d2346e4bcdee3621010651f P 91a7f91d3dd043eba8055a5a6f80850c [NON_LEADER]: Queue going to NON_LEADER mode. State: All replicated index: 0, Majority replicated index: 3, Committed index: 3, Last appended: 3.3, Last appended by leader: 3, Current term: 3, Majority size: -1, State: 0, Mode: NON_LEADER, active raft config: opid_index: -1 OBSOLETE_local: false peers { permanent_uuid: "81bf512898934d9ab9ba1f85c4cfc07a" member_type: VOTER last_known_addr { host: "127.11.191.129" port: 41091 } } peers { permanent_uuid: "91a7f91d3dd043eba8055a5a6f80850c" member_type: VOTER last_known_addr { host: "127.11.191.130" port: 34311 } } peers { permanent_uuid: "695f60fa500b40e79bd6c5289915185f" member_type: VOTER last_known_addr { host: "127.11.191.131" port: 35775 } }
I20260709 14:49:29.339660 12237 raft_consensus.cc:3060] T 8382d0b00d2346e4bcdee3621010651f P 91a7f91d3dd043eba8055a5a6f80850c [term 3 FOLLOWER]: Advancing to term 4
I20260709 14:49:29.342720 12314 raft_consensus.cc:2468] T 8382d0b00d2346e4bcdee3621010651f P 695f60fa500b40e79bd6c5289915185f [term 4 FOLLOWER]: Leader election vote request: Granting yes vote for candidate 81bf512898934d9ab9ba1f85c4cfc07a in term 4.
I20260709 14:49:29.343743 12131 leader_election.cc:304] T 8382d0b00d2346e4bcdee3621010651f P 81bf512898934d9ab9ba1f85c4cfc07a [CANDIDATE]: Term 4 election: Election decided. Result: candidate won. Election summary: received 2 responses out of 3 voters: 2 yes votes; 0 no votes. yes voters: 695f60fa500b40e79bd6c5289915185f, 81bf512898934d9ab9ba1f85c4cfc07a; no voters: 
I20260709 14:49:29.344400 12503 raft_consensus.cc:2804] T 8382d0b00d2346e4bcdee3621010651f P 81bf512898934d9ab9ba1f85c4cfc07a [term 4 FOLLOWER]: Leader election won for term 4
I20260709 14:49:29.344434 12237 raft_consensus.cc:2468] T 8382d0b00d2346e4bcdee3621010651f P 91a7f91d3dd043eba8055a5a6f80850c [term 4 FOLLOWER]: Leader election vote request: Granting yes vote for candidate 81bf512898934d9ab9ba1f85c4cfc07a in term 4.
I20260709 14:49:29.344954 12503 raft_consensus.cc:697] T 8382d0b00d2346e4bcdee3621010651f P 81bf512898934d9ab9ba1f85c4cfc07a [term 4 LEADER]: Becoming Leader. State: Replica: 81bf512898934d9ab9ba1f85c4cfc07a, State: Running, Role: LEADER
I20260709 14:49:29.345780 12503 consensus_queue.cc:237] T 8382d0b00d2346e4bcdee3621010651f P 81bf512898934d9ab9ba1f85c4cfc07a [LEADER]: Queue going to LEADER mode. State: All replicated index: 0, Majority replicated index: 3, Committed index: 3, Last appended: 3.3, Last appended by leader: 3, Current term: 4, Majority size: 2, State: 0, Mode: LEADER, active raft config: opid_index: -1 OBSOLETE_local: false peers { permanent_uuid: "81bf512898934d9ab9ba1f85c4cfc07a" member_type: VOTER last_known_addr { host: "127.11.191.129" port: 41091 } } peers { permanent_uuid: "91a7f91d3dd043eba8055a5a6f80850c" member_type: VOTER last_known_addr { host: "127.11.191.130" port: 34311 } } peers { permanent_uuid: "695f60fa500b40e79bd6c5289915185f" member_type: VOTER last_known_addr { host: "127.11.191.131" port: 35775 } }
I20260709 14:49:29.353346 12062 catalog_manager.cc:5697] T 8382d0b00d2346e4bcdee3621010651f P 81bf512898934d9ab9ba1f85c4cfc07a reported cstate change: term changed from 3 to 4, leader changed from 91a7f91d3dd043eba8055a5a6f80850c (127.11.191.130) to 81bf512898934d9ab9ba1f85c4cfc07a (127.11.191.129). New cstate: current_term: 4 leader_uuid: "81bf512898934d9ab9ba1f85c4cfc07a" committed_config { opid_index: -1 OBSOLETE_local: false peers { permanent_uuid: "81bf512898934d9ab9ba1f85c4cfc07a" member_type: VOTER last_known_addr { host: "127.11.191.129" port: 41091 } health_report { overall_health: HEALTHY } } peers { permanent_uuid: "91a7f91d3dd043eba8055a5a6f80850c" member_type: VOTER last_known_addr { host: "127.11.191.130" port: 34311 } health_report { overall_health: UNKNOWN } } peers { permanent_uuid: "695f60fa500b40e79bd6c5289915185f" member_type: VOTER last_known_addr { host: "127.11.191.131" port: 35775 } health_report { overall_health: UNKNOWN } } }
I20260709 14:49:29.379060 12500 raft_consensus.cc:993] T fa78268f9fa6473d90dfc87b4a293bc1 P 91a7f91d3dd043eba8055a5a6f80850c: : Instructing follower 81bf512898934d9ab9ba1f85c4cfc07a to start an election
I20260709 14:49:29.379606 12502 raft_consensus.cc:1081] T fa78268f9fa6473d90dfc87b4a293bc1 P 91a7f91d3dd043eba8055a5a6f80850c [term 3 LEADER]: Signalling peer 81bf512898934d9ab9ba1f85c4cfc07a to start an election
I20260709 14:49:29.381078 12164 tablet_service.cc:2044] Received Run Leader Election RPC: tablet_id: "fa78268f9fa6473d90dfc87b4a293bc1"
dest_uuid: "81bf512898934d9ab9ba1f85c4cfc07a"
 from {username='slave'} at 127.0.0.1:46422
I20260709 14:49:29.381479 12164 raft_consensus.cc:493] T fa78268f9fa6473d90dfc87b4a293bc1 P 81bf512898934d9ab9ba1f85c4cfc07a [term 3 FOLLOWER]: Starting forced leader election (received explicit request)
I20260709 14:49:29.381734 12164 raft_consensus.cc:3060] T fa78268f9fa6473d90dfc87b4a293bc1 P 81bf512898934d9ab9ba1f85c4cfc07a [term 3 FOLLOWER]: Advancing to term 4
I20260709 14:49:29.385689 12164 raft_consensus.cc:515] T fa78268f9fa6473d90dfc87b4a293bc1 P 81bf512898934d9ab9ba1f85c4cfc07a [term 4 FOLLOWER]: Starting forced leader election with config: opid_index: -1 OBSOLETE_local: false peers { permanent_uuid: "91a7f91d3dd043eba8055a5a6f80850c" member_type: VOTER last_known_addr { host: "127.11.191.130" port: 34311 } } peers { permanent_uuid: "81bf512898934d9ab9ba1f85c4cfc07a" member_type: VOTER last_known_addr { host: "127.11.191.129" port: 41091 } } peers { permanent_uuid: "695f60fa500b40e79bd6c5289915185f" member_type: VOTER last_known_addr { host: "127.11.191.131" port: 35775 } }
I20260709 14:49:29.387042 12164 leader_election.cc:290] T fa78268f9fa6473d90dfc87b4a293bc1 P 81bf512898934d9ab9ba1f85c4cfc07a [CANDIDATE]: Term 4 election: Requested vote from peers 91a7f91d3dd043eba8055a5a6f80850c (127.11.191.130:34311), 695f60fa500b40e79bd6c5289915185f (127.11.191.131:35775)
I20260709 14:49:29.388193 12237 tablet_service.cc:1917] Received RequestConsensusVote() RPC: tablet_id: "fa78268f9fa6473d90dfc87b4a293bc1" candidate_uuid: "81bf512898934d9ab9ba1f85c4cfc07a" candidate_term: 4 candidate_status { last_received { term: 3 index: 3 } } ignore_live_leader: true dest_uuid: "91a7f91d3dd043eba8055a5a6f80850c"
I20260709 14:49:29.388505 12312 tablet_service.cc:1917] Received RequestConsensusVote() RPC: tablet_id: "fa78268f9fa6473d90dfc87b4a293bc1" candidate_uuid: "81bf512898934d9ab9ba1f85c4cfc07a" candidate_term: 4 candidate_status { last_received { term: 3 index: 3 } } ignore_live_leader: true dest_uuid: "695f60fa500b40e79bd6c5289915185f"
I20260709 14:49:29.388741 12237 raft_consensus.cc:3055] T fa78268f9fa6473d90dfc87b4a293bc1 P 91a7f91d3dd043eba8055a5a6f80850c [term 3 LEADER]: Stepping down as leader of term 3
I20260709 14:49:29.389122 12237 raft_consensus.cc:740] T fa78268f9fa6473d90dfc87b4a293bc1 P 91a7f91d3dd043eba8055a5a6f80850c [term 3 LEADER]: Becoming Follower/Learner. State: Replica: 91a7f91d3dd043eba8055a5a6f80850c, State: Running, Role: LEADER
I20260709 14:49:29.389137 12312 raft_consensus.cc:3060] T fa78268f9fa6473d90dfc87b4a293bc1 P 695f60fa500b40e79bd6c5289915185f [term 3 FOLLOWER]: Advancing to term 4
I20260709 14:49:29.389933 12237 consensus_queue.cc:260] T fa78268f9fa6473d90dfc87b4a293bc1 P 91a7f91d3dd043eba8055a5a6f80850c [NON_LEADER]: Queue going to NON_LEADER mode. State: All replicated index: 0, Majority replicated index: 3, Committed index: 3, Last appended: 3.3, Last appended by leader: 3, Current term: 3, Majority size: -1, State: 0, Mode: NON_LEADER, active raft config: opid_index: -1 OBSOLETE_local: false peers { permanent_uuid: "91a7f91d3dd043eba8055a5a6f80850c" member_type: VOTER last_known_addr { host: "127.11.191.130" port: 34311 } } peers { permanent_uuid: "81bf512898934d9ab9ba1f85c4cfc07a" member_type: VOTER last_known_addr { host: "127.11.191.129" port: 41091 } } peers { permanent_uuid: "695f60fa500b40e79bd6c5289915185f" member_type: VOTER last_known_addr { host: "127.11.191.131" port: 35775 } }
I20260709 14:49:29.390864 12237 raft_consensus.cc:3060] T fa78268f9fa6473d90dfc87b4a293bc1 P 91a7f91d3dd043eba8055a5a6f80850c [term 3 FOLLOWER]: Advancing to term 4
I20260709 14:49:29.394038 12312 raft_consensus.cc:2468] T fa78268f9fa6473d90dfc87b4a293bc1 P 695f60fa500b40e79bd6c5289915185f [term 4 FOLLOWER]: Leader election vote request: Granting yes vote for candidate 81bf512898934d9ab9ba1f85c4cfc07a in term 4.
I20260709 14:49:29.395092 12131 leader_election.cc:304] T fa78268f9fa6473d90dfc87b4a293bc1 P 81bf512898934d9ab9ba1f85c4cfc07a [CANDIDATE]: Term 4 election: Election decided. Result: candidate won. Election summary: received 2 responses out of 3 voters: 2 yes votes; 0 no votes. yes voters: 695f60fa500b40e79bd6c5289915185f, 81bf512898934d9ab9ba1f85c4cfc07a; no voters: 
I20260709 14:49:29.395785 12503 raft_consensus.cc:2804] T fa78268f9fa6473d90dfc87b4a293bc1 P 81bf512898934d9ab9ba1f85c4cfc07a [term 4 FOLLOWER]: Leader election won for term 4
I20260709 14:49:29.395751 12237 raft_consensus.cc:2468] T fa78268f9fa6473d90dfc87b4a293bc1 P 91a7f91d3dd043eba8055a5a6f80850c [term 4 FOLLOWER]: Leader election vote request: Granting yes vote for candidate 81bf512898934d9ab9ba1f85c4cfc07a in term 4.
I20260709 14:49:29.396389 12503 raft_consensus.cc:697] T fa78268f9fa6473d90dfc87b4a293bc1 P 81bf512898934d9ab9ba1f85c4cfc07a [term 4 LEADER]: Becoming Leader. State: Replica: 81bf512898934d9ab9ba1f85c4cfc07a, State: Running, Role: LEADER
I20260709 14:49:29.397321 12503 consensus_queue.cc:237] T fa78268f9fa6473d90dfc87b4a293bc1 P 81bf512898934d9ab9ba1f85c4cfc07a [LEADER]: Queue going to LEADER mode. State: All replicated index: 0, Majority replicated index: 3, Committed index: 3, Last appended: 3.3, Last appended by leader: 3, Current term: 4, Majority size: 2, State: 0, Mode: LEADER, active raft config: opid_index: -1 OBSOLETE_local: false peers { permanent_uuid: "91a7f91d3dd043eba8055a5a6f80850c" member_type: VOTER last_known_addr { host: "127.11.191.130" port: 34311 } } peers { permanent_uuid: "81bf512898934d9ab9ba1f85c4cfc07a" member_type: VOTER last_known_addr { host: "127.11.191.129" port: 41091 } } peers { permanent_uuid: "695f60fa500b40e79bd6c5289915185f" member_type: VOTER last_known_addr { host: "127.11.191.131" port: 35775 } }
I20260709 14:49:29.404945 12062 catalog_manager.cc:5697] T fa78268f9fa6473d90dfc87b4a293bc1 P 81bf512898934d9ab9ba1f85c4cfc07a reported cstate change: term changed from 3 to 4, leader changed from 91a7f91d3dd043eba8055a5a6f80850c (127.11.191.130) to 81bf512898934d9ab9ba1f85c4cfc07a (127.11.191.129). New cstate: current_term: 4 leader_uuid: "81bf512898934d9ab9ba1f85c4cfc07a" committed_config { opid_index: -1 OBSOLETE_local: false peers { permanent_uuid: "91a7f91d3dd043eba8055a5a6f80850c" member_type: VOTER last_known_addr { host: "127.11.191.130" port: 34311 } health_report { overall_health: UNKNOWN } } peers { permanent_uuid: "81bf512898934d9ab9ba1f85c4cfc07a" member_type: VOTER last_known_addr { host: "127.11.191.129" port: 41091 } health_report { overall_health: HEALTHY } } peers { permanent_uuid: "695f60fa500b40e79bd6c5289915185f" member_type: VOTER last_known_addr { host: "127.11.191.131" port: 35775 } health_report { overall_health: UNKNOWN } } }
I20260709 14:49:29.460389 12312 raft_consensus.cc:1275] T 6726cb6143a14e3983ac89a9c9b12d45 P 695f60fa500b40e79bd6c5289915185f [term 3 FOLLOWER]: Refusing update from remote peer 81bf512898934d9ab9ba1f85c4cfc07a: Log matching property violated. Preceding OpId in replica: term: 2 index: 2. Preceding OpId from leader: term: 3 index: 3. (index mismatch)
I20260709 14:49:29.461691 12503 consensus_queue.cc:1048] T 6726cb6143a14e3983ac89a9c9b12d45 P 81bf512898934d9ab9ba1f85c4cfc07a [LEADER]: Connected to new peer: Peer: permanent_uuid: "695f60fa500b40e79bd6c5289915185f" member_type: VOTER last_known_addr { host: "127.11.191.131" port: 35775 }, Status: LMP_MISMATCH, Last received: 0.0, Next index: 3, Last known committed idx: 2, Time since last communication: 0.000s
I20260709 14:49:29.472379 12237 raft_consensus.cc:1275] T 6726cb6143a14e3983ac89a9c9b12d45 P 91a7f91d3dd043eba8055a5a6f80850c [term 3 FOLLOWER]: Refusing update from remote peer 81bf512898934d9ab9ba1f85c4cfc07a: Log matching property violated. Preceding OpId in replica: term: 2 index: 2. Preceding OpId from leader: term: 3 index: 3. (index mismatch)
I20260709 14:49:29.475476 12503 consensus_queue.cc:1048] T 6726cb6143a14e3983ac89a9c9b12d45 P 81bf512898934d9ab9ba1f85c4cfc07a [LEADER]: Connected to new peer: Peer: permanent_uuid: "91a7f91d3dd043eba8055a5a6f80850c" member_type: VOTER last_known_addr { host: "127.11.191.130" port: 34311 }, Status: LMP_MISMATCH, Last received: 0.0, Next index: 3, Last known committed idx: 2, Time since last communication: 0.000s
I20260709 14:49:29.690869 12237 raft_consensus.cc:1275] T e15a41b2fdee4163bde5e602b151da70 P 91a7f91d3dd043eba8055a5a6f80850c [term 3 FOLLOWER]: Refusing update from remote peer 695f60fa500b40e79bd6c5289915185f: Log matching property violated. Preceding OpId in replica: term: 2 index: 2. Preceding OpId from leader: term: 3 index: 3. (index mismatch)
I20260709 14:49:29.692098 12499 consensus_queue.cc:1048] T e15a41b2fdee4163bde5e602b151da70 P 695f60fa500b40e79bd6c5289915185f [LEADER]: Connected to new peer: Peer: permanent_uuid: "91a7f91d3dd043eba8055a5a6f80850c" member_type: VOTER last_known_addr { host: "127.11.191.130" port: 34311 }, Status: LMP_MISMATCH, Last received: 0.0, Next index: 3, Last known committed idx: 2, Time since last communication: 0.000s
I20260709 14:49:29.699172 12164 raft_consensus.cc:1275] T e15a41b2fdee4163bde5e602b151da70 P 81bf512898934d9ab9ba1f85c4cfc07a [term 3 FOLLOWER]: Refusing update from remote peer 695f60fa500b40e79bd6c5289915185f: Log matching property violated. Preceding OpId in replica: term: 2 index: 2. Preceding OpId from leader: term: 3 index: 3. (index mismatch)
I20260709 14:49:29.700843 12499 consensus_queue.cc:1048] T e15a41b2fdee4163bde5e602b151da70 P 695f60fa500b40e79bd6c5289915185f [LEADER]: Connected to new peer: Peer: permanent_uuid: "81bf512898934d9ab9ba1f85c4cfc07a" member_type: VOTER last_known_addr { host: "127.11.191.129" port: 41091 }, Status: LMP_MISMATCH, Last received: 0.0, Next index: 3, Last known committed idx: 2, Time since last communication: 0.000s
I20260709 14:49:29.709138 12240 raft_consensus.cc:1275] T 851c9fb8005d44a29c504de4eb78fbfb P 91a7f91d3dd043eba8055a5a6f80850c [term 3 FOLLOWER]: Refusing update from remote peer 695f60fa500b40e79bd6c5289915185f: Log matching property violated. Preceding OpId in replica: term: 2 index: 2. Preceding OpId from leader: term: 3 index: 3. (index mismatch)
I20260709 14:49:29.710847 12499 consensus_queue.cc:1048] T 851c9fb8005d44a29c504de4eb78fbfb P 695f60fa500b40e79bd6c5289915185f [LEADER]: Connected to new peer: Peer: permanent_uuid: "91a7f91d3dd043eba8055a5a6f80850c" member_type: VOTER last_known_addr { host: "127.11.191.130" port: 34311 }, Status: LMP_MISMATCH, Last received: 0.0, Next index: 3, Last known committed idx: 2, Time since last communication: 0.000s
I20260709 14:49:29.720616 12164 raft_consensus.cc:1275] T 851c9fb8005d44a29c504de4eb78fbfb P 81bf512898934d9ab9ba1f85c4cfc07a [term 3 FOLLOWER]: Refusing update from remote peer 695f60fa500b40e79bd6c5289915185f: Log matching property violated. Preceding OpId in replica: term: 2 index: 2. Preceding OpId from leader: term: 3 index: 3. (index mismatch)
I20260709 14:49:29.722005 12499 consensus_queue.cc:1048] T 851c9fb8005d44a29c504de4eb78fbfb P 695f60fa500b40e79bd6c5289915185f [LEADER]: Connected to new peer: Peer: permanent_uuid: "81bf512898934d9ab9ba1f85c4cfc07a" member_type: VOTER last_known_addr { host: "127.11.191.129" port: 41091 }, Status: LMP_MISMATCH, Last received: 0.0, Next index: 3, Last known committed idx: 2, Time since last communication: 0.001s
I20260709 14:49:29.804291 12312 raft_consensus.cc:1275] T 8382d0b00d2346e4bcdee3621010651f P 695f60fa500b40e79bd6c5289915185f [term 4 FOLLOWER]: Refusing update from remote peer 81bf512898934d9ab9ba1f85c4cfc07a: Log matching property violated. Preceding OpId in replica: term: 3 index: 3. Preceding OpId from leader: term: 4 index: 4. (index mismatch)
I20260709 14:49:29.805716 12503 consensus_queue.cc:1048] T 8382d0b00d2346e4bcdee3621010651f P 81bf512898934d9ab9ba1f85c4cfc07a [LEADER]: Connected to new peer: Peer: permanent_uuid: "695f60fa500b40e79bd6c5289915185f" member_type: VOTER last_known_addr { host: "127.11.191.131" port: 35775 }, Status: LMP_MISMATCH, Last received: 0.0, Next index: 4, Last known committed idx: 3, Time since last communication: 0.000s
I20260709 14:49:29.815243 12240 raft_consensus.cc:1275] T 8382d0b00d2346e4bcdee3621010651f P 91a7f91d3dd043eba8055a5a6f80850c [term 4 FOLLOWER]: Refusing update from remote peer 81bf512898934d9ab9ba1f85c4cfc07a: Log matching property violated. Preceding OpId in replica: term: 3 index: 3. Preceding OpId from leader: term: 4 index: 4. (index mismatch)
I20260709 14:49:29.817022 12503 consensus_queue.cc:1048] T 8382d0b00d2346e4bcdee3621010651f P 81bf512898934d9ab9ba1f85c4cfc07a [LEADER]: Connected to new peer: Peer: permanent_uuid: "91a7f91d3dd043eba8055a5a6f80850c" member_type: VOTER last_known_addr { host: "127.11.191.130" port: 34311 }, Status: LMP_MISMATCH, Last received: 0.0, Next index: 4, Last known committed idx: 3, Time since last communication: 0.000s
I20260709 14:49:29.896744 12312 raft_consensus.cc:1275] T fa78268f9fa6473d90dfc87b4a293bc1 P 695f60fa500b40e79bd6c5289915185f [term 4 FOLLOWER]: Refusing update from remote peer 81bf512898934d9ab9ba1f85c4cfc07a: Log matching property violated. Preceding OpId in replica: term: 3 index: 3. Preceding OpId from leader: term: 4 index: 4. (index mismatch)
I20260709 14:49:29.897997 12503 consensus_queue.cc:1048] T fa78268f9fa6473d90dfc87b4a293bc1 P 81bf512898934d9ab9ba1f85c4cfc07a [LEADER]: Connected to new peer: Peer: permanent_uuid: "695f60fa500b40e79bd6c5289915185f" member_type: VOTER last_known_addr { host: "127.11.191.131" port: 35775 }, Status: LMP_MISMATCH, Last received: 0.0, Next index: 4, Last known committed idx: 3, Time since last communication: 0.000s
I20260709 14:49:29.906778 12240 raft_consensus.cc:1275] T fa78268f9fa6473d90dfc87b4a293bc1 P 91a7f91d3dd043eba8055a5a6f80850c [term 4 FOLLOWER]: Refusing update from remote peer 81bf512898934d9ab9ba1f85c4cfc07a: Log matching property violated. Preceding OpId in replica: term: 3 index: 3. Preceding OpId from leader: term: 4 index: 4. (index mismatch)
I20260709 14:49:29.908077 12526 consensus_queue.cc:1048] T fa78268f9fa6473d90dfc87b4a293bc1 P 81bf512898934d9ab9ba1f85c4cfc07a [LEADER]: Connected to new peer: Peer: permanent_uuid: "91a7f91d3dd043eba8055a5a6f80850c" member_type: VOTER last_known_addr { host: "127.11.191.130" port: 34311 }, Status: LMP_MISMATCH, Last received: 0.0, Next index: 4, Last known committed idx: 3, Time since last communication: 0.000s
I20260709 14:49:30.009778 12030 auto_leader_rebalancer.cc:141] leader rebalance for table test-workload
I20260709 14:49:30.015053 12030 tablet_server.cc:179] TabletServer@127.11.191.129:0 shutting down...
I20260709 14:49:30.046219 12030 ts_tablet_manager.cc:1507] Shutting down tablet manager...
I20260709 14:49:30.047251 12030 tablet_replica.cc:333] T 970b5a9075164df0b2162c2c1567f2eb P 81bf512898934d9ab9ba1f85c4cfc07a: stopping tablet replica
I20260709 14:49:30.047981 12030 raft_consensus.cc:2243] T 970b5a9075164df0b2162c2c1567f2eb P 81bf512898934d9ab9ba1f85c4cfc07a [term 1 FOLLOWER]: Raft consensus shutting down.
I20260709 14:49:30.048532 12030 raft_consensus.cc:2272] T 970b5a9075164df0b2162c2c1567f2eb P 81bf512898934d9ab9ba1f85c4cfc07a [term 1 FOLLOWER]: Raft consensus is shut down!
I20260709 14:49:30.051108 12030 tablet_replica.cc:333] T e15a41b2fdee4163bde5e602b151da70 P 81bf512898934d9ab9ba1f85c4cfc07a: stopping tablet replica
I20260709 14:49:30.051708 12030 raft_consensus.cc:2243] T e15a41b2fdee4163bde5e602b151da70 P 81bf512898934d9ab9ba1f85c4cfc07a [term 3 FOLLOWER]: Raft consensus shutting down.
I20260709 14:49:30.052201 12030 raft_consensus.cc:2272] T e15a41b2fdee4163bde5e602b151da70 P 81bf512898934d9ab9ba1f85c4cfc07a [term 3 FOLLOWER]: Raft consensus is shut down!
I20260709 14:49:30.054610 12030 tablet_replica.cc:333] T 8382d0b00d2346e4bcdee3621010651f P 81bf512898934d9ab9ba1f85c4cfc07a: stopping tablet replica
I20260709 14:49:30.055138 12030 raft_consensus.cc:2243] T 8382d0b00d2346e4bcdee3621010651f P 81bf512898934d9ab9ba1f85c4cfc07a [term 4 LEADER]: Raft consensus shutting down.
I20260709 14:49:30.055860 12030 raft_consensus.cc:2272] T 8382d0b00d2346e4bcdee3621010651f P 81bf512898934d9ab9ba1f85c4cfc07a [term 4 FOLLOWER]: Raft consensus is shut down!
I20260709 14:49:30.057956 12030 tablet_replica.cc:333] T 851c9fb8005d44a29c504de4eb78fbfb P 81bf512898934d9ab9ba1f85c4cfc07a: stopping tablet replica
I20260709 14:49:30.058539 12030 raft_consensus.cc:2243] T 851c9fb8005d44a29c504de4eb78fbfb P 81bf512898934d9ab9ba1f85c4cfc07a [term 3 FOLLOWER]: Raft consensus shutting down.
I20260709 14:49:30.058972 12030 raft_consensus.cc:2272] T 851c9fb8005d44a29c504de4eb78fbfb P 81bf512898934d9ab9ba1f85c4cfc07a [term 3 FOLLOWER]: Raft consensus is shut down!
I20260709 14:49:30.061133 12030 tablet_replica.cc:333] T 0679b65e2164420ab44942e214a3b0e7 P 81bf512898934d9ab9ba1f85c4cfc07a: stopping tablet replica
I20260709 14:49:30.061659 12030 raft_consensus.cc:2243] T 0679b65e2164420ab44942e214a3b0e7 P 81bf512898934d9ab9ba1f85c4cfc07a [term 2 FOLLOWER]: Raft consensus shutting down.
I20260709 14:49:30.062059 12030 raft_consensus.cc:2272] T 0679b65e2164420ab44942e214a3b0e7 P 81bf512898934d9ab9ba1f85c4cfc07a [term 2 FOLLOWER]: Raft consensus is shut down!
I20260709 14:49:30.063798 12030 tablet_replica.cc:333] T 6726cb6143a14e3983ac89a9c9b12d45 P 81bf512898934d9ab9ba1f85c4cfc07a: stopping tablet replica
I20260709 14:49:30.064257 12030 raft_consensus.cc:2243] T 6726cb6143a14e3983ac89a9c9b12d45 P 81bf512898934d9ab9ba1f85c4cfc07a [term 3 LEADER]: Raft consensus shutting down.
I20260709 14:49:30.064986 12030 raft_consensus.cc:2272] T 6726cb6143a14e3983ac89a9c9b12d45 P 81bf512898934d9ab9ba1f85c4cfc07a [term 3 FOLLOWER]: Raft consensus is shut down!
I20260709 14:49:30.067029 12030 tablet_replica.cc:333] T fa78268f9fa6473d90dfc87b4a293bc1 P 81bf512898934d9ab9ba1f85c4cfc07a: stopping tablet replica
I20260709 14:49:30.067514 12030 raft_consensus.cc:2243] T fa78268f9fa6473d90dfc87b4a293bc1 P 81bf512898934d9ab9ba1f85c4cfc07a [term 4 LEADER]: Raft consensus shutting down.
I20260709 14:49:30.068202 12030 raft_consensus.cc:2272] T fa78268f9fa6473d90dfc87b4a293bc1 P 81bf512898934d9ab9ba1f85c4cfc07a [term 4 FOLLOWER]: Raft consensus is shut down!
I20260709 14:49:30.070115 12030 tablet_replica.cc:333] T 50d63c085f0d4e4082b449ef843fb57e P 81bf512898934d9ab9ba1f85c4cfc07a: stopping tablet replica
I20260709 14:49:30.070574 12030 raft_consensus.cc:2243] T 50d63c085f0d4e4082b449ef843fb57e P 81bf512898934d9ab9ba1f85c4cfc07a [term 4 FOLLOWER]: Raft consensus shutting down.
I20260709 14:49:30.070964 12030 raft_consensus.cc:2272] T 50d63c085f0d4e4082b449ef843fb57e P 81bf512898934d9ab9ba1f85c4cfc07a [term 4 FOLLOWER]: Raft consensus is shut down!
I20260709 14:49:30.072461 12030 tablet_replica.cc:333] T 776cd0196f9b413b8f575133a3799bab P 81bf512898934d9ab9ba1f85c4cfc07a: stopping tablet replica
I20260709 14:49:30.072952 12030 raft_consensus.cc:2243] T 776cd0196f9b413b8f575133a3799bab P 81bf512898934d9ab9ba1f85c4cfc07a [term 2 FOLLOWER]: Raft consensus shutting down.
I20260709 14:49:30.073386 12030 raft_consensus.cc:2272] T 776cd0196f9b413b8f575133a3799bab P 81bf512898934d9ab9ba1f85c4cfc07a [term 2 FOLLOWER]: Raft consensus is shut down!
W20260709 14:49:30.188257 12277 proxy.cc:239] Call had error, refreshing address and retrying: Network error: Client connection negotiation failed: client connection to 127.11.191.129:41091: connect: Connection refused (error 111)
I20260709 14:49:30.190593 12030 tablet_server.cc:196] TabletServer@127.11.191.129:0 shutdown complete.
W20260709 14:49:30.192319 12203 consensus_peers.cc:597] T 0679b65e2164420ab44942e214a3b0e7 P 91a7f91d3dd043eba8055a5a6f80850c -> Peer 81bf512898934d9ab9ba1f85c4cfc07a (127.11.191.129:41091): Couldn't send request to peer 81bf512898934d9ab9ba1f85c4cfc07a. Status: Network error: Client connection negotiation failed: client connection to 127.11.191.129:41091: connect: Connection refused (error 111). This is attempt 1: this message will repeat every 5th retry.
W20260709 14:49:30.192840 12203 consensus_peers.cc:597] T 776cd0196f9b413b8f575133a3799bab P 91a7f91d3dd043eba8055a5a6f80850c -> Peer 81bf512898934d9ab9ba1f85c4cfc07a (127.11.191.129:41091): Couldn't send request to peer 81bf512898934d9ab9ba1f85c4cfc07a. Status: Network error: Client connection negotiation failed: client connection to 127.11.191.129:41091: connect: Connection refused (error 111). This is attempt 1: this message will repeat every 5th retry.
W20260709 14:49:30.194136 12277 consensus_peers.cc:597] T e15a41b2fdee4163bde5e602b151da70 P 695f60fa500b40e79bd6c5289915185f -> Peer 81bf512898934d9ab9ba1f85c4cfc07a (127.11.191.129:41091): Couldn't send request to peer 81bf512898934d9ab9ba1f85c4cfc07a. Status: Network error: Client connection negotiation failed: client connection to 127.11.191.129:41091: connect: Connection refused (error 111). This is attempt 1: this message will repeat every 5th retry.
W20260709 14:49:30.194684 12277 consensus_peers.cc:597] T 851c9fb8005d44a29c504de4eb78fbfb P 695f60fa500b40e79bd6c5289915185f -> Peer 81bf512898934d9ab9ba1f85c4cfc07a (127.11.191.129:41091): Couldn't send request to peer 81bf512898934d9ab9ba1f85c4cfc07a. Status: Network error: Client connection negotiation failed: client connection to 127.11.191.129:41091: connect: Connection refused (error 111). This is attempt 1: this message will repeat every 5th retry.
I20260709 14:49:30.209832 12030 tablet_server.cc:179] TabletServer@127.11.191.130:0 shutting down...
I20260709 14:49:30.236258 12030 ts_tablet_manager.cc:1507] Shutting down tablet manager...
I20260709 14:49:30.236986 12030 tablet_replica.cc:333] T 970b5a9075164df0b2162c2c1567f2eb P 91a7f91d3dd043eba8055a5a6f80850c: stopping tablet replica
I20260709 14:49:30.237565 12030 raft_consensus.cc:2243] T 970b5a9075164df0b2162c2c1567f2eb P 91a7f91d3dd043eba8055a5a6f80850c [term 1 FOLLOWER]: Raft consensus shutting down.
I20260709 14:49:30.238004 12030 raft_consensus.cc:2272] T 970b5a9075164df0b2162c2c1567f2eb P 91a7f91d3dd043eba8055a5a6f80850c [term 1 FOLLOWER]: Raft consensus is shut down!
I20260709 14:49:30.239751 12030 tablet_replica.cc:333] T e15a41b2fdee4163bde5e602b151da70 P 91a7f91d3dd043eba8055a5a6f80850c: stopping tablet replica
I20260709 14:49:30.240228 12030 raft_consensus.cc:2243] T e15a41b2fdee4163bde5e602b151da70 P 91a7f91d3dd043eba8055a5a6f80850c [term 3 FOLLOWER]: Raft consensus shutting down.
I20260709 14:49:30.240607 12030 raft_consensus.cc:2272] T e15a41b2fdee4163bde5e602b151da70 P 91a7f91d3dd043eba8055a5a6f80850c [term 3 FOLLOWER]: Raft consensus is shut down!
I20260709 14:49:30.242862 12030 tablet_replica.cc:333] T 8382d0b00d2346e4bcdee3621010651f P 91a7f91d3dd043eba8055a5a6f80850c: stopping tablet replica
I20260709 14:49:30.243361 12030 raft_consensus.cc:2243] T 8382d0b00d2346e4bcdee3621010651f P 91a7f91d3dd043eba8055a5a6f80850c [term 4 FOLLOWER]: Raft consensus shutting down.
I20260709 14:49:30.243738 12030 raft_consensus.cc:2272] T 8382d0b00d2346e4bcdee3621010651f P 91a7f91d3dd043eba8055a5a6f80850c [term 4 FOLLOWER]: Raft consensus is shut down!
I20260709 14:49:30.245970 12030 tablet_replica.cc:333] T 0679b65e2164420ab44942e214a3b0e7 P 91a7f91d3dd043eba8055a5a6f80850c: stopping tablet replica
I20260709 14:49:30.246459 12030 raft_consensus.cc:2243] T 0679b65e2164420ab44942e214a3b0e7 P 91a7f91d3dd043eba8055a5a6f80850c [term 2 LEADER]: Raft consensus shutting down.
I20260709 14:49:30.247219 12030 raft_consensus.cc:2272] T 0679b65e2164420ab44942e214a3b0e7 P 91a7f91d3dd043eba8055a5a6f80850c [term 2 FOLLOWER]: Raft consensus is shut down!
I20260709 14:49:30.249266 12030 tablet_replica.cc:333] T 851c9fb8005d44a29c504de4eb78fbfb P 91a7f91d3dd043eba8055a5a6f80850c: stopping tablet replica
I20260709 14:49:30.249782 12030 raft_consensus.cc:2243] T 851c9fb8005d44a29c504de4eb78fbfb P 91a7f91d3dd043eba8055a5a6f80850c [term 3 FOLLOWER]: Raft consensus shutting down.
I20260709 14:49:30.250166 12030 raft_consensus.cc:2272] T 851c9fb8005d44a29c504de4eb78fbfb P 91a7f91d3dd043eba8055a5a6f80850c [term 3 FOLLOWER]: Raft consensus is shut down!
I20260709 14:49:30.252389 12030 tablet_replica.cc:333] T 50d63c085f0d4e4082b449ef843fb57e P 91a7f91d3dd043eba8055a5a6f80850c: stopping tablet replica
I20260709 14:49:30.252916 12030 raft_consensus.cc:2243] T 50d63c085f0d4e4082b449ef843fb57e P 91a7f91d3dd043eba8055a5a6f80850c [term 4 LEADER]: Raft consensus shutting down.
I20260709 14:49:30.253679 12030 raft_consensus.cc:2272] T 50d63c085f0d4e4082b449ef843fb57e P 91a7f91d3dd043eba8055a5a6f80850c [term 4 FOLLOWER]: Raft consensus is shut down!
I20260709 14:49:30.255323 12030 tablet_replica.cc:333] T 776cd0196f9b413b8f575133a3799bab P 91a7f91d3dd043eba8055a5a6f80850c: stopping tablet replica
I20260709 14:49:30.255757 12030 raft_consensus.cc:2243] T 776cd0196f9b413b8f575133a3799bab P 91a7f91d3dd043eba8055a5a6f80850c [term 2 LEADER]: Raft consensus shutting down.
I20260709 14:49:30.256475 12030 raft_consensus.cc:2272] T 776cd0196f9b413b8f575133a3799bab P 91a7f91d3dd043eba8055a5a6f80850c [term 2 FOLLOWER]: Raft consensus is shut down!
I20260709 14:49:30.258240 12030 tablet_replica.cc:333] T fa78268f9fa6473d90dfc87b4a293bc1 P 91a7f91d3dd043eba8055a5a6f80850c: stopping tablet replica
I20260709 14:49:30.258694 12030 raft_consensus.cc:2243] T fa78268f9fa6473d90dfc87b4a293bc1 P 91a7f91d3dd043eba8055a5a6f80850c [term 4 FOLLOWER]: Raft consensus shutting down.
