I20260709 14:50:32.264999   953 consensus_queue.cc:1048] T 605097c6e86448b99f51535f584493af P d80560623f504082ab75b4d66eb85657 [LEADER]: Connected to new peer: Peer: permanent_uuid: "b5ec4b27bc114eafa59eb2f815016fb5" member_type: VOTER last_known_addr { host: "127.0.107.194" port: 45531 }, Status: LMP_MISMATCH, Last received: 0.0, Next index: 4, Last known committed idx: 3, Time since last communication: 0.000s
I20260709 14:50:32.275856   711 raft_consensus.cc:1275] T 605097c6e86448b99f51535f584493af P c59914d04e5e4e72b692223dbebed870 [term 4 FOLLOWER]: Refusing update from remote peer d80560623f504082ab75b4d66eb85657: Log matching property violated. Preceding OpId in replica: term: 3 index: 3. Preceding OpId from leader: term: 4 index: 4. (index mismatch)
I20260709 14:50:32.277750   936 consensus_queue.cc:1048] T 605097c6e86448b99f51535f584493af P d80560623f504082ab75b4d66eb85657 [LEADER]: Connected to new peer: Peer: permanent_uuid: "c59914d04e5e4e72b692223dbebed870" member_type: VOTER last_known_addr { host: "127.0.107.195" port: 42395 }, Status: LMP_MISMATCH, Last received: 0.0, Next index: 4, Last known committed idx: 3, Time since last communication: 0.001s
I20260709 14:50:32.340688   431 auto_leader_rebalancer.cc:141] leader rebalance for table test-workload
I20260709 14:50:32.349872   431 tablet_server.cc:179] TabletServer@127.0.107.193:0 shutting down...
I20260709 14:50:32.384788   431 ts_tablet_manager.cc:1507] Shutting down tablet manager...
I20260709 14:50:32.385641   431 tablet_replica.cc:333] T 412338ed60c349da843fce3f4ae77cca P d80560623f504082ab75b4d66eb85657: stopping tablet replica
I20260709 14:50:32.386544   431 raft_consensus.cc:2243] T 412338ed60c349da843fce3f4ae77cca P d80560623f504082ab75b4d66eb85657 [term 2 FOLLOWER]: Raft consensus shutting down.
I20260709 14:50:32.387076   431 raft_consensus.cc:2272] T 412338ed60c349da843fce3f4ae77cca P d80560623f504082ab75b4d66eb85657 [term 2 FOLLOWER]: Raft consensus is shut down!
I20260709 14:50:32.390586   431 tablet_replica.cc:333] T 4b66dd580e484c2986a2b870d8587f00 P d80560623f504082ab75b4d66eb85657: stopping tablet replica
I20260709 14:50:32.391135   431 raft_consensus.cc:2243] T 4b66dd580e484c2986a2b870d8587f00 P d80560623f504082ab75b4d66eb85657 [term 3 FOLLOWER]: Raft consensus shutting down.
I20260709 14:50:32.391572   431 raft_consensus.cc:2272] T 4b66dd580e484c2986a2b870d8587f00 P d80560623f504082ab75b4d66eb85657 [term 3 FOLLOWER]: Raft consensus is shut down!
I20260709 14:50:32.393311   431 tablet_replica.cc:333] T 53e4cc2450e94f2c971d838946592f63 P d80560623f504082ab75b4d66eb85657: stopping tablet replica
I20260709 14:50:32.393972   431 raft_consensus.cc:2243] T 53e4cc2450e94f2c971d838946592f63 P d80560623f504082ab75b4d66eb85657 [term 5 LEADER]: Raft consensus shutting down.
I20260709 14:50:32.394984   431 raft_consensus.cc:2272] T 53e4cc2450e94f2c971d838946592f63 P d80560623f504082ab75b4d66eb85657 [term 5 FOLLOWER]: Raft consensus is shut down!
I20260709 14:50:32.398401   431 tablet_replica.cc:333] T 6d0acee3485f477a998f6b910006c35b P d80560623f504082ab75b4d66eb85657: stopping tablet replica
I20260709 14:50:32.399192   431 raft_consensus.cc:2243] T 6d0acee3485f477a998f6b910006c35b P d80560623f504082ab75b4d66eb85657 [term 1 FOLLOWER]: Raft consensus shutting down.
I20260709 14:50:32.399737   431 raft_consensus.cc:2272] T 6d0acee3485f477a998f6b910006c35b P d80560623f504082ab75b4d66eb85657 [term 1 FOLLOWER]: Raft consensus is shut down!
I20260709 14:50:32.402170   431 tablet_replica.cc:333] T b5b16e6d8d4c422ab7de0a5be59f3271 P d80560623f504082ab75b4d66eb85657: stopping tablet replica
I20260709 14:50:32.402897   431 raft_consensus.cc:2243] T b5b16e6d8d4c422ab7de0a5be59f3271 P d80560623f504082ab75b4d66eb85657 [term 4 FOLLOWER]: Raft consensus shutting down.
I20260709 14:50:32.403443   431 raft_consensus.cc:2272] T b5b16e6d8d4c422ab7de0a5be59f3271 P d80560623f504082ab75b4d66eb85657 [term 4 FOLLOWER]: Raft consensus is shut down!
I20260709 14:50:32.405921   431 tablet_replica.cc:333] T acef6c7273014941b212e2a0889a4ab7 P d80560623f504082ab75b4d66eb85657: stopping tablet replica
I20260709 14:50:32.406663   431 raft_consensus.cc:2243] T acef6c7273014941b212e2a0889a4ab7 P d80560623f504082ab75b4d66eb85657 [term 3 FOLLOWER]: Raft consensus shutting down.
I20260709 14:50:32.407244   431 raft_consensus.cc:2272] T acef6c7273014941b212e2a0889a4ab7 P d80560623f504082ab75b4d66eb85657 [term 3 FOLLOWER]: Raft consensus is shut down!
I20260709 14:50:32.410171   431 tablet_replica.cc:333] T 605097c6e86448b99f51535f584493af P d80560623f504082ab75b4d66eb85657: stopping tablet replica
I20260709 14:50:32.410928   431 raft_consensus.cc:2243] T 605097c6e86448b99f51535f584493af P d80560623f504082ab75b4d66eb85657 [term 4 LEADER]: Raft consensus shutting down.
I20260709 14:50:32.412002   431 raft_consensus.cc:2272] T 605097c6e86448b99f51535f584493af P d80560623f504082ab75b4d66eb85657 [term 4 FOLLOWER]: Raft consensus is shut down!
I20260709 14:50:32.414673   431 tablet_replica.cc:333] T 5b1c9be045b5434bb393762c88fad211 P d80560623f504082ab75b4d66eb85657: stopping tablet replica
I20260709 14:50:32.415381   431 raft_consensus.cc:2243] T 5b1c9be045b5434bb393762c88fad211 P d80560623f504082ab75b4d66eb85657 [term 1 FOLLOWER]: Raft consensus shutting down.
I20260709 14:50:32.415911   431 raft_consensus.cc:2272] T 5b1c9be045b5434bb393762c88fad211 P d80560623f504082ab75b4d66eb85657 [term 1 FOLLOWER]: Raft consensus is shut down!
I20260709 14:50:32.418377   431 tablet_replica.cc:333] T 16fc49aade234ac9a68b4b1bb08136df P d80560623f504082ab75b4d66eb85657: stopping tablet replica
I20260709 14:50:32.419052   431 raft_consensus.cc:2243] T 16fc49aade234ac9a68b4b1bb08136df P d80560623f504082ab75b4d66eb85657 [term 4 LEADER]: Raft consensus shutting down.
I20260709 14:50:32.420035   431 raft_consensus.cc:2272] T 16fc49aade234ac9a68b4b1bb08136df P d80560623f504082ab75b4d66eb85657 [term 4 FOLLOWER]: Raft consensus is shut down!
W20260709 14:50:32.578019   680 proxy.cc:239] Call had error, refreshing address and retrying: Network error: Client connection negotiation failed: client connection to 127.0.107.193:38931: connect: Connection refused (error 111)
W20260709 14:50:32.582337   606 consensus_peers.cc:597] T b5b16e6d8d4c422ab7de0a5be59f3271 P b5ec4b27bc114eafa59eb2f815016fb5 -> Peer d80560623f504082ab75b4d66eb85657 (127.0.107.193:38931): Couldn't send request to peer d80560623f504082ab75b4d66eb85657. Status: Network error: Client connection negotiation failed: client connection to 127.0.107.193:38931: connect: Connection refused (error 111). This is attempt 1: this message will repeat every 5th retry.
W20260709 14:50:32.583942   680 consensus_peers.cc:597] T 6d0acee3485f477a998f6b910006c35b P c59914d04e5e4e72b692223dbebed870 -> Peer d80560623f504082ab75b4d66eb85657 (127.0.107.193:38931): Couldn't send request to peer d80560623f504082ab75b4d66eb85657. Status: Network error: Client connection negotiation failed: client connection to 127.0.107.193:38931: connect: Connection refused (error 111). This is attempt 1: this message will repeat every 5th retry.
I20260709 14:50:32.591962   431 tablet_server.cc:196] TabletServer@127.0.107.193:0 shutdown complete.
W20260709 14:50:32.603372   680 consensus_peers.cc:597] T acef6c7273014941b212e2a0889a4ab7 P c59914d04e5e4e72b692223dbebed870 -> Peer d80560623f504082ab75b4d66eb85657 (127.0.107.193:38931): Couldn't send request to peer d80560623f504082ab75b4d66eb85657. Status: Network error: Client connection negotiation failed: client connection to 127.0.107.193:38931: connect: Connection refused (error 111). This is attempt 1: this message will repeat every 5th retry.
I20260709 14:50:32.624956   431 tablet_server.cc:179] TabletServer@127.0.107.194:0 shutting down...
W20260709 14:50:32.632242   606 consensus_peers.cc:597] T 4b66dd580e484c2986a2b870d8587f00 P b5ec4b27bc114eafa59eb2f815016fb5 -> Peer d80560623f504082ab75b4d66eb85657 (127.0.107.193:38931): Couldn't send request to peer d80560623f504082ab75b4d66eb85657. Status: Network error: Client connection negotiation failed: client connection to 127.0.107.193:38931: connect: Connection refused (error 111). This is attempt 1: this message will repeat every 5th retry.
I20260709 14:50:32.662637   431 ts_tablet_manager.cc:1507] Shutting down tablet manager...
I20260709 14:50:32.663468   431 tablet_replica.cc:333] T 412338ed60c349da843fce3f4ae77cca P b5ec4b27bc114eafa59eb2f815016fb5: stopping tablet replica
I20260709 14:50:32.664417   431 raft_consensus.cc:2243] T 412338ed60c349da843fce3f4ae77cca P b5ec4b27bc114eafa59eb2f815016fb5 [term 2 FOLLOWER]: Raft consensus shutting down.
I20260709 14:50:32.665030   431 raft_consensus.cc:2272] T 412338ed60c349da843fce3f4ae77cca P b5ec4b27bc114eafa59eb2f815016fb5 [term 2 FOLLOWER]: Raft consensus is shut down!
I20260709 14:50:32.667488   431 tablet_replica.cc:333] T 5b1c9be045b5434bb393762c88fad211 P b5ec4b27bc114eafa59eb2f815016fb5: stopping tablet replica
I20260709 14:50:32.668197   431 raft_consensus.cc:2243] T 5b1c9be045b5434bb393762c88fad211 P b5ec4b27bc114eafa59eb2f815016fb5 [term 1 LEADER]: Raft consensus shutting down.
I20260709 14:50:32.668998   431 raft_consensus.cc:2272] T 5b1c9be045b5434bb393762c88fad211 P b5ec4b27bc114eafa59eb2f815016fb5 [term 1 FOLLOWER]: Raft consensus is shut down!
I20260709 14:50:32.670871   431 tablet_replica.cc:333] T 16fc49aade234ac9a68b4b1bb08136df P b5ec4b27bc114eafa59eb2f815016fb5: stopping tablet replica
I20260709 14:50:32.671375   431 raft_consensus.cc:2243] T 16fc49aade234ac9a68b4b1bb08136df P b5ec4b27bc114eafa59eb2f815016fb5 [term 4 FOLLOWER]: Raft consensus shutting down.
I20260709 14:50:32.671821   431 raft_consensus.cc:2272] T 16fc49aade234ac9a68b4b1bb08136df P b5ec4b27bc114eafa59eb2f815016fb5 [term 4 FOLLOWER]: Raft consensus is shut down!
I20260709 14:50:32.673969   431 tablet_replica.cc:333] T 605097c6e86448b99f51535f584493af P b5ec4b27bc114eafa59eb2f815016fb5: stopping tablet replica
I20260709 14:50:32.674543   431 raft_consensus.cc:2243] T 605097c6e86448b99f51535f584493af P b5ec4b27bc114eafa59eb2f815016fb5 [term 4 FOLLOWER]: Raft consensus shutting down.
I20260709 14:50:32.674961   431 raft_consensus.cc:2272] T 605097c6e86448b99f51535f584493af P b5ec4b27bc114eafa59eb2f815016fb5 [term 4 FOLLOWER]: Raft consensus is shut down!
I20260709 14:50:32.677361   431 tablet_replica.cc:333] T acef6c7273014941b212e2a0889a4ab7 P b5ec4b27bc114eafa59eb2f815016fb5: stopping tablet replica
I20260709 14:50:32.677888   431 raft_consensus.cc:2243] T acef6c7273014941b212e2a0889a4ab7 P b5ec4b27bc114eafa59eb2f815016fb5 [term 3 FOLLOWER]: Raft consensus shutting down.
I20260709 14:50:32.678309   431 raft_consensus.cc:2272] T acef6c7273014941b212e2a0889a4ab7 P b5ec4b27bc114eafa59eb2f815016fb5 [term 3 FOLLOWER]: Raft consensus is shut down!
I20260709 14:50:32.680552   431 tablet_replica.cc:333] T 6d0acee3485f477a998f6b910006c35b P b5ec4b27bc114eafa59eb2f815016fb5: stopping tablet replica
I20260709 14:50:32.681077   431 raft_consensus.cc:2243] T 6d0acee3485f477a998f6b910006c35b P b5ec4b27bc114eafa59eb2f815016fb5 [term 1 FOLLOWER]: Raft consensus shutting down.
I20260709 14:50:32.681515   431 raft_consensus.cc:2272] T 6d0acee3485f477a998f6b910006c35b P b5ec4b27bc114eafa59eb2f815016fb5 [term 1 FOLLOWER]: Raft consensus is shut down!
I20260709 14:50:32.683126   431 tablet_replica.cc:333] T b5b16e6d8d4c422ab7de0a5be59f3271 P b5ec4b27bc114eafa59eb2f815016fb5: stopping tablet replica
I20260709 14:50:32.683614   431 raft_consensus.cc:2243] T b5b16e6d8d4c422ab7de0a5be59f3271 P b5ec4b27bc114eafa59eb2f815016fb5 [term 4 LEADER]: Raft consensus shutting down.
I20260709 14:50:32.684409   431 raft_consensus.cc:2272] T b5b16e6d8d4c422ab7de0a5be59f3271 P b5ec4b27bc114eafa59eb2f815016fb5 [term 4 FOLLOWER]: Raft consensus is shut down!
I20260709 14:50:32.686203   431 tablet_replica.cc:333] T 53e4cc2450e94f2c971d838946592f63 P b5ec4b27bc114eafa59eb2f815016fb5: stopping tablet replica
I20260709 14:50:32.686695   431 raft_consensus.cc:2243] T 53e4cc2450e94f2c971d838946592f63 P b5ec4b27bc114eafa59eb2f815016fb5 [term 5 FOLLOWER]: Raft consensus shutting down.
I20260709 14:50:32.687098   431 raft_consensus.cc:2272] T 53e4cc2450e94f2c971d838946592f63 P b5ec4b27bc114eafa59eb2f815016fb5 [term 5 FOLLOWER]: Raft consensus is shut down!
I20260709 14:50:32.689294   431 tablet_replica.cc:333] T 4b66dd580e484c2986a2b870d8587f00 P b5ec4b27bc114eafa59eb2f815016fb5: stopping tablet replica
I20260709 14:50:32.689769   431 raft_consensus.cc:2243] T 4b66dd580e484c2986a2b870d8587f00 P b5ec4b27bc114eafa59eb2f815016fb5 [term 3 LEADER]: Raft consensus shutting down.
I20260709 14:50:32.690488   431 raft_consensus.cc:2272] T 4b66dd580e484c2986a2b870d8587f00 P b5ec4b27bc114eafa59eb2f815016fb5 [term 3 FOLLOWER]: Raft consensus is shut down!
I20260709 14:50:32.720438   431 tablet_server.cc:196] TabletServer@127.0.107.194:0 shutdown complete.
W20260709 14:50:32.735970   680 consensus_peers.cc:597] T 412338ed60c349da843fce3f4ae77cca P c59914d04e5e4e72b692223dbebed870 -> Peer d80560623f504082ab75b4d66eb85657 (127.0.107.193:38931): Couldn't send request to peer d80560623f504082ab75b4d66eb85657. Status: Network error: Client connection negotiation failed: client connection to 127.0.107.193:38931: connect: Connection refused (error 111). This is attempt 1: this message will repeat every 5th retry.
I20260709 14:50:32.750384   431 tablet_server.cc:179] TabletServer@127.0.107.195:0 shutting down...
I20260709 14:50:32.784502   431 ts_tablet_manager.cc:1507] Shutting down tablet manager...
I20260709 14:50:32.785439   431 tablet_replica.cc:333] T 5b1c9be045b5434bb393762c88fad211 P c59914d04e5e4e72b692223dbebed870: stopping tablet replica
I20260709 14:50:32.786321   431 raft_consensus.cc:2243] T 5b1c9be045b5434bb393762c88fad211 P c59914d04e5e4e72b692223dbebed870 [term 1 FOLLOWER]: Raft consensus shutting down.
I20260709 14:50:32.786907   431 raft_consensus.cc:2272] T 5b1c9be045b5434bb393762c88fad211 P c59914d04e5e4e72b692223dbebed870 [term 1 FOLLOWER]: Raft consensus is shut down!
I20260709 14:50:32.789794   431 tablet_replica.cc:333] T 6d0acee3485f477a998f6b910006c35b P c59914d04e5e4e72b692223dbebed870: stopping tablet replica
I20260709 14:50:32.790648   431 raft_consensus.cc:2243] T 6d0acee3485f477a998f6b910006c35b P c59914d04e5e4e72b692223dbebed870 [term 1 LEADER]: Raft consensus shutting down.
I20260709 14:50:32.791810   431 raft_consensus.cc:2272] T 6d0acee3485f477a998f6b910006c35b P c59914d04e5e4e72b692223dbebed870 [term 1 FOLLOWER]: Raft consensus is shut down!
I20260709 14:50:32.794359   431 tablet_replica.cc:333] T b5b16e6d8d4c422ab7de0a5be59f3271 P c59914d04e5e4e72b692223dbebed870: stopping tablet replica
I20260709 14:50:32.795127   431 raft_consensus.cc:2243] T b5b16e6d8d4c422ab7de0a5be59f3271 P c59914d04e5e4e72b692223dbebed870 [term 4 FOLLOWER]: Raft consensus shutting down.
I20260709 14:50:32.795706   431 raft_consensus.cc:2272] T b5b16e6d8d4c422ab7de0a5be59f3271 P c59914d04e5e4e72b692223dbebed870 [term 4 FOLLOWER]: Raft consensus is shut down!
I20260709 14:50:32.798623   431 tablet_replica.cc:333] T 412338ed60c349da843fce3f4ae77cca P c59914d04e5e4e72b692223dbebed870: stopping tablet replica
I20260709 14:50:32.799369   431 raft_consensus.cc:2243] T 412338ed60c349da843fce3f4ae77cca P c59914d04e5e4e72b692223dbebed870 [term 2 LEADER]: Raft consensus shutting down.
I20260709 14:50:32.800391   431 raft_consensus.cc:2272] T 412338ed60c349da843fce3f4ae77cca P c59914d04e5e4e72b692223dbebed870 [term 2 FOLLOWER]: Raft consensus is shut down!
I20260709 14:50:32.803081   431 tablet_replica.cc:333] T 605097c6e86448b99f51535f584493af P c59914d04e5e4e72b692223dbebed870: stopping tablet replica
I20260709 14:50:32.803819   431 raft_consensus.cc:2243] T 605097c6e86448b99f51535f584493af P c59914d04e5e4e72b692223dbebed870 [term 4 FOLLOWER]: Raft consensus shutting down.
I20260709 14:50:32.804431   431 raft_consensus.cc:2272] T 605097c6e86448b99f51535f584493af P c59914d04e5e4e72b692223dbebed870 [term 4 FOLLOWER]: Raft consensus is shut down!
I20260709 14:50:32.807267   431 tablet_replica.cc:333] T acef6c7273014941b212e2a0889a4ab7 P c59914d04e5e4e72b692223dbebed870: stopping tablet replica
I20260709 14:50:32.808013   431 raft_consensus.cc:2243] T acef6c7273014941b212e2a0889a4ab7 P c59914d04e5e4e72b692223dbebed870 [term 3 LEADER]: Raft consensus shutting down.
I20260709 14:50:32.809106   431 raft_consensus.cc:2272] T acef6c7273014941b212e2a0889a4ab7 P c59914d04e5e4e72b692223dbebed870 [term 3 FOLLOWER]: Raft consensus is shut down!
I20260709 14:50:32.811870   431 tablet_replica.cc:333] T 16fc49aade234ac9a68b4b1bb08136df P c59914d04e5e4e72b692223dbebed870: stopping tablet replica
I20260709 14:50:32.812690   431 raft_consensus.cc:2243] T 16fc49aade234ac9a68b4b1bb08136df P c59914d04e5e4e72b692223dbebed870 [term 4 FOLLOWER]: Raft consensus shutting down.
I20260709 14:50:32.813221   431 raft_consensus.cc:2272] T 16fc49aade234ac9a68b4b1bb08136df P c59914d04e5e4e72b692223dbebed870 [term 4 FOLLOWER]: Raft consensus is shut down!
I20260709 14:50:32.815586   431 tablet_replica.cc:333] T 53e4cc2450e94f2c971d838946592f63 P c59914d04e5e4e72b692223dbebed870: stopping tablet replica
I20260709 14:50:32.816277   431 raft_consensus.cc:2243] T 53e4cc2450e94f2c971d838946592f63 P c59914d04e5e4e72b692223dbebed870 [term 5 FOLLOWER]: Raft consensus shutting down.
I20260709 14:50:32.816798   431 raft_consensus.cc:2272] T 53e4cc2450e94f2c971d838946592f63 P c59914d04e5e4e72b692223dbebed870 [term 5 FOLLOWER]: Raft consensus is shut down!
I20260709 14:50:32.819402   431 tablet_replica.cc:333] T 4b66dd580e484c2986a2b870d8587f00 P c59914d04e5e4e72b692223dbebed870: stopping tablet replica
I20260709 14:50:32.820190   431 raft_consensus.cc:2243] T 4b66dd580e484c2986a2b870d8587f00 P c59914d04e5e4e72b692223dbebed870 [term 3 FOLLOWER]: Raft consensus shutting down.
I20260709 14:50:32.820789   431 raft_consensus.cc:2272] T 4b66dd580e484c2986a2b870d8587f00 P c59914d04e5e4e72b692223dbebed870 [term 3 FOLLOWER]: Raft consensus is shut down!
I20260709 14:50:33.731828   431 tablet_server.cc:196] TabletServer@127.0.107.195:0 shutdown complete.
I20260709 14:50:33.749794   431 master.cc:562] Master@127.0.107.254:37497 shutting down...
I20260709 14:50:33.872781   431 raft_consensus.cc:2243] T 00000000000000000000000000000000 P 4a915863d8af49adbf626787945f69a1 [term 1 LEADER]: Raft consensus shutting down.
I20260709 14:50:33.873387   431 raft_consensus.cc:2272] T 00000000000000000000000000000000 P 4a915863d8af49adbf626787945f69a1 [term 1 FOLLOWER]: Raft consensus is shut down!
I20260709 14:50:33.873767   431 tablet_replica.cc:333] T 00000000000000000000000000000000 P 4a915863d8af49adbf626787945f69a1: stopping tablet replica
I20260709 14:50:33.894696   431 master.cc:584] Master@127.0.107.254:37497 shutdown complete.
b5ec4b27bc114eafa59eb2f815016fb5  4
c59914d04e5e4e72b692223dbebed870  1
d80560623f504082ab75b4d66eb85657  4
[       OK ] LeaderRebalancerTest.FunctionalTestForDivided (17968 ms)
[ RUN      ] LeaderRebalancerTest.FunctionalTestForNotDivided
I20260709 14:50:33.936789   431 internal_mini_cluster.cc:156] Creating distributed mini masters. Addrs: 127.0.107.254:42355
I20260709 14:50:33.937985   431 file_cache.cc:504] Constructed file cache file cache with capacity 419430
W20260709 14:50:33.944433   967 instance_detector.cc:116] could not retrieve Azure instance metadata: Network error: curl error: HTTP response code said error: The requested URL returned error: 404
W20260709 14:50:33.944681   966 instance_detector.cc:116] could not retrieve AWS instance metadata: Network error: curl error: HTTP response code said error: The requested URL returned error: 404
W20260709 14:50:33.945072   969 instance_detector.cc:116] could not retrieve OpenStack instance metadata: Network error: curl error: HTTP response code said error: The requested URL returned error: 404
I20260709 14:50:33.945874   431 server_base.cc:1061] running on GCE node
I20260709 14:50:33.946844   431 hybrid_clock.cc:584] initializing the hybrid clock with 'system_unsync' time source
W20260709 14:50:33.947026   431 system_unsync_time.cc:38] NTP support is disabled. Clock error bounds will not be accurate. This configuration is not suitable for distributed clusters.
I20260709 14:50:33.947234   431 hybrid_clock.cc:648] HybridClock initialized: now 1783608633947199 us; error 0 us; skew 500 ppm
I20260709 14:50:33.947834   431 server_base.cc:861] Flag tcmalloc_max_total_thread_cache_bytes is not working since tcmalloc is not enabled.
I20260709 14:50:33.950553   431 webserver.cc:533] Webserver started at http://127.0.107.254:35321/ using document root <none> and password file <none>
I20260709 14:50:33.951110   431 fs_manager.cc:362] Metadata directory not provided
I20260709 14:50:33.951303   431 fs_manager.cc:368] Using write-ahead log directory (fs_wal_dir) as metadata directory
I20260709 14:50:33.951623   431 server_base.cc:909] This appears to be a new deployment of Kudu; creating new FS layout
I20260709 14:50:33.952857   431 fs_manager.cc:1068] Generated new instance metadata in path /tmp/dist-test-taskkKZxez/test-tmp/auto_leader_rebalancer-test.0.LeaderRebalancerTest.FunctionalTestForNotDivided.1783608615781745-431-0/minicluster-data/master-0-root/instance:
uuid: "673c536b83614a3bbb1fdba668473308"
format_stamp: "Formatted at 2026-07-09 14:50:33 on dist-test-slave-kfj2"
I20260709 14:50:33.957837   431 fs_manager.cc:696] Time spent creating directory manager: real 0.004s	user 0.004s	sys 0.001s
I20260709 14:50:33.961552   974 log_block_manager.cc:4127] Time spent loading block containers with low live blocks: real 0.000s	user 0.000s	sys 0.000s
I20260709 14:50:33.962435   431 fs_manager.cc:730] Time spent opening block manager: real 0.003s	user 0.002s	sys 0.002s
I20260709 14:50:33.962772   431 fs_manager.cc:647] Opened local filesystem: /tmp/dist-test-taskkKZxez/test-tmp/auto_leader_rebalancer-test.0.LeaderRebalancerTest.FunctionalTestForNotDivided.1783608615781745-431-0/minicluster-data/master-0-root
uuid: "673c536b83614a3bbb1fdba668473308"
format_stamp: "Formatted at 2026-07-09 14:50:33 on dist-test-slave-kfj2"
I20260709 14:50:33.963105   431 fs_report.cc:389] FS layout report
--------------------
wal directory: /tmp/dist-test-taskkKZxez/test-tmp/auto_leader_rebalancer-test.0.LeaderRebalancerTest.FunctionalTestForNotDivided.1783608615781745-431-0/minicluster-data/master-0-root
metadata directory: /tmp/dist-test-taskkKZxez/test-tmp/auto_leader_rebalancer-test.0.LeaderRebalancerTest.FunctionalTestForNotDivided.1783608615781745-431-0/minicluster-data/master-0-root
1 data directories: /tmp/dist-test-taskkKZxez/test-tmp/auto_leader_rebalancer-test.0.LeaderRebalancerTest.FunctionalTestForNotDivided.1783608615781745-431-0/minicluster-data/master-0-root/data
Total live blocks: 0
Total live bytes: 0
Total live bytes (after alignment): 0
Total number of LBM containers: 0 (0 full)
Did not check for missing blocks
Did not check for orphaned blocks
Total full LBM containers with extra space: 0 (0 repaired)
Total full LBM container extra space in bytes: 0 (0 repaired)
Total incomplete LBM containers: 0 (0 repaired)
Total LBM partial records: 0 (0 repaired)
Total corrupted LBM metadata records in RocksDB: 0 (0 repaired)
I20260709 14:50:33.985944   431 rpc_server.cc:225] running with OpenSSL 1.1.1  11 Sep 2018
I20260709 14:50:33.987303   431 kserver.cc:163] Server-wide thread pool size limit: 3276
I20260709 14:50:34.029481   431 rpc_server.cc:307] RPC server started. Bound to: 127.0.107.254:42355
I20260709 14:50:34.029593  1025 acceptor_pool.cc:272] collecting diagnostics on the listening RPC socket 127.0.107.254:42355 every 8 connection(s)
I20260709 14:50:34.033488  1026 data_dirs.cc:400] Could only allocate 1 dirs of requested 3 for tablet 00000000000000000000000000000000. 1 dirs total, 0 dirs full, 0 dirs failed
I20260709 14:50:34.043303  1026 tablet_bootstrap.cc:492] T 00000000000000000000000000000000 P 673c536b83614a3bbb1fdba668473308: Bootstrap starting.
I20260709 14:50:34.048265  1026 tablet_bootstrap.cc:654] T 00000000000000000000000000000000 P 673c536b83614a3bbb1fdba668473308: Neither blocks nor log segments found. Creating new log.
I20260709 14:50:34.052884  1026 tablet_bootstrap.cc:492] T 00000000000000000000000000000000 P 673c536b83614a3bbb1fdba668473308: No bootstrap required, opened a new log
I20260709 14:50:34.055197  1026 raft_consensus.cc:359] T 00000000000000000000000000000000 P 673c536b83614a3bbb1fdba668473308 [term 0 FOLLOWER]: Replica starting. Triggering 0 pending ops. Active config: opid_index: -1 OBSOLETE_local: true peers { permanent_uuid: "673c536b83614a3bbb1fdba668473308" member_type: VOTER }
I20260709 14:50:34.055598  1026 raft_consensus.cc:385] T 00000000000000000000000000000000 P 673c536b83614a3bbb1fdba668473308 [term 0 FOLLOWER]: Consensus starting up: Expiring failure detector timer to make a prompt election more likely
I20260709 14:50:34.055897  1026 raft_consensus.cc:740] T 00000000000000000000000000000000 P 673c536b83614a3bbb1fdba668473308 [term 0 FOLLOWER]: Becoming Follower/Learner. State: Replica: 673c536b83614a3bbb1fdba668473308, State: Initialized, Role: FOLLOWER
I20260709 14:50:34.056648  1026 consensus_queue.cc:260] T 00000000000000000000000000000000 P 673c536b83614a3bbb1fdba668473308 [NON_LEADER]: Queue going to NON_LEADER mode. State: All replicated index: 0, Majority replicated index: 0, Committed index: 0, Last appended: 0.0, Last appended by leader: 0, Current term: 0, Majority size: -1, State: 0, Mode: NON_LEADER, active raft config: opid_index: -1 OBSOLETE_local: true peers { permanent_uuid: "673c536b83614a3bbb1fdba668473308" member_type: VOTER }
I20260709 14:50:34.057122  1026 raft_consensus.cc:399] T 00000000000000000000000000000000 P 673c536b83614a3bbb1fdba668473308 [term 0 FOLLOWER]: Only one voter in the Raft config. Triggering election immediately
I20260709 14:50:34.057375  1026 raft_consensus.cc:493] T 00000000000000000000000000000000 P 673c536b83614a3bbb1fdba668473308 [term 0 FOLLOWER]: Starting leader election (initial election of a single-replica configuration)
I20260709 14:50:34.057652  1026 raft_consensus.cc:3060] T 00000000000000000000000000000000 P 673c536b83614a3bbb1fdba668473308 [term 0 FOLLOWER]: Advancing to term 1
I20260709 14:50:34.062063  1026 raft_consensus.cc:515] T 00000000000000000000000000000000 P 673c536b83614a3bbb1fdba668473308 [term 1 FOLLOWER]: Starting leader election with config: opid_index: -1 OBSOLETE_local: true peers { permanent_uuid: "673c536b83614a3bbb1fdba668473308" member_type: VOTER }
I20260709 14:50:34.062650  1026 leader_election.cc:304] T 00000000000000000000000000000000 P 673c536b83614a3bbb1fdba668473308 [CANDIDATE]: Term 1 election: Election decided. Result: candidate won. Election summary: received 1 responses out of 1 voters: 1 yes votes; 0 no votes. yes voters: 673c536b83614a3bbb1fdba668473308; no voters: 
I20260709 14:50:34.063859  1026 leader_election.cc:290] T 00000000000000000000000000000000 P 673c536b83614a3bbb1fdba668473308 [CANDIDATE]: Term 1 election: Requested vote from peers 
I20260709 14:50:34.064318  1029 raft_consensus.cc:2804] T 00000000000000000000000000000000 P 673c536b83614a3bbb1fdba668473308 [term 1 FOLLOWER]: Leader election won for term 1
I20260709 14:50:34.065864  1029 raft_consensus.cc:697] T 00000000000000000000000000000000 P 673c536b83614a3bbb1fdba668473308 [term 1 LEADER]: Becoming Leader. State: Replica: 673c536b83614a3bbb1fdba668473308, State: Running, Role: LEADER
I20260709 14:50:34.066536  1029 consensus_queue.cc:237] T 00000000000000000000000000000000 P 673c536b83614a3bbb1fdba668473308 [LEADER]: Queue going to LEADER mode. State: All replicated index: 0, Majority replicated index: 0, Committed index: 0, Last appended: 0.0, Last appended by leader: 0, Current term: 1, Majority size: 1, State: 0, Mode: LEADER, active raft config: opid_index: -1 OBSOLETE_local: true peers { permanent_uuid: "673c536b83614a3bbb1fdba668473308" member_type: VOTER }
I20260709 14:50:34.067179  1026 sys_catalog.cc:565] T 00000000000000000000000000000000 P 673c536b83614a3bbb1fdba668473308 [sys.catalog]: configured and running, proceeding with master startup.
I20260709 14:50:34.071628  1031 sys_catalog.cc:455] T 00000000000000000000000000000000 P 673c536b83614a3bbb1fdba668473308 [sys.catalog]: SysCatalogTable state changed. Reason: New leader 673c536b83614a3bbb1fdba668473308. Latest consensus state: current_term: 1 leader_uuid: "673c536b83614a3bbb1fdba668473308" committed_config { opid_index: -1 OBSOLETE_local: true peers { permanent_uuid: "673c536b83614a3bbb1fdba668473308" member_type: VOTER } }
I20260709 14:50:34.072504  1031 sys_catalog.cc:458] T 00000000000000000000000000000000 P 673c536b83614a3bbb1fdba668473308 [sys.catalog]: This master's current role is: LEADER
I20260709 14:50:34.072914  1030 sys_catalog.cc:455] T 00000000000000000000000000000000 P 673c536b83614a3bbb1fdba668473308 [sys.catalog]: SysCatalogTable state changed. Reason: RaftConsensus started. Latest consensus state: current_term: 1 leader_uuid: "673c536b83614a3bbb1fdba668473308" committed_config { opid_index: -1 OBSOLETE_local: true peers { permanent_uuid: "673c536b83614a3bbb1fdba668473308" member_type: VOTER } }
I20260709 14:50:34.073562  1030 sys_catalog.cc:458] T 00000000000000000000000000000000 P 673c536b83614a3bbb1fdba668473308 [sys.catalog]: This master's current role is: LEADER
I20260709 14:50:34.075104  1036 catalog_manager.cc:1511] Loading table and tablet metadata into memory...
I20260709 14:50:34.082302  1036 catalog_manager.cc:1520] Initializing Kudu cluster ID...
I20260709 14:50:34.083365   431 internal_mini_cluster.cc:184] Waiting to initialize catalog manager on master 0
I20260709 14:50:34.091437  1036 catalog_manager.cc:1383] Generated new cluster ID: 406fd28f777f47008554de39fb96f77a
I20260709 14:50:34.091760  1036 catalog_manager.cc:1531] Initializing Kudu internal certificate authority...
I20260709 14:50:34.119815  1036 catalog_manager.cc:1406] Generated new certificate authority record
I20260709 14:50:34.121417  1036 catalog_manager.cc:1540] Loading token signing keys...
I20260709 14:50:34.136173  1036 catalog_manager.cc:6070] T 00000000000000000000000000000000 P 673c536b83614a3bbb1fdba668473308: Generated new TSK 0
I20260709 14:50:34.136883  1036 catalog_manager.cc:1550] Initializing in-progress tserver states...
I20260709 14:50:34.149906   431 file_cache.cc:504] Constructed file cache file cache with capacity 419430
W20260709 14:50:34.156232  1047 instance_detector.cc:116] could not retrieve AWS instance metadata: Network error: curl error: HTTP response code said error: The requested URL returned error: 404
W20260709 14:50:34.157537  1048 instance_detector.cc:116] could not retrieve Azure instance metadata: Network error: curl error: HTTP response code said error: The requested URL returned error: 404
W20260709 14:50:34.159207  1050 instance_detector.cc:116] could not retrieve OpenStack instance metadata: Network error: curl error: HTTP response code said error: The requested URL returned error: 404
I20260709 14:50:34.159658   431 server_base.cc:1061] running on GCE node
I20260709 14:50:34.160571   431 hybrid_clock.cc:584] initializing the hybrid clock with 'system_unsync' time source
W20260709 14:50:34.160789   431 system_unsync_time.cc:38] NTP support is disabled. Clock error bounds will not be accurate. This configuration is not suitable for distributed clusters.
I20260709 14:50:34.160969   431 hybrid_clock.cc:648] HybridClock initialized: now 1783608634160948 us; error 0 us; skew 500 ppm
I20260709 14:50:34.161499   431 server_base.cc:861] Flag tcmalloc_max_total_thread_cache_bytes is not working since tcmalloc is not enabled.
I20260709 14:50:34.163887   431 webserver.cc:533] Webserver started at http://127.0.107.193:36235/ using document root <none> and password file <none>
I20260709 14:50:34.164507   431 fs_manager.cc:362] Metadata directory not provided
I20260709 14:50:34.164731   431 fs_manager.cc:368] Using write-ahead log directory (fs_wal_dir) as metadata directory
I20260709 14:50:34.165033   431 server_base.cc:909] This appears to be a new deployment of Kudu; creating new FS layout
I20260709 14:50:34.166519   431 fs_manager.cc:1068] Generated new instance metadata in path /tmp/dist-test-taskkKZxez/test-tmp/auto_leader_rebalancer-test.0.LeaderRebalancerTest.FunctionalTestForNotDivided.1783608615781745-431-0/minicluster-data/ts-0-root/instance:
uuid: "ed3fbbafe5a9435a82056e744992eff0"
format_stamp: "Formatted at 2026-07-09 14:50:34 on dist-test-slave-kfj2"
I20260709 14:50:34.171789   431 fs_manager.cc:696] Time spent creating directory manager: real 0.005s	user 0.001s	sys 0.006s
I20260709 14:50:34.175452  1055 log_block_manager.cc:4127] Time spent loading block containers with low live blocks: real 0.000s	user 0.000s	sys 0.000s
I20260709 14:50:34.176553   431 fs_manager.cc:730] Time spent opening block manager: real 0.003s	user 0.003s	sys 0.000s
I20260709 14:50:34.176888   431 fs_manager.cc:647] Opened local filesystem: /tmp/dist-test-taskkKZxez/test-tmp/auto_leader_rebalancer-test.0.LeaderRebalancerTest.FunctionalTestForNotDivided.1783608615781745-431-0/minicluster-data/ts-0-root
uuid: "ed3fbbafe5a9435a82056e744992eff0"
format_stamp: "Formatted at 2026-07-09 14:50:34 on dist-test-slave-kfj2"
I20260709 14:50:34.177227   431 fs_report.cc:389] FS layout report
--------------------
wal directory: /tmp/dist-test-taskkKZxez/test-tmp/auto_leader_rebalancer-test.0.LeaderRebalancerTest.FunctionalTestForNotDivided.1783608615781745-431-0/minicluster-data/ts-0-root
metadata directory: /tmp/dist-test-taskkKZxez/test-tmp/auto_leader_rebalancer-test.0.LeaderRebalancerTest.FunctionalTestForNotDivided.1783608615781745-431-0/minicluster-data/ts-0-root
1 data directories: /tmp/dist-test-taskkKZxez/test-tmp/auto_leader_rebalancer-test.0.LeaderRebalancerTest.FunctionalTestForNotDivided.1783608615781745-431-0/minicluster-data/ts-0-root/data
Total live blocks: 0
Total live bytes: 0
Total live bytes (after alignment): 0
Total number of LBM containers: 0 (0 full)
Did not check for missing blocks
Did not check for orphaned blocks
Total full LBM containers with extra space: 0 (0 repaired)
Total full LBM container extra space in bytes: 0 (0 repaired)
Total incomplete LBM containers: 0 (0 repaired)
Total LBM partial records: 0 (0 repaired)
Total corrupted LBM metadata records in RocksDB: 0 (0 repaired)
I20260709 14:50:34.192469   431 rpc_server.cc:225] running with OpenSSL 1.1.1  11 Sep 2018
I20260709 14:50:34.193897   431 kserver.cc:163] Server-wide thread pool size limit: 3276
I20260709 14:50:34.195619   431 txn_system_client.cc:432] TxnSystemClient initialization is disabled...
I20260709 14:50:34.198137   431 ts_tablet_manager.cc:585] Loaded tablet metadata (0 total tablets, 0 live tablets)
I20260709 14:50:34.198392   431 ts_tablet_manager.cc:531] Time spent load tablet metadata: real 0.000s	user 0.000s	sys 0.000s
I20260709 14:50:34.198645   431 ts_tablet_manager.cc:616] Registered 0 tablets
I20260709 14:50:34.198845   431 ts_tablet_manager.cc:595] Time spent register tablets: real 0.000s	user 0.000s	sys 0.000s
I20260709 14:50:34.246345   431 rpc_server.cc:307] RPC server started. Bound to: 127.0.107.193:43331
I20260709 14:50:34.246439  1117 acceptor_pool.cc:272] collecting diagnostics on the listening RPC socket 127.0.107.193:43331 every 8 connection(s)
I20260709 14:50:34.251866   431 file_cache.cc:504] Constructed file cache file cache with capacity 419430
W20260709 14:50:34.259645  1122 instance_detector.cc:116] could not retrieve AWS instance metadata: Network error: curl error: HTTP response code said error: The requested URL returned error: 404
W20260709 14:50:34.260834  1123 instance_detector.cc:116] could not retrieve Azure instance metadata: Network error: curl error: HTTP response code said error: The requested URL returned error: 404
I20260709 14:50:34.263949   431 server_base.cc:1061] running on GCE node
W20260709 14:50:34.264770  1125 instance_detector.cc:116] could not retrieve OpenStack instance metadata: Network error: curl error: HTTP response code said error: The requested URL returned error: 404
I20260709 14:50:34.265642   431 hybrid_clock.cc:584] initializing the hybrid clock with 'system_unsync' time source
W20260709 14:50:34.265836   431 system_unsync_time.cc:38] NTP support is disabled. Clock error bounds will not be accurate. This configuration is not suitable for distributed clusters.
I20260709 14:50:34.265971   431 hybrid_clock.cc:648] HybridClock initialized: now 1783608634265959 us; error 0 us; skew 500 ppm
I20260709 14:50:34.266414   431 server_base.cc:861] Flag tcmalloc_max_total_thread_cache_bytes is not working since tcmalloc is not enabled.
I20260709 14:50:34.269232   431 webserver.cc:533] Webserver started at http://127.0.107.194:34145/ using document root <none> and password file <none>
I20260709 14:50:34.270109   431 fs_manager.cc:362] Metadata directory not provided
I20260709 14:50:34.270471   431 fs_manager.cc:368] Using write-ahead log directory (fs_wal_dir) as metadata directory
I20260709 14:50:34.271029   431 server_base.cc:909] This appears to be a new deployment of Kudu; creating new FS layout
I20260709 14:50:34.271337  1118 heartbeater.cc:344] Connected to a master server at 127.0.107.254:42355
I20260709 14:50:34.271847  1118 heartbeater.cc:461] Registering TS with master...
I20260709 14:50:34.272408   431 fs_manager.cc:1068] Generated new instance metadata in path /tmp/dist-test-taskkKZxez/test-tmp/auto_leader_rebalancer-test.0.LeaderRebalancerTest.FunctionalTestForNotDivided.1783608615781745-431-0/minicluster-data/ts-1-root/instance:
uuid: "293f507947434f0fa05a8fc0902f5a48"
format_stamp: "Formatted at 2026-07-09 14:50:34 on dist-test-slave-kfj2"
I20260709 14:50:34.273028  1118 heartbeater.cc:507] Master 127.0.107.254:42355 requested a full tablet report, sending...
I20260709 14:50:34.275404   991 ts_manager.cc:194] Registered new tserver with Master: ed3fbbafe5a9435a82056e744992eff0 (127.0.107.193:43331)
I20260709 14:50:34.277798   991 master_service.cc:502] Signed X509 certificate for tserver {username='slave'} at 127.0.0.1:36234
I20260709 14:50:34.278234   431 fs_manager.cc:696] Time spent creating directory manager: real 0.005s	user 0.005s	sys 0.000s
I20260709 14:50:34.281903  1130 log_block_manager.cc:4127] Time spent loading block containers with low live blocks: real 0.000s	user 0.000s	sys 0.000s
I20260709 14:50:34.282749   431 fs_manager.cc:730] Time spent opening block manager: real 0.002s	user 0.001s	sys 0.000s
I20260709 14:50:34.283079   431 fs_manager.cc:647] Opened local filesystem: /tmp/dist-test-taskkKZxez/test-tmp/auto_leader_rebalancer-test.0.LeaderRebalancerTest.FunctionalTestForNotDivided.1783608615781745-431-0/minicluster-data/ts-1-root
uuid: "293f507947434f0fa05a8fc0902f5a48"
format_stamp: "Formatted at 2026-07-09 14:50:34 on dist-test-slave-kfj2"
I20260709 14:50:34.283390   431 fs_report.cc:389] FS layout report
--------------------
wal directory: /tmp/dist-test-taskkKZxez/test-tmp/auto_leader_rebalancer-test.0.LeaderRebalancerTest.FunctionalTestForNotDivided.1783608615781745-431-0/minicluster-data/ts-1-root
metadata directory: /tmp/dist-test-taskkKZxez/test-tmp/auto_leader_rebalancer-test.0.LeaderRebalancerTest.FunctionalTestForNotDivided.1783608615781745-431-0/minicluster-data/ts-1-root
1 data directories: /tmp/dist-test-taskkKZxez/test-tmp/auto_leader_rebalancer-test.0.LeaderRebalancerTest.FunctionalTestForNotDivided.1783608615781745-431-0/minicluster-data/ts-1-root/data
Total live blocks: 0
Total live bytes: 0
Total live bytes (after alignment): 0
Total number of LBM containers: 0 (0 full)
Did not check for missing blocks
Did not check for orphaned blocks
Total full LBM containers with extra space: 0 (0 repaired)
Total full LBM container extra space in bytes: 0 (0 repaired)
Total incomplete LBM containers: 0 (0 repaired)
Total LBM partial records: 0 (0 repaired)
Total corrupted LBM metadata records in RocksDB: 0 (0 repaired)
I20260709 14:50:34.347972   431 rpc_server.cc:225] running with OpenSSL 1.1.1  11 Sep 2018
I20260709 14:50:34.349653   431 kserver.cc:163] Server-wide thread pool size limit: 3276
I20260709 14:50:34.351475   431 txn_system_client.cc:432] TxnSystemClient initialization is disabled...
I20260709 14:50:34.353844   431 ts_tablet_manager.cc:585] Loaded tablet metadata (0 total tablets, 0 live tablets)
I20260709 14:50:34.354103   431 ts_tablet_manager.cc:531] Time spent load tablet metadata: real 0.000s	user 0.000s	sys 0.000s
I20260709 14:50:34.354362   431 ts_tablet_manager.cc:616] Registered 0 tablets
I20260709 14:50:34.354542   431 ts_tablet_manager.cc:595] Time spent register tablets: real 0.000s	user 0.000s	sys 0.000s
I20260709 14:50:34.398928   431 rpc_server.cc:307] RPC server started. Bound to: 127.0.107.194:43287
I20260709 14:50:34.399019  1192 acceptor_pool.cc:272] collecting diagnostics on the listening RPC socket 127.0.107.194:43287 every 8 connection(s)
I20260709 14:50:34.403857   431 file_cache.cc:504] Constructed file cache file cache with capacity 419430
W20260709 14:50:34.410884  1196 instance_detector.cc:116] could not retrieve AWS instance metadata: Network error: curl error: HTTP response code said error: The requested URL returned error: 404
W20260709 14:50:34.412129  1197 instance_detector.cc:116] could not retrieve Azure instance metadata: Network error: curl error: HTTP response code said error: The requested URL returned error: 404
I20260709 14:50:34.414849   431 server_base.cc:1061] running on GCE node
W20260709 14:50:34.415763  1199 instance_detector.cc:116] could not retrieve OpenStack instance metadata: Network error: curl error: HTTP response code said error: The requested URL returned error: 404
I20260709 14:50:34.417076   431 hybrid_clock.cc:584] initializing the hybrid clock with 'system_unsync' time source
I20260709 14:50:34.417268  1193 heartbeater.cc:344] Connected to a master server at 127.0.107.254:42355
W20260709 14:50:34.417362   431 system_unsync_time.cc:38] NTP support is disabled. Clock error bounds will not be accurate. This configuration is not suitable for distributed clusters.
I20260709 14:50:34.417675   431 hybrid_clock.cc:648] HybridClock initialized: now 1783608634417656 us; error 0 us; skew 500 ppm
I20260709 14:50:34.417725  1193 heartbeater.cc:461] Registering TS with master...
I20260709 14:50:34.418310   431 server_base.cc:861] Flag tcmalloc_max_total_thread_cache_bytes is not working since tcmalloc is not enabled.
I20260709 14:50:34.418617  1193 heartbeater.cc:507] Master 127.0.107.254:42355 requested a full tablet report, sending...
I20260709 14:50:34.421100   431 webserver.cc:533] Webserver started at http://127.0.107.195:40441/ using document root <none> and password file <none>
I20260709 14:50:34.421351   991 ts_manager.cc:194] Registered new tserver with Master: 293f507947434f0fa05a8fc0902f5a48 (127.0.107.194:43287)
I20260709 14:50:34.421663   431 fs_manager.cc:362] Metadata directory not provided
I20260709 14:50:34.421947   431 fs_manager.cc:368] Using write-ahead log directory (fs_wal_dir) as metadata directory
I20260709 14:50:34.422255   431 server_base.cc:909] This appears to be a new deployment of Kudu; creating new FS layout
I20260709 14:50:34.422993   991 master_service.cc:502] Signed X509 certificate for tserver {username='slave'} at 127.0.0.1:36244
I20260709 14:50:34.423532   431 fs_manager.cc:1068] Generated new instance metadata in path /tmp/dist-test-taskkKZxez/test-tmp/auto_leader_rebalancer-test.0.LeaderRebalancerTest.FunctionalTestForNotDivided.1783608615781745-431-0/minicluster-data/ts-2-root/instance:
uuid: "1be50a4ef16a4177a49138cabd329002"
format_stamp: "Formatted at 2026-07-09 14:50:34 on dist-test-slave-kfj2"
I20260709 14:50:34.428331   431 fs_manager.cc:696] Time spent creating directory manager: real 0.004s	user 0.003s	sys 0.000s
I20260709 14:50:34.432837  1204 log_block_manager.cc:4127] Time spent loading block containers with low live blocks: real 0.000s	user 0.000s	sys 0.000s
I20260709 14:50:34.433840   431 fs_manager.cc:730] Time spent opening block manager: real 0.003s	user 0.003s	sys 0.001s
I20260709 14:50:34.434113   431 fs_manager.cc:647] Opened local filesystem: /tmp/dist-test-taskkKZxez/test-tmp/auto_leader_rebalancer-test.0.LeaderRebalancerTest.FunctionalTestForNotDivided.1783608615781745-431-0/minicluster-data/ts-2-root
uuid: "1be50a4ef16a4177a49138cabd329002"
format_stamp: "Formatted at 2026-07-09 14:50:34 on dist-test-slave-kfj2"
I20260709 14:50:34.434382   431 fs_report.cc:389] FS layout report
--------------------
wal directory: /tmp/dist-test-taskkKZxez/test-tmp/auto_leader_rebalancer-test.0.LeaderRebalancerTest.FunctionalTestForNotDivided.1783608615781745-431-0/minicluster-data/ts-2-root
metadata directory: /tmp/dist-test-taskkKZxez/test-tmp/auto_leader_rebalancer-test.0.LeaderRebalancerTest.FunctionalTestForNotDivided.1783608615781745-431-0/minicluster-data/ts-2-root
1 data directories: /tmp/dist-test-taskkKZxez/test-tmp/auto_leader_rebalancer-test.0.LeaderRebalancerTest.FunctionalTestForNotDivided.1783608615781745-431-0/minicluster-data/ts-2-root/data
Total live blocks: 0
Total live bytes: 0
Total live bytes (after alignment): 0
Total number of LBM containers: 0 (0 full)
Did not check for missing blocks
Did not check for orphaned blocks
Total full LBM containers with extra space: 0 (0 repaired)
Total full LBM container extra space in bytes: 0 (0 repaired)
Total incomplete LBM containers: 0 (0 repaired)
Total LBM partial records: 0 (0 repaired)
Total corrupted LBM metadata records in RocksDB: 0 (0 repaired)
I20260709 14:50:34.449702   431 rpc_server.cc:225] running with OpenSSL 1.1.1  11 Sep 2018
I20260709 14:50:34.451088   431 kserver.cc:163] Server-wide thread pool size limit: 3276
I20260709 14:50:34.452867   431 txn_system_client.cc:432] TxnSystemClient initialization is disabled...
I20260709 14:50:34.455286   431 ts_tablet_manager.cc:585] Loaded tablet metadata (0 total tablets, 0 live tablets)
I20260709 14:50:34.455485   431 ts_tablet_manager.cc:531] Time spent load tablet metadata: real 0.000s	user 0.000s	sys 0.000s
I20260709 14:50:34.455758   431 ts_tablet_manager.cc:616] Registered 0 tablets
I20260709 14:50:34.455974   431 ts_tablet_manager.cc:595] Time spent register tablets: real 0.000s	user 0.000s	sys 0.000s
I20260709 14:50:34.502501   431 rpc_server.cc:307] RPC server started. Bound to: 127.0.107.195:45433
I20260709 14:50:34.502629  1266 acceptor_pool.cc:272] collecting diagnostics on the listening RPC socket 127.0.107.195:45433 every 8 connection(s)
I20260709 14:50:34.517795  1267 heartbeater.cc:344] Connected to a master server at 127.0.107.254:42355
I20260709 14:50:34.518255  1267 heartbeater.cc:461] Registering TS with master...
I20260709 14:50:34.519037  1267 heartbeater.cc:507] Master 127.0.107.254:42355 requested a full tablet report, sending...
I20260709 14:50:34.521034   991 ts_manager.cc:194] Registered new tserver with Master: 1be50a4ef16a4177a49138cabd329002 (127.0.107.195:45433)
I20260709 14:50:34.521693   431 internal_mini_cluster.cc:371] 3 TS(s) registered with all masters after 0.015790121s
I20260709 14:50:34.522418   991 master_service.cc:502] Signed X509 certificate for tserver {username='slave'} at 127.0.0.1:36260
I20260709 14:50:34.550752   991 catalog_manager.cc:2283] Servicing CreateTable request from {username='slave'} at 127.0.0.1:36268:
name: "test-workload"
schema {
  columns {
    name: "key"
    type: INT32
    is_key: true
    is_nullable: false
    encoding: AUTO_ENCODING
    compression: DEFAULT_COMPRESSION
    cfile_block_size: 0
    immutable: false
  }
  columns {
    name: "int_val"
    type: INT32
    is_key: false
    is_nullable: false
    encoding: AUTO_ENCODING
    compression: DEFAULT_COMPRESSION
    cfile_block_size: 0
    immutable: false
  }
  columns {
    name: "string_val"
    type: STRING
    is_key: false
    is_nullable: true
    encoding: AUTO_ENCODING
    compression: DEFAULT_COMPRESSION
    cfile_block_size: 0
    immutable: false
  }
}
num_replicas: 3
split_rows_range_bounds {
  rows: "\004\001\000\314\314\314\014\004\001\000\230\231\231\031\004\001\000dff&\004\001\0000333\004\001\000\374\377\377?\004\001\000\310\314\314L\004\001\000\224\231\231Y\004\001\000`fff\004\001\000,33s""\004\001\000\314\314\314\014\004\001\000\230\231\231\031\004\001\000dff&\004\001\0000333\004\001\000\374\377\377?\004\001\000\310\314\314L\004\001\000\224\231\231Y\004\001\000`fff\004\001\000,33s"
  indirect_data: """"
}
partition_schema {
  range_schema {
    columns {
      name: "key"
    }
  }
}
W20260709 14:50:34.553999   991 catalog_manager.cc:7077] The number of live tablet servers is not enough to re-replicate a tablet replica of the newly created table test-workload in case of a server failure: 4 tablet servers would be needed, 3 are available. Consider bringing up more tablet servers.
I20260709 14:50:34.626452  1083 tablet_service.cc:1511] Processing CreateTablet for tablet ba2ad6084a1f4dfbbd046b15d7486612 (DEFAULT_TABLE table=test-workload [id=a99fb478278840b0a6519126f1b6a473]), partition=RANGE (key) PARTITION VALUES < 214748364
I20260709 14:50:34.629365  1082 tablet_service.cc:1511] Processing CreateTablet for tablet 625b48d8216248c5afc13c7e1e98c71a (DEFAULT_TABLE table=test-workload [id=a99fb478278840b0a6519126f1b6a473]), partition=RANGE (key) PARTITION 214748364 <= VALUES < 429496728
I20260709 14:50:34.627995  1083 data_dirs.cc:400] Could only allocate 1 dirs of requested 3 for tablet ba2ad6084a1f4dfbbd046b15d7486612. 1 dirs total, 0 dirs full, 0 dirs failed
I20260709 14:50:34.631839  1081 tablet_service.cc:1511] Processing CreateTablet for tablet 66b75ac1d04744bc80144842f02e6c21 (DEFAULT_TABLE table=test-workload [id=a99fb478278840b0a6519126f1b6a473]), partition=RANGE (key) PARTITION 429496728 <= VALUES < 644245092
