I20260709 14:50:49.249519  1762 consensus_queue.cc:260] T f197a6d6611548e7b631a8bb01610341 P 6ea858002fdd455192206632dcf63835 [NON_LEADER]: Queue going to NON_LEADER mode. State: All replicated index: 0, Majority replicated index: 0, Committed index: 0, Last appended: 0.0, Last appended by leader: 0, Current term: 0, Majority size: -1, State: 0, Mode: NON_LEADER, active raft config: opid_index: -1 OBSOLETE_local: false peers { permanent_uuid: "16fd030f235c48ff8f48fb478d83470f" member_type: VOTER last_known_addr { host: "127.0.107.193" port: 43261 } } peers { permanent_uuid: "d266ee57b1d34f31aeaa027b4fb0bae2" member_type: VOTER last_known_addr { host: "127.0.107.194" port: 37615 } } peers { permanent_uuid: "6ea858002fdd455192206632dcf63835" member_type: VOTER last_known_addr { host: "127.0.107.195" port: 33259 } }
I20260709 14:50:49.249542  1761 raft_consensus.cc:385] T 9f03f6f7d1db4a7580d7144d2a24b208 P d266ee57b1d34f31aeaa027b4fb0bae2 [term 0 FOLLOWER]: Consensus starting up: Expiring failure detector timer to make a prompt election more likely
I20260709 14:50:49.251912  1761 raft_consensus.cc:740] T 9f03f6f7d1db4a7580d7144d2a24b208 P d266ee57b1d34f31aeaa027b4fb0bae2 [term 0 FOLLOWER]: Becoming Follower/Learner. State: Replica: d266ee57b1d34f31aeaa027b4fb0bae2, State: Initialized, Role: FOLLOWER
I20260709 14:50:49.252202  1762 ts_tablet_manager.cc:1434] T f197a6d6611548e7b631a8bb01610341 P 6ea858002fdd455192206632dcf63835: Time spent starting tablet: real 0.007s	user 0.008s	sys 0.000s
I20260709 14:50:49.252766  1761 consensus_queue.cc:260] T 9f03f6f7d1db4a7580d7144d2a24b208 P d266ee57b1d34f31aeaa027b4fb0bae2 [NON_LEADER]: Queue going to NON_LEADER mode. State: All replicated index: 0, Majority replicated index: 0, Committed index: 0, Last appended: 0.0, Last appended by leader: 0, Current term: 0, Majority size: -1, State: 0, Mode: NON_LEADER, active raft config: opid_index: -1 OBSOLETE_local: false peers { permanent_uuid: "16fd030f235c48ff8f48fb478d83470f" member_type: VOTER last_known_addr { host: "127.0.107.193" port: 43261 } } peers { permanent_uuid: "d266ee57b1d34f31aeaa027b4fb0bae2" member_type: VOTER last_known_addr { host: "127.0.107.194" port: 37615 } } peers { permanent_uuid: "6ea858002fdd455192206632dcf63835" member_type: VOTER last_known_addr { host: "127.0.107.195" port: 33259 } }
I20260709 14:50:49.253396  1762 tablet_bootstrap.cc:492] T c6dd0801c31d4a31b1d1e08fd345f789 P 6ea858002fdd455192206632dcf63835: Bootstrap starting.
I20260709 14:50:49.254828  1761 ts_tablet_manager.cc:1434] T 9f03f6f7d1db4a7580d7144d2a24b208 P d266ee57b1d34f31aeaa027b4fb0bae2: Time spent starting tablet: real 0.008s	user 0.005s	sys 0.000s
I20260709 14:50:49.258083  1761 tablet_bootstrap.cc:492] T a40608e5ef71469baddfcf66ca9d5afd P d266ee57b1d34f31aeaa027b4fb0bae2: Bootstrap starting.
I20260709 14:50:49.280442  1761 tablet_bootstrap.cc:654] T a40608e5ef71469baddfcf66ca9d5afd P d266ee57b1d34f31aeaa027b4fb0bae2: Neither blocks nor log segments found. Creating new log.
I20260709 14:50:49.280442  1762 tablet_bootstrap.cc:654] T c6dd0801c31d4a31b1d1e08fd345f789 P 6ea858002fdd455192206632dcf63835: Neither blocks nor log segments found. Creating new log.
I20260709 14:50:49.281210  1760 tablet_bootstrap.cc:492] T 126ed4826fa243b9bf84e9df4bad12ef P 16fd030f235c48ff8f48fb478d83470f: No bootstrap required, opened a new log
I20260709 14:50:49.281683  1760 ts_tablet_manager.cc:1403] T 126ed4826fa243b9bf84e9df4bad12ef P 16fd030f235c48ff8f48fb478d83470f: Time spent bootstrapping tablet: real 0.056s	user 0.009s	sys 0.004s
I20260709 14:50:49.281641  1880 raft_consensus.cc:493] T d9205bd92e8147b09ba4f8a0d8ffda1e P d266ee57b1d34f31aeaa027b4fb0bae2 [term 0 FOLLOWER]: Starting pre-election (no leader contacted us within the election timeout)
I20260709 14:50:49.282215  1880 raft_consensus.cc:515] T d9205bd92e8147b09ba4f8a0d8ffda1e P d266ee57b1d34f31aeaa027b4fb0bae2 [term 0 FOLLOWER]: Starting pre-election with config: opid_index: -1 OBSOLETE_local: false peers { permanent_uuid: "16fd030f235c48ff8f48fb478d83470f" member_type: VOTER last_known_addr { host: "127.0.107.193" port: 43261 } } peers { permanent_uuid: "d266ee57b1d34f31aeaa027b4fb0bae2" member_type: VOTER last_known_addr { host: "127.0.107.194" port: 37615 } } peers { permanent_uuid: "6ea858002fdd455192206632dcf63835" member_type: VOTER last_known_addr { host: "127.0.107.195" port: 33259 } }
I20260709 14:50:49.284264  1880 leader_election.cc:290] T d9205bd92e8147b09ba4f8a0d8ffda1e P d266ee57b1d34f31aeaa027b4fb0bae2 [CANDIDATE]: Term 1 pre-election: Requested pre-vote from peers 16fd030f235c48ff8f48fb478d83470f (127.0.107.193:43261), 6ea858002fdd455192206632dcf63835 (127.0.107.195:33259)
I20260709 14:50:49.284469  1760 raft_consensus.cc:359] T 126ed4826fa243b9bf84e9df4bad12ef P 16fd030f235c48ff8f48fb478d83470f [term 0 FOLLOWER]: Replica starting. Triggering 0 pending ops. Active config: opid_index: -1 OBSOLETE_local: false peers { permanent_uuid: "16fd030f235c48ff8f48fb478d83470f" member_type: VOTER last_known_addr { host: "127.0.107.193" port: 43261 } } peers { permanent_uuid: "d266ee57b1d34f31aeaa027b4fb0bae2" member_type: VOTER last_known_addr { host: "127.0.107.194" port: 37615 } } peers { permanent_uuid: "6ea858002fdd455192206632dcf63835" member_type: VOTER last_known_addr { host: "127.0.107.195" port: 33259 } }
I20260709 14:50:49.285137  1760 raft_consensus.cc:385] T 126ed4826fa243b9bf84e9df4bad12ef P 16fd030f235c48ff8f48fb478d83470f [term 0 FOLLOWER]: Consensus starting up: Expiring failure detector timer to make a prompt election more likely
I20260709 14:50:49.285391  1760 raft_consensus.cc:740] T 126ed4826fa243b9bf84e9df4bad12ef P 16fd030f235c48ff8f48fb478d83470f [term 0 FOLLOWER]: Becoming Follower/Learner. State: Replica: 16fd030f235c48ff8f48fb478d83470f, State: Initialized, Role: FOLLOWER
I20260709 14:50:49.285894  1719 tablet_service.cc:1917] Received RequestConsensusVote() RPC: tablet_id: "d9205bd92e8147b09ba4f8a0d8ffda1e" candidate_uuid: "d266ee57b1d34f31aeaa027b4fb0bae2" candidate_term: 1 candidate_status { last_received { term: 0 index: 0 } } ignore_live_leader: false dest_uuid: "6ea858002fdd455192206632dcf63835" is_pre_election: true
I20260709 14:50:49.286126  1760 consensus_queue.cc:260] T 126ed4826fa243b9bf84e9df4bad12ef P 16fd030f235c48ff8f48fb478d83470f [NON_LEADER]: Queue going to NON_LEADER mode. State: All replicated index: 0, Majority replicated index: 0, Committed index: 0, Last appended: 0.0, Last appended by leader: 0, Current term: 0, Majority size: -1, State: 0, Mode: NON_LEADER, active raft config: opid_index: -1 OBSOLETE_local: false peers { permanent_uuid: "16fd030f235c48ff8f48fb478d83470f" member_type: VOTER last_known_addr { host: "127.0.107.193" port: 43261 } } peers { permanent_uuid: "d266ee57b1d34f31aeaa027b4fb0bae2" member_type: VOTER last_known_addr { host: "127.0.107.194" port: 37615 } } peers { permanent_uuid: "6ea858002fdd455192206632dcf63835" member_type: VOTER last_known_addr { host: "127.0.107.195" port: 33259 } }
I20260709 14:50:49.286509  1719 raft_consensus.cc:2468] T d9205bd92e8147b09ba4f8a0d8ffda1e P 6ea858002fdd455192206632dcf63835 [term 0 FOLLOWER]: Leader pre-election vote request: Granting yes vote for candidate d266ee57b1d34f31aeaa027b4fb0bae2 in term 0.
I20260709 14:50:49.287869  1609 leader_election.cc:304] T d9205bd92e8147b09ba4f8a0d8ffda1e P d266ee57b1d34f31aeaa027b4fb0bae2 [CANDIDATE]: Term 1 pre-election: Election decided. Result: candidate won. Election summary: received 2 responses out of 3 voters: 2 yes votes; 0 no votes. yes voters: 6ea858002fdd455192206632dcf63835, d266ee57b1d34f31aeaa027b4fb0bae2; no voters: 
I20260709 14:50:49.289829  1571 tablet_service.cc:1917] Received RequestConsensusVote() RPC: tablet_id: "d9205bd92e8147b09ba4f8a0d8ffda1e" candidate_uuid: "d266ee57b1d34f31aeaa027b4fb0bae2" candidate_term: 1 candidate_status { last_received { term: 0 index: 0 } } ignore_live_leader: false dest_uuid: "16fd030f235c48ff8f48fb478d83470f" is_pre_election: true
I20260709 14:50:49.290524  1571 raft_consensus.cc:2468] T d9205bd92e8147b09ba4f8a0d8ffda1e P 16fd030f235c48ff8f48fb478d83470f [term 0 FOLLOWER]: Leader pre-election vote request: Granting yes vote for candidate d266ee57b1d34f31aeaa027b4fb0bae2 in term 0.
I20260709 14:50:49.292490  1760 ts_tablet_manager.cc:1434] T 126ed4826fa243b9bf84e9df4bad12ef P 16fd030f235c48ff8f48fb478d83470f: Time spent starting tablet: real 0.010s	user 0.006s	sys 0.001s
I20260709 14:50:49.292419  1880 raft_consensus.cc:2804] T d9205bd92e8147b09ba4f8a0d8ffda1e P d266ee57b1d34f31aeaa027b4fb0bae2 [term 0 FOLLOWER]: Leader pre-election won for term 1
I20260709 14:50:49.292982  1880 raft_consensus.cc:493] T d9205bd92e8147b09ba4f8a0d8ffda1e P d266ee57b1d34f31aeaa027b4fb0bae2 [term 0 FOLLOWER]: Starting leader election (no leader contacted us within the election timeout)
I20260709 14:50:49.293538  1790 raft_consensus.cc:493] T 84a96371b51644219e423a573a9d53ba P 16fd030f235c48ff8f48fb478d83470f [term 0 FOLLOWER]: Starting pre-election (no leader contacted us within the election timeout)
I20260709 14:50:49.293946  1880 raft_consensus.cc:3060] T d9205bd92e8147b09ba4f8a0d8ffda1e P d266ee57b1d34f31aeaa027b4fb0bae2 [term 0 FOLLOWER]: Advancing to term 1
I20260709 14:50:49.294262  1790 raft_consensus.cc:515] T 84a96371b51644219e423a573a9d53ba P 16fd030f235c48ff8f48fb478d83470f [term 0 FOLLOWER]: Starting pre-election with config: opid_index: -1 OBSOLETE_local: false peers { permanent_uuid: "16fd030f235c48ff8f48fb478d83470f" member_type: VOTER last_known_addr { host: "127.0.107.193" port: 43261 } } peers { permanent_uuid: "d266ee57b1d34f31aeaa027b4fb0bae2" member_type: VOTER last_known_addr { host: "127.0.107.194" port: 37615 } } peers { permanent_uuid: "6ea858002fdd455192206632dcf63835" member_type: VOTER last_known_addr { host: "127.0.107.195" port: 33259 } }
I20260709 14:50:49.297750  1643 tablet_service.cc:1917] Received RequestConsensusVote() RPC: tablet_id: "84a96371b51644219e423a573a9d53ba" candidate_uuid: "16fd030f235c48ff8f48fb478d83470f" candidate_term: 1 candidate_status { last_received { term: 0 index: 0 } } ignore_live_leader: false dest_uuid: "d266ee57b1d34f31aeaa027b4fb0bae2" is_pre_election: true
I20260709 14:50:49.298391  1643 raft_consensus.cc:2468] T 84a96371b51644219e423a573a9d53ba P d266ee57b1d34f31aeaa027b4fb0bae2 [term 0 FOLLOWER]: Leader pre-election vote request: Granting yes vote for candidate 16fd030f235c48ff8f48fb478d83470f in term 0.
I20260709 14:50:49.298621  1790 leader_election.cc:290] T 84a96371b51644219e423a573a9d53ba P 16fd030f235c48ff8f48fb478d83470f [CANDIDATE]: Term 1 pre-election: Requested pre-vote from peers d266ee57b1d34f31aeaa027b4fb0bae2 (127.0.107.194:37615), 6ea858002fdd455192206632dcf63835 (127.0.107.195:33259)
I20260709 14:50:49.299778  1719 tablet_service.cc:1917] Received RequestConsensusVote() RPC: tablet_id: "84a96371b51644219e423a573a9d53ba" candidate_uuid: "16fd030f235c48ff8f48fb478d83470f" candidate_term: 1 candidate_status { last_received { term: 0 index: 0 } } ignore_live_leader: false dest_uuid: "6ea858002fdd455192206632dcf63835" is_pre_election: true
W20260709 14:50:49.301198  1534 leader_election.cc:343] T 84a96371b51644219e423a573a9d53ba P 16fd030f235c48ff8f48fb478d83470f [CANDIDATE]: Term 1 pre-election: Tablet error from VoteRequest() call to peer 6ea858002fdd455192206632dcf63835 (127.0.107.195:33259): Illegal state: must be running to vote when last-logged opid is not known
I20260709 14:50:49.302704  1536 leader_election.cc:304] T 84a96371b51644219e423a573a9d53ba P 16fd030f235c48ff8f48fb478d83470f [CANDIDATE]: Term 1 pre-election: Election decided. Result: candidate won. Election summary: received 3 responses out of 3 voters: 2 yes votes; 1 no votes. yes voters: 16fd030f235c48ff8f48fb478d83470f, d266ee57b1d34f31aeaa027b4fb0bae2; no voters: 6ea858002fdd455192206632dcf63835
I20260709 14:50:49.303961  1790 raft_consensus.cc:2804] T 84a96371b51644219e423a573a9d53ba P 16fd030f235c48ff8f48fb478d83470f [term 0 FOLLOWER]: Leader pre-election won for term 1
I20260709 14:50:49.304322  1790 raft_consensus.cc:493] T 84a96371b51644219e423a573a9d53ba P 16fd030f235c48ff8f48fb478d83470f [term 0 FOLLOWER]: Starting leader election (no leader contacted us within the election timeout)
I20260709 14:50:49.304656  1790 raft_consensus.cc:3060] T 84a96371b51644219e423a573a9d53ba P 16fd030f235c48ff8f48fb478d83470f [term 0 FOLLOWER]: Advancing to term 1
I20260709 14:50:49.310086  1762 tablet_bootstrap.cc:492] T c6dd0801c31d4a31b1d1e08fd345f789 P 6ea858002fdd455192206632dcf63835: No bootstrap required, opened a new log
I20260709 14:50:49.310595  1762 ts_tablet_manager.cc:1403] T c6dd0801c31d4a31b1d1e08fd345f789 P 6ea858002fdd455192206632dcf63835: Time spent bootstrapping tablet: real 0.057s	user 0.013s	sys 0.015s
I20260709 14:50:49.311103  1761 tablet_bootstrap.cc:492] T a40608e5ef71469baddfcf66ca9d5afd P d266ee57b1d34f31aeaa027b4fb0bae2: No bootstrap required, opened a new log
I20260709 14:50:49.311573  1761 ts_tablet_manager.cc:1403] T a40608e5ef71469baddfcf66ca9d5afd P d266ee57b1d34f31aeaa027b4fb0bae2: Time spent bootstrapping tablet: real 0.054s	user 0.014s	sys 0.020s
I20260709 14:50:49.293947  1760 tablet_bootstrap.cc:492] T 68fb0d01f0884900bfe0de8953bd3367 P 16fd030f235c48ff8f48fb478d83470f: Bootstrap starting.
I20260709 14:50:49.312757  1790 raft_consensus.cc:515] T 84a96371b51644219e423a573a9d53ba P 16fd030f235c48ff8f48fb478d83470f [term 1 FOLLOWER]: Starting leader election with config: opid_index: -1 OBSOLETE_local: false peers { permanent_uuid: "16fd030f235c48ff8f48fb478d83470f" member_type: VOTER last_known_addr { host: "127.0.107.193" port: 43261 } } peers { permanent_uuid: "d266ee57b1d34f31aeaa027b4fb0bae2" member_type: VOTER last_known_addr { host: "127.0.107.194" port: 37615 } } peers { permanent_uuid: "6ea858002fdd455192206632dcf63835" member_type: VOTER last_known_addr { host: "127.0.107.195" port: 33259 } }
I20260709 14:50:49.313282  1880 raft_consensus.cc:515] T d9205bd92e8147b09ba4f8a0d8ffda1e P d266ee57b1d34f31aeaa027b4fb0bae2 [term 1 FOLLOWER]: Starting leader election with config: opid_index: -1 OBSOLETE_local: false peers { permanent_uuid: "16fd030f235c48ff8f48fb478d83470f" member_type: VOTER last_known_addr { host: "127.0.107.193" port: 43261 } } peers { permanent_uuid: "d266ee57b1d34f31aeaa027b4fb0bae2" member_type: VOTER last_known_addr { host: "127.0.107.194" port: 37615 } } peers { permanent_uuid: "6ea858002fdd455192206632dcf63835" member_type: VOTER last_known_addr { host: "127.0.107.195" port: 33259 } }
I20260709 14:50:49.314273  1761 raft_consensus.cc:359] T a40608e5ef71469baddfcf66ca9d5afd P d266ee57b1d34f31aeaa027b4fb0bae2 [term 0 FOLLOWER]: Replica starting. Triggering 0 pending ops. Active config: opid_index: -1 OBSOLETE_local: false peers { permanent_uuid: "16fd030f235c48ff8f48fb478d83470f" member_type: VOTER last_known_addr { host: "127.0.107.193" port: 43261 } } peers { permanent_uuid: "d266ee57b1d34f31aeaa027b4fb0bae2" member_type: VOTER last_known_addr { host: "127.0.107.194" port: 37615 } } peers { permanent_uuid: "6ea858002fdd455192206632dcf63835" member_type: VOTER last_known_addr { host: "127.0.107.195" port: 33259 } }
I20260709 14:50:49.314942  1761 raft_consensus.cc:385] T a40608e5ef71469baddfcf66ca9d5afd P d266ee57b1d34f31aeaa027b4fb0bae2 [term 0 FOLLOWER]: Consensus starting up: Expiring failure detector timer to make a prompt election more likely
I20260709 14:50:49.315209  1761 raft_consensus.cc:740] T a40608e5ef71469baddfcf66ca9d5afd P d266ee57b1d34f31aeaa027b4fb0bae2 [term 0 FOLLOWER]: Becoming Follower/Learner. State: Replica: d266ee57b1d34f31aeaa027b4fb0bae2, State: Initialized, Role: FOLLOWER
I20260709 14:50:49.315853  1643 tablet_service.cc:1917] Received RequestConsensusVote() RPC: tablet_id: "84a96371b51644219e423a573a9d53ba" candidate_uuid: "16fd030f235c48ff8f48fb478d83470f" candidate_term: 1 candidate_status { last_received { term: 0 index: 0 } } ignore_live_leader: false dest_uuid: "d266ee57b1d34f31aeaa027b4fb0bae2"
I20260709 14:50:49.315915  1761 consensus_queue.cc:260] T a40608e5ef71469baddfcf66ca9d5afd P d266ee57b1d34f31aeaa027b4fb0bae2 [NON_LEADER]: Queue going to NON_LEADER mode. State: All replicated index: 0, Majority replicated index: 0, Committed index: 0, Last appended: 0.0, Last appended by leader: 0, Current term: 0, Majority size: -1, State: 0, Mode: NON_LEADER, active raft config: opid_index: -1 OBSOLETE_local: false peers { permanent_uuid: "16fd030f235c48ff8f48fb478d83470f" member_type: VOTER last_known_addr { host: "127.0.107.193" port: 43261 } } peers { permanent_uuid: "d266ee57b1d34f31aeaa027b4fb0bae2" member_type: VOTER last_known_addr { host: "127.0.107.194" port: 37615 } } peers { permanent_uuid: "6ea858002fdd455192206632dcf63835" member_type: VOTER last_known_addr { host: "127.0.107.195" port: 33259 } }
I20260709 14:50:49.316329  1719 tablet_service.cc:1917] Received RequestConsensusVote() RPC: tablet_id: "84a96371b51644219e423a573a9d53ba" candidate_uuid: "16fd030f235c48ff8f48fb478d83470f" candidate_term: 1 candidate_status { last_received { term: 0 index: 0 } } ignore_live_leader: false dest_uuid: "6ea858002fdd455192206632dcf63835"
I20260709 14:50:49.316998  1643 raft_consensus.cc:3060] T 84a96371b51644219e423a573a9d53ba P d266ee57b1d34f31aeaa027b4fb0bae2 [term 0 FOLLOWER]: Advancing to term 1
W20260709 14:50:49.318208  1534 leader_election.cc:343] T 84a96371b51644219e423a573a9d53ba P 16fd030f235c48ff8f48fb478d83470f [CANDIDATE]: Term 1 election: Tablet error from VoteRequest() call to peer 6ea858002fdd455192206632dcf63835 (127.0.107.195:33259): Illegal state: must be running to vote when last-logged opid is not known
I20260709 14:50:49.338835  1880 leader_election.cc:290] T d9205bd92e8147b09ba4f8a0d8ffda1e P d266ee57b1d34f31aeaa027b4fb0bae2 [CANDIDATE]: Term 1 election: Requested vote from peers 16fd030f235c48ff8f48fb478d83470f (127.0.107.193:43261), 6ea858002fdd455192206632dcf63835 (127.0.107.195:33259)
I20260709 14:50:49.340135  1571 tablet_service.cc:1917] Received RequestConsensusVote() RPC: tablet_id: "d9205bd92e8147b09ba4f8a0d8ffda1e" candidate_uuid: "d266ee57b1d34f31aeaa027b4fb0bae2" candidate_term: 1 candidate_status { last_received { term: 0 index: 0 } } ignore_live_leader: false dest_uuid: "16fd030f235c48ff8f48fb478d83470f"
I20260709 14:50:49.341029  1571 raft_consensus.cc:3060] T d9205bd92e8147b09ba4f8a0d8ffda1e P 16fd030f235c48ff8f48fb478d83470f [term 0 FOLLOWER]: Advancing to term 1
I20260709 14:50:49.348511  1762 raft_consensus.cc:359] T c6dd0801c31d4a31b1d1e08fd345f789 P 6ea858002fdd455192206632dcf63835 [term 0 FOLLOWER]: Replica starting. Triggering 0 pending ops. Active config: opid_index: -1 OBSOLETE_local: false peers { permanent_uuid: "16fd030f235c48ff8f48fb478d83470f" member_type: VOTER last_known_addr { host: "127.0.107.193" port: 43261 } } peers { permanent_uuid: "d266ee57b1d34f31aeaa027b4fb0bae2" member_type: VOTER last_known_addr { host: "127.0.107.194" port: 37615 } } peers { permanent_uuid: "6ea858002fdd455192206632dcf63835" member_type: VOTER last_known_addr { host: "127.0.107.195" port: 33259 } }
I20260709 14:50:49.357120  1762 raft_consensus.cc:385] T c6dd0801c31d4a31b1d1e08fd345f789 P 6ea858002fdd455192206632dcf63835 [term 0 FOLLOWER]: Consensus starting up: Expiring failure detector timer to make a prompt election more likely
I20260709 14:50:49.357439  1762 raft_consensus.cc:740] T c6dd0801c31d4a31b1d1e08fd345f789 P 6ea858002fdd455192206632dcf63835 [term 0 FOLLOWER]: Becoming Follower/Learner. State: Replica: 6ea858002fdd455192206632dcf63835, State: Initialized, Role: FOLLOWER
I20260709 14:50:49.343858  1761 ts_tablet_manager.cc:1434] T a40608e5ef71469baddfcf66ca9d5afd P d266ee57b1d34f31aeaa027b4fb0bae2: Time spent starting tablet: real 0.032s	user 0.002s	sys 0.006s
I20260709 14:50:49.358115  1762 consensus_queue.cc:260] T c6dd0801c31d4a31b1d1e08fd345f789 P 6ea858002fdd455192206632dcf63835 [NON_LEADER]: Queue going to NON_LEADER mode. State: All replicated index: 0, Majority replicated index: 0, Committed index: 0, Last appended: 0.0, Last appended by leader: 0, Current term: 0, Majority size: -1, State: 0, Mode: NON_LEADER, active raft config: opid_index: -1 OBSOLETE_local: false peers { permanent_uuid: "16fd030f235c48ff8f48fb478d83470f" member_type: VOTER last_known_addr { host: "127.0.107.193" port: 43261 } } peers { permanent_uuid: "d266ee57b1d34f31aeaa027b4fb0bae2" member_type: VOTER last_known_addr { host: "127.0.107.194" port: 37615 } } peers { permanent_uuid: "6ea858002fdd455192206632dcf63835" member_type: VOTER last_known_addr { host: "127.0.107.195" port: 33259 } }
I20260709 14:50:49.358626  1761 tablet_bootstrap.cc:492] T 7c9b7de746224a8c82f78a9e34806bdc P d266ee57b1d34f31aeaa027b4fb0bae2: Bootstrap starting.
I20260709 14:50:49.346292  1760 tablet_bootstrap.cc:654] T 68fb0d01f0884900bfe0de8953bd3367 P 16fd030f235c48ff8f48fb478d83470f: Neither blocks nor log segments found. Creating new log.
I20260709 14:50:49.360756  1762 ts_tablet_manager.cc:1434] T c6dd0801c31d4a31b1d1e08fd345f789 P 6ea858002fdd455192206632dcf63835: Time spent starting tablet: real 0.050s	user 0.014s	sys 0.015s
I20260709 14:50:49.361821  1762 tablet_bootstrap.cc:492] T 84a96371b51644219e423a573a9d53ba P 6ea858002fdd455192206632dcf63835: Bootstrap starting.
I20260709 14:50:49.368286  1762 tablet_bootstrap.cc:654] T 84a96371b51644219e423a573a9d53ba P 6ea858002fdd455192206632dcf63835: Neither blocks nor log segments found. Creating new log.
W20260709 14:50:49.376173  1534 outbound_call.cc:321] RPC callback for RPC call kudu.consensus.ConsensusService.RequestConsensusVote -> {remote=127.0.107.195:33259, user_credentials={real_user=slave}} blocked reactor thread for 58007.2us
I20260709 14:50:49.341429  1643 raft_consensus.cc:2468] T 84a96371b51644219e423a573a9d53ba P d266ee57b1d34f31aeaa027b4fb0bae2 [term 1 FOLLOWER]: Leader election vote request: Granting yes vote for candidate 16fd030f235c48ff8f48fb478d83470f in term 1.
I20260709 14:50:49.377264  1719 tablet_service.cc:1917] Received RequestConsensusVote() RPC: tablet_id: "d9205bd92e8147b09ba4f8a0d8ffda1e" candidate_uuid: "d266ee57b1d34f31aeaa027b4fb0bae2" candidate_term: 1 candidate_status { last_received { term: 0 index: 0 } } ignore_live_leader: false dest_uuid: "6ea858002fdd455192206632dcf63835"
I20260709 14:50:49.378038  1719 raft_consensus.cc:3060] T d9205bd92e8147b09ba4f8a0d8ffda1e P 6ea858002fdd455192206632dcf63835 [term 0 FOLLOWER]: Advancing to term 1
I20260709 14:50:49.376174  1790 leader_election.cc:290] T 84a96371b51644219e423a573a9d53ba P 16fd030f235c48ff8f48fb478d83470f [CANDIDATE]: Term 1 election: Requested vote from peers d266ee57b1d34f31aeaa027b4fb0bae2 (127.0.107.194:37615), 6ea858002fdd455192206632dcf63835 (127.0.107.195:33259)
I20260709 14:50:49.378898  1720 raft_consensus.cc:3060] T f197a6d6611548e7b631a8bb01610341 P 6ea858002fdd455192206632dcf63835 [term 0 FOLLOWER]: Advancing to term 1
I20260709 14:50:49.379922  1571 raft_consensus.cc:2468] T d9205bd92e8147b09ba4f8a0d8ffda1e P 16fd030f235c48ff8f48fb478d83470f [term 1 FOLLOWER]: Leader election vote request: Granting yes vote for candidate d266ee57b1d34f31aeaa027b4fb0bae2 in term 1.
I20260709 14:50:49.385540  1536 leader_election.cc:304] T 84a96371b51644219e423a573a9d53ba P 16fd030f235c48ff8f48fb478d83470f [CANDIDATE]: Term 1 election: Election decided. Result: candidate won. Election summary: received 3 responses out of 3 voters: 2 yes votes; 1 no votes. yes voters: 16fd030f235c48ff8f48fb478d83470f, d266ee57b1d34f31aeaa027b4fb0bae2; no voters: 6ea858002fdd455192206632dcf63835
I20260709 14:50:49.386312  1719 raft_consensus.cc:2468] T d9205bd92e8147b09ba4f8a0d8ffda1e P 6ea858002fdd455192206632dcf63835 [term 1 FOLLOWER]: Leader election vote request: Granting yes vote for candidate d266ee57b1d34f31aeaa027b4fb0bae2 in term 1.
I20260709 14:50:49.387074  1790 raft_consensus.cc:2804] T 84a96371b51644219e423a573a9d53ba P 16fd030f235c48ff8f48fb478d83470f [term 1 FOLLOWER]: Leader election won for term 1
I20260709 14:50:49.387936  1790 raft_consensus.cc:697] T 84a96371b51644219e423a573a9d53ba P 16fd030f235c48ff8f48fb478d83470f [term 1 LEADER]: Becoming Leader. State: Replica: 16fd030f235c48ff8f48fb478d83470f, State: Running, Role: LEADER
I20260709 14:50:49.387883  1609 leader_election.cc:304] T d9205bd92e8147b09ba4f8a0d8ffda1e P d266ee57b1d34f31aeaa027b4fb0bae2 [CANDIDATE]: Term 1 election: Election decided. Result: candidate won. Election summary: received 2 responses out of 3 voters: 2 yes votes; 0 no votes. yes voters: 6ea858002fdd455192206632dcf63835, d266ee57b1d34f31aeaa027b4fb0bae2; no voters: 
I20260709 14:50:49.388991  1880 raft_consensus.cc:2804] T d9205bd92e8147b09ba4f8a0d8ffda1e P d266ee57b1d34f31aeaa027b4fb0bae2 [term 1 FOLLOWER]: Leader election won for term 1
I20260709 14:50:49.389559  1880 raft_consensus.cc:697] T d9205bd92e8147b09ba4f8a0d8ffda1e P d266ee57b1d34f31aeaa027b4fb0bae2 [term 1 LEADER]: Becoming Leader. State: Replica: d266ee57b1d34f31aeaa027b4fb0bae2, State: Running, Role: LEADER
I20260709 14:50:49.389122  1790 consensus_queue.cc:237] T 84a96371b51644219e423a573a9d53ba P 16fd030f235c48ff8f48fb478d83470f [LEADER]: Queue going to LEADER mode. State: All replicated index: 0, Majority replicated index: 0, Committed index: 0, Last appended: 0.0, Last appended by leader: 0, Current term: 1, Majority size: 2, State: 0, Mode: LEADER, active raft config: opid_index: -1 OBSOLETE_local: false peers { permanent_uuid: "16fd030f235c48ff8f48fb478d83470f" member_type: VOTER last_known_addr { host: "127.0.107.193" port: 43261 } } peers { permanent_uuid: "d266ee57b1d34f31aeaa027b4fb0bae2" member_type: VOTER last_known_addr { host: "127.0.107.194" port: 37615 } } peers { permanent_uuid: "6ea858002fdd455192206632dcf63835" member_type: VOTER last_known_addr { host: "127.0.107.195" port: 33259 } }
I20260709 14:50:49.390882  1880 consensus_queue.cc:237] T d9205bd92e8147b09ba4f8a0d8ffda1e P d266ee57b1d34f31aeaa027b4fb0bae2 [LEADER]: Queue going to LEADER mode. State: All replicated index: 0, Majority replicated index: 0, Committed index: 0, Last appended: 0.0, Last appended by leader: 0, Current term: 1, Majority size: 2, State: 0, Mode: LEADER, active raft config: opid_index: -1 OBSOLETE_local: false peers { permanent_uuid: "16fd030f235c48ff8f48fb478d83470f" member_type: VOTER last_known_addr { host: "127.0.107.193" port: 43261 } } peers { permanent_uuid: "d266ee57b1d34f31aeaa027b4fb0bae2" member_type: VOTER last_known_addr { host: "127.0.107.194" port: 37615 } } peers { permanent_uuid: "6ea858002fdd455192206632dcf63835" member_type: VOTER last_known_addr { host: "127.0.107.195" port: 33259 } }
I20260709 14:50:49.394286  1870 consensus_queue.cc:1048] T f197a6d6611548e7b631a8bb01610341 P 16fd030f235c48ff8f48fb478d83470f [LEADER]: Connected to new peer: Peer: permanent_uuid: "6ea858002fdd455192206632dcf63835" member_type: VOTER last_known_addr { host: "127.0.107.195" port: 33259 }, Status: LMP_MISMATCH, Last received: 0.0, Next index: 1, Last known committed idx: 0, Time since last communication: 0.000s
I20260709 14:50:49.402491  1760 tablet_bootstrap.cc:492] T 68fb0d01f0884900bfe0de8953bd3367 P 16fd030f235c48ff8f48fb478d83470f: No bootstrap required, opened a new log
I20260709 14:50:49.403524  1760 ts_tablet_manager.cc:1403] T 68fb0d01f0884900bfe0de8953bd3367 P 16fd030f235c48ff8f48fb478d83470f: Time spent bootstrapping tablet: real 0.110s	user 0.008s	sys 0.005s
I20260709 14:50:49.404441  1870 raft_consensus.cc:493] T c6dd0801c31d4a31b1d1e08fd345f789 P 16fd030f235c48ff8f48fb478d83470f [term 0 FOLLOWER]: Starting pre-election (no leader contacted us within the election timeout)
I20260709 14:50:49.402491  1762 tablet_bootstrap.cc:492] T 84a96371b51644219e423a573a9d53ba P 6ea858002fdd455192206632dcf63835: No bootstrap required, opened a new log
I20260709 14:50:49.405061  1761 tablet_bootstrap.cc:654] T 7c9b7de746224a8c82f78a9e34806bdc P d266ee57b1d34f31aeaa027b4fb0bae2: Neither blocks nor log segments found. Creating new log.
I20260709 14:50:49.405229  1762 ts_tablet_manager.cc:1403] T 84a96371b51644219e423a573a9d53ba P 6ea858002fdd455192206632dcf63835: Time spent bootstrapping tablet: real 0.044s	user 0.005s	sys 0.025s
I20260709 14:50:49.404994  1870 raft_consensus.cc:515] T c6dd0801c31d4a31b1d1e08fd345f789 P 16fd030f235c48ff8f48fb478d83470f [term 0 FOLLOWER]: Starting pre-election with config: opid_index: -1 OBSOLETE_local: false peers { permanent_uuid: "16fd030f235c48ff8f48fb478d83470f" member_type: VOTER last_known_addr { host: "127.0.107.193" port: 43261 } } peers { permanent_uuid: "d266ee57b1d34f31aeaa027b4fb0bae2" member_type: VOTER last_known_addr { host: "127.0.107.194" port: 37615 } } peers { permanent_uuid: "6ea858002fdd455192206632dcf63835" member_type: VOTER last_known_addr { host: "127.0.107.195" port: 33259 } }
I20260709 14:50:49.409459  1870 leader_election.cc:290] T c6dd0801c31d4a31b1d1e08fd345f789 P 16fd030f235c48ff8f48fb478d83470f [CANDIDATE]: Term 1 pre-election: Requested pre-vote from peers d266ee57b1d34f31aeaa027b4fb0bae2 (127.0.107.194:37615), 6ea858002fdd455192206632dcf63835 (127.0.107.195:33259)
I20260709 14:50:49.410161  1643 tablet_service.cc:1917] Received RequestConsensusVote() RPC: tablet_id: "c6dd0801c31d4a31b1d1e08fd345f789" candidate_uuid: "16fd030f235c48ff8f48fb478d83470f" candidate_term: 1 candidate_status { last_received { term: 0 index: 0 } } ignore_live_leader: false dest_uuid: "d266ee57b1d34f31aeaa027b4fb0bae2" is_pre_election: true
I20260709 14:50:49.410899  1643 raft_consensus.cc:2468] T c6dd0801c31d4a31b1d1e08fd345f789 P d266ee57b1d34f31aeaa027b4fb0bae2 [term 0 FOLLOWER]: Leader pre-election vote request: Granting yes vote for candidate 16fd030f235c48ff8f48fb478d83470f in term 0.
I20260709 14:50:49.412029  1536 leader_election.cc:304] T c6dd0801c31d4a31b1d1e08fd345f789 P 16fd030f235c48ff8f48fb478d83470f [CANDIDATE]: Term 1 pre-election: Election decided. Result: candidate won. Election summary: received 2 responses out of 3 voters: 2 yes votes; 0 no votes. yes voters: 16fd030f235c48ff8f48fb478d83470f, d266ee57b1d34f31aeaa027b4fb0bae2; no voters: 
I20260709 14:50:49.412562  1720 tablet_service.cc:1917] Received RequestConsensusVote() RPC: tablet_id: "c6dd0801c31d4a31b1d1e08fd345f789" candidate_uuid: "16fd030f235c48ff8f48fb478d83470f" candidate_term: 1 candidate_status { last_received { term: 0 index: 0 } } ignore_live_leader: false dest_uuid: "6ea858002fdd455192206632dcf63835" is_pre_election: true
I20260709 14:50:49.411382  1760 raft_consensus.cc:359] T 68fb0d01f0884900bfe0de8953bd3367 P 16fd030f235c48ff8f48fb478d83470f [term 0 FOLLOWER]: Replica starting. Triggering 0 pending ops. Active config: opid_index: -1 OBSOLETE_local: false peers { permanent_uuid: "16fd030f235c48ff8f48fb478d83470f" member_type: VOTER last_known_addr { host: "127.0.107.193" port: 43261 } } peers { permanent_uuid: "d266ee57b1d34f31aeaa027b4fb0bae2" member_type: VOTER last_known_addr { host: "127.0.107.194" port: 37615 } } peers { permanent_uuid: "6ea858002fdd455192206632dcf63835" member_type: VOTER last_known_addr { host: "127.0.107.195" port: 33259 } }
I20260709 14:50:49.413081  1870 raft_consensus.cc:2804] T c6dd0801c31d4a31b1d1e08fd345f789 P 16fd030f235c48ff8f48fb478d83470f [term 0 FOLLOWER]: Leader pre-election won for term 1
I20260709 14:50:49.414227  1760 raft_consensus.cc:385] T 68fb0d01f0884900bfe0de8953bd3367 P 16fd030f235c48ff8f48fb478d83470f [term 0 FOLLOWER]: Consensus starting up: Expiring failure detector timer to make a prompt election more likely
I20260709 14:50:49.414286  1870 raft_consensus.cc:493] T c6dd0801c31d4a31b1d1e08fd345f789 P 16fd030f235c48ff8f48fb478d83470f [term 0 FOLLOWER]: Starting leader election (no leader contacted us within the election timeout)
I20260709 14:50:49.414786  1760 raft_consensus.cc:740] T 68fb0d01f0884900bfe0de8953bd3367 P 16fd030f235c48ff8f48fb478d83470f [term 0 FOLLOWER]: Becoming Follower/Learner. State: Replica: 16fd030f235c48ff8f48fb478d83470f, State: Initialized, Role: FOLLOWER
I20260709 14:50:49.413241  1762 raft_consensus.cc:359] T 84a96371b51644219e423a573a9d53ba P 6ea858002fdd455192206632dcf63835 [term 0 FOLLOWER]: Replica starting. Triggering 0 pending ops. Active config: opid_index: -1 OBSOLETE_local: false peers { permanent_uuid: "16fd030f235c48ff8f48fb478d83470f" member_type: VOTER last_known_addr { host: "127.0.107.193" port: 43261 } } peers { permanent_uuid: "d266ee57b1d34f31aeaa027b4fb0bae2" member_type: VOTER last_known_addr { host: "127.0.107.194" port: 37615 } } peers { permanent_uuid: "6ea858002fdd455192206632dcf63835" member_type: VOTER last_known_addr { host: "127.0.107.195" port: 33259 } }
I20260709 14:50:49.420460  1762 raft_consensus.cc:385] T 84a96371b51644219e423a573a9d53ba P 6ea858002fdd455192206632dcf63835 [term 0 FOLLOWER]: Consensus starting up: Expiring failure detector timer to make a prompt election more likely
I20260709 14:50:49.420800  1762 raft_consensus.cc:740] T 84a96371b51644219e423a573a9d53ba P 6ea858002fdd455192206632dcf63835 [term 0 FOLLOWER]: Becoming Follower/Learner. State: Replica: 6ea858002fdd455192206632dcf63835, State: Initialized, Role: FOLLOWER
I20260709 14:50:49.414881  1870 raft_consensus.cc:3060] T c6dd0801c31d4a31b1d1e08fd345f789 P 16fd030f235c48ff8f48fb478d83470f [term 0 FOLLOWER]: Advancing to term 1
I20260709 14:50:49.415918  1760 consensus_queue.cc:260] T 68fb0d01f0884900bfe0de8953bd3367 P 16fd030f235c48ff8f48fb478d83470f [NON_LEADER]: Queue going to NON_LEADER mode. State: All replicated index: 0, Majority replicated index: 0, Committed index: 0, Last appended: 0.0, Last appended by leader: 0, Current term: 0, Majority size: -1, State: 0, Mode: NON_LEADER, active raft config: opid_index: -1 OBSOLETE_local: false peers { permanent_uuid: "16fd030f235c48ff8f48fb478d83470f" member_type: VOTER last_known_addr { host: "127.0.107.193" port: 43261 } } peers { permanent_uuid: "d266ee57b1d34f31aeaa027b4fb0bae2" member_type: VOTER last_known_addr { host: "127.0.107.194" port: 37615 } } peers { permanent_uuid: "6ea858002fdd455192206632dcf63835" member_type: VOTER last_known_addr { host: "127.0.107.195" port: 33259 } }
I20260709 14:50:49.413178  1720 raft_consensus.cc:2468] T c6dd0801c31d4a31b1d1e08fd345f789 P 6ea858002fdd455192206632dcf63835 [term 0 FOLLOWER]: Leader pre-election vote request: Granting yes vote for candidate 16fd030f235c48ff8f48fb478d83470f in term 0.
I20260709 14:50:49.425768  1760 ts_tablet_manager.cc:1434] T 68fb0d01f0884900bfe0de8953bd3367 P 16fd030f235c48ff8f48fb478d83470f: Time spent starting tablet: real 0.022s	user 0.007s	sys 0.000s
I20260709 14:50:49.427367  1760 tablet_bootstrap.cc:492] T a40608e5ef71469baddfcf66ca9d5afd P 16fd030f235c48ff8f48fb478d83470f: Bootstrap starting.
I20260709 14:50:49.428161  1762 consensus_queue.cc:260] T 84a96371b51644219e423a573a9d53ba P 6ea858002fdd455192206632dcf63835 [NON_LEADER]: Queue going to NON_LEADER mode. State: All replicated index: 0, Majority replicated index: 0, Committed index: 0, Last appended: 0.0, Last appended by leader: 0, Current term: 0, Majority size: -1, State: 0, Mode: NON_LEADER, active raft config: opid_index: -1 OBSOLETE_local: false peers { permanent_uuid: "16fd030f235c48ff8f48fb478d83470f" member_type: VOTER last_known_addr { host: "127.0.107.193" port: 43261 } } peers { permanent_uuid: "d266ee57b1d34f31aeaa027b4fb0bae2" member_type: VOTER last_known_addr { host: "127.0.107.194" port: 37615 } } peers { permanent_uuid: "6ea858002fdd455192206632dcf63835" member_type: VOTER last_known_addr { host: "127.0.107.195" port: 33259 } }
I20260709 14:50:49.429082  1466 catalog_manager.cc:5697] T 84a96371b51644219e423a573a9d53ba P 16fd030f235c48ff8f48fb478d83470f reported cstate change: term changed from 0 to 1, leader changed from <none> to 16fd030f235c48ff8f48fb478d83470f (127.0.107.193). New cstate: current_term: 1 leader_uuid: "16fd030f235c48ff8f48fb478d83470f" committed_config { opid_index: -1 OBSOLETE_local: false peers { permanent_uuid: "16fd030f235c48ff8f48fb478d83470f" member_type: VOTER last_known_addr { host: "127.0.107.193" port: 43261 } health_report { overall_health: HEALTHY } } peers { permanent_uuid: "d266ee57b1d34f31aeaa027b4fb0bae2" member_type: VOTER last_known_addr { host: "127.0.107.194" port: 37615 } health_report { overall_health: UNKNOWN } } peers { permanent_uuid: "6ea858002fdd455192206632dcf63835" member_type: VOTER last_known_addr { host: "127.0.107.195" port: 33259 } health_report { overall_health: UNKNOWN } } }
I20260709 14:50:49.431178  1762 ts_tablet_manager.cc:1434] T 84a96371b51644219e423a573a9d53ba P 6ea858002fdd455192206632dcf63835: Time spent starting tablet: real 0.025s	user 0.006s	sys 0.001s
I20260709 14:50:49.432679  1762 tablet_bootstrap.cc:492] T 5ce5040412bb4b539fb59af616938ad1 P 6ea858002fdd455192206632dcf63835: Bootstrap starting.
I20260709 14:50:49.433750  1761 tablet_bootstrap.cc:492] T 7c9b7de746224a8c82f78a9e34806bdc P d266ee57b1d34f31aeaa027b4fb0bae2: No bootstrap required, opened a new log
I20260709 14:50:49.434237  1761 ts_tablet_manager.cc:1403] T 7c9b7de746224a8c82f78a9e34806bdc P d266ee57b1d34f31aeaa027b4fb0bae2: Time spent bootstrapping tablet: real 0.076s	user 0.010s	sys 0.013s
I20260709 14:50:49.434301  1760 tablet_bootstrap.cc:654] T a40608e5ef71469baddfcf66ca9d5afd P 16fd030f235c48ff8f48fb478d83470f: Neither blocks nor log segments found. Creating new log.
I20260709 14:50:49.437469  1761 raft_consensus.cc:359] T 7c9b7de746224a8c82f78a9e34806bdc P d266ee57b1d34f31aeaa027b4fb0bae2 [term 0 FOLLOWER]: Replica starting. Triggering 0 pending ops. Active config: opid_index: -1 OBSOLETE_local: false peers { permanent_uuid: "16fd030f235c48ff8f48fb478d83470f" member_type: VOTER last_known_addr { host: "127.0.107.193" port: 43261 } } peers { permanent_uuid: "d266ee57b1d34f31aeaa027b4fb0bae2" member_type: VOTER last_known_addr { host: "127.0.107.194" port: 37615 } } peers { permanent_uuid: "6ea858002fdd455192206632dcf63835" member_type: VOTER last_known_addr { host: "127.0.107.195" port: 33259 } }
I20260709 14:50:49.438438  1761 raft_consensus.cc:385] T 7c9b7de746224a8c82f78a9e34806bdc P d266ee57b1d34f31aeaa027b4fb0bae2 [term 0 FOLLOWER]: Consensus starting up: Expiring failure detector timer to make a prompt election more likely
I20260709 14:50:49.438781  1761 raft_consensus.cc:740] T 7c9b7de746224a8c82f78a9e34806bdc P d266ee57b1d34f31aeaa027b4fb0bae2 [term 0 FOLLOWER]: Becoming Follower/Learner. State: Replica: d266ee57b1d34f31aeaa027b4fb0bae2, State: Initialized, Role: FOLLOWER
I20260709 14:50:49.443133  1762 tablet_bootstrap.cc:654] T 5ce5040412bb4b539fb59af616938ad1 P 6ea858002fdd455192206632dcf63835: Neither blocks nor log segments found. Creating new log.
I20260709 14:50:49.443320  1469 catalog_manager.cc:5697] T d9205bd92e8147b09ba4f8a0d8ffda1e P d266ee57b1d34f31aeaa027b4fb0bae2 reported cstate change: term changed from 0 to 1, leader changed from <none> to d266ee57b1d34f31aeaa027b4fb0bae2 (127.0.107.194). New cstate: current_term: 1 leader_uuid: "d266ee57b1d34f31aeaa027b4fb0bae2" committed_config { opid_index: -1 OBSOLETE_local: false peers { permanent_uuid: "16fd030f235c48ff8f48fb478d83470f" member_type: VOTER last_known_addr { host: "127.0.107.193" port: 43261 } health_report { overall_health: UNKNOWN } } peers { permanent_uuid: "d266ee57b1d34f31aeaa027b4fb0bae2" member_type: VOTER last_known_addr { host: "127.0.107.194" port: 37615 } health_report { overall_health: HEALTHY } } peers { permanent_uuid: "6ea858002fdd455192206632dcf63835" member_type: VOTER last_known_addr { host: "127.0.107.195" port: 33259 } health_report { overall_health: UNKNOWN } } }
I20260709 14:50:49.451367  1870 raft_consensus.cc:515] T c6dd0801c31d4a31b1d1e08fd345f789 P 16fd030f235c48ff8f48fb478d83470f [term 1 FOLLOWER]: Starting leader election with config: opid_index: -1 OBSOLETE_local: false peers { permanent_uuid: "16fd030f235c48ff8f48fb478d83470f" member_type: VOTER last_known_addr { host: "127.0.107.193" port: 43261 } } peers { permanent_uuid: "d266ee57b1d34f31aeaa027b4fb0bae2" member_type: VOTER last_known_addr { host: "127.0.107.194" port: 37615 } } peers { permanent_uuid: "6ea858002fdd455192206632dcf63835" member_type: VOTER last_known_addr { host: "127.0.107.195" port: 33259 } }
I20260709 14:50:49.456529  1642 tablet_service.cc:1917] Received RequestConsensusVote() RPC: tablet_id: "c6dd0801c31d4a31b1d1e08fd345f789" candidate_uuid: "16fd030f235c48ff8f48fb478d83470f" candidate_term: 1 candidate_status { last_received { term: 0 index: 0 } } ignore_live_leader: false dest_uuid: "d266ee57b1d34f31aeaa027b4fb0bae2"
I20260709 14:50:49.456830  1862 raft_consensus.cc:493] T 53a19ccf402d4b5e9886d956c6b8170b P 6ea858002fdd455192206632dcf63835 [term 0 FOLLOWER]: Starting pre-election (no leader contacted us within the election timeout)
I20260709 14:50:49.457178  1642 raft_consensus.cc:3060] T c6dd0801c31d4a31b1d1e08fd345f789 P d266ee57b1d34f31aeaa027b4fb0bae2 [term 0 FOLLOWER]: Advancing to term 1
I20260709 14:50:49.457441  1862 raft_consensus.cc:515] T 53a19ccf402d4b5e9886d956c6b8170b P 6ea858002fdd455192206632dcf63835 [term 0 FOLLOWER]: Starting pre-election with config: opid_index: -1 OBSOLETE_local: false peers { permanent_uuid: "16fd030f235c48ff8f48fb478d83470f" member_type: VOTER last_known_addr { host: "127.0.107.193" port: 43261 } } peers { permanent_uuid: "d266ee57b1d34f31aeaa027b4fb0bae2" member_type: VOTER last_known_addr { host: "127.0.107.194" port: 37615 } } peers { permanent_uuid: "6ea858002fdd455192206632dcf63835" member_type: VOTER last_known_addr { host: "127.0.107.195" port: 33259 } }
I20260709 14:50:49.459683  1761 consensus_queue.cc:260] T 7c9b7de746224a8c82f78a9e34806bdc P d266ee57b1d34f31aeaa027b4fb0bae2 [NON_LEADER]: Queue going to NON_LEADER mode. State: All replicated index: 0, Majority replicated index: 0, Committed index: 0, Last appended: 0.0, Last appended by leader: 0, Current term: 0, Majority size: -1, State: 0, Mode: NON_LEADER, active raft config: opid_index: -1 OBSOLETE_local: false peers { permanent_uuid: "16fd030f235c48ff8f48fb478d83470f" member_type: VOTER last_known_addr { host: "127.0.107.193" port: 43261 } } peers { permanent_uuid: "d266ee57b1d34f31aeaa027b4fb0bae2" member_type: VOTER last_known_addr { host: "127.0.107.194" port: 37615 } } peers { permanent_uuid: "6ea858002fdd455192206632dcf63835" member_type: VOTER last_known_addr { host: "127.0.107.195" port: 33259 } }
I20260709 14:50:49.461091  1720 tablet_service.cc:1917] Received RequestConsensusVote() RPC: tablet_id: "c6dd0801c31d4a31b1d1e08fd345f789" candidate_uuid: "16fd030f235c48ff8f48fb478d83470f" candidate_term: 1 candidate_status { last_received { term: 0 index: 0 } } ignore_live_leader: false dest_uuid: "6ea858002fdd455192206632dcf63835"
I20260709 14:50:49.461894  1720 raft_consensus.cc:3060] T c6dd0801c31d4a31b1d1e08fd345f789 P 6ea858002fdd455192206632dcf63835 [term 0 FOLLOWER]: Advancing to term 1
I20260709 14:50:49.462348  1761 ts_tablet_manager.cc:1434] T 7c9b7de746224a8c82f78a9e34806bdc P d266ee57b1d34f31aeaa027b4fb0bae2: Time spent starting tablet: real 0.028s	user 0.008s	sys 0.000s
I20260709 14:50:49.463634  1761 tablet_bootstrap.cc:492] T 8c6db3269c0b45769b7881f26a86347a P d266ee57b1d34f31aeaa027b4fb0bae2: Bootstrap starting.
I20260709 14:50:49.466332  1790 consensus_queue.cc:1048] T f197a6d6611548e7b631a8bb01610341 P 16fd030f235c48ff8f48fb478d83470f [LEADER]: Connected to new peer: Peer: permanent_uuid: "d266ee57b1d34f31aeaa027b4fb0bae2" member_type: VOTER last_known_addr { host: "127.0.107.194" port: 37615 }, Status: LMP_MISMATCH, Last received: 0.0, Next index: 1, Last known committed idx: 0, Time since last communication: 0.000s
W20260709 14:50:49.467912  1609 consensus_peers.cc:597] T 4be12991d7a0433cbd55d1f182bd775f P d266ee57b1d34f31aeaa027b4fb0bae2 -> Peer 6ea858002fdd455192206632dcf63835 (127.0.107.195:33259): Couldn't send request to peer 6ea858002fdd455192206632dcf63835. Error code: TABLET_NOT_RUNNING (12). Status: Illegal state: Tablet not RUNNING: INITIALIZED. This is attempt 1: this message will repeat every 5th retry.
I20260709 14:50:49.468475  1570 tablet_service.cc:1917] Received RequestConsensusVote() RPC: tablet_id: "53a19ccf402d4b5e9886d956c6b8170b" candidate_uuid: "6ea858002fdd455192206632dcf63835" candidate_term: 1 candidate_status { last_received { term: 0 index: 0 } } ignore_live_leader: false dest_uuid: "16fd030f235c48ff8f48fb478d83470f" is_pre_election: true
I20260709 14:50:49.471172  1870 leader_election.cc:290] T c6dd0801c31d4a31b1d1e08fd345f789 P 16fd030f235c48ff8f48fb478d83470f [CANDIDATE]: Term 1 election: Requested vote from peers d266ee57b1d34f31aeaa027b4fb0bae2 (127.0.107.194:37615), 6ea858002fdd455192206632dcf63835 (127.0.107.195:33259)
I20260709 14:50:49.473906  1879 consensus_queue.cc:1048] T 4be12991d7a0433cbd55d1f182bd775f P d266ee57b1d34f31aeaa027b4fb0bae2 [LEADER]: Connected to new peer: Peer: permanent_uuid: "16fd030f235c48ff8f48fb478d83470f" member_type: VOTER last_known_addr { host: "127.0.107.193" port: 43261 }, Status: LMP_MISMATCH, Last received: 0.0, Next index: 1, Last known committed idx: 0, Time since last communication: 0.000s
I20260709 14:50:49.474768  1643 tablet_service.cc:1917] Received RequestConsensusVote() RPC: tablet_id: "53a19ccf402d4b5e9886d956c6b8170b" candidate_uuid: "6ea858002fdd455192206632dcf63835" candidate_term: 1 candidate_status { last_received { term: 0 index: 0 } } ignore_live_leader: false dest_uuid: "d266ee57b1d34f31aeaa027b4fb0bae2" is_pre_election: true
I20260709 14:50:49.466835  1862 leader_election.cc:290] T 53a19ccf402d4b5e9886d956c6b8170b P 6ea858002fdd455192206632dcf63835 [CANDIDATE]: Term 1 pre-election: Requested pre-vote from peers 16fd030f235c48ff8f48fb478d83470f (127.0.107.193:43261), d266ee57b1d34f31aeaa027b4fb0bae2 (127.0.107.194:37615)
I20260709 14:50:49.484791  1685 leader_election.cc:304] T 53a19ccf402d4b5e9886d956c6b8170b P 6ea858002fdd455192206632dcf63835 [CANDIDATE]: Term 1 pre-election: Election decided. Result: candidate lost. Election summary: received 3 responses out of 3 voters: 1 yes votes; 2 no votes. yes voters: 6ea858002fdd455192206632dcf63835; no voters: 16fd030f235c48ff8f48fb478d83470f, d266ee57b1d34f31aeaa027b4fb0bae2
I20260709 14:50:49.486426  1862 raft_consensus.cc:2749] T 53a19ccf402d4b5e9886d956c6b8170b P 6ea858002fdd455192206632dcf63835 [term 0 FOLLOWER]: Leader pre-election lost for term 1. Reason: could not achieve majority
I20260709 14:50:49.498359  1720 raft_consensus.cc:2468] T c6dd0801c31d4a31b1d1e08fd345f789 P 6ea858002fdd455192206632dcf63835 [term 1 FOLLOWER]: Leader election vote request: Granting yes vote for candidate 16fd030f235c48ff8f48fb478d83470f in term 1.
I20260709 14:50:49.505736  1534 leader_election.cc:304] T c6dd0801c31d4a31b1d1e08fd345f789 P 16fd030f235c48ff8f48fb478d83470f [CANDIDATE]: Term 1 election: Election decided. Result: candidate won. Election summary: received 2 responses out of 3 voters: 2 yes votes; 0 no votes. yes voters: 16fd030f235c48ff8f48fb478d83470f, 6ea858002fdd455192206632dcf63835; no voters: 
I20260709 14:50:49.506503  1571 raft_consensus.cc:3060] T 68fb0d01f0884900bfe0de8953bd3367 P 16fd030f235c48ff8f48fb478d83470f [term 0 FOLLOWER]: Advancing to term 1
I20260709 14:50:49.513901  1569 raft_consensus.cc:3060] T 126ed4826fa243b9bf84e9df4bad12ef P 16fd030f235c48ff8f48fb478d83470f [term 0 FOLLOWER]: Advancing to term 1
I20260709 14:50:49.522742  1762 tablet_bootstrap.cc:492] T 5ce5040412bb4b539fb59af616938ad1 P 6ea858002fdd455192206632dcf63835: No bootstrap required, opened a new log
I20260709 14:50:49.523295  1762 ts_tablet_manager.cc:1403] T 5ce5040412bb4b539fb59af616938ad1 P 6ea858002fdd455192206632dcf63835: Time spent bootstrapping tablet: real 0.091s	user 0.010s	sys 0.044s
I20260709 14:50:49.523550  1642 raft_consensus.cc:2468] T c6dd0801c31d4a31b1d1e08fd345f789 P d266ee57b1d34f31aeaa027b4fb0bae2 [term 1 FOLLOWER]: Leader election vote request: Granting yes vote for candidate 16fd030f235c48ff8f48fb478d83470f in term 1.
I20260709 14:50:49.528317  1870 raft_consensus.cc:2804] T c6dd0801c31d4a31b1d1e08fd345f789 P 16fd030f235c48ff8f48fb478d83470f [term 1 FOLLOWER]: Leader election won for term 1
I20260709 14:50:49.528927  1870 raft_consensus.cc:697] T c6dd0801c31d4a31b1d1e08fd345f789 P 16fd030f235c48ff8f48fb478d83470f [term 1 LEADER]: Becoming Leader. State: Replica: 16fd030f235c48ff8f48fb478d83470f, State: Running, Role: LEADER
I20260709 14:50:49.529763  1870 consensus_queue.cc:237] T c6dd0801c31d4a31b1d1e08fd345f789 P 16fd030f235c48ff8f48fb478d83470f [LEADER]: Queue going to LEADER mode. State: All replicated index: 0, Majority replicated index: 0, Committed index: 0, Last appended: 0.0, Last appended by leader: 0, Current term: 1, Majority size: 2, State: 0, Mode: LEADER, active raft config: opid_index: -1 OBSOLETE_local: false peers { permanent_uuid: "16fd030f235c48ff8f48fb478d83470f" member_type: VOTER last_known_addr { host: "127.0.107.193" port: 43261 } } peers { permanent_uuid: "d266ee57b1d34f31aeaa027b4fb0bae2" member_type: VOTER last_known_addr { host: "127.0.107.194" port: 37615 } } peers { permanent_uuid: "6ea858002fdd455192206632dcf63835" member_type: VOTER last_known_addr { host: "127.0.107.195" port: 33259 } }
I20260709 14:50:49.534170  1762 raft_consensus.cc:359] T 5ce5040412bb4b539fb59af616938ad1 P 6ea858002fdd455192206632dcf63835 [term 0 FOLLOWER]: Replica starting. Triggering 0 pending ops. Active config: opid_index: -1 OBSOLETE_local: false peers { permanent_uuid: "16fd030f235c48ff8f48fb478d83470f" member_type: VOTER last_known_addr { host: "127.0.107.193" port: 43261 } } peers { permanent_uuid: "d266ee57b1d34f31aeaa027b4fb0bae2" member_type: VOTER last_known_addr { host: "127.0.107.194" port: 37615 } } peers { permanent_uuid: "6ea858002fdd455192206632dcf63835" member_type: VOTER last_known_addr { host: "127.0.107.195" port: 33259 } }
