I20260709 14:49:37.836740  7706 raft_consensus.cc:493] T 7c490e3883a24903a0f8e9afe1d643aa P f5c90b8c694d409196e7f59a2454a577 [term 0 FOLLOWER]: Starting pre-election (no leader contacted us within the election timeout)
I20260709 14:49:37.837687  7706 raft_consensus.cc:515] T 7c490e3883a24903a0f8e9afe1d643aa P f5c90b8c694d409196e7f59a2454a577 [term 0 FOLLOWER]: Starting pre-election with config: opid_index: -1 OBSOLETE_local: false peers { permanent_uuid: "849a499c2d214ae982153a8e884ef28c" member_type: VOTER last_known_addr { host: "127.6.34.193" port: 42183 } } peers { permanent_uuid: "f5c90b8c694d409196e7f59a2454a577" member_type: VOTER last_known_addr { host: "127.6.34.194" port: 44961 } } peers { permanent_uuid: "8656819baed24ea7af56169999b5ac1e" member_type: VOTER last_known_addr { host: "127.6.34.195" port: 32841 } }
I20260709 14:49:37.841838  7383 tablet_service.cc:1917] Received RequestConsensusVote() RPC: tablet_id: "7c490e3883a24903a0f8e9afe1d643aa" candidate_uuid: "f5c90b8c694d409196e7f59a2454a577" candidate_term: 1 candidate_status { last_received { term: 0 index: 0 } } ignore_live_leader: false dest_uuid: "849a499c2d214ae982153a8e884ef28c" is_pre_election: true
I20260709 14:49:37.842461  7383 raft_consensus.cc:2468] T 7c490e3883a24903a0f8e9afe1d643aa P 849a499c2d214ae982153a8e884ef28c [term 0 FOLLOWER]: Leader pre-election vote request: Granting yes vote for candidate f5c90b8c694d409196e7f59a2454a577 in term 0.
I20260709 14:49:37.844544  7429 leader_election.cc:304] T 7c490e3883a24903a0f8e9afe1d643aa P f5c90b8c694d409196e7f59a2454a577 [CANDIDATE]: Term 1 pre-election: Election decided. Result: candidate won. Election summary: received 2 responses out of 3 voters: 2 yes votes; 0 no votes. yes voters: 849a499c2d214ae982153a8e884ef28c, f5c90b8c694d409196e7f59a2454a577; no voters: 
I20260709 14:49:37.845342  7795 raft_consensus.cc:2804] T 7c490e3883a24903a0f8e9afe1d643aa P f5c90b8c694d409196e7f59a2454a577 [term 0 FOLLOWER]: Leader pre-election won for term 1
I20260709 14:49:37.845664  7795 raft_consensus.cc:493] T 7c490e3883a24903a0f8e9afe1d643aa P f5c90b8c694d409196e7f59a2454a577 [term 0 FOLLOWER]: Starting leader election (no leader contacted us within the election timeout)
I20260709 14:49:37.846020  7795 raft_consensus.cc:3060] T 7c490e3883a24903a0f8e9afe1d643aa P f5c90b8c694d409196e7f59a2454a577 [term 0 FOLLOWER]: Advancing to term 1
I20260709 14:49:37.847704  7579 tablet_bootstrap.cc:492] T 8697b3bc8e4c42719270b073cce608f7 P 8656819baed24ea7af56169999b5ac1e: No bootstrap required, opened a new log
I20260709 14:49:37.848141  7579 ts_tablet_manager.cc:1403] T 8697b3bc8e4c42719270b073cce608f7 P 8656819baed24ea7af56169999b5ac1e: Time spent bootstrapping tablet: real 0.059s	user 0.008s	sys 0.002s
I20260709 14:49:37.848768  7706 leader_election.cc:290] T 7c490e3883a24903a0f8e9afe1d643aa P f5c90b8c694d409196e7f59a2454a577 [CANDIDATE]: Term 1 pre-election: Requested pre-vote from peers 849a499c2d214ae982153a8e884ef28c (127.6.34.193:42183), 8656819baed24ea7af56169999b5ac1e (127.6.34.195:32841)
W20260709 14:49:37.859510  7503 outbound_call.cc:321] RPC callback for RPC call kudu.consensus.ConsensusService.UpdateConsensus -> {remote=127.6.34.193:42183, user_credentials={real_user=slave}} blocked reactor thread for 208478us
I20260709 14:49:37.869730  7383 tablet_service.cc:1917] Received RequestConsensusVote() RPC: tablet_id: "f03c0ab813034818b4aaa2f03a993173" candidate_uuid: "8656819baed24ea7af56169999b5ac1e" candidate_term: 1 candidate_status { last_received { term: 0 index: 0 } } ignore_live_leader: false dest_uuid: "849a499c2d214ae982153a8e884ef28c" is_pre_election: true
I20260709 14:49:37.870388  7383 raft_consensus.cc:2468] T f03c0ab813034818b4aaa2f03a993173 P 849a499c2d214ae982153a8e884ef28c [term 0 FOLLOWER]: Leader pre-election vote request: Granting yes vote for candidate 8656819baed24ea7af56169999b5ac1e in term 0.
I20260709 14:49:37.900189  7796 consensus_queue.cc:1048] T 7028c4151bba476c93b23ef43a59d08d P f5c90b8c694d409196e7f59a2454a577 [LEADER]: Connected to new peer: Peer: permanent_uuid: "849a499c2d214ae982153a8e884ef28c" member_type: VOTER last_known_addr { host: "127.6.34.193" port: 42183 }, Status: LMP_MISMATCH, Last received: 0.0, Next index: 1, Last known committed idx: 0, Time since last communication: 0.000s
I20260709 14:49:37.845734  7286 catalog_manager.cc:5697] T 574ef76144804e3f8fa35d581e46053a P f5c90b8c694d409196e7f59a2454a577 reported cstate change: term changed from 0 to 1, leader changed from <none> to f5c90b8c694d409196e7f59a2454a577 (127.6.34.194). New cstate: current_term: 1 leader_uuid: "f5c90b8c694d409196e7f59a2454a577" committed_config { opid_index: -1 OBSOLETE_local: false peers { permanent_uuid: "849a499c2d214ae982153a8e884ef28c" member_type: VOTER last_known_addr { host: "127.6.34.193" port: 42183 } health_report { overall_health: UNKNOWN } } peers { permanent_uuid: "f5c90b8c694d409196e7f59a2454a577" member_type: VOTER last_known_addr { host: "127.6.34.194" port: 44961 } health_report { overall_health: HEALTHY } } peers { permanent_uuid: "8656819baed24ea7af56169999b5ac1e" member_type: VOTER last_known_addr { host: "127.6.34.195" port: 32841 } health_report { overall_health: UNKNOWN } } }
I20260709 14:49:37.909854  7850 raft_consensus.cc:515] T f03c0ab813034818b4aaa2f03a993173 P 8656819baed24ea7af56169999b5ac1e [term 1 FOLLOWER]: Starting leader election with config: opid_index: -1 OBSOLETE_local: false peers { permanent_uuid: "849a499c2d214ae982153a8e884ef28c" member_type: VOTER last_known_addr { host: "127.6.34.193" port: 42183 } } peers { permanent_uuid: "f5c90b8c694d409196e7f59a2454a577" member_type: VOTER last_known_addr { host: "127.6.34.194" port: 44961 } } peers { permanent_uuid: "8656819baed24ea7af56169999b5ac1e" member_type: VOTER last_known_addr { host: "127.6.34.195" port: 32841 } }
I20260709 14:49:37.907074  7804 leader_election.cc:290] T 5d4a604435de43dba801adf4dfcdd2b8 P 849a499c2d214ae982153a8e884ef28c [CANDIDATE]: Term 1 election: Requested vote from peers f5c90b8c694d409196e7f59a2454a577 (127.6.34.194:44961), 8656819baed24ea7af56169999b5ac1e (127.6.34.195:32841)
I20260709 14:49:37.919358  7579 raft_consensus.cc:359] T 8697b3bc8e4c42719270b073cce608f7 P 8656819baed24ea7af56169999b5ac1e [term 0 FOLLOWER]: Replica starting. Triggering 0 pending ops. Active config: opid_index: -1 OBSOLETE_local: false peers { permanent_uuid: "849a499c2d214ae982153a8e884ef28c" member_type: VOTER last_known_addr { host: "127.6.34.193" port: 42183 } } peers { permanent_uuid: "f5c90b8c694d409196e7f59a2454a577" member_type: VOTER last_known_addr { host: "127.6.34.194" port: 44961 } } peers { permanent_uuid: "8656819baed24ea7af56169999b5ac1e" member_type: VOTER last_known_addr { host: "127.6.34.195" port: 32841 } }
I20260709 14:49:37.912350  7580 tablet_bootstrap.cc:654] T 71e9516fd70a45bebc365018a15cca94 P f5c90b8c694d409196e7f59a2454a577: Neither blocks nor log segments found. Creating new log.
I20260709 14:49:37.920575  7579 raft_consensus.cc:385] T 8697b3bc8e4c42719270b073cce608f7 P 8656819baed24ea7af56169999b5ac1e [term 0 FOLLOWER]: Consensus starting up: Expiring failure detector timer to make a prompt election more likely
I20260709 14:49:37.914322  7286 catalog_manager.cc:5697] T 87cc028a15bb4ba39ed17e13cb2e9194 P f5c90b8c694d409196e7f59a2454a577 reported cstate change: term changed from 0 to 1, leader changed from <none> to f5c90b8c694d409196e7f59a2454a577 (127.6.34.194). New cstate: current_term: 1 leader_uuid: "f5c90b8c694d409196e7f59a2454a577" committed_config { opid_index: -1 OBSOLETE_local: false peers { permanent_uuid: "849a499c2d214ae982153a8e884ef28c" member_type: VOTER last_known_addr { host: "127.6.34.193" port: 42183 } health_report { overall_health: UNKNOWN } } peers { permanent_uuid: "f5c90b8c694d409196e7f59a2454a577" member_type: VOTER last_known_addr { host: "127.6.34.194" port: 44961 } health_report { overall_health: HEALTHY } } peers { permanent_uuid: "8656819baed24ea7af56169999b5ac1e" member_type: VOTER last_known_addr { host: "127.6.34.195" port: 32841 } health_report { overall_health: UNKNOWN } } }
I20260709 14:49:37.920897  7579 raft_consensus.cc:740] T 8697b3bc8e4c42719270b073cce608f7 P 8656819baed24ea7af56169999b5ac1e [term 0 FOLLOWER]: Becoming Follower/Learner. State: Replica: 8656819baed24ea7af56169999b5ac1e, State: Initialized, Role: FOLLOWER
I20260709 14:49:37.923166  7706 raft_consensus.cc:493] T d2f5f41fbab640828dde300f73869a93 P f5c90b8c694d409196e7f59a2454a577 [term 0 FOLLOWER]: Starting pre-election (no leader contacted us within the election timeout)
I20260709 14:49:37.918368  7388 tablet_service.cc:1917] Received RequestConsensusVote() RPC: tablet_id: "d2f5f41fbab640828dde300f73869a93" candidate_uuid: "8656819baed24ea7af56169999b5ac1e" candidate_term: 1 candidate_status { last_received { term: 0 index: 0 } } ignore_live_leader: false dest_uuid: "849a499c2d214ae982153a8e884ef28c" is_pre_election: true
I20260709 14:49:37.923767  7388 raft_consensus.cc:2468] T d2f5f41fbab640828dde300f73869a93 P 849a499c2d214ae982153a8e884ef28c [term 0 FOLLOWER]: Leader pre-election vote request: Granting yes vote for candidate 8656819baed24ea7af56169999b5ac1e in term 0.
I20260709 14:49:37.926095  7706 raft_consensus.cc:515] T d2f5f41fbab640828dde300f73869a93 P f5c90b8c694d409196e7f59a2454a577 [term 0 FOLLOWER]: Starting pre-election with config: opid_index: -1 OBSOLETE_local: false peers { permanent_uuid: "849a499c2d214ae982153a8e884ef28c" member_type: VOTER last_known_addr { host: "127.6.34.193" port: 42183 } } peers { permanent_uuid: "f5c90b8c694d409196e7f59a2454a577" member_type: VOTER last_known_addr { host: "127.6.34.194" port: 44961 } } peers { permanent_uuid: "8656819baed24ea7af56169999b5ac1e" member_type: VOTER last_known_addr { host: "127.6.34.195" port: 32841 } }
I20260709 14:49:37.927817  7850 leader_election.cc:290] T f03c0ab813034818b4aaa2f03a993173 P 8656819baed24ea7af56169999b5ac1e [CANDIDATE]: Term 1 election: Requested vote from peers 849a499c2d214ae982153a8e884ef28c (127.6.34.193:42183), f5c90b8c694d409196e7f59a2454a577 (127.6.34.194:44961)
I20260709 14:49:37.928458  7579 consensus_queue.cc:260] T 8697b3bc8e4c42719270b073cce608f7 P 8656819baed24ea7af56169999b5ac1e [NON_LEADER]: Queue going to NON_LEADER mode. State: All replicated index: 0, Majority replicated index: 0, Committed index: 0, Last appended: 0.0, Last appended by leader: 0, Current term: 0, Majority size: -1, State: 0, Mode: NON_LEADER, active raft config: opid_index: -1 OBSOLETE_local: false peers { permanent_uuid: "849a499c2d214ae982153a8e884ef28c" member_type: VOTER last_known_addr { host: "127.6.34.193" port: 42183 } } peers { permanent_uuid: "f5c90b8c694d409196e7f59a2454a577" member_type: VOTER last_known_addr { host: "127.6.34.194" port: 44961 } } peers { permanent_uuid: "8656819baed24ea7af56169999b5ac1e" member_type: VOTER last_known_addr { host: "127.6.34.195" port: 32841 } }
W20260709 14:49:37.925441  7502 outbound_call.cc:321] RPC callback for RPC call kudu.consensus.ConsensusService.UpdateConsensus -> {remote=127.6.34.194:44961, user_credentials={real_user=slave}} blocked reactor thread for 97122.7us
I20260709 14:49:37.927497  7383 tablet_service.cc:1917] Received RequestConsensusVote() RPC: tablet_id: "5d4a604435de43dba801adf4dfcdd2b8" candidate_uuid: "8656819baed24ea7af56169999b5ac1e" candidate_term: 1 candidate_status { last_received { term: 0 index: 0 } } ignore_live_leader: false dest_uuid: "849a499c2d214ae982153a8e884ef28c" is_pre_election: true
I20260709 14:49:37.944774  7389 tablet_service.cc:1917] Received RequestConsensusVote() RPC: tablet_id: "f03c0ab813034818b4aaa2f03a993173" candidate_uuid: "8656819baed24ea7af56169999b5ac1e" candidate_term: 1 candidate_status { last_received { term: 0 index: 0 } } ignore_live_leader: false dest_uuid: "849a499c2d214ae982153a8e884ef28c"
I20260709 14:49:37.945468  7389 raft_consensus.cc:3060] T f03c0ab813034818b4aaa2f03a993173 P 849a499c2d214ae982153a8e884ef28c [term 0 FOLLOWER]: Advancing to term 1
W20260709 14:49:37.947984  7335 auto_rebalancer.cc:288] Could not retrieve cluster info: Service unavailable: Tablet not running
I20260709 14:49:37.951643  7459 tablet_service.cc:1917] Received RequestConsensusVote() RPC: tablet_id: "5d4a604435de43dba801adf4dfcdd2b8" candidate_uuid: "849a499c2d214ae982153a8e884ef28c" candidate_term: 1 candidate_status { last_received { term: 0 index: 0 } } ignore_live_leader: false dest_uuid: "f5c90b8c694d409196e7f59a2454a577"
I20260709 14:49:37.952668  7459 raft_consensus.cc:2393] T 5d4a604435de43dba801adf4dfcdd2b8 P f5c90b8c694d409196e7f59a2454a577 [term 1 FOLLOWER]: Leader election vote request: Denying vote to candidate 849a499c2d214ae982153a8e884ef28c in current term 1: Already voted for candidate f5c90b8c694d409196e7f59a2454a577 in this term.
I20260709 14:49:37.967099  7503 leader_election.cc:304] T d2f5f41fbab640828dde300f73869a93 P 8656819baed24ea7af56169999b5ac1e [CANDIDATE]: Term 1 pre-election: Election decided. Result: candidate won. Election summary: received 2 responses out of 3 voters: 2 yes votes; 0 no votes. yes voters: 849a499c2d214ae982153a8e884ef28c, 8656819baed24ea7af56169999b5ac1e; no voters: 
I20260709 14:49:37.967492  7383 raft_consensus.cc:2393] T 5d4a604435de43dba801adf4dfcdd2b8 P 849a499c2d214ae982153a8e884ef28c [term 1 FOLLOWER]: Leader pre-election vote request: Denying vote to candidate 8656819baed24ea7af56169999b5ac1e in current term 1: Already voted for candidate 849a499c2d214ae982153a8e884ef28c in this term.
I20260709 14:49:37.968353  7685 raft_consensus.cc:2804] T d2f5f41fbab640828dde300f73869a93 P 8656819baed24ea7af56169999b5ac1e [term 0 FOLLOWER]: Leader pre-election won for term 1
I20260709 14:49:37.969689  7685 raft_consensus.cc:493] T d2f5f41fbab640828dde300f73869a93 P 8656819baed24ea7af56169999b5ac1e [term 0 FOLLOWER]: Starting leader election (no leader contacted us within the election timeout)
I20260709 14:49:37.970010  7685 raft_consensus.cc:3060] T d2f5f41fbab640828dde300f73869a93 P 8656819baed24ea7af56169999b5ac1e [term 0 FOLLOWER]: Advancing to term 1
I20260709 14:49:37.971031  7578 tablet_bootstrap.cc:654] T 06f5e66be95844e9a2250c6650c3026c P 849a499c2d214ae982153a8e884ef28c: Neither blocks nor log segments found. Creating new log.
I20260709 14:49:37.971748  7537 tablet_service.cc:1917] Received RequestConsensusVote() RPC: tablet_id: "5d4a604435de43dba801adf4dfcdd2b8" candidate_uuid: "849a499c2d214ae982153a8e884ef28c" candidate_term: 1 candidate_status { last_received { term: 0 index: 0 } } ignore_live_leader: false dest_uuid: "8656819baed24ea7af56169999b5ac1e"
I20260709 14:49:37.972330  7537 raft_consensus.cc:3060] T 5d4a604435de43dba801adf4dfcdd2b8 P 8656819baed24ea7af56169999b5ac1e [term 0 FOLLOWER]: Advancing to term 1
I20260709 14:49:37.977173  7389 raft_consensus.cc:2468] T f03c0ab813034818b4aaa2f03a993173 P 849a499c2d214ae982153a8e884ef28c [term 1 FOLLOWER]: Leader election vote request: Granting yes vote for candidate 8656819baed24ea7af56169999b5ac1e in term 1.
I20260709 14:49:37.978161  7579 ts_tablet_manager.cc:1434] T 8697b3bc8e4c42719270b073cce608f7 P 8656819baed24ea7af56169999b5ac1e: Time spent starting tablet: real 0.130s	user 0.011s	sys 0.003s
I20260709 14:49:37.979072  7579 tablet_bootstrap.cc:492] T b9c06c6bdb3548fcac5c9cb67ca62b7d P 8656819baed24ea7af56169999b5ac1e: Bootstrap starting.
I20260709 14:49:37.979103  7685 raft_consensus.cc:515] T d2f5f41fbab640828dde300f73869a93 P 8656819baed24ea7af56169999b5ac1e [term 1 FOLLOWER]: Starting leader election with config: opid_index: -1 OBSOLETE_local: false peers { permanent_uuid: "849a499c2d214ae982153a8e884ef28c" member_type: VOTER last_known_addr { host: "127.6.34.193" port: 42183 } } peers { permanent_uuid: "f5c90b8c694d409196e7f59a2454a577" member_type: VOTER last_known_addr { host: "127.6.34.194" port: 44961 } } peers { permanent_uuid: "8656819baed24ea7af56169999b5ac1e" member_type: VOTER last_known_addr { host: "127.6.34.195" port: 32841 } }
I20260709 14:49:37.980391  7428 leader_election.cc:304] T 5d4a604435de43dba801adf4dfcdd2b8 P f5c90b8c694d409196e7f59a2454a577 [CANDIDATE]: Term 1 election: Election decided. Result: candidate lost. Election summary: received 3 responses out of 3 voters: 1 yes votes; 2 no votes. yes voters: f5c90b8c694d409196e7f59a2454a577; no voters: 849a499c2d214ae982153a8e884ef28c, 8656819baed24ea7af56169999b5ac1e
I20260709 14:49:37.981170  7685 leader_election.cc:290] T d2f5f41fbab640828dde300f73869a93 P 8656819baed24ea7af56169999b5ac1e [CANDIDATE]: Term 1 election: Requested vote from peers 849a499c2d214ae982153a8e884ef28c (127.6.34.193:42183), f5c90b8c694d409196e7f59a2454a577 (127.6.34.194:44961)
I20260709 14:49:37.981441  7796 raft_consensus.cc:2749] T 5d4a604435de43dba801adf4dfcdd2b8 P f5c90b8c694d409196e7f59a2454a577 [term 1 FOLLOWER]: Leader election lost for term 1. Reason: could not achieve majority
I20260709 14:49:37.983028  7460 tablet_service.cc:1917] Received RequestConsensusVote() RPC: tablet_id: "d2f5f41fbab640828dde300f73869a93" candidate_uuid: "8656819baed24ea7af56169999b5ac1e" candidate_term: 1 candidate_status { last_received { term: 0 index: 0 } } ignore_live_leader: false dest_uuid: "f5c90b8c694d409196e7f59a2454a577" is_pre_election: true
I20260709 14:49:37.983625  7460 raft_consensus.cc:2468] T d2f5f41fbab640828dde300f73869a93 P f5c90b8c694d409196e7f59a2454a577 [term 0 FOLLOWER]: Leader pre-election vote request: Granting yes vote for candidate 8656819baed24ea7af56169999b5ac1e in term 0.
I20260709 14:49:37.984553  7459 tablet_service.cc:1917] Received RequestConsensusVote() RPC: tablet_id: "f03c0ab813034818b4aaa2f03a993173" candidate_uuid: "8656819baed24ea7af56169999b5ac1e" candidate_term: 1 candidate_status { last_received { term: 0 index: 0 } } ignore_live_leader: false dest_uuid: "f5c90b8c694d409196e7f59a2454a577"
I20260709 14:49:37.985106  7459 raft_consensus.cc:3060] T f03c0ab813034818b4aaa2f03a993173 P f5c90b8c694d409196e7f59a2454a577 [term 0 FOLLOWER]: Advancing to term 1
I20260709 14:49:37.988296  7385 tablet_service.cc:1917] Received RequestConsensusVote() RPC: tablet_id: "d2f5f41fbab640828dde300f73869a93" candidate_uuid: "f5c90b8c694d409196e7f59a2454a577" candidate_term: 1 candidate_status { last_received { term: 0 index: 0 } } ignore_live_leader: false dest_uuid: "849a499c2d214ae982153a8e884ef28c" is_pre_election: true
I20260709 14:49:37.988903  7385 raft_consensus.cc:2468] T d2f5f41fbab640828dde300f73869a93 P 849a499c2d214ae982153a8e884ef28c [term 0 FOLLOWER]: Leader pre-election vote request: Granting yes vote for candidate f5c90b8c694d409196e7f59a2454a577 in term 0.
I20260709 14:49:37.990062  7429 leader_election.cc:304] T d2f5f41fbab640828dde300f73869a93 P f5c90b8c694d409196e7f59a2454a577 [CANDIDATE]: Term 1 pre-election: Election decided. Result: candidate won. Election summary: received 2 responses out of 3 voters: 2 yes votes; 0 no votes. yes voters: 849a499c2d214ae982153a8e884ef28c, f5c90b8c694d409196e7f59a2454a577; no voters: 
I20260709 14:49:37.990868  7796 raft_consensus.cc:2804] T d2f5f41fbab640828dde300f73869a93 P f5c90b8c694d409196e7f59a2454a577 [term 0 FOLLOWER]: Leader pre-election won for term 1
I20260709 14:49:37.991220  7796 raft_consensus.cc:493] T d2f5f41fbab640828dde300f73869a93 P f5c90b8c694d409196e7f59a2454a577 [term 0 FOLLOWER]: Starting leader election (no leader contacted us within the election timeout)
I20260709 14:49:37.987179  7706 leader_election.cc:290] T d2f5f41fbab640828dde300f73869a93 P f5c90b8c694d409196e7f59a2454a577 [CANDIDATE]: Term 1 pre-election: Requested pre-vote from peers 849a499c2d214ae982153a8e884ef28c (127.6.34.193:42183), 8656819baed24ea7af56169999b5ac1e (127.6.34.195:32841)
I20260709 14:49:37.991564  7796 raft_consensus.cc:3060] T d2f5f41fbab640828dde300f73869a93 P f5c90b8c694d409196e7f59a2454a577 [term 0 FOLLOWER]: Advancing to term 1
I20260709 14:49:38.003813  7503 leader_election.cc:304] T 5d4a604435de43dba801adf4dfcdd2b8 P 8656819baed24ea7af56169999b5ac1e [CANDIDATE]: Term 1 pre-election: Election decided. Result: candidate lost. Election summary: received 3 responses out of 3 voters: 1 yes votes; 2 no votes. yes voters: 8656819baed24ea7af56169999b5ac1e; no voters: 849a499c2d214ae982153a8e884ef28c, f5c90b8c694d409196e7f59a2454a577
I20260709 14:49:38.006613  7503 leader_election.cc:304] T f03c0ab813034818b4aaa2f03a993173 P 8656819baed24ea7af56169999b5ac1e [CANDIDATE]: Term 1 election: Election decided. Result: candidate won. Election summary: received 2 responses out of 3 voters: 2 yes votes; 0 no votes. yes voters: 849a499c2d214ae982153a8e884ef28c, 8656819baed24ea7af56169999b5ac1e; no voters: 
I20260709 14:49:38.007366  7736 consensus_queue.cc:1048] T 8697b3bc8e4c42719270b073cce608f7 P 849a499c2d214ae982153a8e884ef28c [LEADER]: Connected to new peer: Peer: permanent_uuid: "f5c90b8c694d409196e7f59a2454a577" member_type: VOTER last_known_addr { host: "127.6.34.194" port: 44961 }, Status: LMP_MISMATCH, Last received: 0.0, Next index: 1, Last known committed idx: 0, Time since last communication: 0.000s
I20260709 14:49:38.010394  7388 tablet_service.cc:1917] Received RequestConsensusVote() RPC: tablet_id: "d2f5f41fbab640828dde300f73869a93" candidate_uuid: "8656819baed24ea7af56169999b5ac1e" candidate_term: 1 candidate_status { last_received { term: 0 index: 0 } } ignore_live_leader: false dest_uuid: "849a499c2d214ae982153a8e884ef28c"
I20260709 14:49:38.011014  7388 raft_consensus.cc:3060] T d2f5f41fbab640828dde300f73869a93 P 849a499c2d214ae982153a8e884ef28c [term 0 FOLLOWER]: Advancing to term 1
W20260709 14:49:37.993223  7857 log.cc:927] Time spent T d1d602a7e0fc42448df1a29c06926bc1 P 8656819baed24ea7af56169999b5ac1e: Append to log took a long time: real 0.060s	user 0.000s	sys 0.000s
I20260709 14:49:38.018400  7683 raft_consensus.cc:493] T 06f5e66be95844e9a2250c6650c3026c P f5c90b8c694d409196e7f59a2454a577 [term 0 FOLLOWER]: Starting pre-election (no leader contacted us within the election timeout)
I20260709 14:49:38.019029  7538 raft_consensus.cc:3060] T 8697b3bc8e4c42719270b073cce608f7 P 8656819baed24ea7af56169999b5ac1e [term 0 FOLLOWER]: Advancing to term 1
I20260709 14:49:38.018949  7683 raft_consensus.cc:515] T 06f5e66be95844e9a2250c6650c3026c P f5c90b8c694d409196e7f59a2454a577 [term 0 FOLLOWER]: Starting pre-election with config: opid_index: -1 OBSOLETE_local: false peers { permanent_uuid: "849a499c2d214ae982153a8e884ef28c" member_type: VOTER last_known_addr { host: "127.6.34.193" port: 42183 } } peers { permanent_uuid: "f5c90b8c694d409196e7f59a2454a577" member_type: VOTER last_known_addr { host: "127.6.34.194" port: 44961 } } peers { permanent_uuid: "8656819baed24ea7af56169999b5ac1e" member_type: VOTER last_known_addr { host: "127.6.34.195" port: 32841 } }
I20260709 14:49:38.019649  7796 raft_consensus.cc:515] T d2f5f41fbab640828dde300f73869a93 P f5c90b8c694d409196e7f59a2454a577 [term 1 FOLLOWER]: Starting leader election with config: opid_index: -1 OBSOLETE_local: false peers { permanent_uuid: "849a499c2d214ae982153a8e884ef28c" member_type: VOTER last_known_addr { host: "127.6.34.193" port: 42183 } } peers { permanent_uuid: "f5c90b8c694d409196e7f59a2454a577" member_type: VOTER last_known_addr { host: "127.6.34.194" port: 44961 } } peers { permanent_uuid: "8656819baed24ea7af56169999b5ac1e" member_type: VOTER last_known_addr { host: "127.6.34.195" port: 32841 } }
I20260709 14:49:38.021031  7683 leader_election.cc:290] T 06f5e66be95844e9a2250c6650c3026c P f5c90b8c694d409196e7f59a2454a577 [CANDIDATE]: Term 1 pre-election: Requested pre-vote from peers 849a499c2d214ae982153a8e884ef28c (127.6.34.193:42183), 8656819baed24ea7af56169999b5ac1e (127.6.34.195:32841)
I20260709 14:49:38.023268  7387 tablet_service.cc:1917] Received RequestConsensusVote() RPC: tablet_id: "06f5e66be95844e9a2250c6650c3026c" candidate_uuid: "f5c90b8c694d409196e7f59a2454a577" candidate_term: 1 candidate_status { last_received { term: 0 index: 0 } } ignore_live_leader: false dest_uuid: "849a499c2d214ae982153a8e884ef28c" is_pre_election: true
I20260709 14:49:38.024143  7459 raft_consensus.cc:2468] T f03c0ab813034818b4aaa2f03a993173 P f5c90b8c694d409196e7f59a2454a577 [term 1 FOLLOWER]: Leader election vote request: Granting yes vote for candidate 8656819baed24ea7af56169999b5ac1e in term 1.
I20260709 14:49:38.026014  7685 raft_consensus.cc:2804] T f03c0ab813034818b4aaa2f03a993173 P 8656819baed24ea7af56169999b5ac1e [term 1 FOLLOWER]: Leader election won for term 1
I20260709 14:49:38.036824  7586 raft_consensus.cc:493] T d72c484a85eb4c72aba3c06979051fc0 P 849a499c2d214ae982153a8e884ef28c [term 0 FOLLOWER]: Starting pre-election (no leader contacted us within the election timeout)
I20260709 14:49:38.036217  7862 consensus_queue.cc:1048] T 8697b3bc8e4c42719270b073cce608f7 P 849a499c2d214ae982153a8e884ef28c [LEADER]: Connected to new peer: Peer: permanent_uuid: "8656819baed24ea7af56169999b5ac1e" member_type: VOTER last_known_addr { host: "127.6.34.195" port: 32841 }, Status: LMP_MISMATCH, Last received: 0.0, Next index: 1, Last known committed idx: 0, Time since last communication: 0.002s
I20260709 14:49:38.037266  7586 raft_consensus.cc:515] T d72c484a85eb4c72aba3c06979051fc0 P 849a499c2d214ae982153a8e884ef28c [term 0 FOLLOWER]: Starting pre-election with config: opid_index: -1 OBSOLETE_local: false peers { permanent_uuid: "849a499c2d214ae982153a8e884ef28c" member_type: VOTER last_known_addr { host: "127.6.34.193" port: 42183 } } peers { permanent_uuid: "f5c90b8c694d409196e7f59a2454a577" member_type: VOTER last_known_addr { host: "127.6.34.194" port: 44961 } } peers { permanent_uuid: "8656819baed24ea7af56169999b5ac1e" member_type: VOTER last_known_addr { host: "127.6.34.195" port: 32841 } }
I20260709 14:49:38.038923  7586 leader_election.cc:290] T d72c484a85eb4c72aba3c06979051fc0 P 849a499c2d214ae982153a8e884ef28c [CANDIDATE]: Term 1 pre-election: Requested pre-vote from peers f5c90b8c694d409196e7f59a2454a577 (127.6.34.194:44961), 8656819baed24ea7af56169999b5ac1e (127.6.34.195:32841)
W20260709 14:49:38.039527  7429 leader_election.cc:343] T 06f5e66be95844e9a2250c6650c3026c P f5c90b8c694d409196e7f59a2454a577 [CANDIDATE]: Term 1 pre-election: Tablet error from VoteRequest() call to peer 849a499c2d214ae982153a8e884ef28c (127.6.34.193:42183): Illegal state: must be running to vote when last-logged opid is not known
I20260709 14:49:38.026854  7388 raft_consensus.cc:2468] T d2f5f41fbab640828dde300f73869a93 P 849a499c2d214ae982153a8e884ef28c [term 1 FOLLOWER]: Leader election vote request: Granting yes vote for candidate 8656819baed24ea7af56169999b5ac1e in term 1.
I20260709 14:49:38.044464  7457 tablet_service.cc:1917] Received RequestConsensusVote() RPC: tablet_id: "d72c484a85eb4c72aba3c06979051fc0" candidate_uuid: "849a499c2d214ae982153a8e884ef28c" candidate_term: 1 candidate_status { last_received { term: 0 index: 0 } } ignore_live_leader: false dest_uuid: "f5c90b8c694d409196e7f59a2454a577" is_pre_election: true
I20260709 14:49:38.046713  7578 tablet_bootstrap.cc:492] T 06f5e66be95844e9a2250c6650c3026c P 849a499c2d214ae982153a8e884ef28c: No bootstrap required, opened a new log
I20260709 14:49:38.047161  7578 ts_tablet_manager.cc:1403] T 06f5e66be95844e9a2250c6650c3026c P 849a499c2d214ae982153a8e884ef28c: Time spent bootstrapping tablet: real 0.219s	user 0.012s	sys 0.007s
W20260709 14:49:38.048117  7353 leader_election.cc:343] T d72c484a85eb4c72aba3c06979051fc0 P 849a499c2d214ae982153a8e884ef28c [CANDIDATE]: Term 1 pre-election: Tablet error from VoteRequest() call to peer f5c90b8c694d409196e7f59a2454a577 (127.6.34.194:44961): Illegal state: must be running to vote when last-logged opid is not known
I20260709 14:49:38.050069  7538 tablet_service.cc:1917] Received RequestConsensusVote() RPC: tablet_id: "d72c484a85eb4c72aba3c06979051fc0" candidate_uuid: "849a499c2d214ae982153a8e884ef28c" candidate_term: 1 candidate_status { last_received { term: 0 index: 0 } } ignore_live_leader: false dest_uuid: "8656819baed24ea7af56169999b5ac1e" is_pre_election: true
I20260709 14:49:38.051519  7580 tablet_bootstrap.cc:492] T 71e9516fd70a45bebc365018a15cca94 P f5c90b8c694d409196e7f59a2454a577: No bootstrap required, opened a new log
I20260709 14:49:38.051980  7580 ts_tablet_manager.cc:1403] T 71e9516fd70a45bebc365018a15cca94 P f5c90b8c694d409196e7f59a2454a577: Time spent bootstrapping tablet: real 0.227s	user 0.008s	sys 0.004s
I20260709 14:49:38.053151  7579 tablet_bootstrap.cc:654] T b9c06c6bdb3548fcac5c9cb67ca62b7d P 8656819baed24ea7af56169999b5ac1e: Neither blocks nor log segments found. Creating new log.
I20260709 14:49:38.057782  7580 raft_consensus.cc:359] T 71e9516fd70a45bebc365018a15cca94 P f5c90b8c694d409196e7f59a2454a577 [term 0 FOLLOWER]: Replica starting. Triggering 0 pending ops. Active config: opid_index: -1 OBSOLETE_local: false peers { permanent_uuid: "849a499c2d214ae982153a8e884ef28c" member_type: VOTER last_known_addr { host: "127.6.34.193" port: 42183 } } peers { permanent_uuid: "f5c90b8c694d409196e7f59a2454a577" member_type: VOTER last_known_addr { host: "127.6.34.194" port: 44961 } } peers { permanent_uuid: "8656819baed24ea7af56169999b5ac1e" member_type: VOTER last_known_addr { host: "127.6.34.195" port: 32841 } }
I20260709 14:49:38.058321  7580 raft_consensus.cc:385] T 71e9516fd70a45bebc365018a15cca94 P f5c90b8c694d409196e7f59a2454a577 [term 0 FOLLOWER]: Consensus starting up: Expiring failure detector timer to make a prompt election more likely
I20260709 14:49:38.058575  7580 raft_consensus.cc:740] T 71e9516fd70a45bebc365018a15cca94 P f5c90b8c694d409196e7f59a2454a577 [term 0 FOLLOWER]: Becoming Follower/Learner. State: Replica: f5c90b8c694d409196e7f59a2454a577, State: Initialized, Role: FOLLOWER
I20260709 14:49:38.047703  7685 raft_consensus.cc:697] T f03c0ab813034818b4aaa2f03a993173 P 8656819baed24ea7af56169999b5ac1e [term 1 LEADER]: Becoming Leader. State: Replica: 8656819baed24ea7af56169999b5ac1e, State: Running, Role: LEADER
I20260709 14:49:38.060664  7580 consensus_queue.cc:260] T 71e9516fd70a45bebc365018a15cca94 P f5c90b8c694d409196e7f59a2454a577 [NON_LEADER]: Queue going to NON_LEADER mode. State: All replicated index: 0, Majority replicated index: 0, Committed index: 0, Last appended: 0.0, Last appended by leader: 0, Current term: 0, Majority size: -1, State: 0, Mode: NON_LEADER, active raft config: opid_index: -1 OBSOLETE_local: false peers { permanent_uuid: "849a499c2d214ae982153a8e884ef28c" member_type: VOTER last_known_addr { host: "127.6.34.193" port: 42183 } } peers { permanent_uuid: "f5c90b8c694d409196e7f59a2454a577" member_type: VOTER last_known_addr { host: "127.6.34.194" port: 44961 } } peers { permanent_uuid: "8656819baed24ea7af56169999b5ac1e" member_type: VOTER last_known_addr { host: "127.6.34.195" port: 32841 } }
W20260709 14:49:38.063277  7353 leader_election.cc:343] T d72c484a85eb4c72aba3c06979051fc0 P 849a499c2d214ae982153a8e884ef28c [CANDIDATE]: Term 1 pre-election: Tablet error from VoteRequest() call to peer 8656819baed24ea7af56169999b5ac1e (127.6.34.195:32841): Illegal state: must be running to vote when last-logged opid is not known
I20260709 14:49:38.064450  7503 leader_election.cc:304] T d2f5f41fbab640828dde300f73869a93 P 8656819baed24ea7af56169999b5ac1e [CANDIDATE]: Term 1 election: Election decided. Result: candidate won. Election summary: received 2 responses out of 3 voters: 2 yes votes; 0 no votes. yes voters: 849a499c2d214ae982153a8e884ef28c, 8656819baed24ea7af56169999b5ac1e; no voters: 
I20260709 14:49:38.064664  7353 leader_election.cc:304] T d72c484a85eb4c72aba3c06979051fc0 P 849a499c2d214ae982153a8e884ef28c [CANDIDATE]: Term 1 pre-election: Election decided. Result: candidate lost. Election summary: received 3 responses out of 3 voters: 1 yes votes; 2 no votes. yes voters: 849a499c2d214ae982153a8e884ef28c; no voters: 8656819baed24ea7af56169999b5ac1e, f5c90b8c694d409196e7f59a2454a577
I20260709 14:49:38.066581  7586 raft_consensus.cc:2749] T d72c484a85eb4c72aba3c06979051fc0 P 849a499c2d214ae982153a8e884ef28c [term 0 FOLLOWER]: Leader pre-election lost for term 1. Reason: could not achieve majority
I20260709 14:49:38.070456  7580 ts_tablet_manager.cc:1434] T 71e9516fd70a45bebc365018a15cca94 P f5c90b8c694d409196e7f59a2454a577: Time spent starting tablet: real 0.018s	user 0.007s	sys 0.000s
I20260709 14:49:38.059583  7706 consensus_queue.cc:1048] T 87cc028a15bb4ba39ed17e13cb2e9194 P f5c90b8c694d409196e7f59a2454a577 [LEADER]: Connected to new peer: Peer: permanent_uuid: "849a499c2d214ae982153a8e884ef28c" member_type: VOTER last_known_addr { host: "127.6.34.193" port: 42183 }, Status: LMP_MISMATCH, Last received: 0.0, Next index: 1, Last known committed idx: 0, Time since last communication: 0.006s
I20260709 14:49:38.071347  7580 tablet_bootstrap.cc:492] T d72c484a85eb4c72aba3c06979051fc0 P f5c90b8c694d409196e7f59a2454a577: Bootstrap starting.
I20260709 14:49:38.066084  7537 raft_consensus.cc:2468] T 5d4a604435de43dba801adf4dfcdd2b8 P 8656819baed24ea7af56169999b5ac1e [term 1 FOLLOWER]: Leader election vote request: Granting yes vote for candidate 849a499c2d214ae982153a8e884ef28c in term 1.
I20260709 14:49:38.074419  7689 raft_consensus.cc:2749] T 5d4a604435de43dba801adf4dfcdd2b8 P 8656819baed24ea7af56169999b5ac1e [term 1 FOLLOWER]: Leader pre-election lost for term 1. Reason: could not achieve majority
I20260709 14:49:38.076102  7384 tablet_service.cc:1917] Received RequestConsensusVote() RPC: tablet_id: "d2f5f41fbab640828dde300f73869a93" candidate_uuid: "f5c90b8c694d409196e7f59a2454a577" candidate_term: 1 candidate_status { last_received { term: 0 index: 0 } } ignore_live_leader: false dest_uuid: "849a499c2d214ae982153a8e884ef28c"
I20260709 14:49:38.076959  7353 leader_election.cc:304] T 5d4a604435de43dba801adf4dfcdd2b8 P 849a499c2d214ae982153a8e884ef28c [CANDIDATE]: Term 1 election: Election decided. Result: candidate won. Election summary: received 3 responses out of 3 voters: 2 yes votes; 1 no votes. yes voters: 849a499c2d214ae982153a8e884ef28c, 8656819baed24ea7af56169999b5ac1e; no voters: f5c90b8c694d409196e7f59a2454a577
I20260709 14:49:38.077718  7384 raft_consensus.cc:2393] T d2f5f41fbab640828dde300f73869a93 P 849a499c2d214ae982153a8e884ef28c [term 1 FOLLOWER]: Leader election vote request: Denying vote to candidate f5c90b8c694d409196e7f59a2454a577 in current term 1: Already voted for candidate 8656819baed24ea7af56169999b5ac1e in this term.
I20260709 14:49:38.073308  7859 raft_consensus.cc:2804] T d2f5f41fbab640828dde300f73869a93 P 8656819baed24ea7af56169999b5ac1e [term 1 FOLLOWER]: Leader election won for term 1
I20260709 14:49:38.080153  7586 raft_consensus.cc:2804] T 5d4a604435de43dba801adf4dfcdd2b8 P 849a499c2d214ae982153a8e884ef28c [term 1 FOLLOWER]: Leader election won for term 1
I20260709 14:49:38.080547  7586 raft_consensus.cc:697] T 5d4a604435de43dba801adf4dfcdd2b8 P 849a499c2d214ae982153a8e884ef28c [term 1 LEADER]: Becoming Leader. State: Replica: 849a499c2d214ae982153a8e884ef28c, State: Running, Role: LEADER
I20260709 14:49:38.076157  7529 tablet_service.cc:1917] Received RequestConsensusVote() RPC: tablet_id: "06f5e66be95844e9a2250c6650c3026c" candidate_uuid: "f5c90b8c694d409196e7f59a2454a577" candidate_term: 1 candidate_status { last_received { term: 0 index: 0 } } ignore_live_leader: false dest_uuid: "8656819baed24ea7af56169999b5ac1e" is_pre_election: true
I20260709 14:49:38.081220  7586 consensus_queue.cc:237] T 5d4a604435de43dba801adf4dfcdd2b8 P 849a499c2d214ae982153a8e884ef28c [LEADER]: Queue going to LEADER mode. State: All replicated index: 0, Majority replicated index: 0, Committed index: 0, Last appended: 0.0, Last appended by leader: 0, Current term: 1, Majority size: 2, State: 0, Mode: LEADER, active raft config: opid_index: -1 OBSOLETE_local: false peers { permanent_uuid: "849a499c2d214ae982153a8e884ef28c" member_type: VOTER last_known_addr { host: "127.6.34.193" port: 42183 } } peers { permanent_uuid: "f5c90b8c694d409196e7f59a2454a577" member_type: VOTER last_known_addr { host: "127.6.34.194" port: 44961 } } peers { permanent_uuid: "8656819baed24ea7af56169999b5ac1e" member_type: VOTER last_known_addr { host: "127.6.34.195" port: 32841 } }
I20260709 14:49:38.067741  7795 raft_consensus.cc:515] T 7c490e3883a24903a0f8e9afe1d643aa P f5c90b8c694d409196e7f59a2454a577 [term 1 FOLLOWER]: Starting leader election with config: opid_index: -1 OBSOLETE_local: false peers { permanent_uuid: "849a499c2d214ae982153a8e884ef28c" member_type: VOTER last_known_addr { host: "127.6.34.193" port: 42183 } } peers { permanent_uuid: "f5c90b8c694d409196e7f59a2454a577" member_type: VOTER last_known_addr { host: "127.6.34.194" port: 44961 } } peers { permanent_uuid: "8656819baed24ea7af56169999b5ac1e" member_type: VOTER last_known_addr { host: "127.6.34.195" port: 32841 } }
I20260709 14:49:38.078383  7796 leader_election.cc:290] T d2f5f41fbab640828dde300f73869a93 P f5c90b8c694d409196e7f59a2454a577 [CANDIDATE]: Term 1 election: Requested vote from peers 849a499c2d214ae982153a8e884ef28c (127.6.34.193:42183), 8656819baed24ea7af56169999b5ac1e (127.6.34.195:32841)
I20260709 14:49:38.086701  7535 tablet_service.cc:1917] Received RequestConsensusVote() RPC: tablet_id: "d2f5f41fbab640828dde300f73869a93" candidate_uuid: "f5c90b8c694d409196e7f59a2454a577" candidate_term: 1 candidate_status { last_received { term: 0 index: 0 } } ignore_live_leader: false dest_uuid: "8656819baed24ea7af56169999b5ac1e"
I20260709 14:49:38.078979  7530 tablet_service.cc:1917] Received RequestConsensusVote() RPC: tablet_id: "d2f5f41fbab640828dde300f73869a93" candidate_uuid: "f5c90b8c694d409196e7f59a2454a577" candidate_term: 1 candidate_status { last_received { term: 0 index: 0 } } ignore_live_leader: false dest_uuid: "8656819baed24ea7af56169999b5ac1e" is_pre_election: true
I20260709 14:49:38.092844  7459 tablet_service.cc:1917] Received RequestConsensusVote() RPC: tablet_id: "d2f5f41fbab640828dde300f73869a93" candidate_uuid: "8656819baed24ea7af56169999b5ac1e" candidate_term: 1 candidate_status { last_received { term: 0 index: 0 } } ignore_live_leader: false dest_uuid: "f5c90b8c694d409196e7f59a2454a577"
I20260709 14:49:38.093608  7459 raft_consensus.cc:2393] T d2f5f41fbab640828dde300f73869a93 P f5c90b8c694d409196e7f59a2454a577 [term 1 FOLLOWER]: Leader election vote request: Denying vote to candidate 8656819baed24ea7af56169999b5ac1e in current term 1: Already voted for candidate f5c90b8c694d409196e7f59a2454a577 in this term.
I20260709 14:49:38.084318  7859 raft_consensus.cc:697] T d2f5f41fbab640828dde300f73869a93 P 8656819baed24ea7af56169999b5ac1e [term 1 LEADER]: Becoming Leader. State: Replica: 8656819baed24ea7af56169999b5ac1e, State: Running, Role: LEADER
I20260709 14:49:38.111302  7538 tablet_service.cc:1917] Received RequestConsensusVote() RPC: tablet_id: "7c490e3883a24903a0f8e9afe1d643aa" candidate_uuid: "f5c90b8c694d409196e7f59a2454a577" candidate_term: 1 candidate_status { last_received { term: 0 index: 0 } } ignore_live_leader: false dest_uuid: "8656819baed24ea7af56169999b5ac1e" is_pre_election: true
I20260709 14:49:38.112097  7538 raft_consensus.cc:2468] T 7c490e3883a24903a0f8e9afe1d643aa P 8656819baed24ea7af56169999b5ac1e [term 0 FOLLOWER]: Leader pre-election vote request: Granting yes vote for candidate f5c90b8c694d409196e7f59a2454a577 in term 0.
I20260709 14:49:38.117460  7383 tablet_service.cc:1917] Received RequestConsensusVote() RPC: tablet_id: "7c490e3883a24903a0f8e9afe1d643aa" candidate_uuid: "f5c90b8c694d409196e7f59a2454a577" candidate_term: 1 candidate_status { last_received { term: 0 index: 0 } } ignore_live_leader: false dest_uuid: "849a499c2d214ae982153a8e884ef28c"
I20260709 14:49:38.118088  7383 raft_consensus.cc:3060] T 7c490e3883a24903a0f8e9afe1d643aa P 849a499c2d214ae982153a8e884ef28c [term 0 FOLLOWER]: Advancing to term 1
I20260709 14:49:38.124704  7795 leader_election.cc:290] T 7c490e3883a24903a0f8e9afe1d643aa P f5c90b8c694d409196e7f59a2454a577 [CANDIDATE]: Term 1 election: Requested vote from peers 849a499c2d214ae982153a8e884ef28c (127.6.34.193:42183), 8656819baed24ea7af56169999b5ac1e (127.6.34.195:32841)
I20260709 14:49:38.079623  7685 consensus_queue.cc:237] T f03c0ab813034818b4aaa2f03a993173 P 8656819baed24ea7af56169999b5ac1e [LEADER]: Queue going to LEADER mode. State: All replicated index: 0, Majority replicated index: 0, Committed index: 0, Last appended: 0.0, Last appended by leader: 0, Current term: 1, Majority size: 2, State: 0, Mode: LEADER, active raft config: opid_index: -1 OBSOLETE_local: false peers { permanent_uuid: "849a499c2d214ae982153a8e884ef28c" member_type: VOTER last_known_addr { host: "127.6.34.193" port: 42183 } } peers { permanent_uuid: "f5c90b8c694d409196e7f59a2454a577" member_type: VOTER last_known_addr { host: "127.6.34.194" port: 44961 } } peers { permanent_uuid: "8656819baed24ea7af56169999b5ac1e" member_type: VOTER last_known_addr { host: "127.6.34.195" port: 32841 } }
I20260709 14:49:38.098272  7859 consensus_queue.cc:237] T d2f5f41fbab640828dde300f73869a93 P 8656819baed24ea7af56169999b5ac1e [LEADER]: Queue going to LEADER mode. State: All replicated index: 0, Majority replicated index: 0, Committed index: 0, Last appended: 0.0, Last appended by leader: 0, Current term: 1, Majority size: 2, State: 0, Mode: LEADER, active raft config: opid_index: -1 OBSOLETE_local: false peers { permanent_uuid: "849a499c2d214ae982153a8e884ef28c" member_type: VOTER last_known_addr { host: "127.6.34.193" port: 42183 } } peers { permanent_uuid: "f5c90b8c694d409196e7f59a2454a577" member_type: VOTER last_known_addr { host: "127.6.34.194" port: 44961 } } peers { permanent_uuid: "8656819baed24ea7af56169999b5ac1e" member_type: VOTER last_known_addr { host: "127.6.34.195" port: 32841 } }
I20260709 14:49:38.136466  7578 raft_consensus.cc:359] T 06f5e66be95844e9a2250c6650c3026c P 849a499c2d214ae982153a8e884ef28c [term 0 FOLLOWER]: Replica starting. Triggering 0 pending ops. Active config: opid_index: -1 OBSOLETE_local: false peers { permanent_uuid: "849a499c2d214ae982153a8e884ef28c" member_type: VOTER last_known_addr { host: "127.6.34.193" port: 42183 } } peers { permanent_uuid: "f5c90b8c694d409196e7f59a2454a577" member_type: VOTER last_known_addr { host: "127.6.34.194" port: 44961 } } peers { permanent_uuid: "8656819baed24ea7af56169999b5ac1e" member_type: VOTER last_known_addr { host: "127.6.34.195" port: 32841 } }
I20260709 14:49:38.137495  7578 raft_consensus.cc:385] T 06f5e66be95844e9a2250c6650c3026c P 849a499c2d214ae982153a8e884ef28c [term 0 FOLLOWER]: Consensus starting up: Expiring failure detector timer to make a prompt election more likely
I20260709 14:49:38.139730  7578 raft_consensus.cc:740] T 06f5e66be95844e9a2250c6650c3026c P 849a499c2d214ae982153a8e884ef28c [term 0 FOLLOWER]: Becoming Follower/Learner. State: Replica: 849a499c2d214ae982153a8e884ef28c, State: Initialized, Role: FOLLOWER
I20260709 14:49:38.148794  7578 consensus_queue.cc:260] T 06f5e66be95844e9a2250c6650c3026c P 849a499c2d214ae982153a8e884ef28c [NON_LEADER]: Queue going to NON_LEADER mode. State: All replicated index: 0, Majority replicated index: 0, Committed index: 0, Last appended: 0.0, Last appended by leader: 0, Current term: 0, Majority size: -1, State: 0, Mode: NON_LEADER, active raft config: opid_index: -1 OBSOLETE_local: false peers { permanent_uuid: "849a499c2d214ae982153a8e884ef28c" member_type: VOTER last_known_addr { host: "127.6.34.193" port: 42183 } } peers { permanent_uuid: "f5c90b8c694d409196e7f59a2454a577" member_type: VOTER last_known_addr { host: "127.6.34.194" port: 44961 } } peers { permanent_uuid: "8656819baed24ea7af56169999b5ac1e" member_type: VOTER last_known_addr { host: "127.6.34.195" port: 32841 } }
W20260709 14:49:38.160017  7428 leader_election.cc:343] T 06f5e66be95844e9a2250c6650c3026c P f5c90b8c694d409196e7f59a2454a577 [CANDIDATE]: Term 1 pre-election: Tablet error from VoteRequest() call to peer 8656819baed24ea7af56169999b5ac1e (127.6.34.195:32841): Illegal state: must be running to vote when last-logged opid is not known
I20260709 14:49:38.160537  7428 leader_election.cc:304] T 06f5e66be95844e9a2250c6650c3026c P f5c90b8c694d409196e7f59a2454a577 [CANDIDATE]: Term 1 pre-election: Election decided. Result: candidate lost. Election summary: received 3 responses out of 3 voters: 1 yes votes; 2 no votes. yes voters: f5c90b8c694d409196e7f59a2454a577; no voters: 849a499c2d214ae982153a8e884ef28c, 8656819baed24ea7af56169999b5ac1e
I20260709 14:49:38.162326  7795 raft_consensus.cc:2749] T 06f5e66be95844e9a2250c6650c3026c P f5c90b8c694d409196e7f59a2454a577 [term 0 FOLLOWER]: Leader pre-election lost for term 1. Reason: could not achieve majority
W20260709 14:49:38.171005  7428 consensus_peers.cc:597] T 574ef76144804e3f8fa35d581e46053a P f5c90b8c694d409196e7f59a2454a577 -> Peer 8656819baed24ea7af56169999b5ac1e (127.6.34.195:32841): Couldn't send request to peer 8656819baed24ea7af56169999b5ac1e. Error code: TABLET_NOT_RUNNING (12). Status: Illegal state: Tablet not RUNNING: INITIALIZED. This is attempt 1: this message will repeat every 5th retry.
I20260709 14:49:38.183805  7580 tablet_bootstrap.cc:654] T d72c484a85eb4c72aba3c06979051fc0 P f5c90b8c694d409196e7f59a2454a577: Neither blocks nor log segments found. Creating new log.
I20260709 14:49:38.185623  7579 tablet_bootstrap.cc:492] T b9c06c6bdb3548fcac5c9cb67ca62b7d P 8656819baed24ea7af56169999b5ac1e: No bootstrap required, opened a new log
I20260709 14:49:38.185997  7579 ts_tablet_manager.cc:1403] T b9c06c6bdb3548fcac5c9cb67ca62b7d P 8656819baed24ea7af56169999b5ac1e: Time spent bootstrapping tablet: real 0.207s	user 0.008s	sys 0.009s
I20260709 14:49:38.192663  7383 raft_consensus.cc:2468] T 7c490e3883a24903a0f8e9afe1d643aa P 849a499c2d214ae982153a8e884ef28c [term 1 FOLLOWER]: Leader election vote request: Granting yes vote for candidate f5c90b8c694d409196e7f59a2454a577 in term 1.
I20260709 14:49:38.195537  7284 catalog_manager.cc:5697] T f03c0ab813034818b4aaa2f03a993173 P 8656819baed24ea7af56169999b5ac1e reported cstate change: term changed from 0 to 1, leader changed from <none> to 8656819baed24ea7af56169999b5ac1e (127.6.34.195). New cstate: current_term: 1 leader_uuid: "8656819baed24ea7af56169999b5ac1e" committed_config { opid_index: -1 OBSOLETE_local: false peers { permanent_uuid: "849a499c2d214ae982153a8e884ef28c" member_type: VOTER last_known_addr { host: "127.6.34.193" port: 42183 } health_report { overall_health: UNKNOWN } } peers { permanent_uuid: "f5c90b8c694d409196e7f59a2454a577" member_type: VOTER last_known_addr { host: "127.6.34.194" port: 44961 } health_report { overall_health: UNKNOWN } } peers { permanent_uuid: "8656819baed24ea7af56169999b5ac1e" member_type: VOTER last_known_addr { host: "127.6.34.195" port: 32841 } health_report { overall_health: HEALTHY } } }
I20260709 14:49:38.193980  7429 leader_election.cc:304] T 7c490e3883a24903a0f8e9afe1d643aa P f5c90b8c694d409196e7f59a2454a577 [CANDIDATE]: Term 1 election: Election decided. Result: candidate won. Election summary: received 2 responses out of 3 voters: 2 yes votes; 0 no votes. yes voters: 849a499c2d214ae982153a8e884ef28c, f5c90b8c694d409196e7f59a2454a577; no voters: 
I20260709 14:49:38.202934  7706 raft_consensus.cc:2804] T 7c490e3883a24903a0f8e9afe1d643aa P f5c90b8c694d409196e7f59a2454a577 [term 1 FOLLOWER]: Leader election won for term 1
I20260709 14:49:38.203408  7706 raft_consensus.cc:697] T 7c490e3883a24903a0f8e9afe1d643aa P f5c90b8c694d409196e7f59a2454a577 [term 1 LEADER]: Becoming Leader. State: Replica: f5c90b8c694d409196e7f59a2454a577, State: Running, Role: LEADER
I20260709 14:49:38.203797  7865 consensus_queue.cc:1048] T 574ef76144804e3f8fa35d581e46053a P f5c90b8c694d409196e7f59a2454a577 [LEADER]: Connected to new peer: Peer: permanent_uuid: "849a499c2d214ae982153a8e884ef28c" member_type: VOTER last_known_addr { host: "127.6.34.193" port: 42183 }, Status: LMP_MISMATCH, Last received: 0.0, Next index: 1, Last known committed idx: 0, Time since last communication: 0.000s
I20260709 14:49:38.204154  7706 consensus_queue.cc:237] T 7c490e3883a24903a0f8e9afe1d643aa P f5c90b8c694d409196e7f59a2454a577 [LEADER]: Queue going to LEADER mode. State: All replicated index: 0, Majority replicated index: 0, Committed index: 0, Last appended: 0.0, Last appended by leader: 0, Current term: 1, Majority size: 2, State: 0, Mode: LEADER, active raft config: opid_index: -1 OBSOLETE_local: false peers { permanent_uuid: "849a499c2d214ae982153a8e884ef28c" member_type: VOTER last_known_addr { host: "127.6.34.193" port: 42183 } } peers { permanent_uuid: "f5c90b8c694d409196e7f59a2454a577" member_type: VOTER last_known_addr { host: "127.6.34.194" port: 44961 } } peers { permanent_uuid: "8656819baed24ea7af56169999b5ac1e" member_type: VOTER last_known_addr { host: "127.6.34.195" port: 32841 } }
I20260709 14:49:38.209812  7865 raft_consensus.cc:493] T 71e9516fd70a45bebc365018a15cca94 P f5c90b8c694d409196e7f59a2454a577 [term 0 FOLLOWER]: Starting pre-election (no leader contacted us within the election timeout)
I20260709 14:49:38.210789  7865 raft_consensus.cc:515] T 71e9516fd70a45bebc365018a15cca94 P f5c90b8c694d409196e7f59a2454a577 [term 0 FOLLOWER]: Starting pre-election with config: opid_index: -1 OBSOLETE_local: false peers { permanent_uuid: "849a499c2d214ae982153a8e884ef28c" member_type: VOTER last_known_addr { host: "127.6.34.193" port: 42183 } } peers { permanent_uuid: "f5c90b8c694d409196e7f59a2454a577" member_type: VOTER last_known_addr { host: "127.6.34.194" port: 44961 } } peers { permanent_uuid: "8656819baed24ea7af56169999b5ac1e" member_type: VOTER last_known_addr { host: "127.6.34.195" port: 32841 } }
I20260709 14:49:38.213405  7865 leader_election.cc:290] T 71e9516fd70a45bebc365018a15cca94 P f5c90b8c694d409196e7f59a2454a577 [CANDIDATE]: Term 1 pre-election: Requested pre-vote from peers 849a499c2d214ae982153a8e884ef28c (127.6.34.193:42183), 8656819baed24ea7af56169999b5ac1e (127.6.34.195:32841)
