I20260709 14:49:34.408819 13368 leader_election.cc:304] T 2450f5bb27f24cd28ff0240a9c7e57fe P 1049ad8571614ab884e62f9bf7450ef1 [CANDIDATE]: Term 1 election: Election decided. Result: candidate lost. Election summary: received 3 responses out of 3 voters: 1 yes votes; 2 no votes. yes voters: 1049ad8571614ab884e62f9bf7450ef1; no voters: 4fc0cb2d7f45407ea8829c25949733c2, c24d3ec7435240c98d65404fac234471
I20260709 14:49:34.408668 13518 consensus_queue.cc:260] T ec9200fe4bce46a8a97285b7a9a699ac P c24d3ec7435240c98d65404fac234471 [NON_LEADER]: Queue going to NON_LEADER mode. State: All replicated index: 0, Majority replicated index: 0, Committed index: 0, Last appended: 0.0, Last appended by leader: 0, Current term: 0, Majority size: -1, State: 0, Mode: NON_LEADER, active raft config: opid_index: -1 OBSOLETE_local: false peers { permanent_uuid: "4fc0cb2d7f45407ea8829c25949733c2" member_type: VOTER last_known_addr { host: "127.11.238.129" port: 35211 } } peers { permanent_uuid: "1049ad8571614ab884e62f9bf7450ef1" member_type: VOTER last_known_addr { host: "127.11.238.130" port: 33365 } } peers { permanent_uuid: "c24d3ec7435240c98d65404fac234471" member_type: VOTER last_known_addr { host: "127.11.238.131" port: 44435 } }
I20260709 14:49:34.409693 13565 raft_consensus.cc:2749] T 79a219450bb243e882cdfc72dac6b7bb P 1049ad8571614ab884e62f9bf7450ef1 [term 0 FOLLOWER]: Leader pre-election lost for term 1. Reason: could not achieve majority
I20260709 14:49:34.410379 13565 raft_consensus.cc:2749] T 2450f5bb27f24cd28ff0240a9c7e57fe P 1049ad8571614ab884e62f9bf7450ef1 [term 1 FOLLOWER]: Leader election lost for term 1. Reason: could not achieve majority
I20260709 14:49:34.411072 13518 ts_tablet_manager.cc:1434] T ec9200fe4bce46a8a97285b7a9a699ac P c24d3ec7435240c98d65404fac234471: Time spent starting tablet: real 0.044s	user 0.005s	sys 0.001s
W20260709 14:49:34.411144 13368 leader_election.cc:343] T f87c30eadad14d23a7f8a6a35c0900bd P 1049ad8571614ab884e62f9bf7450ef1 [CANDIDATE]: Term 1 pre-election: Tablet error from VoteRequest() call to peer 4fc0cb2d7f45407ea8829c25949733c2 (127.11.238.129:35211): Illegal state: must be running to vote when last-logged opid is not known
I20260709 14:49:34.411674 13368 leader_election.cc:304] T f87c30eadad14d23a7f8a6a35c0900bd P 1049ad8571614ab884e62f9bf7450ef1 [CANDIDATE]: Term 1 pre-election: Election decided. Result: candidate lost. Election summary: received 3 responses out of 3 voters: 1 yes votes; 2 no votes. yes voters: 1049ad8571614ab884e62f9bf7450ef1; no voters: 4fc0cb2d7f45407ea8829c25949733c2, c24d3ec7435240c98d65404fac234471
I20260709 14:49:34.412293 13518 tablet_bootstrap.cc:492] T f87c30eadad14d23a7f8a6a35c0900bd P c24d3ec7435240c98d65404fac234471: Bootstrap starting.
I20260709 14:49:34.415251 13565 raft_consensus.cc:2749] T f87c30eadad14d23a7f8a6a35c0900bd P 1049ad8571614ab884e62f9bf7450ef1 [term 0 FOLLOWER]: Leader pre-election lost for term 1. Reason: could not achieve majority
I20260709 14:49:34.429589 13577 consensus_queue.cc:1048] T da97a4677b2e48cd8dcb4c9d15fb2a6e P 1049ad8571614ab884e62f9bf7450ef1 [LEADER]: Connected to new peer: Peer: permanent_uuid: "c24d3ec7435240c98d65404fac234471" member_type: VOTER last_known_addr { host: "127.11.238.131" port: 44435 }, Status: LMP_MISMATCH, Last received: 0.0, Next index: 1, Last known committed idx: 0, Time since last communication: 0.036s
I20260709 14:49:34.422972 13226 catalog_manager.cc:5697] T 0327a110418744f88a1420d820790f47 P c24d3ec7435240c98d65404fac234471 reported cstate change: term changed from 0 to 1, leader changed from <none> to c24d3ec7435240c98d65404fac234471 (127.11.238.131). New cstate: current_term: 1 leader_uuid: "c24d3ec7435240c98d65404fac234471" committed_config { opid_index: -1 OBSOLETE_local: false peers { permanent_uuid: "4fc0cb2d7f45407ea8829c25949733c2" member_type: VOTER last_known_addr { host: "127.11.238.129" port: 35211 } health_report { overall_health: UNKNOWN } } peers { permanent_uuid: "1049ad8571614ab884e62f9bf7450ef1" member_type: VOTER last_known_addr { host: "127.11.238.130" port: 33365 } health_report { overall_health: UNKNOWN } } peers { permanent_uuid: "c24d3ec7435240c98d65404fac234471" member_type: VOTER last_known_addr { host: "127.11.238.131" port: 44435 } health_report { overall_health: HEALTHY } } }
I20260709 14:49:34.435932 13521 ts_tablet_manager.cc:1434] T ec9200fe4bce46a8a97285b7a9a699ac P 4fc0cb2d7f45407ea8829c25949733c2: Time spent starting tablet: real 0.164s	user 0.010s	sys 0.014s
I20260709 14:49:34.433028 13524 consensus_queue.cc:1048] T da97a4677b2e48cd8dcb4c9d15fb2a6e P 1049ad8571614ab884e62f9bf7450ef1 [LEADER]: Connected to new peer: Peer: permanent_uuid: "4fc0cb2d7f45407ea8829c25949733c2" member_type: VOTER last_known_addr { host: "127.11.238.129" port: 35211 }, Status: LMP_MISMATCH, Last received: 0.0, Next index: 1, Last known committed idx: 0, Time since last communication: 0.003s
I20260709 14:49:34.437065 13521 tablet_bootstrap.cc:492] T 4d79ebc0c33e463597b1c02f0c98e3e9 P 4fc0cb2d7f45407ea8829c25949733c2: Bootstrap starting.
I20260709 14:49:34.439608 13326 tablet_service.cc:1917] Received RequestConsensusVote() RPC: tablet_id: "fcba1c9ac38f4e36ab2af73de0022188" candidate_uuid: "1049ad8571614ab884e62f9bf7450ef1" candidate_term: 1 candidate_status { last_received { term: 0 index: 0 } } ignore_live_leader: false dest_uuid: "4fc0cb2d7f45407ea8829c25949733c2"
I20260709 14:49:34.440536 13326 raft_consensus.cc:2393] T fcba1c9ac38f4e36ab2af73de0022188 P 4fc0cb2d7f45407ea8829c25949733c2 [term 1 FOLLOWER]: Leader election vote request: Denying vote to candidate 1049ad8571614ab884e62f9bf7450ef1 in current term 1: Already voted for candidate 4fc0cb2d7f45407ea8829c25949733c2 in this term.
I20260709 14:49:34.440703 13519 tablet_bootstrap.cc:492] T 8c64d50c490a4cb0a3b4ec5b12043ae2 P 1049ad8571614ab884e62f9bf7450ef1: No bootstrap required, opened a new log
I20260709 14:49:34.441241 13519 ts_tablet_manager.cc:1403] T 8c64d50c490a4cb0a3b4ec5b12043ae2 P 1049ad8571614ab884e62f9bf7450ef1: Time spent bootstrapping tablet: real 0.184s	user 0.010s	sys 0.011s
I20260709 14:49:34.442451 13401 tablet_service.cc:1917] Received RequestConsensusVote() RPC: tablet_id: "fcba1c9ac38f4e36ab2af73de0022188" candidate_uuid: "4fc0cb2d7f45407ea8829c25949733c2" candidate_term: 1 candidate_status { last_received { term: 0 index: 0 } } ignore_live_leader: false dest_uuid: "1049ad8571614ab884e62f9bf7450ef1"
I20260709 14:49:34.442643 13581 raft_consensus.cc:2749] T 2450f5bb27f24cd28ff0240a9c7e57fe P 4fc0cb2d7f45407ea8829c25949733c2 [term 1 FOLLOWER]: Leader election lost for term 1. Reason: could not achieve majority
I20260709 14:49:34.443305 13401 raft_consensus.cc:2393] T fcba1c9ac38f4e36ab2af73de0022188 P 1049ad8571614ab884e62f9bf7450ef1 [term 1 FOLLOWER]: Leader election vote request: Denying vote to candidate 4fc0cb2d7f45407ea8829c25949733c2 in current term 1: Already voted for candidate 1049ad8571614ab884e62f9bf7450ef1 in this term.
I20260709 14:49:34.444100 13521 tablet_bootstrap.cc:654] T 4d79ebc0c33e463597b1c02f0c98e3e9 P 4fc0cb2d7f45407ea8829c25949733c2: Neither blocks nor log segments found. Creating new log.
I20260709 14:49:34.443822 13519 raft_consensus.cc:359] T 8c64d50c490a4cb0a3b4ec5b12043ae2 P 1049ad8571614ab884e62f9bf7450ef1 [term 0 FOLLOWER]: Replica starting. Triggering 0 pending ops. Active config: opid_index: -1 OBSOLETE_local: false peers { permanent_uuid: "4fc0cb2d7f45407ea8829c25949733c2" member_type: VOTER last_known_addr { host: "127.11.238.129" port: 35211 } } peers { permanent_uuid: "1049ad8571614ab884e62f9bf7450ef1" member_type: VOTER last_known_addr { host: "127.11.238.130" port: 33365 } } peers { permanent_uuid: "c24d3ec7435240c98d65404fac234471" member_type: VOTER last_known_addr { host: "127.11.238.131" port: 44435 } }
I20260709 14:49:34.444532 13519 raft_consensus.cc:385] T 8c64d50c490a4cb0a3b4ec5b12043ae2 P 1049ad8571614ab884e62f9bf7450ef1 [term 0 FOLLOWER]: Consensus starting up: Expiring failure detector timer to make a prompt election more likely
I20260709 14:49:34.444826 13519 raft_consensus.cc:740] T 8c64d50c490a4cb0a3b4ec5b12043ae2 P 1049ad8571614ab884e62f9bf7450ef1 [term 0 FOLLOWER]: Becoming Follower/Learner. State: Replica: 1049ad8571614ab884e62f9bf7450ef1, State: Initialized, Role: FOLLOWER
I20260709 14:49:34.445446 13519 consensus_queue.cc:260] T 8c64d50c490a4cb0a3b4ec5b12043ae2 P 1049ad8571614ab884e62f9bf7450ef1 [NON_LEADER]: Queue going to NON_LEADER mode. State: All replicated index: 0, Majority replicated index: 0, Committed index: 0, Last appended: 0.0, Last appended by leader: 0, Current term: 0, Majority size: -1, State: 0, Mode: NON_LEADER, active raft config: opid_index: -1 OBSOLETE_local: false peers { permanent_uuid: "4fc0cb2d7f45407ea8829c25949733c2" member_type: VOTER last_known_addr { host: "127.11.238.129" port: 35211 } } peers { permanent_uuid: "1049ad8571614ab884e62f9bf7450ef1" member_type: VOTER last_known_addr { host: "127.11.238.130" port: 33365 } } peers { permanent_uuid: "c24d3ec7435240c98d65404fac234471" member_type: VOTER last_known_addr { host: "127.11.238.131" port: 44435 } }
I20260709 14:49:34.447907 13519 ts_tablet_manager.cc:1434] T 8c64d50c490a4cb0a3b4ec5b12043ae2 P 1049ad8571614ab884e62f9bf7450ef1: Time spent starting tablet: real 0.006s	user 0.005s	sys 0.000s
I20260709 14:49:34.448952 13519 tablet_bootstrap.cc:492] T 4d79ebc0c33e463597b1c02f0c98e3e9 P 1049ad8571614ab884e62f9bf7450ef1: Bootstrap starting.
I20260709 14:49:34.450024 13477 raft_consensus.cc:2468] T fcba1c9ac38f4e36ab2af73de0022188 P c24d3ec7435240c98d65404fac234471 [term 1 FOLLOWER]: Leader election vote request: Granting yes vote for candidate 1049ad8571614ab884e62f9bf7450ef1 in term 1.
I20260709 14:49:34.462572 13477 tablet_service.cc:1917] Received RequestConsensusVote() RPC: tablet_id: "fcba1c9ac38f4e36ab2af73de0022188" candidate_uuid: "4fc0cb2d7f45407ea8829c25949733c2" candidate_term: 1 candidate_status { last_received { term: 0 index: 0 } } ignore_live_leader: false dest_uuid: "c24d3ec7435240c98d65404fac234471"
I20260709 14:49:34.464434 13477 raft_consensus.cc:2393] T fcba1c9ac38f4e36ab2af73de0022188 P c24d3ec7435240c98d65404fac234471 [term 1 FOLLOWER]: Leader election vote request: Denying vote to candidate 4fc0cb2d7f45407ea8829c25949733c2 in current term 1: Already voted for candidate 1049ad8571614ab884e62f9bf7450ef1 in this term.
I20260709 14:49:34.453629 13530 leader_election.cc:290] T fcba1c9ac38f4e36ab2af73de0022188 P 4fc0cb2d7f45407ea8829c25949733c2 [CANDIDATE]: Term 1 election: Requested vote from peers 1049ad8571614ab884e62f9bf7450ef1 (127.11.238.130:33365), c24d3ec7435240c98d65404fac234471 (127.11.238.131:44435)
I20260709 14:49:34.468277 13292 leader_election.cc:304] T fcba1c9ac38f4e36ab2af73de0022188 P 4fc0cb2d7f45407ea8829c25949733c2 [CANDIDATE]: Term 1 election: Election decided. Result: candidate lost. Election summary: received 3 responses out of 3 voters: 1 yes votes; 2 no votes. yes voters: 4fc0cb2d7f45407ea8829c25949733c2; no voters: 1049ad8571614ab884e62f9bf7450ef1, c24d3ec7435240c98d65404fac234471
I20260709 14:49:34.474184 13581 raft_consensus.cc:2749] T fcba1c9ac38f4e36ab2af73de0022188 P 4fc0cb2d7f45407ea8829c25949733c2 [term 1 FOLLOWER]: Leader election lost for term 1. Reason: could not achieve majority
I20260709 14:49:34.474674 13367 leader_election.cc:304] T fcba1c9ac38f4e36ab2af73de0022188 P 1049ad8571614ab884e62f9bf7450ef1 [CANDIDATE]: Term 1 election: Election decided. Result: candidate won. Election summary: received 2 responses out of 3 voters: 2 yes votes; 0 no votes. yes voters: 1049ad8571614ab884e62f9bf7450ef1, c24d3ec7435240c98d65404fac234471; no voters: 
I20260709 14:49:34.468992 13518 tablet_bootstrap.cc:654] T f87c30eadad14d23a7f8a6a35c0900bd P c24d3ec7435240c98d65404fac234471: Neither blocks nor log segments found. Creating new log.
I20260709 14:49:34.481782 13519 tablet_bootstrap.cc:654] T 4d79ebc0c33e463597b1c02f0c98e3e9 P 1049ad8571614ab884e62f9bf7450ef1: Neither blocks nor log segments found. Creating new log.
I20260709 14:49:34.482800 13577 raft_consensus.cc:2804] T fcba1c9ac38f4e36ab2af73de0022188 P 1049ad8571614ab884e62f9bf7450ef1 [term 1 FOLLOWER]: Leader election won for term 1
I20260709 14:49:34.485787 13577 raft_consensus.cc:697] T fcba1c9ac38f4e36ab2af73de0022188 P 1049ad8571614ab884e62f9bf7450ef1 [term 1 LEADER]: Becoming Leader. State: Replica: 1049ad8571614ab884e62f9bf7450ef1, State: Running, Role: LEADER
I20260709 14:49:34.496867 13521 tablet_bootstrap.cc:492] T 4d79ebc0c33e463597b1c02f0c98e3e9 P 4fc0cb2d7f45407ea8829c25949733c2: No bootstrap required, opened a new log
I20260709 14:49:34.497391 13521 ts_tablet_manager.cc:1403] T 4d79ebc0c33e463597b1c02f0c98e3e9 P 4fc0cb2d7f45407ea8829c25949733c2: Time spent bootstrapping tablet: real 0.061s	user 0.027s	sys 0.018s
I20260709 14:49:34.502453 13577 consensus_queue.cc:237] T fcba1c9ac38f4e36ab2af73de0022188 P 1049ad8571614ab884e62f9bf7450ef1 [LEADER]: Queue going to LEADER mode. State: All replicated index: 0, Majority replicated index: 0, Committed index: 0, Last appended: 0.0, Last appended by leader: 0, Current term: 1, Majority size: 2, State: 0, Mode: LEADER, active raft config: opid_index: -1 OBSOLETE_local: false peers { permanent_uuid: "4fc0cb2d7f45407ea8829c25949733c2" member_type: VOTER last_known_addr { host: "127.11.238.129" port: 35211 } } peers { permanent_uuid: "1049ad8571614ab884e62f9bf7450ef1" member_type: VOTER last_known_addr { host: "127.11.238.130" port: 33365 } } peers { permanent_uuid: "c24d3ec7435240c98d65404fac234471" member_type: VOTER last_known_addr { host: "127.11.238.131" port: 44435 } }
I20260709 14:49:34.504966 13521 raft_consensus.cc:359] T 4d79ebc0c33e463597b1c02f0c98e3e9 P 4fc0cb2d7f45407ea8829c25949733c2 [term 0 FOLLOWER]: Replica starting. Triggering 0 pending ops. Active config: opid_index: -1 OBSOLETE_local: false peers { permanent_uuid: "4fc0cb2d7f45407ea8829c25949733c2" member_type: VOTER last_known_addr { host: "127.11.238.129" port: 35211 } } peers { permanent_uuid: "1049ad8571614ab884e62f9bf7450ef1" member_type: VOTER last_known_addr { host: "127.11.238.130" port: 33365 } } peers { permanent_uuid: "c24d3ec7435240c98d65404fac234471" member_type: VOTER last_known_addr { host: "127.11.238.131" port: 44435 } }
I20260709 14:49:34.510680 13521 raft_consensus.cc:385] T 4d79ebc0c33e463597b1c02f0c98e3e9 P 4fc0cb2d7f45407ea8829c25949733c2 [term 0 FOLLOWER]: Consensus starting up: Expiring failure detector timer to make a prompt election more likely
I20260709 14:49:34.511097 13521 raft_consensus.cc:740] T 4d79ebc0c33e463597b1c02f0c98e3e9 P 4fc0cb2d7f45407ea8829c25949733c2 [term 0 FOLLOWER]: Becoming Follower/Learner. State: Replica: 4fc0cb2d7f45407ea8829c25949733c2, State: Initialized, Role: FOLLOWER
I20260709 14:49:34.511951 13521 consensus_queue.cc:260] T 4d79ebc0c33e463597b1c02f0c98e3e9 P 4fc0cb2d7f45407ea8829c25949733c2 [NON_LEADER]: Queue going to NON_LEADER mode. State: All replicated index: 0, Majority replicated index: 0, Committed index: 0, Last appended: 0.0, Last appended by leader: 0, Current term: 0, Majority size: -1, State: 0, Mode: NON_LEADER, active raft config: opid_index: -1 OBSOLETE_local: false peers { permanent_uuid: "4fc0cb2d7f45407ea8829c25949733c2" member_type: VOTER last_known_addr { host: "127.11.238.129" port: 35211 } } peers { permanent_uuid: "1049ad8571614ab884e62f9bf7450ef1" member_type: VOTER last_known_addr { host: "127.11.238.130" port: 33365 } } peers { permanent_uuid: "c24d3ec7435240c98d65404fac234471" member_type: VOTER last_known_addr { host: "127.11.238.131" port: 44435 } }
I20260709 14:49:34.514981 13521 ts_tablet_manager.cc:1434] T 4d79ebc0c33e463597b1c02f0c98e3e9 P 4fc0cb2d7f45407ea8829c25949733c2: Time spent starting tablet: real 0.017s	user 0.008s	sys 0.000s
I20260709 14:49:34.516378 13521 tablet_bootstrap.cc:492] T 79a219450bb243e882cdfc72dac6b7bb P 4fc0cb2d7f45407ea8829c25949733c2: Bootstrap starting.
W20260709 14:49:34.523952 13368 outbound_call.cc:321] RPC callback for RPC call kudu.consensus.ConsensusService.RequestConsensusVote -> {remote=127.11.238.129:35211, user_credentials={real_user=slave}} blocked reactor thread for 52337.3us
I20260709 14:49:34.529641 13519 tablet_bootstrap.cc:492] T 4d79ebc0c33e463597b1c02f0c98e3e9 P 1049ad8571614ab884e62f9bf7450ef1: No bootstrap required, opened a new log
I20260709 14:49:34.530308 13519 ts_tablet_manager.cc:1403] T 4d79ebc0c33e463597b1c02f0c98e3e9 P 1049ad8571614ab884e62f9bf7450ef1: Time spent bootstrapping tablet: real 0.082s	user 0.015s	sys 0.000s
I20260709 14:49:34.534106 13519 raft_consensus.cc:359] T 4d79ebc0c33e463597b1c02f0c98e3e9 P 1049ad8571614ab884e62f9bf7450ef1 [term 0 FOLLOWER]: Replica starting. Triggering 0 pending ops. Active config: opid_index: -1 OBSOLETE_local: false peers { permanent_uuid: "4fc0cb2d7f45407ea8829c25949733c2" member_type: VOTER last_known_addr { host: "127.11.238.129" port: 35211 } } peers { permanent_uuid: "1049ad8571614ab884e62f9bf7450ef1" member_type: VOTER last_known_addr { host: "127.11.238.130" port: 33365 } } peers { permanent_uuid: "c24d3ec7435240c98d65404fac234471" member_type: VOTER last_known_addr { host: "127.11.238.131" port: 44435 } }
I20260709 14:49:34.535187 13519 raft_consensus.cc:385] T 4d79ebc0c33e463597b1c02f0c98e3e9 P 1049ad8571614ab884e62f9bf7450ef1 [term 0 FOLLOWER]: Consensus starting up: Expiring failure detector timer to make a prompt election more likely
I20260709 14:49:34.535653 13519 raft_consensus.cc:740] T 4d79ebc0c33e463597b1c02f0c98e3e9 P 1049ad8571614ab884e62f9bf7450ef1 [term 0 FOLLOWER]: Becoming Follower/Learner. State: Replica: 1049ad8571614ab884e62f9bf7450ef1, State: Initialized, Role: FOLLOWER
I20260709 14:49:34.541258 13530 raft_consensus.cc:493] T 4d79ebc0c33e463597b1c02f0c98e3e9 P 4fc0cb2d7f45407ea8829c25949733c2 [term 0 FOLLOWER]: Starting pre-election (no leader contacted us within the election timeout)
I20260709 14:49:34.542547 13530 raft_consensus.cc:515] T 4d79ebc0c33e463597b1c02f0c98e3e9 P 4fc0cb2d7f45407ea8829c25949733c2 [term 0 FOLLOWER]: Starting pre-election with config: opid_index: -1 OBSOLETE_local: false peers { permanent_uuid: "4fc0cb2d7f45407ea8829c25949733c2" member_type: VOTER last_known_addr { host: "127.11.238.129" port: 35211 } } peers { permanent_uuid: "1049ad8571614ab884e62f9bf7450ef1" member_type: VOTER last_known_addr { host: "127.11.238.130" port: 33365 } } peers { permanent_uuid: "c24d3ec7435240c98d65404fac234471" member_type: VOTER last_known_addr { host: "127.11.238.131" port: 44435 } }
I20260709 14:49:34.544591 13519 consensus_queue.cc:260] T 4d79ebc0c33e463597b1c02f0c98e3e9 P 1049ad8571614ab884e62f9bf7450ef1 [NON_LEADER]: Queue going to NON_LEADER mode. State: All replicated index: 0, Majority replicated index: 0, Committed index: 0, Last appended: 0.0, Last appended by leader: 0, Current term: 0, Majority size: -1, State: 0, Mode: NON_LEADER, active raft config: opid_index: -1 OBSOLETE_local: false peers { permanent_uuid: "4fc0cb2d7f45407ea8829c25949733c2" member_type: VOTER last_known_addr { host: "127.11.238.129" port: 35211 } } peers { permanent_uuid: "1049ad8571614ab884e62f9bf7450ef1" member_type: VOTER last_known_addr { host: "127.11.238.130" port: 33365 } } peers { permanent_uuid: "c24d3ec7435240c98d65404fac234471" member_type: VOTER last_known_addr { host: "127.11.238.131" port: 44435 } }
I20260709 14:49:34.544615 13530 leader_election.cc:290] T 4d79ebc0c33e463597b1c02f0c98e3e9 P 4fc0cb2d7f45407ea8829c25949733c2 [CANDIDATE]: Term 1 pre-election: Requested pre-vote from peers 1049ad8571614ab884e62f9bf7450ef1 (127.11.238.130:33365), c24d3ec7435240c98d65404fac234471 (127.11.238.131:44435)
I20260709 14:49:34.546329 13401 tablet_service.cc:1917] Received RequestConsensusVote() RPC: tablet_id: "4d79ebc0c33e463597b1c02f0c98e3e9" candidate_uuid: "4fc0cb2d7f45407ea8829c25949733c2" candidate_term: 1 candidate_status { last_received { term: 0 index: 0 } } ignore_live_leader: false dest_uuid: "1049ad8571614ab884e62f9bf7450ef1" is_pre_election: true
I20260709 14:49:34.546766 13519 ts_tablet_manager.cc:1434] T 4d79ebc0c33e463597b1c02f0c98e3e9 P 1049ad8571614ab884e62f9bf7450ef1: Time spent starting tablet: real 0.016s	user 0.010s	sys 0.000s
I20260709 14:49:34.546963 13401 raft_consensus.cc:2468] T 4d79ebc0c33e463597b1c02f0c98e3e9 P 1049ad8571614ab884e62f9bf7450ef1 [term 0 FOLLOWER]: Leader pre-election vote request: Granting yes vote for candidate 4fc0cb2d7f45407ea8829c25949733c2 in term 0.
I20260709 14:49:34.547648 13519 tablet_bootstrap.cc:492] T 343375668ffd49eeab4af3219b8e2319 P 1049ad8571614ab884e62f9bf7450ef1: Bootstrap starting.
I20260709 14:49:34.549314 13294 leader_election.cc:304] T 4d79ebc0c33e463597b1c02f0c98e3e9 P 4fc0cb2d7f45407ea8829c25949733c2 [CANDIDATE]: Term 1 pre-election: Election decided. Result: candidate won. Election summary: received 2 responses out of 3 voters: 2 yes votes; 0 no votes. yes voters: 1049ad8571614ab884e62f9bf7450ef1, 4fc0cb2d7f45407ea8829c25949733c2; no voters: 
I20260709 14:49:34.550850 13530 raft_consensus.cc:2804] T 4d79ebc0c33e463597b1c02f0c98e3e9 P 4fc0cb2d7f45407ea8829c25949733c2 [term 0 FOLLOWER]: Leader pre-election won for term 1
I20260709 14:49:34.551270 13530 raft_consensus.cc:493] T 4d79ebc0c33e463597b1c02f0c98e3e9 P 4fc0cb2d7f45407ea8829c25949733c2 [term 0 FOLLOWER]: Starting leader election (no leader contacted us within the election timeout)
I20260709 14:49:34.551596 13521 tablet_bootstrap.cc:654] T 79a219450bb243e882cdfc72dac6b7bb P 4fc0cb2d7f45407ea8829c25949733c2: Neither blocks nor log segments found. Creating new log.
I20260709 14:49:34.551729 13530 raft_consensus.cc:3060] T 4d79ebc0c33e463597b1c02f0c98e3e9 P 4fc0cb2d7f45407ea8829c25949733c2 [term 0 FOLLOWER]: Advancing to term 1
I20260709 14:49:34.552515 13581 raft_consensus.cc:493] T ec9200fe4bce46a8a97285b7a9a699ac P 4fc0cb2d7f45407ea8829c25949733c2 [term 0 FOLLOWER]: Starting pre-election (no leader contacted us within the election timeout)
I20260709 14:49:34.552965 13581 raft_consensus.cc:515] T ec9200fe4bce46a8a97285b7a9a699ac P 4fc0cb2d7f45407ea8829c25949733c2 [term 0 FOLLOWER]: Starting pre-election with config: opid_index: -1 OBSOLETE_local: false peers { permanent_uuid: "4fc0cb2d7f45407ea8829c25949733c2" member_type: VOTER last_known_addr { host: "127.11.238.129" port: 35211 } } peers { permanent_uuid: "1049ad8571614ab884e62f9bf7450ef1" member_type: VOTER last_known_addr { host: "127.11.238.130" port: 33365 } } peers { permanent_uuid: "c24d3ec7435240c98d65404fac234471" member_type: VOTER last_known_addr { host: "127.11.238.131" port: 44435 } }
I20260709 14:49:34.553949 13518 tablet_bootstrap.cc:492] T f87c30eadad14d23a7f8a6a35c0900bd P c24d3ec7435240c98d65404fac234471: No bootstrap required, opened a new log
I20260709 14:49:34.554286 13519 tablet_bootstrap.cc:654] T 343375668ffd49eeab4af3219b8e2319 P 1049ad8571614ab884e62f9bf7450ef1: Neither blocks nor log segments found. Creating new log.
I20260709 14:49:34.555323 13581 leader_election.cc:290] T ec9200fe4bce46a8a97285b7a9a699ac P 4fc0cb2d7f45407ea8829c25949733c2 [CANDIDATE]: Term 1 pre-election: Requested pre-vote from peers 1049ad8571614ab884e62f9bf7450ef1 (127.11.238.130:33365), c24d3ec7435240c98d65404fac234471 (127.11.238.131:44435)
I20260709 14:49:34.554452 13518 ts_tablet_manager.cc:1403] T f87c30eadad14d23a7f8a6a35c0900bd P c24d3ec7435240c98d65404fac234471: Time spent bootstrapping tablet: real 0.142s	user 0.010s	sys 0.024s
I20260709 14:49:34.558104 13401 tablet_service.cc:1917] Received RequestConsensusVote() RPC: tablet_id: "ec9200fe4bce46a8a97285b7a9a699ac" candidate_uuid: "4fc0cb2d7f45407ea8829c25949733c2" candidate_term: 1 candidate_status { last_received { term: 0 index: 0 } } ignore_live_leader: false dest_uuid: "1049ad8571614ab884e62f9bf7450ef1" is_pre_election: true
I20260709 14:49:34.558779 13401 raft_consensus.cc:2468] T ec9200fe4bce46a8a97285b7a9a699ac P 1049ad8571614ab884e62f9bf7450ef1 [term 0 FOLLOWER]: Leader pre-election vote request: Granting yes vote for candidate 4fc0cb2d7f45407ea8829c25949733c2 in term 0.
I20260709 14:49:34.559964 13518 raft_consensus.cc:359] T f87c30eadad14d23a7f8a6a35c0900bd P c24d3ec7435240c98d65404fac234471 [term 0 FOLLOWER]: Replica starting. Triggering 0 pending ops. Active config: opid_index: -1 OBSOLETE_local: false peers { permanent_uuid: "4fc0cb2d7f45407ea8829c25949733c2" member_type: VOTER last_known_addr { host: "127.11.238.129" port: 35211 } } peers { permanent_uuid: "1049ad8571614ab884e62f9bf7450ef1" member_type: VOTER last_known_addr { host: "127.11.238.130" port: 33365 } } peers { permanent_uuid: "c24d3ec7435240c98d65404fac234471" member_type: VOTER last_known_addr { host: "127.11.238.131" port: 44435 } }
I20260709 14:49:34.560298 13294 leader_election.cc:304] T ec9200fe4bce46a8a97285b7a9a699ac P 4fc0cb2d7f45407ea8829c25949733c2 [CANDIDATE]: Term 1 pre-election: Election decided. Result: candidate won. Election summary: received 2 responses out of 3 voters: 2 yes votes; 0 no votes. yes voters: 1049ad8571614ab884e62f9bf7450ef1, 4fc0cb2d7f45407ea8829c25949733c2; no voters: 
I20260709 14:49:34.560688 13518 raft_consensus.cc:385] T f87c30eadad14d23a7f8a6a35c0900bd P c24d3ec7435240c98d65404fac234471 [term 0 FOLLOWER]: Consensus starting up: Expiring failure detector timer to make a prompt election more likely
I20260709 14:49:34.560961 13518 raft_consensus.cc:740] T f87c30eadad14d23a7f8a6a35c0900bd P c24d3ec7435240c98d65404fac234471 [term 0 FOLLOWER]: Becoming Follower/Learner. State: Replica: c24d3ec7435240c98d65404fac234471, State: Initialized, Role: FOLLOWER
I20260709 14:49:34.561863 13477 tablet_service.cc:1917] Received RequestConsensusVote() RPC: tablet_id: "ec9200fe4bce46a8a97285b7a9a699ac" candidate_uuid: "4fc0cb2d7f45407ea8829c25949733c2" candidate_term: 1 candidate_status { last_received { term: 0 index: 0 } } ignore_live_leader: false dest_uuid: "c24d3ec7435240c98d65404fac234471" is_pre_election: true
I20260709 14:49:34.562094 13581 raft_consensus.cc:2804] T ec9200fe4bce46a8a97285b7a9a699ac P 4fc0cb2d7f45407ea8829c25949733c2 [term 0 FOLLOWER]: Leader pre-election won for term 1
I20260709 14:49:34.562590 13581 raft_consensus.cc:493] T ec9200fe4bce46a8a97285b7a9a699ac P 4fc0cb2d7f45407ea8829c25949733c2 [term 0 FOLLOWER]: Starting leader election (no leader contacted us within the election timeout)
I20260709 14:49:34.562562 13477 raft_consensus.cc:2468] T ec9200fe4bce46a8a97285b7a9a699ac P c24d3ec7435240c98d65404fac234471 [term 0 FOLLOWER]: Leader pre-election vote request: Granting yes vote for candidate 4fc0cb2d7f45407ea8829c25949733c2 in term 0.
I20260709 14:49:34.563179 13581 raft_consensus.cc:3060] T ec9200fe4bce46a8a97285b7a9a699ac P 4fc0cb2d7f45407ea8829c25949733c2 [term 0 FOLLOWER]: Advancing to term 1
I20260709 14:49:34.561837 13518 consensus_queue.cc:260] T f87c30eadad14d23a7f8a6a35c0900bd P c24d3ec7435240c98d65404fac234471 [NON_LEADER]: Queue going to NON_LEADER mode. State: All replicated index: 0, Majority replicated index: 0, Committed index: 0, Last appended: 0.0, Last appended by leader: 0, Current term: 0, Majority size: -1, State: 0, Mode: NON_LEADER, active raft config: opid_index: -1 OBSOLETE_local: false peers { permanent_uuid: "4fc0cb2d7f45407ea8829c25949733c2" member_type: VOTER last_known_addr { host: "127.11.238.129" port: 35211 } } peers { permanent_uuid: "1049ad8571614ab884e62f9bf7450ef1" member_type: VOTER last_known_addr { host: "127.11.238.130" port: 33365 } } peers { permanent_uuid: "c24d3ec7435240c98d65404fac234471" member_type: VOTER last_known_addr { host: "127.11.238.131" port: 44435 } }
I20260709 14:49:34.566999 13518 ts_tablet_manager.cc:1434] T f87c30eadad14d23a7f8a6a35c0900bd P c24d3ec7435240c98d65404fac234471: Time spent starting tablet: real 0.010s	user 0.006s	sys 0.000s
I20260709 14:49:34.578504 13530 raft_consensus.cc:515] T 4d79ebc0c33e463597b1c02f0c98e3e9 P 4fc0cb2d7f45407ea8829c25949733c2 [term 1 FOLLOWER]: Starting leader election with config: opid_index: -1 OBSOLETE_local: false peers { permanent_uuid: "4fc0cb2d7f45407ea8829c25949733c2" member_type: VOTER last_known_addr { host: "127.11.238.129" port: 35211 } } peers { permanent_uuid: "1049ad8571614ab884e62f9bf7450ef1" member_type: VOTER last_known_addr { host: "127.11.238.130" port: 33365 } } peers { permanent_uuid: "c24d3ec7435240c98d65404fac234471" member_type: VOTER last_known_addr { host: "127.11.238.131" port: 44435 } }
I20260709 14:49:34.581836 13475 tablet_service.cc:1917] Received RequestConsensusVote() RPC: tablet_id: "4d79ebc0c33e463597b1c02f0c98e3e9" candidate_uuid: "4fc0cb2d7f45407ea8829c25949733c2" candidate_term: 1 candidate_status { last_received { term: 0 index: 0 } } ignore_live_leader: false dest_uuid: "c24d3ec7435240c98d65404fac234471" is_pre_election: true
W20260709 14:49:34.589354 13292 leader_election.cc:343] T 4d79ebc0c33e463597b1c02f0c98e3e9 P 4fc0cb2d7f45407ea8829c25949733c2 [CANDIDATE]: Term 1 pre-election: Tablet error from VoteRequest() call to peer c24d3ec7435240c98d65404fac234471 (127.11.238.131:44435): Illegal state: must be running to vote when last-logged opid is not known
I20260709 14:49:34.583618 13518 tablet_bootstrap.cc:492] T 4d79ebc0c33e463597b1c02f0c98e3e9 P c24d3ec7435240c98d65404fac234471: Bootstrap starting.
I20260709 14:49:34.590843 13401 tablet_service.cc:1917] Received RequestConsensusVote() RPC: tablet_id: "4d79ebc0c33e463597b1c02f0c98e3e9" candidate_uuid: "4fc0cb2d7f45407ea8829c25949733c2" candidate_term: 1 candidate_status { last_received { term: 0 index: 0 } } ignore_live_leader: false dest_uuid: "1049ad8571614ab884e62f9bf7450ef1"
I20260709 14:49:34.591483 13401 raft_consensus.cc:3060] T 4d79ebc0c33e463597b1c02f0c98e3e9 P 1049ad8571614ab884e62f9bf7450ef1 [term 0 FOLLOWER]: Advancing to term 1
I20260709 14:49:34.596519 13518 tablet_bootstrap.cc:654] T 4d79ebc0c33e463597b1c02f0c98e3e9 P c24d3ec7435240c98d65404fac234471: Neither blocks nor log segments found. Creating new log.
I20260709 14:49:34.573208 13581 raft_consensus.cc:515] T ec9200fe4bce46a8a97285b7a9a699ac P 4fc0cb2d7f45407ea8829c25949733c2 [term 1 FOLLOWER]: Starting leader election with config: opid_index: -1 OBSOLETE_local: false peers { permanent_uuid: "4fc0cb2d7f45407ea8829c25949733c2" member_type: VOTER last_known_addr { host: "127.11.238.129" port: 35211 } } peers { permanent_uuid: "1049ad8571614ab884e62f9bf7450ef1" member_type: VOTER last_known_addr { host: "127.11.238.130" port: 33365 } } peers { permanent_uuid: "c24d3ec7435240c98d65404fac234471" member_type: VOTER last_known_addr { host: "127.11.238.131" port: 44435 } }
I20260709 14:49:34.599989 13403 tablet_service.cc:1917] Received RequestConsensusVote() RPC: tablet_id: "ec9200fe4bce46a8a97285b7a9a699ac" candidate_uuid: "4fc0cb2d7f45407ea8829c25949733c2" candidate_term: 1 candidate_status { last_received { term: 0 index: 0 } } ignore_live_leader: false dest_uuid: "1049ad8571614ab884e62f9bf7450ef1"
I20260709 14:49:34.600291 13475 tablet_service.cc:1917] Received RequestConsensusVote() RPC: tablet_id: "ec9200fe4bce46a8a97285b7a9a699ac" candidate_uuid: "4fc0cb2d7f45407ea8829c25949733c2" candidate_term: 1 candidate_status { last_received { term: 0 index: 0 } } ignore_live_leader: false dest_uuid: "c24d3ec7435240c98d65404fac234471"
I20260709 14:49:34.600677 13403 raft_consensus.cc:3060] T ec9200fe4bce46a8a97285b7a9a699ac P 1049ad8571614ab884e62f9bf7450ef1 [term 0 FOLLOWER]: Advancing to term 1
I20260709 14:49:34.600821 13475 raft_consensus.cc:3060] T ec9200fe4bce46a8a97285b7a9a699ac P c24d3ec7435240c98d65404fac234471 [term 0 FOLLOWER]: Advancing to term 1
I20260709 14:49:34.607990 13475 raft_consensus.cc:2468] T ec9200fe4bce46a8a97285b7a9a699ac P c24d3ec7435240c98d65404fac234471 [term 1 FOLLOWER]: Leader election vote request: Granting yes vote for candidate 4fc0cb2d7f45407ea8829c25949733c2 in term 1.
I20260709 14:49:34.609403 13292 leader_election.cc:304] T ec9200fe4bce46a8a97285b7a9a699ac P 4fc0cb2d7f45407ea8829c25949733c2 [CANDIDATE]: Term 1 election: Election decided. Result: candidate won. Election summary: received 2 responses out of 3 voters: 2 yes votes; 0 no votes. yes voters: 4fc0cb2d7f45407ea8829c25949733c2, c24d3ec7435240c98d65404fac234471; no voters: 
I20260709 14:49:34.610510 13582 raft_consensus.cc:2804] T ec9200fe4bce46a8a97285b7a9a699ac P 4fc0cb2d7f45407ea8829c25949733c2 [term 1 FOLLOWER]: Leader election won for term 1
I20260709 14:49:34.610849 13581 leader_election.cc:290] T ec9200fe4bce46a8a97285b7a9a699ac P 4fc0cb2d7f45407ea8829c25949733c2 [CANDIDATE]: Term 1 election: Requested vote from peers 1049ad8571614ab884e62f9bf7450ef1 (127.11.238.130:33365), c24d3ec7435240c98d65404fac234471 (127.11.238.131:44435)
I20260709 14:49:34.611074 13582 raft_consensus.cc:697] T ec9200fe4bce46a8a97285b7a9a699ac P 4fc0cb2d7f45407ea8829c25949733c2 [term 1 LEADER]: Becoming Leader. State: Replica: 4fc0cb2d7f45407ea8829c25949733c2, State: Running, Role: LEADER
I20260709 14:49:34.612203 13521 tablet_bootstrap.cc:492] T 79a219450bb243e882cdfc72dac6b7bb P 4fc0cb2d7f45407ea8829c25949733c2: No bootstrap required, opened a new log
I20260709 14:49:34.612062 13582 consensus_queue.cc:237] T ec9200fe4bce46a8a97285b7a9a699ac P 4fc0cb2d7f45407ea8829c25949733c2 [LEADER]: Queue going to LEADER mode. State: All replicated index: 0, Majority replicated index: 0, Committed index: 0, Last appended: 0.0, Last appended by leader: 0, Current term: 1, Majority size: 2, State: 0, Mode: LEADER, active raft config: opid_index: -1 OBSOLETE_local: false peers { permanent_uuid: "4fc0cb2d7f45407ea8829c25949733c2" member_type: VOTER last_known_addr { host: "127.11.238.129" port: 35211 } } peers { permanent_uuid: "1049ad8571614ab884e62f9bf7450ef1" member_type: VOTER last_known_addr { host: "127.11.238.130" port: 33365 } } peers { permanent_uuid: "c24d3ec7435240c98d65404fac234471" member_type: VOTER last_known_addr { host: "127.11.238.131" port: 44435 } }
I20260709 14:49:34.612645 13521 ts_tablet_manager.cc:1403] T 79a219450bb243e882cdfc72dac6b7bb P 4fc0cb2d7f45407ea8829c25949733c2: Time spent bootstrapping tablet: real 0.097s	user 0.016s	sys 0.001s
I20260709 14:49:34.612510 13224 catalog_manager.cc:5697] T fcba1c9ac38f4e36ab2af73de0022188 P 1049ad8571614ab884e62f9bf7450ef1 reported cstate change: term changed from 0 to 1, leader changed from <none> to 1049ad8571614ab884e62f9bf7450ef1 (127.11.238.130). New cstate: current_term: 1 leader_uuid: "1049ad8571614ab884e62f9bf7450ef1" committed_config { opid_index: -1 OBSOLETE_local: false peers { permanent_uuid: "4fc0cb2d7f45407ea8829c25949733c2" member_type: VOTER last_known_addr { host: "127.11.238.129" port: 35211 } health_report { overall_health: UNKNOWN } } peers { permanent_uuid: "1049ad8571614ab884e62f9bf7450ef1" member_type: VOTER last_known_addr { host: "127.11.238.130" port: 33365 } health_report { overall_health: HEALTHY } } peers { permanent_uuid: "c24d3ec7435240c98d65404fac234471" member_type: VOTER last_known_addr { host: "127.11.238.131" port: 44435 } health_report { overall_health: UNKNOWN } } }
I20260709 14:49:34.607995 13403 raft_consensus.cc:2468] T ec9200fe4bce46a8a97285b7a9a699ac P 1049ad8571614ab884e62f9bf7450ef1 [term 1 FOLLOWER]: Leader election vote request: Granting yes vote for candidate 4fc0cb2d7f45407ea8829c25949733c2 in term 1.
I20260709 14:49:34.615804 13521 raft_consensus.cc:359] T 79a219450bb243e882cdfc72dac6b7bb P 4fc0cb2d7f45407ea8829c25949733c2 [term 0 FOLLOWER]: Replica starting. Triggering 0 pending ops. Active config: opid_index: -1 OBSOLETE_local: false peers { permanent_uuid: "4fc0cb2d7f45407ea8829c25949733c2" member_type: VOTER last_known_addr { host: "127.11.238.129" port: 35211 } } peers { permanent_uuid: "1049ad8571614ab884e62f9bf7450ef1" member_type: VOTER last_known_addr { host: "127.11.238.130" port: 33365 } } peers { permanent_uuid: "c24d3ec7435240c98d65404fac234471" member_type: VOTER last_known_addr { host: "127.11.238.131" port: 44435 } }
I20260709 14:49:34.621928 13521 raft_consensus.cc:385] T 79a219450bb243e882cdfc72dac6b7bb P 4fc0cb2d7f45407ea8829c25949733c2 [term 0 FOLLOWER]: Consensus starting up: Expiring failure detector timer to make a prompt election more likely
I20260709 14:49:34.622330 13521 raft_consensus.cc:740] T 79a219450bb243e882cdfc72dac6b7bb P 4fc0cb2d7f45407ea8829c25949733c2 [term 0 FOLLOWER]: Becoming Follower/Learner. State: Replica: 4fc0cb2d7f45407ea8829c25949733c2, State: Initialized, Role: FOLLOWER
I20260709 14:49:34.623174 13521 consensus_queue.cc:260] T 79a219450bb243e882cdfc72dac6b7bb P 4fc0cb2d7f45407ea8829c25949733c2 [NON_LEADER]: Queue going to NON_LEADER mode. State: All replicated index: 0, Majority replicated index: 0, Committed index: 0, Last appended: 0.0, Last appended by leader: 0, Current term: 0, Majority size: -1, State: 0, Mode: NON_LEADER, active raft config: opid_index: -1 OBSOLETE_local: false peers { permanent_uuid: "4fc0cb2d7f45407ea8829c25949733c2" member_type: VOTER last_known_addr { host: "127.11.238.129" port: 35211 } } peers { permanent_uuid: "1049ad8571614ab884e62f9bf7450ef1" member_type: VOTER last_known_addr { host: "127.11.238.130" port: 33365 } } peers { permanent_uuid: "c24d3ec7435240c98d65404fac234471" member_type: VOTER last_known_addr { host: "127.11.238.131" port: 44435 } }
I20260709 14:49:34.619004 13577 raft_consensus.cc:493] T 8c64d50c490a4cb0a3b4ec5b12043ae2 P 1049ad8571614ab884e62f9bf7450ef1 [term 0 FOLLOWER]: Starting pre-election (no leader contacted us within the election timeout)
I20260709 14:49:34.616350 13401 raft_consensus.cc:2468] T 4d79ebc0c33e463597b1c02f0c98e3e9 P 1049ad8571614ab884e62f9bf7450ef1 [term 1 FOLLOWER]: Leader election vote request: Granting yes vote for candidate 4fc0cb2d7f45407ea8829c25949733c2 in term 1.
I20260709 14:49:34.624550 13577 raft_consensus.cc:515] T 8c64d50c490a4cb0a3b4ec5b12043ae2 P 1049ad8571614ab884e62f9bf7450ef1 [term 0 FOLLOWER]: Starting pre-election with config: opid_index: -1 OBSOLETE_local: false peers { permanent_uuid: "4fc0cb2d7f45407ea8829c25949733c2" member_type: VOTER last_known_addr { host: "127.11.238.129" port: 35211 } } peers { permanent_uuid: "1049ad8571614ab884e62f9bf7450ef1" member_type: VOTER last_known_addr { host: "127.11.238.130" port: 33365 } } peers { permanent_uuid: "c24d3ec7435240c98d65404fac234471" member_type: VOTER last_known_addr { host: "127.11.238.131" port: 44435 } }
I20260709 14:49:34.626053 13294 leader_election.cc:304] T 4d79ebc0c33e463597b1c02f0c98e3e9 P 4fc0cb2d7f45407ea8829c25949733c2 [CANDIDATE]: Term 1 election: Election decided. Result: candidate won. Election summary: received 2 responses out of 3 voters: 2 yes votes; 0 no votes. yes voters: 1049ad8571614ab884e62f9bf7450ef1, 4fc0cb2d7f45407ea8829c25949733c2; no voters: 
I20260709 14:49:34.623989 13530 leader_election.cc:290] T 4d79ebc0c33e463597b1c02f0c98e3e9 P 4fc0cb2d7f45407ea8829c25949733c2 [CANDIDATE]: Term 1 election: Requested vote from peers 1049ad8571614ab884e62f9bf7450ef1 (127.11.238.130:33365), c24d3ec7435240c98d65404fac234471 (127.11.238.131:44435)
I20260709 14:49:34.627389 13577 leader_election.cc:290] T 8c64d50c490a4cb0a3b4ec5b12043ae2 P 1049ad8571614ab884e62f9bf7450ef1 [CANDIDATE]: Term 1 pre-election: Requested pre-vote from peers 4fc0cb2d7f45407ea8829c25949733c2 (127.11.238.129:35211), c24d3ec7435240c98d65404fac234471 (127.11.238.131:44435)
I20260709 14:49:34.630203 13521 ts_tablet_manager.cc:1434] T 79a219450bb243e882cdfc72dac6b7bb P 4fc0cb2d7f45407ea8829c25949733c2: Time spent starting tablet: real 0.017s	user 0.006s	sys 0.001s
I20260709 14:49:34.630020 13326 tablet_service.cc:1917] Received RequestConsensusVote() RPC: tablet_id: "8c64d50c490a4cb0a3b4ec5b12043ae2" candidate_uuid: "1049ad8571614ab884e62f9bf7450ef1" candidate_term: 1 candidate_status { last_received { term: 0 index: 0 } } ignore_live_leader: false dest_uuid: "4fc0cb2d7f45407ea8829c25949733c2" is_pre_election: true
I20260709 14:49:34.631218 13521 tablet_bootstrap.cc:492] T 8c64d50c490a4cb0a3b4ec5b12043ae2 P 4fc0cb2d7f45407ea8829c25949733c2: Bootstrap starting.
I20260709 14:49:34.619194 13475 tablet_service.cc:1917] Received RequestConsensusVote() RPC: tablet_id: "4d79ebc0c33e463597b1c02f0c98e3e9" candidate_uuid: "4fc0cb2d7f45407ea8829c25949733c2" candidate_term: 1 candidate_status { last_received { term: 0 index: 0 } } ignore_live_leader: false dest_uuid: "c24d3ec7435240c98d65404fac234471"
I20260709 14:49:34.631784 13477 tablet_service.cc:1917] Received RequestConsensusVote() RPC: tablet_id: "8c64d50c490a4cb0a3b4ec5b12043ae2" candidate_uuid: "1049ad8571614ab884e62f9bf7450ef1" candidate_term: 1 candidate_status { last_received { term: 0 index: 0 } } ignore_live_leader: false dest_uuid: "c24d3ec7435240c98d65404fac234471" is_pre_election: true
W20260709 14:49:34.633808 13292 leader_election.cc:343] T 4d79ebc0c33e463597b1c02f0c98e3e9 P 4fc0cb2d7f45407ea8829c25949733c2 [CANDIDATE]: Term 1 election: Tablet error from VoteRequest() call to peer c24d3ec7435240c98d65404fac234471 (127.11.238.131:44435): Illegal state: must be running to vote when last-logged opid is not known
I20260709 14:49:34.638643 13521 tablet_bootstrap.cc:654] T 8c64d50c490a4cb0a3b4ec5b12043ae2 P 4fc0cb2d7f45407ea8829c25949733c2: Neither blocks nor log segments found. Creating new log.
W20260709 14:49:34.639956 13368 leader_election.cc:343] T 8c64d50c490a4cb0a3b4ec5b12043ae2 P 1049ad8571614ab884e62f9bf7450ef1 [CANDIDATE]: Term 1 pre-election: Tablet error from VoteRequest() call to peer 4fc0cb2d7f45407ea8829c25949733c2 (127.11.238.129:35211): Illegal state: must be running to vote when last-logged opid is not known
W20260709 14:49:34.641660 13367 leader_election.cc:343] T 8c64d50c490a4cb0a3b4ec5b12043ae2 P 1049ad8571614ab884e62f9bf7450ef1 [CANDIDATE]: Term 1 pre-election: Tablet error from VoteRequest() call to peer c24d3ec7435240c98d65404fac234471 (127.11.238.131:44435): Illegal state: must be running to vote when last-logged opid is not known
I20260709 14:49:34.642298 13367 leader_election.cc:304] T 8c64d50c490a4cb0a3b4ec5b12043ae2 P 1049ad8571614ab884e62f9bf7450ef1 [CANDIDATE]: Term 1 pre-election: Election decided. Result: candidate lost. Election summary: received 3 responses out of 3 voters: 1 yes votes; 2 no votes. yes voters: 1049ad8571614ab884e62f9bf7450ef1; no voters: 4fc0cb2d7f45407ea8829c25949733c2, c24d3ec7435240c98d65404fac234471
I20260709 14:49:34.644569 13226 catalog_manager.cc:5697] T ec9200fe4bce46a8a97285b7a9a699ac P 4fc0cb2d7f45407ea8829c25949733c2 reported cstate change: term changed from 0 to 1, leader changed from <none> to 4fc0cb2d7f45407ea8829c25949733c2 (127.11.238.129). New cstate: current_term: 1 leader_uuid: "4fc0cb2d7f45407ea8829c25949733c2" committed_config { opid_index: -1 OBSOLETE_local: false peers { permanent_uuid: "4fc0cb2d7f45407ea8829c25949733c2" member_type: VOTER last_known_addr { host: "127.11.238.129" port: 35211 } health_report { overall_health: HEALTHY } } peers { permanent_uuid: "1049ad8571614ab884e62f9bf7450ef1" member_type: VOTER last_known_addr { host: "127.11.238.130" port: 33365 } health_report { overall_health: UNKNOWN } } peers { permanent_uuid: "c24d3ec7435240c98d65404fac234471" member_type: VOTER last_known_addr { host: "127.11.238.131" port: 44435 } health_report { overall_health: UNKNOWN } } }
I20260709 14:49:34.649212 13577 raft_consensus.cc:2749] T 8c64d50c490a4cb0a3b4ec5b12043ae2 P 1049ad8571614ab884e62f9bf7450ef1 [term 0 FOLLOWER]: Leader pre-election lost for term 1. Reason: could not achieve majority
I20260709 14:49:34.650622 13530 raft_consensus.cc:2804] T 4d79ebc0c33e463597b1c02f0c98e3e9 P 4fc0cb2d7f45407ea8829c25949733c2 [term 1 FOLLOWER]: Leader election won for term 1
I20260709 14:49:34.651824 13521 tablet_bootstrap.cc:492] T 8c64d50c490a4cb0a3b4ec5b12043ae2 P 4fc0cb2d7f45407ea8829c25949733c2: No bootstrap required, opened a new log
I20260709 14:49:34.652299 13521 ts_tablet_manager.cc:1403] T 8c64d50c490a4cb0a3b4ec5b12043ae2 P 4fc0cb2d7f45407ea8829c25949733c2: Time spent bootstrapping tablet: real 0.021s	user 0.011s	sys 0.000s
I20260709 14:49:34.652405 13530 raft_consensus.cc:697] T 4d79ebc0c33e463597b1c02f0c98e3e9 P 4fc0cb2d7f45407ea8829c25949733c2 [term 1 LEADER]: Becoming Leader. State: Replica: 4fc0cb2d7f45407ea8829c25949733c2, State: Running, Role: LEADER
I20260709 14:49:34.654567 13530 consensus_queue.cc:237] T 4d79ebc0c33e463597b1c02f0c98e3e9 P 4fc0cb2d7f45407ea8829c25949733c2 [LEADER]: Queue going to LEADER mode. State: All replicated index: 0, Majority replicated index: 0, Committed index: 0, Last appended: 0.0, Last appended by leader: 0, Current term: 1, Majority size: 2, State: 0, Mode: LEADER, active raft config: opid_index: -1 OBSOLETE_local: false peers { permanent_uuid: "4fc0cb2d7f45407ea8829c25949733c2" member_type: VOTER last_known_addr { host: "127.11.238.129" port: 35211 } } peers { permanent_uuid: "1049ad8571614ab884e62f9bf7450ef1" member_type: VOTER last_known_addr { host: "127.11.238.130" port: 33365 } } peers { permanent_uuid: "c24d3ec7435240c98d65404fac234471" member_type: VOTER last_known_addr { host: "127.11.238.131" port: 44435 } }
I20260709 14:49:34.656997 13521 raft_consensus.cc:359] T 8c64d50c490a4cb0a3b4ec5b12043ae2 P 4fc0cb2d7f45407ea8829c25949733c2 [term 0 FOLLOWER]: Replica starting. Triggering 0 pending ops. Active config: opid_index: -1 OBSOLETE_local: false peers { permanent_uuid: "4fc0cb2d7f45407ea8829c25949733c2" member_type: VOTER last_known_addr { host: "127.11.238.129" port: 35211 } } peers { permanent_uuid: "1049ad8571614ab884e62f9bf7450ef1" member_type: VOTER last_known_addr { host: "127.11.238.130" port: 33365 } } peers { permanent_uuid: "c24d3ec7435240c98d65404fac234471" member_type: VOTER last_known_addr { host: "127.11.238.131" port: 44435 } }
I20260709 14:49:34.657909 13521 raft_consensus.cc:385] T 8c64d50c490a4cb0a3b4ec5b12043ae2 P 4fc0cb2d7f45407ea8829c25949733c2 [term 0 FOLLOWER]: Consensus starting up: Expiring failure detector timer to make a prompt election more likely
I20260709 14:49:34.658192 13521 raft_consensus.cc:740] T 8c64d50c490a4cb0a3b4ec5b12043ae2 P 4fc0cb2d7f45407ea8829c25949733c2 [term 0 FOLLOWER]: Becoming Follower/Learner. State: Replica: 4fc0cb2d7f45407ea8829c25949733c2, State: Initialized, Role: FOLLOWER
I20260709 14:49:34.659871 13519 tablet_bootstrap.cc:492] T 343375668ffd49eeab4af3219b8e2319 P 1049ad8571614ab884e62f9bf7450ef1: No bootstrap required, opened a new log
I20260709 14:49:34.660343 13519 ts_tablet_manager.cc:1403] T 343375668ffd49eeab4af3219b8e2319 P 1049ad8571614ab884e62f9bf7450ef1: Time spent bootstrapping tablet: real 0.113s	user 0.040s	sys 0.044s
I20260709 14:49:34.661329 13521 consensus_queue.cc:260] T 8c64d50c490a4cb0a3b4ec5b12043ae2 P 4fc0cb2d7f45407ea8829c25949733c2 [NON_LEADER]: Queue going to NON_LEADER mode. State: All replicated index: 0, Majority replicated index: 0, Committed index: 0, Last appended: 0.0, Last appended by leader: 0, Current term: 0, Majority size: -1, State: 0, Mode: NON_LEADER, active raft config: opid_index: -1 OBSOLETE_local: false peers { permanent_uuid: "4fc0cb2d7f45407ea8829c25949733c2" member_type: VOTER last_known_addr { host: "127.11.238.129" port: 35211 } } peers { permanent_uuid: "1049ad8571614ab884e62f9bf7450ef1" member_type: VOTER last_known_addr { host: "127.11.238.130" port: 33365 } } peers { permanent_uuid: "c24d3ec7435240c98d65404fac234471" member_type: VOTER last_known_addr { host: "127.11.238.131" port: 44435 } }
I20260709 14:49:34.663321 13519 raft_consensus.cc:359] T 343375668ffd49eeab4af3219b8e2319 P 1049ad8571614ab884e62f9bf7450ef1 [term 0 FOLLOWER]: Replica starting. Triggering 0 pending ops. Active config: opid_index: -1 OBSOLETE_local: false peers { permanent_uuid: "4fc0cb2d7f45407ea8829c25949733c2" member_type: VOTER last_known_addr { host: "127.11.238.129" port: 35211 } } peers { permanent_uuid: "1049ad8571614ab884e62f9bf7450ef1" member_type: VOTER last_known_addr { host: "127.11.238.130" port: 33365 } } peers { permanent_uuid: "c24d3ec7435240c98d65404fac234471" member_type: VOTER last_known_addr { host: "127.11.238.131" port: 44435 } }
I20260709 14:49:34.663980 13519 raft_consensus.cc:385] T 343375668ffd49eeab4af3219b8e2319 P 1049ad8571614ab884e62f9bf7450ef1 [term 0 FOLLOWER]: Consensus starting up: Expiring failure detector timer to make a prompt election more likely
I20260709 14:49:34.664248 13519 raft_consensus.cc:740] T 343375668ffd49eeab4af3219b8e2319 P 1049ad8571614ab884e62f9bf7450ef1 [term 0 FOLLOWER]: Becoming Follower/Learner. State: Replica: 1049ad8571614ab884e62f9bf7450ef1, State: Initialized, Role: FOLLOWER
I20260709 14:49:34.664759 13521 ts_tablet_manager.cc:1434] T 8c64d50c490a4cb0a3b4ec5b12043ae2 P 4fc0cb2d7f45407ea8829c25949733c2: Time spent starting tablet: real 0.012s	user 0.008s	sys 0.000s
I20260709 14:49:34.665740 13521 tablet_bootstrap.cc:492] T 343375668ffd49eeab4af3219b8e2319 P 4fc0cb2d7f45407ea8829c25949733c2: Bootstrap starting.
I20260709 14:49:34.667834 13518 tablet_bootstrap.cc:492] T 4d79ebc0c33e463597b1c02f0c98e3e9 P c24d3ec7435240c98d65404fac234471: No bootstrap required, opened a new log
I20260709 14:49:34.668393 13518 ts_tablet_manager.cc:1403] T 4d79ebc0c33e463597b1c02f0c98e3e9 P c24d3ec7435240c98d65404fac234471: Time spent bootstrapping tablet: real 0.085s	user 0.025s	sys 0.033s
I20260709 14:49:34.671518 13521 tablet_bootstrap.cc:654] T 343375668ffd49eeab4af3219b8e2319 P 4fc0cb2d7f45407ea8829c25949733c2: Neither blocks nor log segments found. Creating new log.
I20260709 14:49:34.671283 13518 raft_consensus.cc:359] T 4d79ebc0c33e463597b1c02f0c98e3e9 P c24d3ec7435240c98d65404fac234471 [term 0 FOLLOWER]: Replica starting. Triggering 0 pending ops. Active config: opid_index: -1 OBSOLETE_local: false peers { permanent_uuid: "4fc0cb2d7f45407ea8829c25949733c2" member_type: VOTER last_known_addr { host: "127.11.238.129" port: 35211 } } peers { permanent_uuid: "1049ad8571614ab884e62f9bf7450ef1" member_type: VOTER last_known_addr { host: "127.11.238.130" port: 33365 } } peers { permanent_uuid: "c24d3ec7435240c98d65404fac234471" member_type: VOTER last_known_addr { host: "127.11.238.131" port: 44435 } }
