I20260709 14:49:11.256860 12546 consensus_queue.cc:260] T 1954bf864b5a40bba7f83d88763de167 P c953e50948c94db58cef93725b563374 [NON_LEADER]: Queue going to NON_LEADER mode. State: All replicated index: 0, Majority replicated index: 0, Committed index: 0, Last appended: 0.0, Last appended by leader: 0, Current term: 0, Majority size: -1, State: 0, Mode: NON_LEADER, active raft config: opid_index: -1 OBSOLETE_local: false peers { permanent_uuid: "c953e50948c94db58cef93725b563374" member_type: VOTER last_known_addr { host: "127.11.238.129" port: 46185 } } peers { permanent_uuid: "5959c836bb3d4e27a9630f76bbea94f6" member_type: VOTER last_known_addr { host: "127.11.238.130" port: 33883 } } peers { permanent_uuid: "0579780f2801430386ca628654d560c5" member_type: VOTER last_known_addr { host: "127.11.238.131" port: 43211 } }
I20260709 14:49:11.255024 12547 consensus_queue.cc:260] T 1954bf864b5a40bba7f83d88763de167 P 5959c836bb3d4e27a9630f76bbea94f6 [NON_LEADER]: Queue going to NON_LEADER mode. State: All replicated index: 0, Majority replicated index: 0, Committed index: 0, Last appended: 0.0, Last appended by leader: 0, Current term: 0, Majority size: -1, State: 0, Mode: NON_LEADER, active raft config: opid_index: -1 OBSOLETE_local: false peers { permanent_uuid: "c953e50948c94db58cef93725b563374" member_type: VOTER last_known_addr { host: "127.11.238.129" port: 46185 } } peers { permanent_uuid: "5959c836bb3d4e27a9630f76bbea94f6" member_type: VOTER last_known_addr { host: "127.11.238.130" port: 33883 } } peers { permanent_uuid: "0579780f2801430386ca628654d560c5" member_type: VOTER last_known_addr { host: "127.11.238.131" port: 43211 } }
I20260709 14:49:11.274585 12378 heartbeater.cc:499] Master 127.11.238.190:37049 was elected leader, sending a full tablet report...
I20260709 14:49:11.275120 12546 ts_tablet_manager.cc:1434] T 1954bf864b5a40bba7f83d88763de167 P c953e50948c94db58cef93725b563374: Time spent starting tablet: real 0.030s	user 0.015s	sys 0.001s
I20260709 14:49:11.276043 12546 tablet_bootstrap.cc:492] T cf634afe384b49c0a46f153f1411b212 P c953e50948c94db58cef93725b563374: Bootstrap starting.
I20260709 14:49:11.281723 12453 heartbeater.cc:499] Master 127.11.238.190:37049 was elected leader, sending a full tablet report...
I20260709 14:49:11.284843 12546 tablet_bootstrap.cc:654] T cf634afe384b49c0a46f153f1411b212 P c953e50948c94db58cef93725b563374: Neither blocks nor log segments found. Creating new log.
W20260709 14:49:11.286051 12379 tablet.cc:2406] T 1954bf864b5a40bba7f83d88763de167 P c953e50948c94db58cef93725b563374: Can't schedule compaction. Clean time has not been advanced past its initial value.
I20260709 14:49:11.287071 12545 tablet_bootstrap.cc:492] T ea2af0212ea64c3da08987f7d9309afe P 0579780f2801430386ca628654d560c5: No bootstrap required, opened a new log
I20260709 14:49:11.287533 12545 ts_tablet_manager.cc:1403] T ea2af0212ea64c3da08987f7d9309afe P 0579780f2801430386ca628654d560c5: Time spent bootstrapping tablet: real 0.039s	user 0.015s	sys 0.004s
I20260709 14:49:11.291999 12545 raft_consensus.cc:359] T ea2af0212ea64c3da08987f7d9309afe P 0579780f2801430386ca628654d560c5 [term 0 FOLLOWER]: Replica starting. Triggering 0 pending ops. Active config: opid_index: -1 OBSOLETE_local: false peers { permanent_uuid: "c953e50948c94db58cef93725b563374" member_type: VOTER last_known_addr { host: "127.11.238.129" port: 46185 } } peers { permanent_uuid: "5959c836bb3d4e27a9630f76bbea94f6" member_type: VOTER last_known_addr { host: "127.11.238.130" port: 33883 } } peers { permanent_uuid: "0579780f2801430386ca628654d560c5" member_type: VOTER last_known_addr { host: "127.11.238.131" port: 43211 } }
I20260709 14:49:11.292997 12545 raft_consensus.cc:385] T ea2af0212ea64c3da08987f7d9309afe P 0579780f2801430386ca628654d560c5 [term 0 FOLLOWER]: Consensus starting up: Expiring failure detector timer to make a prompt election more likely
I20260709 14:49:11.299485 12545 raft_consensus.cc:740] T ea2af0212ea64c3da08987f7d9309afe P 0579780f2801430386ca628654d560c5 [term 0 FOLLOWER]: Becoming Follower/Learner. State: Replica: 0579780f2801430386ca628654d560c5, State: Initialized, Role: FOLLOWER
I20260709 14:49:11.300575 12545 consensus_queue.cc:260] T ea2af0212ea64c3da08987f7d9309afe P 0579780f2801430386ca628654d560c5 [NON_LEADER]: Queue going to NON_LEADER mode. State: All replicated index: 0, Majority replicated index: 0, Committed index: 0, Last appended: 0.0, Last appended by leader: 0, Current term: 0, Majority size: -1, State: 0, Mode: NON_LEADER, active raft config: opid_index: -1 OBSOLETE_local: false peers { permanent_uuid: "c953e50948c94db58cef93725b563374" member_type: VOTER last_known_addr { host: "127.11.238.129" port: 46185 } } peers { permanent_uuid: "5959c836bb3d4e27a9630f76bbea94f6" member_type: VOTER last_known_addr { host: "127.11.238.130" port: 33883 } } peers { permanent_uuid: "0579780f2801430386ca628654d560c5" member_type: VOTER last_known_addr { host: "127.11.238.131" port: 43211 } }
I20260709 14:49:11.303805 12545 ts_tablet_manager.cc:1434] T ea2af0212ea64c3da08987f7d9309afe P 0579780f2801430386ca628654d560c5: Time spent starting tablet: real 0.016s	user 0.010s	sys 0.000s
I20260709 14:49:11.305023 12545 tablet_bootstrap.cc:492] T 84453adc495d4ac8bf05d55505ed3136 P 0579780f2801430386ca628654d560c5: Bootstrap starting.
I20260709 14:49:11.313400 12553 raft_consensus.cc:493] T 1954bf864b5a40bba7f83d88763de167 P c953e50948c94db58cef93725b563374 [term 0 FOLLOWER]: Starting pre-election (no leader contacted us within the election timeout)
I20260709 14:49:11.314167 12553 raft_consensus.cc:515] T 1954bf864b5a40bba7f83d88763de167 P c953e50948c94db58cef93725b563374 [term 0 FOLLOWER]: Starting pre-election with config: opid_index: -1 OBSOLETE_local: false peers { permanent_uuid: "c953e50948c94db58cef93725b563374" member_type: VOTER last_known_addr { host: "127.11.238.129" port: 46185 } } peers { permanent_uuid: "5959c836bb3d4e27a9630f76bbea94f6" member_type: VOTER last_known_addr { host: "127.11.238.130" port: 33883 } } peers { permanent_uuid: "0579780f2801430386ca628654d560c5" member_type: VOTER last_known_addr { host: "127.11.238.131" port: 43211 } }
I20260709 14:49:11.317955 12551 raft_consensus.cc:493] T ea2af0212ea64c3da08987f7d9309afe P 0579780f2801430386ca628654d560c5 [term 0 FOLLOWER]: Starting pre-election (no leader contacted us within the election timeout)
I20260709 14:49:11.318486 12551 raft_consensus.cc:515] T ea2af0212ea64c3da08987f7d9309afe P 0579780f2801430386ca628654d560c5 [term 0 FOLLOWER]: Starting pre-election with config: opid_index: -1 OBSOLETE_local: false peers { permanent_uuid: "c953e50948c94db58cef93725b563374" member_type: VOTER last_known_addr { host: "127.11.238.129" port: 46185 } } peers { permanent_uuid: "5959c836bb3d4e27a9630f76bbea94f6" member_type: VOTER last_known_addr { host: "127.11.238.130" port: 33883 } } peers { permanent_uuid: "0579780f2801430386ca628654d560c5" member_type: VOTER last_known_addr { host: "127.11.238.131" port: 43211 } }
I20260709 14:49:11.320444 12547 ts_tablet_manager.cc:1434] T 1954bf864b5a40bba7f83d88763de167 P 5959c836bb3d4e27a9630f76bbea94f6: Time spent starting tablet: real 0.074s	user 0.003s	sys 0.022s
I20260709 14:49:11.321817 12551 leader_election.cc:290] T ea2af0212ea64c3da08987f7d9309afe P 0579780f2801430386ca628654d560c5 [CANDIDATE]: Term 1 pre-election: Requested pre-vote from peers c953e50948c94db58cef93725b563374 (127.11.238.129:46185), 5959c836bb3d4e27a9630f76bbea94f6 (127.11.238.130:33883)
I20260709 14:49:11.322108 12547 tablet_bootstrap.cc:492] T 2cff83210c114181aadec43d91e7c8da P 5959c836bb3d4e27a9630f76bbea94f6: Bootstrap starting.
I20260709 14:49:11.322975 12553 leader_election.cc:290] T 1954bf864b5a40bba7f83d88763de167 P c953e50948c94db58cef93725b563374 [CANDIDATE]: Term 1 pre-election: Requested pre-vote from peers 5959c836bb3d4e27a9630f76bbea94f6 (127.11.238.130:33883), 0579780f2801430386ca628654d560c5 (127.11.238.131:43211)
I20260709 14:49:11.324384 12545 tablet_bootstrap.cc:654] T 84453adc495d4ac8bf05d55505ed3136 P 0579780f2801430386ca628654d560c5: Neither blocks nor log segments found. Creating new log.
I20260709 14:49:11.343513 12547 tablet_bootstrap.cc:654] T 2cff83210c114181aadec43d91e7c8da P 5959c836bb3d4e27a9630f76bbea94f6: Neither blocks nor log segments found. Creating new log.
I20260709 14:49:11.345319 12546 tablet_bootstrap.cc:492] T cf634afe384b49c0a46f153f1411b212 P c953e50948c94db58cef93725b563374: No bootstrap required, opened a new log
I20260709 14:49:11.353150 12546 ts_tablet_manager.cc:1403] T cf634afe384b49c0a46f153f1411b212 P c953e50948c94db58cef93725b563374: Time spent bootstrapping tablet: real 0.077s	user 0.021s	sys 0.026s
I20260709 14:49:11.365227 12546 raft_consensus.cc:359] T cf634afe384b49c0a46f153f1411b212 P c953e50948c94db58cef93725b563374 [term 0 FOLLOWER]: Replica starting. Triggering 0 pending ops. Active config: opid_index: -1 OBSOLETE_local: false peers { permanent_uuid: "c953e50948c94db58cef93725b563374" member_type: VOTER last_known_addr { host: "127.11.238.129" port: 46185 } } peers { permanent_uuid: "5959c836bb3d4e27a9630f76bbea94f6" member_type: VOTER last_known_addr { host: "127.11.238.130" port: 33883 } } peers { permanent_uuid: "0579780f2801430386ca628654d560c5" member_type: VOTER last_known_addr { host: "127.11.238.131" port: 43211 } }
I20260709 14:49:11.366274 12546 raft_consensus.cc:385] T cf634afe384b49c0a46f153f1411b212 P c953e50948c94db58cef93725b563374 [term 0 FOLLOWER]: Consensus starting up: Expiring failure detector timer to make a prompt election more likely
I20260709 14:49:11.366676 12546 raft_consensus.cc:740] T cf634afe384b49c0a46f153f1411b212 P c953e50948c94db58cef93725b563374 [term 0 FOLLOWER]: Becoming Follower/Learner. State: Replica: c953e50948c94db58cef93725b563374, State: Initialized, Role: FOLLOWER
I20260709 14:49:11.376085 12428 tablet_service.cc:1917] Received RequestConsensusVote() RPC: tablet_id: "ea2af0212ea64c3da08987f7d9309afe" candidate_uuid: "0579780f2801430386ca628654d560c5" candidate_term: 1 candidate_status { last_received { term: 0 index: 0 } } ignore_live_leader: false dest_uuid: "5959c836bb3d4e27a9630f76bbea94f6" is_pre_election: true
I20260709 14:49:11.376750 12546 consensus_queue.cc:260] T cf634afe384b49c0a46f153f1411b212 P c953e50948c94db58cef93725b563374 [NON_LEADER]: Queue going to NON_LEADER mode. State: All replicated index: 0, Majority replicated index: 0, Committed index: 0, Last appended: 0.0, Last appended by leader: 0, Current term: 0, Majority size: -1, State: 0, Mode: NON_LEADER, active raft config: opid_index: -1 OBSOLETE_local: false peers { permanent_uuid: "c953e50948c94db58cef93725b563374" member_type: VOTER last_known_addr { host: "127.11.238.129" port: 46185 } } peers { permanent_uuid: "5959c836bb3d4e27a9630f76bbea94f6" member_type: VOTER last_known_addr { host: "127.11.238.130" port: 33883 } } peers { permanent_uuid: "0579780f2801430386ca628654d560c5" member_type: VOTER last_known_addr { host: "127.11.238.131" port: 43211 } }
I20260709 14:49:11.378510 12545 tablet_bootstrap.cc:492] T 84453adc495d4ac8bf05d55505ed3136 P 0579780f2801430386ca628654d560c5: No bootstrap required, opened a new log
W20260709 14:49:11.378430 12466 leader_election.cc:343] T ea2af0212ea64c3da08987f7d9309afe P 0579780f2801430386ca628654d560c5 [CANDIDATE]: Term 1 pre-election: Tablet error from VoteRequest() call to peer 5959c836bb3d4e27a9630f76bbea94f6 (127.11.238.130:33883): Illegal state: must be running to vote when last-logged opid is not known
I20260709 14:49:11.379004 12545 ts_tablet_manager.cc:1403] T 84453adc495d4ac8bf05d55505ed3136 P 0579780f2801430386ca628654d560c5: Time spent bootstrapping tablet: real 0.074s	user 0.026s	sys 0.035s
I20260709 14:49:11.380548 12546 ts_tablet_manager.cc:1434] T cf634afe384b49c0a46f153f1411b212 P c953e50948c94db58cef93725b563374: Time spent starting tablet: real 0.027s	user 0.003s	sys 0.004s
I20260709 14:49:11.381831 12545 raft_consensus.cc:359] T 84453adc495d4ac8bf05d55505ed3136 P 0579780f2801430386ca628654d560c5 [term 0 FOLLOWER]: Replica starting. Triggering 0 pending ops. Active config: opid_index: -1 OBSOLETE_local: false peers { permanent_uuid: "c953e50948c94db58cef93725b563374" member_type: VOTER last_known_addr { host: "127.11.238.129" port: 46185 } } peers { permanent_uuid: "5959c836bb3d4e27a9630f76bbea94f6" member_type: VOTER last_known_addr { host: "127.11.238.130" port: 33883 } } peers { permanent_uuid: "0579780f2801430386ca628654d560c5" member_type: VOTER last_known_addr { host: "127.11.238.131" port: 43211 } }
I20260709 14:49:11.382548 12545 raft_consensus.cc:385] T 84453adc495d4ac8bf05d55505ed3136 P 0579780f2801430386ca628654d560c5 [term 0 FOLLOWER]: Consensus starting up: Expiring failure detector timer to make a prompt election more likely
I20260709 14:49:11.381398 12546 tablet_bootstrap.cc:492] T efe1964de17a4e91b5df69de1fcb83a1 P c953e50948c94db58cef93725b563374: Bootstrap starting.
I20260709 14:49:11.382835 12545 raft_consensus.cc:740] T 84453adc495d4ac8bf05d55505ed3136 P 0579780f2801430386ca628654d560c5 [term 0 FOLLOWER]: Becoming Follower/Learner. State: Replica: 0579780f2801430386ca628654d560c5, State: Initialized, Role: FOLLOWER
I20260709 14:49:11.383636 12545 consensus_queue.cc:260] T 84453adc495d4ac8bf05d55505ed3136 P 0579780f2801430386ca628654d560c5 [NON_LEADER]: Queue going to NON_LEADER mode. State: All replicated index: 0, Majority replicated index: 0, Committed index: 0, Last appended: 0.0, Last appended by leader: 0, Current term: 0, Majority size: -1, State: 0, Mode: NON_LEADER, active raft config: opid_index: -1 OBSOLETE_local: false peers { permanent_uuid: "c953e50948c94db58cef93725b563374" member_type: VOTER last_known_addr { host: "127.11.238.129" port: 46185 } } peers { permanent_uuid: "5959c836bb3d4e27a9630f76bbea94f6" member_type: VOTER last_known_addr { host: "127.11.238.130" port: 33883 } } peers { permanent_uuid: "0579780f2801430386ca628654d560c5" member_type: VOTER last_known_addr { host: "127.11.238.131" port: 43211 } }
I20260709 14:49:11.386008 12545 ts_tablet_manager.cc:1434] T 84453adc495d4ac8bf05d55505ed3136 P 0579780f2801430386ca628654d560c5: Time spent starting tablet: real 0.007s	user 0.002s	sys 0.004s
I20260709 14:49:11.386898 12545 tablet_bootstrap.cc:492] T 67ec6b3580714b759a6d63895fb13044 P 0579780f2801430386ca628654d560c5: Bootstrap starting.
I20260709 14:49:11.394831 12545 tablet_bootstrap.cc:654] T 67ec6b3580714b759a6d63895fb13044 P 0579780f2801430386ca628654d560c5: Neither blocks nor log segments found. Creating new log.
I20260709 14:49:11.401777 12353 tablet_service.cc:1917] Received RequestConsensusVote() RPC: tablet_id: "ea2af0212ea64c3da08987f7d9309afe" candidate_uuid: "0579780f2801430386ca628654d560c5" candidate_term: 1 candidate_status { last_received { term: 0 index: 0 } } ignore_live_leader: false dest_uuid: "c953e50948c94db58cef93725b563374" is_pre_election: true
I20260709 14:49:11.404109 12551 raft_consensus.cc:493] T 84453adc495d4ac8bf05d55505ed3136 P 0579780f2801430386ca628654d560c5 [term 0 FOLLOWER]: Starting pre-election (no leader contacted us within the election timeout)
I20260709 14:49:11.404582 12551 raft_consensus.cc:515] T 84453adc495d4ac8bf05d55505ed3136 P 0579780f2801430386ca628654d560c5 [term 0 FOLLOWER]: Starting pre-election with config: opid_index: -1 OBSOLETE_local: false peers { permanent_uuid: "c953e50948c94db58cef93725b563374" member_type: VOTER last_known_addr { host: "127.11.238.129" port: 46185 } } peers { permanent_uuid: "5959c836bb3d4e27a9630f76bbea94f6" member_type: VOTER last_known_addr { host: "127.11.238.130" port: 33883 } } peers { permanent_uuid: "0579780f2801430386ca628654d560c5" member_type: VOTER last_known_addr { host: "127.11.238.131" port: 43211 } }
I20260709 14:49:11.405351 12546 tablet_bootstrap.cc:654] T efe1964de17a4e91b5df69de1fcb83a1 P c953e50948c94db58cef93725b563374: Neither blocks nor log segments found. Creating new log.
I20260709 14:49:11.407092 12551 leader_election.cc:290] T 84453adc495d4ac8bf05d55505ed3136 P 0579780f2801430386ca628654d560c5 [CANDIDATE]: Term 1 pre-election: Requested pre-vote from peers c953e50948c94db58cef93725b563374 (127.11.238.129:46185), 5959c836bb3d4e27a9630f76bbea94f6 (127.11.238.130:33883)
W20260709 14:49:11.408587 12467 leader_election.cc:343] T ea2af0212ea64c3da08987f7d9309afe P 0579780f2801430386ca628654d560c5 [CANDIDATE]: Term 1 pre-election: Tablet error from VoteRequest() call to peer c953e50948c94db58cef93725b563374 (127.11.238.129:46185): Illegal state: must be running to vote when last-logged opid is not known
I20260709 14:49:11.409046 12467 leader_election.cc:304] T ea2af0212ea64c3da08987f7d9309afe P 0579780f2801430386ca628654d560c5 [CANDIDATE]: Term 1 pre-election: Election decided. Result: candidate lost. Election summary: received 3 responses out of 3 voters: 1 yes votes; 2 no votes. yes voters: 0579780f2801430386ca628654d560c5; no voters: 5959c836bb3d4e27a9630f76bbea94f6, c953e50948c94db58cef93725b563374
I20260709 14:49:11.409332 12428 tablet_service.cc:1917] Received RequestConsensusVote() RPC: tablet_id: "84453adc495d4ac8bf05d55505ed3136" candidate_uuid: "0579780f2801430386ca628654d560c5" candidate_term: 1 candidate_status { last_received { term: 0 index: 0 } } ignore_live_leader: false dest_uuid: "5959c836bb3d4e27a9630f76bbea94f6" is_pre_election: true
I20260709 14:49:11.410614 12551 raft_consensus.cc:2749] T ea2af0212ea64c3da08987f7d9309afe P 0579780f2801430386ca628654d560c5 [term 0 FOLLOWER]: Leader pre-election lost for term 1. Reason: could not achieve majority
I20260709 14:49:11.411937 12353 tablet_service.cc:1917] Received RequestConsensusVote() RPC: tablet_id: "84453adc495d4ac8bf05d55505ed3136" candidate_uuid: "0579780f2801430386ca628654d560c5" candidate_term: 1 candidate_status { last_received { term: 0 index: 0 } } ignore_live_leader: false dest_uuid: "c953e50948c94db58cef93725b563374" is_pre_election: true
W20260709 14:49:11.414590 12466 leader_election.cc:343] T 84453adc495d4ac8bf05d55505ed3136 P 0579780f2801430386ca628654d560c5 [CANDIDATE]: Term 1 pre-election: Tablet error from VoteRequest() call to peer 5959c836bb3d4e27a9630f76bbea94f6 (127.11.238.130:33883): Illegal state: must be running to vote when last-logged opid is not known
W20260709 14:49:11.417734 12467 leader_election.cc:343] T 84453adc495d4ac8bf05d55505ed3136 P 0579780f2801430386ca628654d560c5 [CANDIDATE]: Term 1 pre-election: Tablet error from VoteRequest() call to peer c953e50948c94db58cef93725b563374 (127.11.238.129:46185): Illegal state: must be running to vote when last-logged opid is not known
I20260709 14:49:11.418493 12467 leader_election.cc:304] T 84453adc495d4ac8bf05d55505ed3136 P 0579780f2801430386ca628654d560c5 [CANDIDATE]: Term 1 pre-election: Election decided. Result: candidate lost. Election summary: received 3 responses out of 3 voters: 1 yes votes; 2 no votes. yes voters: 0579780f2801430386ca628654d560c5; no voters: 5959c836bb3d4e27a9630f76bbea94f6, c953e50948c94db58cef93725b563374
I20260709 14:49:11.419085 12551 raft_consensus.cc:2749] T 84453adc495d4ac8bf05d55505ed3136 P 0579780f2801430386ca628654d560c5 [term 0 FOLLOWER]: Leader pre-election lost for term 1. Reason: could not achieve majority
I20260709 14:49:11.426785 12547 tablet_bootstrap.cc:492] T 2cff83210c114181aadec43d91e7c8da P 5959c836bb3d4e27a9630f76bbea94f6: No bootstrap required, opened a new log
I20260709 14:49:11.426667 12428 tablet_service.cc:1917] Received RequestConsensusVote() RPC: tablet_id: "1954bf864b5a40bba7f83d88763de167" candidate_uuid: "c953e50948c94db58cef93725b563374" candidate_term: 1 candidate_status { last_received { term: 0 index: 0 } } ignore_live_leader: false dest_uuid: "5959c836bb3d4e27a9630f76bbea94f6" is_pre_election: true
I20260709 14:49:11.427503 12547 ts_tablet_manager.cc:1403] T 2cff83210c114181aadec43d91e7c8da P 5959c836bb3d4e27a9630f76bbea94f6: Time spent bootstrapping tablet: real 0.106s	user 0.034s	sys 0.031s
I20260709 14:49:11.427734 12428 raft_consensus.cc:2468] T 1954bf864b5a40bba7f83d88763de167 P 5959c836bb3d4e27a9630f76bbea94f6 [term 0 FOLLOWER]: Leader pre-election vote request: Granting yes vote for candidate c953e50948c94db58cef93725b563374 in term 0.
I20260709 14:49:11.429358 12317 leader_election.cc:304] T 1954bf864b5a40bba7f83d88763de167 P c953e50948c94db58cef93725b563374 [CANDIDATE]: Term 1 pre-election: Election decided. Result: candidate won. Election summary: received 2 responses out of 3 voters: 2 yes votes; 0 no votes. yes voters: 5959c836bb3d4e27a9630f76bbea94f6, c953e50948c94db58cef93725b563374; no voters: 
I20260709 14:49:11.461935 12553 raft_consensus.cc:493] T cf634afe384b49c0a46f153f1411b212 P c953e50948c94db58cef93725b563374 [term 0 FOLLOWER]: Starting pre-election (no leader contacted us within the election timeout)
I20260709 14:49:11.462872 12553 raft_consensus.cc:515] T cf634afe384b49c0a46f153f1411b212 P c953e50948c94db58cef93725b563374 [term 0 FOLLOWER]: Starting pre-election with config: opid_index: -1 OBSOLETE_local: false peers { permanent_uuid: "c953e50948c94db58cef93725b563374" member_type: VOTER last_known_addr { host: "127.11.238.129" port: 46185 } } peers { permanent_uuid: "5959c836bb3d4e27a9630f76bbea94f6" member_type: VOTER last_known_addr { host: "127.11.238.130" port: 33883 } } peers { permanent_uuid: "0579780f2801430386ca628654d560c5" member_type: VOTER last_known_addr { host: "127.11.238.131" port: 43211 } }
I20260709 14:49:11.462493 12551 raft_consensus.cc:493] T 204100dab91e4885abdbd8dab99addc8 P 0579780f2801430386ca628654d560c5 [term 0 FOLLOWER]: Starting pre-election (no leader contacted us within the election timeout)
I20260709 14:49:11.469635 12551 raft_consensus.cc:515] T 204100dab91e4885abdbd8dab99addc8 P 0579780f2801430386ca628654d560c5 [term 0 FOLLOWER]: Starting pre-election with config: opid_index: -1 OBSOLETE_local: false peers { permanent_uuid: "0579780f2801430386ca628654d560c5" member_type: VOTER last_known_addr { host: "127.11.238.131" port: 43211 } } peers { permanent_uuid: "c953e50948c94db58cef93725b563374" member_type: VOTER last_known_addr { host: "127.11.238.129" port: 46185 } } peers { permanent_uuid: "5959c836bb3d4e27a9630f76bbea94f6" member_type: VOTER last_known_addr { host: "127.11.238.130" port: 33883 } }
I20260709 14:49:11.474681 12553 leader_election.cc:290] T cf634afe384b49c0a46f153f1411b212 P c953e50948c94db58cef93725b563374 [CANDIDATE]: Term 1 pre-election: Requested pre-vote from peers 5959c836bb3d4e27a9630f76bbea94f6 (127.11.238.130:33883), 0579780f2801430386ca628654d560c5 (127.11.238.131:43211)
I20260709 14:49:11.474455 12547 raft_consensus.cc:359] T 2cff83210c114181aadec43d91e7c8da P 5959c836bb3d4e27a9630f76bbea94f6 [term 0 FOLLOWER]: Replica starting. Triggering 0 pending ops. Active config: opid_index: -1 OBSOLETE_local: false peers { permanent_uuid: "c953e50948c94db58cef93725b563374" member_type: VOTER last_known_addr { host: "127.11.238.129" port: 46185 } } peers { permanent_uuid: "5959c836bb3d4e27a9630f76bbea94f6" member_type: VOTER last_known_addr { host: "127.11.238.130" port: 33883 } } peers { permanent_uuid: "0579780f2801430386ca628654d560c5" member_type: VOTER last_known_addr { host: "127.11.238.131" port: 43211 } }
I20260709 14:49:11.475208 12553 raft_consensus.cc:2804] T 1954bf864b5a40bba7f83d88763de167 P c953e50948c94db58cef93725b563374 [term 0 FOLLOWER]: Leader pre-election won for term 1
I20260709 14:49:11.475661 12553 raft_consensus.cc:493] T 1954bf864b5a40bba7f83d88763de167 P c953e50948c94db58cef93725b563374 [term 0 FOLLOWER]: Starting leader election (no leader contacted us within the election timeout)
I20260709 14:49:11.477566 12553 raft_consensus.cc:3060] T 1954bf864b5a40bba7f83d88763de167 P c953e50948c94db58cef93725b563374 [term 0 FOLLOWER]: Advancing to term 1
I20260709 14:49:11.478950 12545 tablet_bootstrap.cc:492] T 67ec6b3580714b759a6d63895fb13044 P 0579780f2801430386ca628654d560c5: No bootstrap required, opened a new log
I20260709 14:49:11.479307 12551 leader_election.cc:290] T 204100dab91e4885abdbd8dab99addc8 P 0579780f2801430386ca628654d560c5 [CANDIDATE]: Term 1 pre-election: Requested pre-vote from peers c953e50948c94db58cef93725b563374 (127.11.238.129:46185), 5959c836bb3d4e27a9630f76bbea94f6 (127.11.238.130:33883)
I20260709 14:49:11.479537 12353 tablet_service.cc:1917] Received RequestConsensusVote() RPC: tablet_id: "204100dab91e4885abdbd8dab99addc8" candidate_uuid: "0579780f2801430386ca628654d560c5" candidate_term: 1 candidate_status { last_received { term: 0 index: 0 } } ignore_live_leader: false dest_uuid: "c953e50948c94db58cef93725b563374" is_pre_election: true
I20260709 14:49:11.479772 12545 ts_tablet_manager.cc:1403] T 67ec6b3580714b759a6d63895fb13044 P 0579780f2801430386ca628654d560c5: Time spent bootstrapping tablet: real 0.093s	user 0.020s	sys 0.029s
I20260709 14:49:11.480290 12428 tablet_service.cc:1917] Received RequestConsensusVote() RPC: tablet_id: "204100dab91e4885abdbd8dab99addc8" candidate_uuid: "0579780f2801430386ca628654d560c5" candidate_term: 1 candidate_status { last_received { term: 0 index: 0 } } ignore_live_leader: false dest_uuid: "5959c836bb3d4e27a9630f76bbea94f6" is_pre_election: true
W20260709 14:49:11.481086 12467 leader_election.cc:343] T 204100dab91e4885abdbd8dab99addc8 P 0579780f2801430386ca628654d560c5 [CANDIDATE]: Term 1 pre-election: Tablet error from VoteRequest() call to peer c953e50948c94db58cef93725b563374 (127.11.238.129:46185): Illegal state: must be running to vote when last-logged opid is not known
W20260709 14:49:11.481927 12466 leader_election.cc:343] T 204100dab91e4885abdbd8dab99addc8 P 0579780f2801430386ca628654d560c5 [CANDIDATE]: Term 1 pre-election: Tablet error from VoteRequest() call to peer 5959c836bb3d4e27a9630f76bbea94f6 (127.11.238.130:33883): Illegal state: must be running to vote when last-logged opid is not known
I20260709 14:49:11.482115 12546 tablet_bootstrap.cc:492] T efe1964de17a4e91b5df69de1fcb83a1 P c953e50948c94db58cef93725b563374: No bootstrap required, opened a new log
W20260709 14:49:11.482071 12317 outbound_call.cc:321] RPC callback for RPC call kudu.consensus.ConsensusService.RequestConsensusVote -> {remote=127.11.238.130:33883, user_credentials={real_user=slave}} blocked reactor thread for 52982.3us
I20260709 14:49:11.477218 12547 raft_consensus.cc:385] T 2cff83210c114181aadec43d91e7c8da P 5959c836bb3d4e27a9630f76bbea94f6 [term 0 FOLLOWER]: Consensus starting up: Expiring failure detector timer to make a prompt election more likely
I20260709 14:49:11.482372 12466 leader_election.cc:304] T 204100dab91e4885abdbd8dab99addc8 P 0579780f2801430386ca628654d560c5 [CANDIDATE]: Term 1 pre-election: Election decided. Result: candidate lost. Election summary: received 3 responses out of 3 voters: 1 yes votes; 2 no votes. yes voters: 0579780f2801430386ca628654d560c5; no voters: 5959c836bb3d4e27a9630f76bbea94f6, c953e50948c94db58cef93725b563374
I20260709 14:49:11.482657 12546 ts_tablet_manager.cc:1403] T efe1964de17a4e91b5df69de1fcb83a1 P c953e50948c94db58cef93725b563374: Time spent bootstrapping tablet: real 0.101s	user 0.013s	sys 0.015s
I20260709 14:49:11.483767 12428 tablet_service.cc:1917] Received RequestConsensusVote() RPC: tablet_id: "cf634afe384b49c0a46f153f1411b212" candidate_uuid: "c953e50948c94db58cef93725b563374" candidate_term: 1 candidate_status { last_received { term: 0 index: 0 } } ignore_live_leader: false dest_uuid: "5959c836bb3d4e27a9630f76bbea94f6" is_pre_election: true
I20260709 14:49:11.487684 12551 raft_consensus.cc:2749] T 204100dab91e4885abdbd8dab99addc8 P 0579780f2801430386ca628654d560c5 [term 0 FOLLOWER]: Leader pre-election lost for term 1. Reason: could not achieve majority
I20260709 14:49:11.484866 12502 tablet_service.cc:1917] Received RequestConsensusVote() RPC: tablet_id: "1954bf864b5a40bba7f83d88763de167" candidate_uuid: "c953e50948c94db58cef93725b563374" candidate_term: 1 candidate_status { last_received { term: 0 index: 0 } } ignore_live_leader: false dest_uuid: "0579780f2801430386ca628654d560c5" is_pre_election: true
I20260709 14:49:11.487480 12547 raft_consensus.cc:740] T 2cff83210c114181aadec43d91e7c8da P 5959c836bb3d4e27a9630f76bbea94f6 [term 0 FOLLOWER]: Becoming Follower/Learner. State: Replica: 5959c836bb3d4e27a9630f76bbea94f6, State: Initialized, Role: FOLLOWER
W20260709 14:49:11.488320 12317 leader_election.cc:343] T cf634afe384b49c0a46f153f1411b212 P c953e50948c94db58cef93725b563374 [CANDIDATE]: Term 1 pre-election: Tablet error from VoteRequest() call to peer 5959c836bb3d4e27a9630f76bbea94f6 (127.11.238.130:33883): Illegal state: must be running to vote when last-logged opid is not known
I20260709 14:49:11.488969 12547 consensus_queue.cc:260] T 2cff83210c114181aadec43d91e7c8da P 5959c836bb3d4e27a9630f76bbea94f6 [NON_LEADER]: Queue going to NON_LEADER mode. State: All replicated index: 0, Majority replicated index: 0, Committed index: 0, Last appended: 0.0, Last appended by leader: 0, Current term: 0, Majority size: -1, State: 0, Mode: NON_LEADER, active raft config: opid_index: -1 OBSOLETE_local: false peers { permanent_uuid: "c953e50948c94db58cef93725b563374" member_type: VOTER last_known_addr { host: "127.11.238.129" port: 46185 } } peers { permanent_uuid: "5959c836bb3d4e27a9630f76bbea94f6" member_type: VOTER last_known_addr { host: "127.11.238.130" port: 33883 } } peers { permanent_uuid: "0579780f2801430386ca628654d560c5" member_type: VOTER last_known_addr { host: "127.11.238.131" port: 43211 } }
W20260709 14:49:11.489406 12317 leader_election.cc:343] T 1954bf864b5a40bba7f83d88763de167 P c953e50948c94db58cef93725b563374 [CANDIDATE]: Term 1 pre-election: Tablet error from VoteRequest() call to peer 0579780f2801430386ca628654d560c5 (127.11.238.131:43211): Illegal state: must be running to vote when last-logged opid is not known
I20260709 14:49:11.490578 12546 raft_consensus.cc:359] T efe1964de17a4e91b5df69de1fcb83a1 P c953e50948c94db58cef93725b563374 [term 0 FOLLOWER]: Replica starting. Triggering 0 pending ops. Active config: opid_index: -1 OBSOLETE_local: false peers { permanent_uuid: "c953e50948c94db58cef93725b563374" member_type: VOTER last_known_addr { host: "127.11.238.129" port: 46185 } } peers { permanent_uuid: "5959c836bb3d4e27a9630f76bbea94f6" member_type: VOTER last_known_addr { host: "127.11.238.130" port: 33883 } } peers { permanent_uuid: "0579780f2801430386ca628654d560c5" member_type: VOTER last_known_addr { host: "127.11.238.131" port: 43211 } }
I20260709 14:49:11.491113 12547 ts_tablet_manager.cc:1434] T 2cff83210c114181aadec43d91e7c8da P 5959c836bb3d4e27a9630f76bbea94f6: Time spent starting tablet: real 0.063s	user 0.005s	sys 0.004s
I20260709 14:49:11.491256 12546 raft_consensus.cc:385] T efe1964de17a4e91b5df69de1fcb83a1 P c953e50948c94db58cef93725b563374 [term 0 FOLLOWER]: Consensus starting up: Expiring failure detector timer to make a prompt election more likely
I20260709 14:49:11.491578 12546 raft_consensus.cc:740] T efe1964de17a4e91b5df69de1fcb83a1 P c953e50948c94db58cef93725b563374 [term 0 FOLLOWER]: Becoming Follower/Learner. State: Replica: c953e50948c94db58cef93725b563374, State: Initialized, Role: FOLLOWER
I20260709 14:49:11.485431 12545 raft_consensus.cc:359] T 67ec6b3580714b759a6d63895fb13044 P 0579780f2801430386ca628654d560c5 [term 0 FOLLOWER]: Replica starting. Triggering 0 pending ops. Active config: opid_index: -1 OBSOLETE_local: false peers { permanent_uuid: "c953e50948c94db58cef93725b563374" member_type: VOTER last_known_addr { host: "127.11.238.129" port: 46185 } } peers { permanent_uuid: "5959c836bb3d4e27a9630f76bbea94f6" member_type: VOTER last_known_addr { host: "127.11.238.130" port: 33883 } } peers { permanent_uuid: "0579780f2801430386ca628654d560c5" member_type: VOTER last_known_addr { host: "127.11.238.131" port: 43211 } }
I20260709 14:49:11.486382 12501 tablet_service.cc:1917] Received RequestConsensusVote() RPC: tablet_id: "cf634afe384b49c0a46f153f1411b212" candidate_uuid: "c953e50948c94db58cef93725b563374" candidate_term: 1 candidate_status { last_received { term: 0 index: 0 } } ignore_live_leader: false dest_uuid: "0579780f2801430386ca628654d560c5" is_pre_election: true
I20260709 14:49:11.486768 12553 raft_consensus.cc:515] T 1954bf864b5a40bba7f83d88763de167 P c953e50948c94db58cef93725b563374 [term 1 FOLLOWER]: Starting leader election with config: opid_index: -1 OBSOLETE_local: false peers { permanent_uuid: "c953e50948c94db58cef93725b563374" member_type: VOTER last_known_addr { host: "127.11.238.129" port: 46185 } } peers { permanent_uuid: "5959c836bb3d4e27a9630f76bbea94f6" member_type: VOTER last_known_addr { host: "127.11.238.130" port: 33883 } } peers { permanent_uuid: "0579780f2801430386ca628654d560c5" member_type: VOTER last_known_addr { host: "127.11.238.131" port: 43211 } }
I20260709 14:49:11.492197 12547 tablet_bootstrap.cc:492] T 204100dab91e4885abdbd8dab99addc8 P 5959c836bb3d4e27a9630f76bbea94f6: Bootstrap starting.
I20260709 14:49:11.492429 12546 consensus_queue.cc:260] T efe1964de17a4e91b5df69de1fcb83a1 P c953e50948c94db58cef93725b563374 [NON_LEADER]: Queue going to NON_LEADER mode. State: All replicated index: 0, Majority replicated index: 0, Committed index: 0, Last appended: 0.0, Last appended by leader: 0, Current term: 0, Majority size: -1, State: 0, Mode: NON_LEADER, active raft config: opid_index: -1 OBSOLETE_local: false peers { permanent_uuid: "c953e50948c94db58cef93725b563374" member_type: VOTER last_known_addr { host: "127.11.238.129" port: 46185 } } peers { permanent_uuid: "5959c836bb3d4e27a9630f76bbea94f6" member_type: VOTER last_known_addr { host: "127.11.238.130" port: 33883 } } peers { permanent_uuid: "0579780f2801430386ca628654d560c5" member_type: VOTER last_known_addr { host: "127.11.238.131" port: 43211 } }
I20260709 14:49:11.492578 12545 raft_consensus.cc:385] T 67ec6b3580714b759a6d63895fb13044 P 0579780f2801430386ca628654d560c5 [term 0 FOLLOWER]: Consensus starting up: Expiring failure detector timer to make a prompt election more likely
I20260709 14:49:11.496526 12545 raft_consensus.cc:740] T 67ec6b3580714b759a6d63895fb13044 P 0579780f2801430386ca628654d560c5 [term 0 FOLLOWER]: Becoming Follower/Learner. State: Replica: 0579780f2801430386ca628654d560c5, State: Initialized, Role: FOLLOWER
I20260709 14:49:11.496059 12501 tablet_service.cc:1917] Received RequestConsensusVote() RPC: tablet_id: "1954bf864b5a40bba7f83d88763de167" candidate_uuid: "c953e50948c94db58cef93725b563374" candidate_term: 1 candidate_status { last_received { term: 0 index: 0 } } ignore_live_leader: false dest_uuid: "0579780f2801430386ca628654d560c5"
I20260709 14:49:11.497437 12428 tablet_service.cc:1917] Received RequestConsensusVote() RPC: tablet_id: "1954bf864b5a40bba7f83d88763de167" candidate_uuid: "c953e50948c94db58cef93725b563374" candidate_term: 1 candidate_status { last_received { term: 0 index: 0 } } ignore_live_leader: false dest_uuid: "5959c836bb3d4e27a9630f76bbea94f6"
I20260709 14:49:11.497967 12428 raft_consensus.cc:3060] T 1954bf864b5a40bba7f83d88763de167 P 5959c836bb3d4e27a9630f76bbea94f6 [term 0 FOLLOWER]: Advancing to term 1
I20260709 14:49:11.494908 12553 leader_election.cc:290] T 1954bf864b5a40bba7f83d88763de167 P c953e50948c94db58cef93725b563374 [CANDIDATE]: Term 1 election: Requested vote from peers 5959c836bb3d4e27a9630f76bbea94f6 (127.11.238.130:33883), 0579780f2801430386ca628654d560c5 (127.11.238.131:43211)
I20260709 14:49:11.496969 12546 ts_tablet_manager.cc:1434] T efe1964de17a4e91b5df69de1fcb83a1 P c953e50948c94db58cef93725b563374: Time spent starting tablet: real 0.009s	user 0.006s	sys 0.000s
W20260709 14:49:11.497169 12317 leader_election.cc:343] T cf634afe384b49c0a46f153f1411b212 P c953e50948c94db58cef93725b563374 [CANDIDATE]: Term 1 pre-election: Tablet error from VoteRequest() call to peer 0579780f2801430386ca628654d560c5 (127.11.238.131:43211): Illegal state: must be running to vote when last-logged opid is not known
I20260709 14:49:11.499850 12546 tablet_bootstrap.cc:492] T 204100dab91e4885abdbd8dab99addc8 P c953e50948c94db58cef93725b563374: Bootstrap starting.
I20260709 14:49:11.500012 12317 leader_election.cc:304] T cf634afe384b49c0a46f153f1411b212 P c953e50948c94db58cef93725b563374 [CANDIDATE]: Term 1 pre-election: Election decided. Result: candidate lost. Election summary: received 3 responses out of 3 voters: 1 yes votes; 2 no votes. yes voters: c953e50948c94db58cef93725b563374; no voters: 0579780f2801430386ca628654d560c5, 5959c836bb3d4e27a9630f76bbea94f6
I20260709 14:49:11.499236 12545 consensus_queue.cc:260] T 67ec6b3580714b759a6d63895fb13044 P 0579780f2801430386ca628654d560c5 [NON_LEADER]: Queue going to NON_LEADER mode. State: All replicated index: 0, Majority replicated index: 0, Committed index: 0, Last appended: 0.0, Last appended by leader: 0, Current term: 0, Majority size: -1, State: 0, Mode: NON_LEADER, active raft config: opid_index: -1 OBSOLETE_local: false peers { permanent_uuid: "c953e50948c94db58cef93725b563374" member_type: VOTER last_known_addr { host: "127.11.238.129" port: 46185 } } peers { permanent_uuid: "5959c836bb3d4e27a9630f76bbea94f6" member_type: VOTER last_known_addr { host: "127.11.238.130" port: 33883 } } peers { permanent_uuid: "0579780f2801430386ca628654d560c5" member_type: VOTER last_known_addr { host: "127.11.238.131" port: 43211 } }
I20260709 14:49:11.502187 12553 raft_consensus.cc:2749] T cf634afe384b49c0a46f153f1411b212 P c953e50948c94db58cef93725b563374 [term 0 FOLLOWER]: Leader pre-election lost for term 1. Reason: could not achieve majority
I20260709 14:49:11.506441 12545 ts_tablet_manager.cc:1434] T 67ec6b3580714b759a6d63895fb13044 P 0579780f2801430386ca628654d560c5: Time spent starting tablet: real 0.023s	user 0.001s	sys 0.005s
I20260709 14:49:11.509246 12545 tablet_bootstrap.cc:492] T cf634afe384b49c0a46f153f1411b212 P 0579780f2801430386ca628654d560c5: Bootstrap starting.
I20260709 14:49:11.511206 12428 raft_consensus.cc:2468] T 1954bf864b5a40bba7f83d88763de167 P 5959c836bb3d4e27a9630f76bbea94f6 [term 1 FOLLOWER]: Leader election vote request: Granting yes vote for candidate c953e50948c94db58cef93725b563374 in term 1.
I20260709 14:49:11.515863 12545 tablet_bootstrap.cc:654] T cf634afe384b49c0a46f153f1411b212 P 0579780f2801430386ca628654d560c5: Neither blocks nor log segments found. Creating new log.
I20260709 14:49:11.516063 12546 tablet_bootstrap.cc:654] T 204100dab91e4885abdbd8dab99addc8 P c953e50948c94db58cef93725b563374: Neither blocks nor log segments found. Creating new log.
W20260709 14:49:11.507817 12317 leader_election.cc:343] T 1954bf864b5a40bba7f83d88763de167 P c953e50948c94db58cef93725b563374 [CANDIDATE]: Term 1 election: Tablet error from VoteRequest() call to peer 0579780f2801430386ca628654d560c5 (127.11.238.131:43211): Illegal state: must be running to vote when last-logged opid is not known
I20260709 14:49:11.519862 12317 leader_election.cc:304] T 1954bf864b5a40bba7f83d88763de167 P c953e50948c94db58cef93725b563374 [CANDIDATE]: Term 1 election: Election decided. Result: candidate won. Election summary: received 3 responses out of 3 voters: 2 yes votes; 1 no votes. yes voters: 5959c836bb3d4e27a9630f76bbea94f6, c953e50948c94db58cef93725b563374; no voters: 0579780f2801430386ca628654d560c5
I20260709 14:49:11.520586 12547 tablet_bootstrap.cc:654] T 204100dab91e4885abdbd8dab99addc8 P 5959c836bb3d4e27a9630f76bbea94f6: Neither blocks nor log segments found. Creating new log.
I20260709 14:49:11.520733 12553 raft_consensus.cc:2804] T 1954bf864b5a40bba7f83d88763de167 P c953e50948c94db58cef93725b563374 [term 1 FOLLOWER]: Leader election won for term 1
I20260709 14:49:11.521275 12553 raft_consensus.cc:697] T 1954bf864b5a40bba7f83d88763de167 P c953e50948c94db58cef93725b563374 [term 1 LEADER]: Becoming Leader. State: Replica: c953e50948c94db58cef93725b563374, State: Running, Role: LEADER
I20260709 14:49:11.522115 12553 consensus_queue.cc:237] T 1954bf864b5a40bba7f83d88763de167 P c953e50948c94db58cef93725b563374 [LEADER]: Queue going to LEADER mode. State: All replicated index: 0, Majority replicated index: 0, Committed index: 0, Last appended: 0.0, Last appended by leader: 0, Current term: 1, Majority size: 2, State: 0, Mode: LEADER, active raft config: opid_index: -1 OBSOLETE_local: false peers { permanent_uuid: "c953e50948c94db58cef93725b563374" member_type: VOTER last_known_addr { host: "127.11.238.129" port: 46185 } } peers { permanent_uuid: "5959c836bb3d4e27a9630f76bbea94f6" member_type: VOTER last_known_addr { host: "127.11.238.130" port: 33883 } } peers { permanent_uuid: "0579780f2801430386ca628654d560c5" member_type: VOTER last_known_addr { host: "127.11.238.131" port: 43211 } }
I20260709 14:49:11.530058 12546 tablet_bootstrap.cc:492] T 204100dab91e4885abdbd8dab99addc8 P c953e50948c94db58cef93725b563374: No bootstrap required, opened a new log
I20260709 14:49:11.530668 12546 ts_tablet_manager.cc:1403] T 204100dab91e4885abdbd8dab99addc8 P c953e50948c94db58cef93725b563374: Time spent bootstrapping tablet: real 0.031s	user 0.010s	sys 0.004s
I20260709 14:49:11.533079 12547 tablet_bootstrap.cc:492] T 204100dab91e4885abdbd8dab99addc8 P 5959c836bb3d4e27a9630f76bbea94f6: No bootstrap required, opened a new log
I20260709 14:49:11.535004 12546 raft_consensus.cc:359] T 204100dab91e4885abdbd8dab99addc8 P c953e50948c94db58cef93725b563374 [term 0 FOLLOWER]: Replica starting. Triggering 0 pending ops. Active config: opid_index: -1 OBSOLETE_local: false peers { permanent_uuid: "0579780f2801430386ca628654d560c5" member_type: VOTER last_known_addr { host: "127.11.238.131" port: 43211 } } peers { permanent_uuid: "c953e50948c94db58cef93725b563374" member_type: VOTER last_known_addr { host: "127.11.238.129" port: 46185 } } peers { permanent_uuid: "5959c836bb3d4e27a9630f76bbea94f6" member_type: VOTER last_known_addr { host: "127.11.238.130" port: 33883 } }
I20260709 14:49:11.536089 12546 raft_consensus.cc:385] T 204100dab91e4885abdbd8dab99addc8 P c953e50948c94db58cef93725b563374 [term 0 FOLLOWER]: Consensus starting up: Expiring failure detector timer to make a prompt election more likely
I20260709 14:49:11.536552 12546 raft_consensus.cc:740] T 204100dab91e4885abdbd8dab99addc8 P c953e50948c94db58cef93725b563374 [term 0 FOLLOWER]: Becoming Follower/Learner. State: Replica: c953e50948c94db58cef93725b563374, State: Initialized, Role: FOLLOWER
I20260709 14:49:11.537302 12547 ts_tablet_manager.cc:1403] T 204100dab91e4885abdbd8dab99addc8 P 5959c836bb3d4e27a9630f76bbea94f6: Time spent bootstrapping tablet: real 0.044s	user 0.013s	sys 0.002s
I20260709 14:49:11.538951 12546 consensus_queue.cc:260] T 204100dab91e4885abdbd8dab99addc8 P c953e50948c94db58cef93725b563374 [NON_LEADER]: Queue going to NON_LEADER mode. State: All replicated index: 0, Majority replicated index: 0, Committed index: 0, Last appended: 0.0, Last appended by leader: 0, Current term: 0, Majority size: -1, State: 0, Mode: NON_LEADER, active raft config: opid_index: -1 OBSOLETE_local: false peers { permanent_uuid: "0579780f2801430386ca628654d560c5" member_type: VOTER last_known_addr { host: "127.11.238.131" port: 43211 } } peers { permanent_uuid: "c953e50948c94db58cef93725b563374" member_type: VOTER last_known_addr { host: "127.11.238.129" port: 46185 } } peers { permanent_uuid: "5959c836bb3d4e27a9630f76bbea94f6" member_type: VOTER last_known_addr { host: "127.11.238.130" port: 33883 } }
I20260709 14:49:11.541347 12546 ts_tablet_manager.cc:1434] T 204100dab91e4885abdbd8dab99addc8 P c953e50948c94db58cef93725b563374: Time spent starting tablet: real 0.010s	user 0.005s	sys 0.001s
I20260709 14:49:11.541149 12547 raft_consensus.cc:359] T 204100dab91e4885abdbd8dab99addc8 P 5959c836bb3d4e27a9630f76bbea94f6 [term 0 FOLLOWER]: Replica starting. Triggering 0 pending ops. Active config: opid_index: -1 OBSOLETE_local: false peers { permanent_uuid: "0579780f2801430386ca628654d560c5" member_type: VOTER last_known_addr { host: "127.11.238.131" port: 43211 } } peers { permanent_uuid: "c953e50948c94db58cef93725b563374" member_type: VOTER last_known_addr { host: "127.11.238.129" port: 46185 } } peers { permanent_uuid: "5959c836bb3d4e27a9630f76bbea94f6" member_type: VOTER last_known_addr { host: "127.11.238.130" port: 33883 } }
I20260709 14:49:11.542088 12547 raft_consensus.cc:385] T 204100dab91e4885abdbd8dab99addc8 P 5959c836bb3d4e27a9630f76bbea94f6 [term 0 FOLLOWER]: Consensus starting up: Expiring failure detector timer to make a prompt election more likely
I20260709 14:49:11.542459 12546 tablet_bootstrap.cc:492] T ea2af0212ea64c3da08987f7d9309afe P c953e50948c94db58cef93725b563374: Bootstrap starting.
I20260709 14:49:11.542563 12547 raft_consensus.cc:740] T 204100dab91e4885abdbd8dab99addc8 P 5959c836bb3d4e27a9630f76bbea94f6 [term 0 FOLLOWER]: Becoming Follower/Learner. State: Replica: 5959c836bb3d4e27a9630f76bbea94f6, State: Initialized, Role: FOLLOWER
I20260709 14:49:11.546245 12547 consensus_queue.cc:260] T 204100dab91e4885abdbd8dab99addc8 P 5959c836bb3d4e27a9630f76bbea94f6 [NON_LEADER]: Queue going to NON_LEADER mode. State: All replicated index: 0, Majority replicated index: 0, Committed index: 0, Last appended: 0.0, Last appended by leader: 0, Current term: 0, Majority size: -1, State: 0, Mode: NON_LEADER, active raft config: opid_index: -1 OBSOLETE_local: false peers { permanent_uuid: "0579780f2801430386ca628654d560c5" member_type: VOTER last_known_addr { host: "127.11.238.131" port: 43211 } } peers { permanent_uuid: "c953e50948c94db58cef93725b563374" member_type: VOTER last_known_addr { host: "127.11.238.129" port: 46185 } } peers { permanent_uuid: "5959c836bb3d4e27a9630f76bbea94f6" member_type: VOTER last_known_addr { host: "127.11.238.130" port: 33883 } }
I20260709 14:49:11.545919 12248 catalog_manager.cc:5697] T 1954bf864b5a40bba7f83d88763de167 P c953e50948c94db58cef93725b563374 reported cstate change: term changed from 0 to 1, leader changed from <none> to c953e50948c94db58cef93725b563374 (127.11.238.129). New cstate: current_term: 1 leader_uuid: "c953e50948c94db58cef93725b563374" committed_config { opid_index: -1 OBSOLETE_local: false peers { permanent_uuid: "c953e50948c94db58cef93725b563374" member_type: VOTER last_known_addr { host: "127.11.238.129" port: 46185 } health_report { overall_health: HEALTHY } } peers { permanent_uuid: "5959c836bb3d4e27a9630f76bbea94f6" member_type: VOTER last_known_addr { host: "127.11.238.130" port: 33883 } health_report { overall_health: UNKNOWN } } peers { permanent_uuid: "0579780f2801430386ca628654d560c5" member_type: VOTER last_known_addr { host: "127.11.238.131" port: 43211 } health_report { overall_health: UNKNOWN } } }
I20260709 14:49:11.549341 12545 tablet_bootstrap.cc:492] T cf634afe384b49c0a46f153f1411b212 P 0579780f2801430386ca628654d560c5: No bootstrap required, opened a new log
I20260709 14:49:11.551936 12545 ts_tablet_manager.cc:1403] T cf634afe384b49c0a46f153f1411b212 P 0579780f2801430386ca628654d560c5: Time spent bootstrapping tablet: real 0.043s	user 0.020s	sys 0.000s
I20260709 14:49:11.552894 12546 tablet_bootstrap.cc:654] T ea2af0212ea64c3da08987f7d9309afe P c953e50948c94db58cef93725b563374: Neither blocks nor log segments found. Creating new log.
I20260709 14:49:11.556887 12547 ts_tablet_manager.cc:1434] T 204100dab91e4885abdbd8dab99addc8 P 5959c836bb3d4e27a9630f76bbea94f6: Time spent starting tablet: real 0.019s	user 0.006s	sys 0.000s
I20260709 14:49:11.557909 12547 tablet_bootstrap.cc:492] T cf634afe384b49c0a46f153f1411b212 P 5959c836bb3d4e27a9630f76bbea94f6: Bootstrap starting.
I20260709 14:49:11.564164 12547 tablet_bootstrap.cc:654] T cf634afe384b49c0a46f153f1411b212 P 5959c836bb3d4e27a9630f76bbea94f6: Neither blocks nor log segments found. Creating new log.
I20260709 14:49:11.554997 12545 raft_consensus.cc:359] T cf634afe384b49c0a46f153f1411b212 P 0579780f2801430386ca628654d560c5 [term 0 FOLLOWER]: Replica starting. Triggering 0 pending ops. Active config: opid_index: -1 OBSOLETE_local: false peers { permanent_uuid: "c953e50948c94db58cef93725b563374" member_type: VOTER last_known_addr { host: "127.11.238.129" port: 46185 } } peers { permanent_uuid: "5959c836bb3d4e27a9630f76bbea94f6" member_type: VOTER last_known_addr { host: "127.11.238.130" port: 33883 } } peers { permanent_uuid: "0579780f2801430386ca628654d560c5" member_type: VOTER last_known_addr { host: "127.11.238.131" port: 43211 } }
I20260709 14:49:11.565292 12546 tablet_bootstrap.cc:492] T ea2af0212ea64c3da08987f7d9309afe P c953e50948c94db58cef93725b563374: No bootstrap required, opened a new log
I20260709 14:49:11.565654 12545 raft_consensus.cc:385] T cf634afe384b49c0a46f153f1411b212 P 0579780f2801430386ca628654d560c5 [term 0 FOLLOWER]: Consensus starting up: Expiring failure detector timer to make a prompt election more likely
I20260709 14:49:11.566005 12545 raft_consensus.cc:740] T cf634afe384b49c0a46f153f1411b212 P 0579780f2801430386ca628654d560c5 [term 0 FOLLOWER]: Becoming Follower/Learner. State: Replica: 0579780f2801430386ca628654d560c5, State: Initialized, Role: FOLLOWER
I20260709 14:49:11.566969 12545 consensus_queue.cc:260] T cf634afe384b49c0a46f153f1411b212 P 0579780f2801430386ca628654d560c5 [NON_LEADER]: Queue going to NON_LEADER mode. State: All replicated index: 0, Majority replicated index: 0, Committed index: 0, Last appended: 0.0, Last appended by leader: 0, Current term: 0, Majority size: -1, State: 0, Mode: NON_LEADER, active raft config: opid_index: -1 OBSOLETE_local: false peers { permanent_uuid: "c953e50948c94db58cef93725b563374" member_type: VOTER last_known_addr { host: "127.11.238.129" port: 46185 } } peers { permanent_uuid: "5959c836bb3d4e27a9630f76bbea94f6" member_type: VOTER last_known_addr { host: "127.11.238.130" port: 33883 } } peers { permanent_uuid: "0579780f2801430386ca628654d560c5" member_type: VOTER last_known_addr { host: "127.11.238.131" port: 43211 } }
I20260709 14:49:11.569851 12545 ts_tablet_manager.cc:1434] T cf634afe384b49c0a46f153f1411b212 P 0579780f2801430386ca628654d560c5: Time spent starting tablet: real 0.018s	user 0.008s	sys 0.000s
