I20260709 14:49:09.119896  6640 consensus_queue.cc:260] T a622b018e3e8486d83c99066e43374b9 P 63ad2da50ef341128f7906160d8c758d [NON_LEADER]: Queue going to NON_LEADER mode. State: All replicated index: 0, Majority replicated index: 3, Committed index: 3, Last appended: 3.3, Last appended by leader: 3, Current term: 3, Majority size: -1, State: 0, Mode: NON_LEADER, active raft config: opid_index: -1 OBSOLETE_local: false peers { permanent_uuid: "11ea0b42f4e1436993a23be66b904912" member_type: VOTER last_known_addr { host: "127.6.54.1" port: 35059 } } peers { permanent_uuid: "b634e615652d40e3a8ce1005dd2ef902" member_type: VOTER last_known_addr { host: "127.6.54.2" port: 38675 } } peers { permanent_uuid: "63ad2da50ef341128f7906160d8c758d" member_type: VOTER last_known_addr { host: "127.6.54.3" port: 38465 } }
I20260709 14:49:09.120862  6640 raft_consensus.cc:3060] T a622b018e3e8486d83c99066e43374b9 P 63ad2da50ef341128f7906160d8c758d [term 3 FOLLOWER]: Advancing to term 4
I20260709 14:49:09.125239  6640 raft_consensus.cc:2468] T a622b018e3e8486d83c99066e43374b9 P 63ad2da50ef341128f7906160d8c758d [term 4 FOLLOWER]: Leader election vote request: Granting yes vote for candidate b634e615652d40e3a8ce1005dd2ef902 in term 4.
I20260709 14:49:09.125648  6494 raft_consensus.cc:2468] T a622b018e3e8486d83c99066e43374b9 P 11ea0b42f4e1436993a23be66b904912 [term 4 FOLLOWER]: Leader election vote request: Granting yes vote for candidate b634e615652d40e3a8ce1005dd2ef902 in term 4.
I20260709 14:49:09.126358  6533 leader_election.cc:304] T a622b018e3e8486d83c99066e43374b9 P b634e615652d40e3a8ce1005dd2ef902 [CANDIDATE]: Term 4 election: Election decided. Result: candidate won. Election summary: received 2 responses out of 3 voters: 2 yes votes; 0 no votes. yes voters: 63ad2da50ef341128f7906160d8c758d, b634e615652d40e3a8ce1005dd2ef902; no voters: 
I20260709 14:49:09.127020  6834 raft_consensus.cc:2804] T a622b018e3e8486d83c99066e43374b9 P b634e615652d40e3a8ce1005dd2ef902 [term 4 FOLLOWER]: Leader election won for term 4
I20260709 14:49:09.127487  6834 raft_consensus.cc:697] T a622b018e3e8486d83c99066e43374b9 P b634e615652d40e3a8ce1005dd2ef902 [term 4 LEADER]: Becoming Leader. State: Replica: b634e615652d40e3a8ce1005dd2ef902, State: Running, Role: LEADER
I20260709 14:49:09.128233  6834 consensus_queue.cc:237] T a622b018e3e8486d83c99066e43374b9 P b634e615652d40e3a8ce1005dd2ef902 [LEADER]: Queue going to LEADER mode. State: All replicated index: 0, Majority replicated index: 3, Committed index: 3, Last appended: 3.3, Last appended by leader: 3, Current term: 4, Majority size: 2, State: 0, Mode: LEADER, active raft config: opid_index: -1 OBSOLETE_local: false peers { permanent_uuid: "11ea0b42f4e1436993a23be66b904912" member_type: VOTER last_known_addr { host: "127.6.54.1" port: 35059 } } peers { permanent_uuid: "b634e615652d40e3a8ce1005dd2ef902" member_type: VOTER last_known_addr { host: "127.6.54.2" port: 38675 } } peers { permanent_uuid: "63ad2da50ef341128f7906160d8c758d" member_type: VOTER last_known_addr { host: "127.6.54.3" port: 38465 } }
I20260709 14:49:09.133867  6392 catalog_manager.cc:5697] T a622b018e3e8486d83c99066e43374b9 P b634e615652d40e3a8ce1005dd2ef902 reported cstate change: term changed from 3 to 4, leader changed from 63ad2da50ef341128f7906160d8c758d (127.6.54.3) to b634e615652d40e3a8ce1005dd2ef902 (127.6.54.2). New cstate: current_term: 4 leader_uuid: "b634e615652d40e3a8ce1005dd2ef902" committed_config { opid_index: -1 OBSOLETE_local: false peers { permanent_uuid: "11ea0b42f4e1436993a23be66b904912" member_type: VOTER last_known_addr { host: "127.6.54.1" port: 35059 } health_report { overall_health: UNKNOWN } } peers { permanent_uuid: "b634e615652d40e3a8ce1005dd2ef902" member_type: VOTER last_known_addr { host: "127.6.54.2" port: 38675 } health_report { overall_health: HEALTHY } } peers { permanent_uuid: "63ad2da50ef341128f7906160d8c758d" member_type: VOTER last_known_addr { host: "127.6.54.3" port: 38465 } health_report { overall_health: UNKNOWN } } }
I20260709 14:49:09.358279  6640 raft_consensus.cc:1275] T 22ce43449ed04de59c77e1561e276de6 P 63ad2da50ef341128f7906160d8c758d [term 3 FOLLOWER]: Refusing update from remote peer b634e615652d40e3a8ce1005dd2ef902: Log matching property violated. Preceding OpId in replica: term: 2 index: 1. Preceding OpId from leader: term: 3 index: 2. (index mismatch)
I20260709 14:49:09.359658  6834 consensus_queue.cc:1048] T 22ce43449ed04de59c77e1561e276de6 P b634e615652d40e3a8ce1005dd2ef902 [LEADER]: Connected to new peer: Peer: permanent_uuid: "63ad2da50ef341128f7906160d8c758d" member_type: VOTER last_known_addr { host: "127.6.54.3" port: 38465 }, Status: LMP_MISMATCH, Last received: 0.0, Next index: 2, Last known committed idx: 1, Time since last communication: 0.000s
I20260709 14:49:09.370096  6494 raft_consensus.cc:1275] T 22ce43449ed04de59c77e1561e276de6 P 11ea0b42f4e1436993a23be66b904912 [term 3 FOLLOWER]: Refusing update from remote peer b634e615652d40e3a8ce1005dd2ef902: Log matching property violated. Preceding OpId in replica: term: 2 index: 1. Preceding OpId from leader: term: 3 index: 2. (index mismatch)
I20260709 14:49:09.371698  6822 consensus_queue.cc:1048] T 22ce43449ed04de59c77e1561e276de6 P b634e615652d40e3a8ce1005dd2ef902 [LEADER]: Connected to new peer: Peer: permanent_uuid: "11ea0b42f4e1436993a23be66b904912" member_type: VOTER last_known_addr { host: "127.6.54.1" port: 35059 }, Status: LMP_MISMATCH, Last received: 0.0, Next index: 2, Last known committed idx: 1, Time since last communication: 0.000s
I20260709 14:49:09.487692  6640 raft_consensus.cc:1275] T 0f0b7d104e434eed92cc644ce3615fdb P 63ad2da50ef341128f7906160d8c758d [term 3 FOLLOWER]: Refusing update from remote peer b634e615652d40e3a8ce1005dd2ef902: Log matching property violated. Preceding OpId in replica: term: 2 index: 2. Preceding OpId from leader: term: 3 index: 3. (index mismatch)
I20260709 14:49:09.489667  6822 consensus_queue.cc:1048] T 0f0b7d104e434eed92cc644ce3615fdb P b634e615652d40e3a8ce1005dd2ef902 [LEADER]: Connected to new peer: Peer: permanent_uuid: "63ad2da50ef341128f7906160d8c758d" member_type: VOTER last_known_addr { host: "127.6.54.3" port: 38465 }, Status: LMP_MISMATCH, Last received: 0.0, Next index: 3, Last known committed idx: 2, Time since last communication: 0.000s
I20260709 14:49:09.499753  6494 raft_consensus.cc:1275] T 0f0b7d104e434eed92cc644ce3615fdb P 11ea0b42f4e1436993a23be66b904912 [term 3 FOLLOWER]: Refusing update from remote peer b634e615652d40e3a8ce1005dd2ef902: Log matching property violated. Preceding OpId in replica: term: 2 index: 2. Preceding OpId from leader: term: 3 index: 3. (index mismatch)
I20260709 14:49:09.503383  6822 consensus_queue.cc:1048] T 0f0b7d104e434eed92cc644ce3615fdb P b634e615652d40e3a8ce1005dd2ef902 [LEADER]: Connected to new peer: Peer: permanent_uuid: "11ea0b42f4e1436993a23be66b904912" member_type: VOTER last_known_addr { host: "127.6.54.1" port: 35059 }, Status: LMP_MISMATCH, Last received: 0.0, Next index: 3, Last known committed idx: 2, Time since last communication: 0.001s
I20260709 14:49:09.520123  6642 raft_consensus.cc:1275] T 8361d729a9484f0fb8f20ba178ac3b51 P 63ad2da50ef341128f7906160d8c758d [term 4 FOLLOWER]: Refusing update from remote peer b634e615652d40e3a8ce1005dd2ef902: Log matching property violated. Preceding OpId in replica: term: 3 index: 3. Preceding OpId from leader: term: 4 index: 4. (index mismatch)
I20260709 14:49:09.521417  6822 consensus_queue.cc:1048] T 8361d729a9484f0fb8f20ba178ac3b51 P b634e615652d40e3a8ce1005dd2ef902 [LEADER]: Connected to new peer: Peer: permanent_uuid: "63ad2da50ef341128f7906160d8c758d" member_type: VOTER last_known_addr { host: "127.6.54.3" port: 38465 }, Status: LMP_MISMATCH, Last received: 0.0, Next index: 4, Last known committed idx: 3, Time since last communication: 0.000s
I20260709 14:49:09.524600  6494 raft_consensus.cc:1275] T 8361d729a9484f0fb8f20ba178ac3b51 P 11ea0b42f4e1436993a23be66b904912 [term 4 FOLLOWER]: Refusing update from remote peer b634e615652d40e3a8ce1005dd2ef902: Log matching property violated. Preceding OpId in replica: term: 3 index: 3. Preceding OpId from leader: term: 4 index: 4. (index mismatch)
I20260709 14:49:09.525817  6822 consensus_queue.cc:1048] T 8361d729a9484f0fb8f20ba178ac3b51 P b634e615652d40e3a8ce1005dd2ef902 [LEADER]: Connected to new peer: Peer: permanent_uuid: "11ea0b42f4e1436993a23be66b904912" member_type: VOTER last_known_addr { host: "127.6.54.1" port: 35059 }, Status: LMP_MISMATCH, Last received: 0.0, Next index: 4, Last known committed idx: 3, Time since last communication: 0.000s
I20260709 14:49:09.547447  6642 raft_consensus.cc:1275] T 8ba7e4ee62634a38b13447680736e4e2 P 63ad2da50ef341128f7906160d8c758d [term 3 FOLLOWER]: Refusing update from remote peer b634e615652d40e3a8ce1005dd2ef902: Log matching property violated. Preceding OpId in replica: term: 2 index: 2. Preceding OpId from leader: term: 3 index: 3. (index mismatch)
I20260709 14:49:09.548696  6834 consensus_queue.cc:1048] T 8ba7e4ee62634a38b13447680736e4e2 P b634e615652d40e3a8ce1005dd2ef902 [LEADER]: Connected to new peer: Peer: permanent_uuid: "63ad2da50ef341128f7906160d8c758d" member_type: VOTER last_known_addr { host: "127.6.54.3" port: 38465 }, Status: LMP_MISMATCH, Last received: 0.0, Next index: 3, Last known committed idx: 2, Time since last communication: 0.000s
I20260709 14:49:09.559695  6494 raft_consensus.cc:1275] T 8ba7e4ee62634a38b13447680736e4e2 P 11ea0b42f4e1436993a23be66b904912 [term 3 FOLLOWER]: Refusing update from remote peer b634e615652d40e3a8ce1005dd2ef902: Log matching property violated. Preceding OpId in replica: term: 2 index: 2. Preceding OpId from leader: term: 3 index: 3. (index mismatch)
I20260709 14:49:09.561272  6822 consensus_queue.cc:1048] T 8ba7e4ee62634a38b13447680736e4e2 P b634e615652d40e3a8ce1005dd2ef902 [LEADER]: Connected to new peer: Peer: permanent_uuid: "11ea0b42f4e1436993a23be66b904912" member_type: VOTER last_known_addr { host: "127.6.54.1" port: 35059 }, Status: LMP_MISMATCH, Last received: 0.0, Next index: 3, Last known committed idx: 2, Time since last communication: 0.001s
I20260709 14:49:09.610353  6492 raft_consensus.cc:1275] T a622b018e3e8486d83c99066e43374b9 P 11ea0b42f4e1436993a23be66b904912 [term 4 FOLLOWER]: Refusing update from remote peer b634e615652d40e3a8ce1005dd2ef902: Log matching property violated. Preceding OpId in replica: term: 3 index: 3. Preceding OpId from leader: term: 4 index: 4. (index mismatch)
I20260709 14:49:09.615411  6852 consensus_queue.cc:1048] T a622b018e3e8486d83c99066e43374b9 P b634e615652d40e3a8ce1005dd2ef902 [LEADER]: Connected to new peer: Peer: permanent_uuid: "11ea0b42f4e1436993a23be66b904912" member_type: VOTER last_known_addr { host: "127.6.54.1" port: 35059 }, Status: LMP_MISMATCH, Last received: 0.0, Next index: 4, Last known committed idx: 3, Time since last communication: 0.001s
I20260709 14:49:09.616592  6642 raft_consensus.cc:1275] T a622b018e3e8486d83c99066e43374b9 P 63ad2da50ef341128f7906160d8c758d [term 4 FOLLOWER]: Refusing update from remote peer b634e615652d40e3a8ce1005dd2ef902: Log matching property violated. Preceding OpId in replica: term: 3 index: 3. Preceding OpId from leader: term: 4 index: 4. (index mismatch)
I20260709 14:49:09.620438  6852 consensus_queue.cc:1048] T a622b018e3e8486d83c99066e43374b9 P b634e615652d40e3a8ce1005dd2ef902 [LEADER]: Connected to new peer: Peer: permanent_uuid: "63ad2da50ef341128f7906160d8c758d" member_type: VOTER last_known_addr { host: "127.6.54.3" port: 38465 }, Status: LMP_MISMATCH, Last received: 0.0, Next index: 4, Last known committed idx: 3, Time since last communication: 0.000s
I20260709 14:49:11.762693  6360 auto_leader_rebalancer.cc:141] leader rebalance for table test-workload
I20260709 14:49:11.769835  6569 tablet_service.cc:2072] Received LeaderStepDown RPC: tablet_id: "0f0b7d104e434eed92cc644ce3615fdb"
dest_uuid: "b634e615652d40e3a8ce1005dd2ef902"
mode: GRACEFUL
new_leader_uuid: "11ea0b42f4e1436993a23be66b904912"
 from {username='slave'} at 127.0.0.1:46810
I20260709 14:49:11.770552  6569 raft_consensus.cc:606] T 0f0b7d104e434eed92cc644ce3615fdb P b634e615652d40e3a8ce1005dd2ef902 [term 3 LEADER]: Received request to transfer leadership to TS 11ea0b42f4e1436993a23be66b904912
I20260709 14:49:11.773394  6569 tablet_service.cc:2072] Received LeaderStepDown RPC: tablet_id: "55d810e0eb7c48178184110f1dff96a4"
dest_uuid: "b634e615652d40e3a8ce1005dd2ef902"
mode: GRACEFUL
new_leader_uuid: "11ea0b42f4e1436993a23be66b904912"
 from {username='slave'} at 127.0.0.1:46810
I20260709 14:49:11.773874  6569 raft_consensus.cc:606] T 55d810e0eb7c48178184110f1dff96a4 P b634e615652d40e3a8ce1005dd2ef902 [term 2 LEADER]: Received request to transfer leadership to TS 11ea0b42f4e1436993a23be66b904912
I20260709 14:49:11.776397  6569 tablet_service.cc:2072] Received LeaderStepDown RPC: tablet_id: "71a73518c5094b75a6537172e2f9c64b"
dest_uuid: "b634e615652d40e3a8ce1005dd2ef902"
mode: GRACEFUL
new_leader_uuid: "63ad2da50ef341128f7906160d8c758d"
 from {username='slave'} at 127.0.0.1:46810
I20260709 14:49:11.776851  6569 raft_consensus.cc:606] T 71a73518c5094b75a6537172e2f9c64b P b634e615652d40e3a8ce1005dd2ef902 [term 1 LEADER]: Received request to transfer leadership to TS 63ad2da50ef341128f7906160d8c758d
I20260709 14:49:11.779402  6569 tablet_service.cc:2072] Received LeaderStepDown RPC: tablet_id: "8361d729a9484f0fb8f20ba178ac3b51"
dest_uuid: "b634e615652d40e3a8ce1005dd2ef902"
mode: GRACEFUL
new_leader_uuid: "11ea0b42f4e1436993a23be66b904912"
 from {username='slave'} at 127.0.0.1:46810
I20260709 14:49:11.779812  6569 raft_consensus.cc:606] T 8361d729a9484f0fb8f20ba178ac3b51 P b634e615652d40e3a8ce1005dd2ef902 [term 4 LEADER]: Received request to transfer leadership to TS 11ea0b42f4e1436993a23be66b904912
I20260709 14:49:11.781957  6569 tablet_service.cc:2072] Received LeaderStepDown RPC: tablet_id: "a622b018e3e8486d83c99066e43374b9"
dest_uuid: "b634e615652d40e3a8ce1005dd2ef902"
mode: GRACEFUL
new_leader_uuid: "63ad2da50ef341128f7906160d8c758d"
 from {username='slave'} at 127.0.0.1:46810
I20260709 14:49:11.782406  6569 raft_consensus.cc:606] T a622b018e3e8486d83c99066e43374b9 P b634e615652d40e3a8ce1005dd2ef902 [term 4 LEADER]: Received request to transfer leadership to TS 63ad2da50ef341128f7906160d8c758d
I20260709 14:49:11.783466  6360 auto_leader_rebalancer.cc:452] table: test-workload, leader rebalance finish, leader transfer count: 5
I20260709 14:49:11.783890  6360 auto_leader_rebalancer.cc:527] All tables' leader rebalancing finished this round
I20260709 14:49:11.893033  6859 raft_consensus.cc:993] T 55d810e0eb7c48178184110f1dff96a4 P b634e615652d40e3a8ce1005dd2ef902: : Instructing follower 11ea0b42f4e1436993a23be66b904912 to start an election
I20260709 14:49:11.893595  6859 raft_consensus.cc:1081] T 55d810e0eb7c48178184110f1dff96a4 P b634e615652d40e3a8ce1005dd2ef902 [term 2 LEADER]: Signalling peer 11ea0b42f4e1436993a23be66b904912 to start an election
I20260709 14:49:11.895071  6494 tablet_service.cc:2044] Received Run Leader Election RPC: tablet_id: "55d810e0eb7c48178184110f1dff96a4"
dest_uuid: "11ea0b42f4e1436993a23be66b904912"
 from {username='slave'} at 127.0.0.1:32874
I20260709 14:49:11.895561  6494 raft_consensus.cc:493] T 55d810e0eb7c48178184110f1dff96a4 P 11ea0b42f4e1436993a23be66b904912 [term 2 FOLLOWER]: Starting forced leader election (received explicit request)
I20260709 14:49:11.895818  6494 raft_consensus.cc:3060] T 55d810e0eb7c48178184110f1dff96a4 P 11ea0b42f4e1436993a23be66b904912 [term 2 FOLLOWER]: Advancing to term 3
I20260709 14:49:11.901269  6494 raft_consensus.cc:515] T 55d810e0eb7c48178184110f1dff96a4 P 11ea0b42f4e1436993a23be66b904912 [term 3 FOLLOWER]: Starting forced leader election with config: opid_index: -1 OBSOLETE_local: false peers { permanent_uuid: "11ea0b42f4e1436993a23be66b904912" member_type: VOTER last_known_addr { host: "127.6.54.1" port: 35059 } } peers { permanent_uuid: "b634e615652d40e3a8ce1005dd2ef902" member_type: VOTER last_known_addr { host: "127.6.54.2" port: 38675 } } peers { permanent_uuid: "63ad2da50ef341128f7906160d8c758d" member_type: VOTER last_known_addr { host: "127.6.54.3" port: 38465 } }
I20260709 14:49:11.903290  6494 leader_election.cc:290] T 55d810e0eb7c48178184110f1dff96a4 P 11ea0b42f4e1436993a23be66b904912 [CANDIDATE]: Term 3 election: Requested vote from peers b634e615652d40e3a8ce1005dd2ef902 (127.6.54.2:38675), 63ad2da50ef341128f7906160d8c758d (127.6.54.3:38465)
I20260709 14:49:11.904199  6569 tablet_service.cc:1917] Received RequestConsensusVote() RPC: tablet_id: "55d810e0eb7c48178184110f1dff96a4" candidate_uuid: "11ea0b42f4e1436993a23be66b904912" candidate_term: 3 candidate_status { last_received { term: 2 index: 2 } } ignore_live_leader: true dest_uuid: "b634e615652d40e3a8ce1005dd2ef902"
I20260709 14:49:11.904412  6642 tablet_service.cc:1917] Received RequestConsensusVote() RPC: tablet_id: "55d810e0eb7c48178184110f1dff96a4" candidate_uuid: "11ea0b42f4e1436993a23be66b904912" candidate_term: 3 candidate_status { last_received { term: 2 index: 2 } } ignore_live_leader: true dest_uuid: "63ad2da50ef341128f7906160d8c758d"
I20260709 14:49:11.904946  6569 raft_consensus.cc:3055] T 55d810e0eb7c48178184110f1dff96a4 P b634e615652d40e3a8ce1005dd2ef902 [term 2 LEADER]: Stepping down as leader of term 2
I20260709 14:49:11.904986  6642 raft_consensus.cc:3060] T 55d810e0eb7c48178184110f1dff96a4 P 63ad2da50ef341128f7906160d8c758d [term 2 FOLLOWER]: Advancing to term 3
I20260709 14:49:11.905349  6569 raft_consensus.cc:740] T 55d810e0eb7c48178184110f1dff96a4 P b634e615652d40e3a8ce1005dd2ef902 [term 2 LEADER]: Becoming Follower/Learner. State: Replica: b634e615652d40e3a8ce1005dd2ef902, State: Running, Role: LEADER
I20260709 14:49:11.906045  6569 consensus_queue.cc:260] T 55d810e0eb7c48178184110f1dff96a4 P b634e615652d40e3a8ce1005dd2ef902 [NON_LEADER]: Queue going to NON_LEADER mode. State: All replicated index: 0, Majority replicated index: 2, Committed index: 2, Last appended: 2.2, Last appended by leader: 2, Current term: 2, Majority size: -1, State: 0, Mode: NON_LEADER, active raft config: opid_index: -1 OBSOLETE_local: false peers { permanent_uuid: "11ea0b42f4e1436993a23be66b904912" member_type: VOTER last_known_addr { host: "127.6.54.1" port: 35059 } } peers { permanent_uuid: "b634e615652d40e3a8ce1005dd2ef902" member_type: VOTER last_known_addr { host: "127.6.54.2" port: 38675 } } peers { permanent_uuid: "63ad2da50ef341128f7906160d8c758d" member_type: VOTER last_known_addr { host: "127.6.54.3" port: 38465 } }
I20260709 14:49:11.907042  6569 raft_consensus.cc:3060] T 55d810e0eb7c48178184110f1dff96a4 P b634e615652d40e3a8ce1005dd2ef902 [term 2 FOLLOWER]: Advancing to term 3
I20260709 14:49:11.909941  6642 raft_consensus.cc:2468] T 55d810e0eb7c48178184110f1dff96a4 P 63ad2da50ef341128f7906160d8c758d [term 3 FOLLOWER]: Leader election vote request: Granting yes vote for candidate 11ea0b42f4e1436993a23be66b904912 in term 3.
I20260709 14:49:11.911114  6458 leader_election.cc:304] T 55d810e0eb7c48178184110f1dff96a4 P 11ea0b42f4e1436993a23be66b904912 [CANDIDATE]: Term 3 election: Election decided. Result: candidate won. Election summary: received 2 responses out of 3 voters: 2 yes votes; 0 no votes. yes voters: 11ea0b42f4e1436993a23be66b904912, 63ad2da50ef341128f7906160d8c758d; no voters: 
I20260709 14:49:11.911798  6569 raft_consensus.cc:2468] T 55d810e0eb7c48178184110f1dff96a4 P b634e615652d40e3a8ce1005dd2ef902 [term 3 FOLLOWER]: Leader election vote request: Granting yes vote for candidate 11ea0b42f4e1436993a23be66b904912 in term 3.
I20260709 14:49:11.912505  6861 raft_consensus.cc:2804] T 55d810e0eb7c48178184110f1dff96a4 P 11ea0b42f4e1436993a23be66b904912 [term 3 FOLLOWER]: Leader election won for term 3
I20260709 14:49:11.913726  6861 raft_consensus.cc:697] T 55d810e0eb7c48178184110f1dff96a4 P 11ea0b42f4e1436993a23be66b904912 [term 3 LEADER]: Becoming Leader. State: Replica: 11ea0b42f4e1436993a23be66b904912, State: Running, Role: LEADER
I20260709 14:49:11.914600  6861 consensus_queue.cc:237] T 55d810e0eb7c48178184110f1dff96a4 P 11ea0b42f4e1436993a23be66b904912 [LEADER]: Queue going to LEADER mode. State: All replicated index: 0, Majority replicated index: 2, Committed index: 2, Last appended: 2.2, Last appended by leader: 2, Current term: 3, Majority size: 2, State: 0, Mode: LEADER, active raft config: opid_index: -1 OBSOLETE_local: false peers { permanent_uuid: "11ea0b42f4e1436993a23be66b904912" member_type: VOTER last_known_addr { host: "127.6.54.1" port: 35059 } } peers { permanent_uuid: "b634e615652d40e3a8ce1005dd2ef902" member_type: VOTER last_known_addr { host: "127.6.54.2" port: 38675 } } peers { permanent_uuid: "63ad2da50ef341128f7906160d8c758d" member_type: VOTER last_known_addr { host: "127.6.54.3" port: 38465 } }
I20260709 14:49:11.923981  6392 catalog_manager.cc:5697] T 55d810e0eb7c48178184110f1dff96a4 P 11ea0b42f4e1436993a23be66b904912 reported cstate change: term changed from 2 to 3, leader changed from b634e615652d40e3a8ce1005dd2ef902 (127.6.54.2) to 11ea0b42f4e1436993a23be66b904912 (127.6.54.1). New cstate: current_term: 3 leader_uuid: "11ea0b42f4e1436993a23be66b904912" committed_config { opid_index: -1 OBSOLETE_local: false peers { permanent_uuid: "11ea0b42f4e1436993a23be66b904912" member_type: VOTER last_known_addr { host: "127.6.54.1" port: 35059 } health_report { overall_health: HEALTHY } } peers { permanent_uuid: "b634e615652d40e3a8ce1005dd2ef902" member_type: VOTER last_known_addr { host: "127.6.54.2" port: 38675 } health_report { overall_health: UNKNOWN } } peers { permanent_uuid: "63ad2da50ef341128f7906160d8c758d" member_type: VOTER last_known_addr { host: "127.6.54.3" port: 38465 } health_report { overall_health: UNKNOWN } } }
I20260709 14:49:12.091266  6859 raft_consensus.cc:993] T 0f0b7d104e434eed92cc644ce3615fdb P b634e615652d40e3a8ce1005dd2ef902: : Instructing follower 11ea0b42f4e1436993a23be66b904912 to start an election
I20260709 14:49:12.091822  6834 raft_consensus.cc:1081] T 0f0b7d104e434eed92cc644ce3615fdb P b634e615652d40e3a8ce1005dd2ef902 [term 3 LEADER]: Signalling peer 11ea0b42f4e1436993a23be66b904912 to start an election
I20260709 14:49:12.093204  6494 tablet_service.cc:2044] Received Run Leader Election RPC: tablet_id: "0f0b7d104e434eed92cc644ce3615fdb"
dest_uuid: "11ea0b42f4e1436993a23be66b904912"
 from {username='slave'} at 127.0.0.1:32874
I20260709 14:49:12.093638  6494 raft_consensus.cc:493] T 0f0b7d104e434eed92cc644ce3615fdb P 11ea0b42f4e1436993a23be66b904912 [term 3 FOLLOWER]: Starting forced leader election (received explicit request)
I20260709 14:49:12.093936  6494 raft_consensus.cc:3060] T 0f0b7d104e434eed92cc644ce3615fdb P 11ea0b42f4e1436993a23be66b904912 [term 3 FOLLOWER]: Advancing to term 4
I20260709 14:49:12.097841  6494 raft_consensus.cc:515] T 0f0b7d104e434eed92cc644ce3615fdb P 11ea0b42f4e1436993a23be66b904912 [term 4 FOLLOWER]: Starting forced leader election with config: opid_index: -1 OBSOLETE_local: false peers { permanent_uuid: "11ea0b42f4e1436993a23be66b904912" member_type: VOTER last_known_addr { host: "127.6.54.1" port: 35059 } } peers { permanent_uuid: "b634e615652d40e3a8ce1005dd2ef902" member_type: VOTER last_known_addr { host: "127.6.54.2" port: 38675 } } peers { permanent_uuid: "63ad2da50ef341128f7906160d8c758d" member_type: VOTER last_known_addr { host: "127.6.54.3" port: 38465 } }
I20260709 14:49:12.099241  6494 leader_election.cc:290] T 0f0b7d104e434eed92cc644ce3615fdb P 11ea0b42f4e1436993a23be66b904912 [CANDIDATE]: Term 4 election: Requested vote from peers b634e615652d40e3a8ce1005dd2ef902 (127.6.54.2:38675), 63ad2da50ef341128f7906160d8c758d (127.6.54.3:38465)
I20260709 14:49:12.100160  6569 tablet_service.cc:1917] Received RequestConsensusVote() RPC: tablet_id: "0f0b7d104e434eed92cc644ce3615fdb" candidate_uuid: "11ea0b42f4e1436993a23be66b904912" candidate_term: 4 candidate_status { last_received { term: 3 index: 3 } } ignore_live_leader: true dest_uuid: "b634e615652d40e3a8ce1005dd2ef902"
I20260709 14:49:12.100462  6642 tablet_service.cc:1917] Received RequestConsensusVote() RPC: tablet_id: "0f0b7d104e434eed92cc644ce3615fdb" candidate_uuid: "11ea0b42f4e1436993a23be66b904912" candidate_term: 4 candidate_status { last_received { term: 3 index: 3 } } ignore_live_leader: true dest_uuid: "63ad2da50ef341128f7906160d8c758d"
I20260709 14:49:12.100704  6569 raft_consensus.cc:3055] T 0f0b7d104e434eed92cc644ce3615fdb P b634e615652d40e3a8ce1005dd2ef902 [term 3 LEADER]: Stepping down as leader of term 3
I20260709 14:49:12.101050  6642 raft_consensus.cc:3060] T 0f0b7d104e434eed92cc644ce3615fdb P 63ad2da50ef341128f7906160d8c758d [term 3 FOLLOWER]: Advancing to term 4
I20260709 14:49:12.101045  6569 raft_consensus.cc:740] T 0f0b7d104e434eed92cc644ce3615fdb P b634e615652d40e3a8ce1005dd2ef902 [term 3 LEADER]: Becoming Follower/Learner. State: Replica: b634e615652d40e3a8ce1005dd2ef902, State: Running, Role: LEADER
I20260709 14:49:12.101903  6569 consensus_queue.cc:260] T 0f0b7d104e434eed92cc644ce3615fdb P b634e615652d40e3a8ce1005dd2ef902 [NON_LEADER]: Queue going to NON_LEADER mode. State: All replicated index: 0, Majority replicated index: 3, Committed index: 3, Last appended: 3.3, Last appended by leader: 3, Current term: 3, Majority size: -1, State: 0, Mode: NON_LEADER, active raft config: opid_index: -1 OBSOLETE_local: false peers { permanent_uuid: "11ea0b42f4e1436993a23be66b904912" member_type: VOTER last_known_addr { host: "127.6.54.1" port: 35059 } } peers { permanent_uuid: "b634e615652d40e3a8ce1005dd2ef902" member_type: VOTER last_known_addr { host: "127.6.54.2" port: 38675 } } peers { permanent_uuid: "63ad2da50ef341128f7906160d8c758d" member_type: VOTER last_known_addr { host: "127.6.54.3" port: 38465 } }
I20260709 14:49:12.102902  6569 raft_consensus.cc:3060] T 0f0b7d104e434eed92cc644ce3615fdb P b634e615652d40e3a8ce1005dd2ef902 [term 3 FOLLOWER]: Advancing to term 4
I20260709 14:49:12.105532  6642 raft_consensus.cc:2468] T 0f0b7d104e434eed92cc644ce3615fdb P 63ad2da50ef341128f7906160d8c758d [term 4 FOLLOWER]: Leader election vote request: Granting yes vote for candidate 11ea0b42f4e1436993a23be66b904912 in term 4.
I20260709 14:49:12.106518  6458 leader_election.cc:304] T 0f0b7d104e434eed92cc644ce3615fdb P 11ea0b42f4e1436993a23be66b904912 [CANDIDATE]: Term 4 election: Election decided. Result: candidate won. Election summary: received 2 responses out of 3 voters: 2 yes votes; 0 no votes. yes voters: 11ea0b42f4e1436993a23be66b904912, 63ad2da50ef341128f7906160d8c758d; no voters: 
I20260709 14:49:12.107187  6861 raft_consensus.cc:2804] T 0f0b7d104e434eed92cc644ce3615fdb P 11ea0b42f4e1436993a23be66b904912 [term 4 FOLLOWER]: Leader election won for term 4
I20260709 14:49:12.107465  6569 raft_consensus.cc:2468] T 0f0b7d104e434eed92cc644ce3615fdb P b634e615652d40e3a8ce1005dd2ef902 [term 4 FOLLOWER]: Leader election vote request: Granting yes vote for candidate 11ea0b42f4e1436993a23be66b904912 in term 4.
I20260709 14:49:12.107700  6861 raft_consensus.cc:697] T 0f0b7d104e434eed92cc644ce3615fdb P 11ea0b42f4e1436993a23be66b904912 [term 4 LEADER]: Becoming Leader. State: Replica: 11ea0b42f4e1436993a23be66b904912, State: Running, Role: LEADER
I20260709 14:49:12.108671  6861 consensus_queue.cc:237] T 0f0b7d104e434eed92cc644ce3615fdb P 11ea0b42f4e1436993a23be66b904912 [LEADER]: Queue going to LEADER mode. State: All replicated index: 0, Majority replicated index: 3, Committed index: 3, Last appended: 3.3, Last appended by leader: 3, Current term: 4, Majority size: 2, State: 0, Mode: LEADER, active raft config: opid_index: -1 OBSOLETE_local: false peers { permanent_uuid: "11ea0b42f4e1436993a23be66b904912" member_type: VOTER last_known_addr { host: "127.6.54.1" port: 35059 } } peers { permanent_uuid: "b634e615652d40e3a8ce1005dd2ef902" member_type: VOTER last_known_addr { host: "127.6.54.2" port: 38675 } } peers { permanent_uuid: "63ad2da50ef341128f7906160d8c758d" member_type: VOTER last_known_addr { host: "127.6.54.3" port: 38465 } }
I20260709 14:49:12.115734  6392 catalog_manager.cc:5697] T 0f0b7d104e434eed92cc644ce3615fdb P 11ea0b42f4e1436993a23be66b904912 reported cstate change: term changed from 3 to 4, leader changed from b634e615652d40e3a8ce1005dd2ef902 (127.6.54.2) to 11ea0b42f4e1436993a23be66b904912 (127.6.54.1). New cstate: current_term: 4 leader_uuid: "11ea0b42f4e1436993a23be66b904912" committed_config { opid_index: -1 OBSOLETE_local: false peers { permanent_uuid: "11ea0b42f4e1436993a23be66b904912" member_type: VOTER last_known_addr { host: "127.6.54.1" port: 35059 } health_report { overall_health: HEALTHY } } peers { permanent_uuid: "b634e615652d40e3a8ce1005dd2ef902" member_type: VOTER last_known_addr { host: "127.6.54.2" port: 38675 } health_report { overall_health: UNKNOWN } } peers { permanent_uuid: "63ad2da50ef341128f7906160d8c758d" member_type: VOTER last_known_addr { host: "127.6.54.3" port: 38465 } health_report { overall_health: UNKNOWN } } }
I20260709 14:49:12.142426  6859 raft_consensus.cc:993] T a622b018e3e8486d83c99066e43374b9 P b634e615652d40e3a8ce1005dd2ef902: : Instructing follower 63ad2da50ef341128f7906160d8c758d to start an election
I20260709 14:49:12.142930  6834 raft_consensus.cc:1081] T a622b018e3e8486d83c99066e43374b9 P b634e615652d40e3a8ce1005dd2ef902 [term 4 LEADER]: Signalling peer 63ad2da50ef341128f7906160d8c758d to start an election
I20260709 14:49:12.144219  6642 tablet_service.cc:2044] Received Run Leader Election RPC: tablet_id: "a622b018e3e8486d83c99066e43374b9"
dest_uuid: "63ad2da50ef341128f7906160d8c758d"
 from {username='slave'} at 127.0.0.1:43568
I20260709 14:49:12.144639  6642 raft_consensus.cc:493] T a622b018e3e8486d83c99066e43374b9 P 63ad2da50ef341128f7906160d8c758d [term 4 FOLLOWER]: Starting forced leader election (received explicit request)
I20260709 14:49:12.144886  6642 raft_consensus.cc:3060] T a622b018e3e8486d83c99066e43374b9 P 63ad2da50ef341128f7906160d8c758d [term 4 FOLLOWER]: Advancing to term 5
I20260709 14:49:12.149461  6642 raft_consensus.cc:515] T a622b018e3e8486d83c99066e43374b9 P 63ad2da50ef341128f7906160d8c758d [term 5 FOLLOWER]: Starting forced leader election with config: opid_index: -1 OBSOLETE_local: false peers { permanent_uuid: "11ea0b42f4e1436993a23be66b904912" member_type: VOTER last_known_addr { host: "127.6.54.1" port: 35059 } } peers { permanent_uuid: "b634e615652d40e3a8ce1005dd2ef902" member_type: VOTER last_known_addr { host: "127.6.54.2" port: 38675 } } peers { permanent_uuid: "63ad2da50ef341128f7906160d8c758d" member_type: VOTER last_known_addr { host: "127.6.54.3" port: 38465 } }
I20260709 14:49:12.151165  6642 leader_election.cc:290] T a622b018e3e8486d83c99066e43374b9 P 63ad2da50ef341128f7906160d8c758d [CANDIDATE]: Term 5 election: Requested vote from peers 11ea0b42f4e1436993a23be66b904912 (127.6.54.1:35059), b634e615652d40e3a8ce1005dd2ef902 (127.6.54.2:38675)
I20260709 14:49:12.152323  6569 tablet_service.cc:1917] Received RequestConsensusVote() RPC: tablet_id: "a622b018e3e8486d83c99066e43374b9" candidate_uuid: "63ad2da50ef341128f7906160d8c758d" candidate_term: 5 candidate_status { last_received { term: 4 index: 4 } } ignore_live_leader: true dest_uuid: "b634e615652d40e3a8ce1005dd2ef902"
I20260709 14:49:12.152333  6494 tablet_service.cc:1917] Received RequestConsensusVote() RPC: tablet_id: "a622b018e3e8486d83c99066e43374b9" candidate_uuid: "63ad2da50ef341128f7906160d8c758d" candidate_term: 5 candidate_status { last_received { term: 4 index: 4 } } ignore_live_leader: true dest_uuid: "11ea0b42f4e1436993a23be66b904912"
I20260709 14:49:12.152853  6569 raft_consensus.cc:3055] T a622b018e3e8486d83c99066e43374b9 P b634e615652d40e3a8ce1005dd2ef902 [term 4 LEADER]: Stepping down as leader of term 4
I20260709 14:49:12.153008  6494 raft_consensus.cc:3060] T a622b018e3e8486d83c99066e43374b9 P 11ea0b42f4e1436993a23be66b904912 [term 4 FOLLOWER]: Advancing to term 5
I20260709 14:49:12.153184  6569 raft_consensus.cc:740] T a622b018e3e8486d83c99066e43374b9 P b634e615652d40e3a8ce1005dd2ef902 [term 4 LEADER]: Becoming Follower/Learner. State: Replica: b634e615652d40e3a8ce1005dd2ef902, State: Running, Role: LEADER
I20260709 14:49:12.154006  6569 consensus_queue.cc:260] T a622b018e3e8486d83c99066e43374b9 P b634e615652d40e3a8ce1005dd2ef902 [NON_LEADER]: Queue going to NON_LEADER mode. State: All replicated index: 0, Majority replicated index: 4, Committed index: 4, Last appended: 4.4, Last appended by leader: 4, Current term: 4, Majority size: -1, State: 0, Mode: NON_LEADER, active raft config: opid_index: -1 OBSOLETE_local: false peers { permanent_uuid: "11ea0b42f4e1436993a23be66b904912" member_type: VOTER last_known_addr { host: "127.6.54.1" port: 35059 } } peers { permanent_uuid: "b634e615652d40e3a8ce1005dd2ef902" member_type: VOTER last_known_addr { host: "127.6.54.2" port: 38675 } } peers { permanent_uuid: "63ad2da50ef341128f7906160d8c758d" member_type: VOTER last_known_addr { host: "127.6.54.3" port: 38465 } }
I20260709 14:49:12.154958  6569 raft_consensus.cc:3060] T a622b018e3e8486d83c99066e43374b9 P b634e615652d40e3a8ce1005dd2ef902 [term 4 FOLLOWER]: Advancing to term 5
I20260709 14:49:12.157258  6494 raft_consensus.cc:2468] T a622b018e3e8486d83c99066e43374b9 P 11ea0b42f4e1436993a23be66b904912 [term 5 FOLLOWER]: Leader election vote request: Granting yes vote for candidate 63ad2da50ef341128f7906160d8c758d in term 5.
I20260709 14:49:12.158504  6607 leader_election.cc:304] T a622b018e3e8486d83c99066e43374b9 P 63ad2da50ef341128f7906160d8c758d [CANDIDATE]: Term 5 election: Election decided. Result: candidate won. Election summary: received 2 responses out of 3 voters: 2 yes votes; 0 no votes. yes voters: 11ea0b42f4e1436993a23be66b904912, 63ad2da50ef341128f7906160d8c758d; no voters: 
I20260709 14:49:12.159405  6823 raft_consensus.cc:2804] T a622b018e3e8486d83c99066e43374b9 P 63ad2da50ef341128f7906160d8c758d [term 5 FOLLOWER]: Leader election won for term 5
I20260709 14:49:12.159713  6569 raft_consensus.cc:2468] T a622b018e3e8486d83c99066e43374b9 P b634e615652d40e3a8ce1005dd2ef902 [term 5 FOLLOWER]: Leader election vote request: Granting yes vote for candidate 63ad2da50ef341128f7906160d8c758d in term 5.
I20260709 14:49:12.160863  6823 raft_consensus.cc:697] T a622b018e3e8486d83c99066e43374b9 P 63ad2da50ef341128f7906160d8c758d [term 5 LEADER]: Becoming Leader. State: Replica: 63ad2da50ef341128f7906160d8c758d, State: Running, Role: LEADER
I20260709 14:49:12.161753  6823 consensus_queue.cc:237] T a622b018e3e8486d83c99066e43374b9 P 63ad2da50ef341128f7906160d8c758d [LEADER]: Queue going to LEADER mode. State: All replicated index: 0, Majority replicated index: 4, Committed index: 4, Last appended: 4.4, Last appended by leader: 4, Current term: 5, Majority size: 2, State: 0, Mode: LEADER, active raft config: opid_index: -1 OBSOLETE_local: false peers { permanent_uuid: "11ea0b42f4e1436993a23be66b904912" member_type: VOTER last_known_addr { host: "127.6.54.1" port: 35059 } } peers { permanent_uuid: "b634e615652d40e3a8ce1005dd2ef902" member_type: VOTER last_known_addr { host: "127.6.54.2" port: 38675 } } peers { permanent_uuid: "63ad2da50ef341128f7906160d8c758d" member_type: VOTER last_known_addr { host: "127.6.54.3" port: 38465 } }
I20260709 14:49:12.169274  6392 catalog_manager.cc:5697] T a622b018e3e8486d83c99066e43374b9 P 63ad2da50ef341128f7906160d8c758d reported cstate change: term changed from 4 to 5, leader changed from b634e615652d40e3a8ce1005dd2ef902 (127.6.54.2) to 63ad2da50ef341128f7906160d8c758d (127.6.54.3). New cstate: current_term: 5 leader_uuid: "63ad2da50ef341128f7906160d8c758d" committed_config { opid_index: -1 OBSOLETE_local: false peers { permanent_uuid: "11ea0b42f4e1436993a23be66b904912" member_type: VOTER last_known_addr { host: "127.6.54.1" port: 35059 } health_report { overall_health: UNKNOWN } } peers { permanent_uuid: "b634e615652d40e3a8ce1005dd2ef902" member_type: VOTER last_known_addr { host: "127.6.54.2" port: 38675 } health_report { overall_health: UNKNOWN } } peers { permanent_uuid: "63ad2da50ef341128f7906160d8c758d" member_type: VOTER last_known_addr { host: "127.6.54.3" port: 38465 } health_report { overall_health: HEALTHY } } }
I20260709 14:49:12.188261  6859 raft_consensus.cc:993] T 8361d729a9484f0fb8f20ba178ac3b51 P b634e615652d40e3a8ce1005dd2ef902: : Instructing follower 11ea0b42f4e1436993a23be66b904912 to start an election
I20260709 14:49:12.188696  6834 raft_consensus.cc:1081] T 8361d729a9484f0fb8f20ba178ac3b51 P b634e615652d40e3a8ce1005dd2ef902 [term 4 LEADER]: Signalling peer 11ea0b42f4e1436993a23be66b904912 to start an election
I20260709 14:49:12.189976  6494 tablet_service.cc:2044] Received Run Leader Election RPC: tablet_id: "8361d729a9484f0fb8f20ba178ac3b51"
dest_uuid: "11ea0b42f4e1436993a23be66b904912"
 from {username='slave'} at 127.0.0.1:32874
I20260709 14:49:12.190577  6494 raft_consensus.cc:493] T 8361d729a9484f0fb8f20ba178ac3b51 P 11ea0b42f4e1436993a23be66b904912 [term 4 FOLLOWER]: Starting forced leader election (received explicit request)
I20260709 14:49:12.190863  6494 raft_consensus.cc:3060] T 8361d729a9484f0fb8f20ba178ac3b51 P 11ea0b42f4e1436993a23be66b904912 [term 4 FOLLOWER]: Advancing to term 5
I20260709 14:49:12.195003  6494 raft_consensus.cc:515] T 8361d729a9484f0fb8f20ba178ac3b51 P 11ea0b42f4e1436993a23be66b904912 [term 5 FOLLOWER]: Starting forced leader election with config: opid_index: -1 OBSOLETE_local: false peers { permanent_uuid: "11ea0b42f4e1436993a23be66b904912" member_type: VOTER last_known_addr { host: "127.6.54.1" port: 35059 } } peers { permanent_uuid: "b634e615652d40e3a8ce1005dd2ef902" member_type: VOTER last_known_addr { host: "127.6.54.2" port: 38675 } } peers { permanent_uuid: "63ad2da50ef341128f7906160d8c758d" member_type: VOTER last_known_addr { host: "127.6.54.3" port: 38465 } }
I20260709 14:49:12.196415  6494 leader_election.cc:290] T 8361d729a9484f0fb8f20ba178ac3b51 P 11ea0b42f4e1436993a23be66b904912 [CANDIDATE]: Term 5 election: Requested vote from peers b634e615652d40e3a8ce1005dd2ef902 (127.6.54.2:38675), 63ad2da50ef341128f7906160d8c758d (127.6.54.3:38465)
I20260709 14:49:12.197355  6569 tablet_service.cc:1917] Received RequestConsensusVote() RPC: tablet_id: "8361d729a9484f0fb8f20ba178ac3b51" candidate_uuid: "11ea0b42f4e1436993a23be66b904912" candidate_term: 5 candidate_status { last_received { term: 4 index: 4 } } ignore_live_leader: true dest_uuid: "b634e615652d40e3a8ce1005dd2ef902"
I20260709 14:49:12.197474  6642 tablet_service.cc:1917] Received RequestConsensusVote() RPC: tablet_id: "8361d729a9484f0fb8f20ba178ac3b51" candidate_uuid: "11ea0b42f4e1436993a23be66b904912" candidate_term: 5 candidate_status { last_received { term: 4 index: 4 } } ignore_live_leader: true dest_uuid: "63ad2da50ef341128f7906160d8c758d"
I20260709 14:49:12.197942  6569 raft_consensus.cc:3055] T 8361d729a9484f0fb8f20ba178ac3b51 P b634e615652d40e3a8ce1005dd2ef902 [term 4 LEADER]: Stepping down as leader of term 4
I20260709 14:49:12.197978  6642 raft_consensus.cc:3060] T 8361d729a9484f0fb8f20ba178ac3b51 P 63ad2da50ef341128f7906160d8c758d [term 4 FOLLOWER]: Advancing to term 5
I20260709 14:49:12.198356  6569 raft_consensus.cc:740] T 8361d729a9484f0fb8f20ba178ac3b51 P b634e615652d40e3a8ce1005dd2ef902 [term 4 LEADER]: Becoming Follower/Learner. State: Replica: b634e615652d40e3a8ce1005dd2ef902, State: Running, Role: LEADER
I20260709 14:49:12.199112  6569 consensus_queue.cc:260] T 8361d729a9484f0fb8f20ba178ac3b51 P b634e615652d40e3a8ce1005dd2ef902 [NON_LEADER]: Queue going to NON_LEADER mode. State: All replicated index: 0, Majority replicated index: 4, Committed index: 4, Last appended: 4.4, Last appended by leader: 4, Current term: 4, Majority size: -1, State: 0, Mode: NON_LEADER, active raft config: opid_index: -1 OBSOLETE_local: false peers { permanent_uuid: "11ea0b42f4e1436993a23be66b904912" member_type: VOTER last_known_addr { host: "127.6.54.1" port: 35059 } } peers { permanent_uuid: "b634e615652d40e3a8ce1005dd2ef902" member_type: VOTER last_known_addr { host: "127.6.54.2" port: 38675 } } peers { permanent_uuid: "63ad2da50ef341128f7906160d8c758d" member_type: VOTER last_known_addr { host: "127.6.54.3" port: 38465 } }
I20260709 14:49:12.200073  6569 raft_consensus.cc:3060] T 8361d729a9484f0fb8f20ba178ac3b51 P b634e615652d40e3a8ce1005dd2ef902 [term 4 FOLLOWER]: Advancing to term 5
I20260709 14:49:12.203229  6642 raft_consensus.cc:2468] T 8361d729a9484f0fb8f20ba178ac3b51 P 63ad2da50ef341128f7906160d8c758d [term 5 FOLLOWER]: Leader election vote request: Granting yes vote for candidate 11ea0b42f4e1436993a23be66b904912 in term 5.
I20260709 14:49:12.204245  6458 leader_election.cc:304] T 8361d729a9484f0fb8f20ba178ac3b51 P 11ea0b42f4e1436993a23be66b904912 [CANDIDATE]: Term 5 election: Election decided. Result: candidate won. Election summary: received 2 responses out of 3 voters: 2 yes votes; 0 no votes. yes voters: 11ea0b42f4e1436993a23be66b904912, 63ad2da50ef341128f7906160d8c758d; no voters: 
I20260709 14:49:12.204993  6861 raft_consensus.cc:2804] T 8361d729a9484f0fb8f20ba178ac3b51 P 11ea0b42f4e1436993a23be66b904912 [term 5 FOLLOWER]: Leader election won for term 5
I20260709 14:49:12.205372  6861 raft_consensus.cc:697] T 8361d729a9484f0fb8f20ba178ac3b51 P 11ea0b42f4e1436993a23be66b904912 [term 5 LEADER]: Becoming Leader. State: Replica: 11ea0b42f4e1436993a23be66b904912, State: Running, Role: LEADER
I20260709 14:49:12.205392  6569 raft_consensus.cc:2468] T 8361d729a9484f0fb8f20ba178ac3b51 P b634e615652d40e3a8ce1005dd2ef902 [term 5 FOLLOWER]: Leader election vote request: Granting yes vote for candidate 11ea0b42f4e1436993a23be66b904912 in term 5.
I20260709 14:49:12.206161  6861 consensus_queue.cc:237] T 8361d729a9484f0fb8f20ba178ac3b51 P 11ea0b42f4e1436993a23be66b904912 [LEADER]: Queue going to LEADER mode. State: All replicated index: 0, Majority replicated index: 4, Committed index: 4, Last appended: 4.4, Last appended by leader: 4, Current term: 5, Majority size: 2, State: 0, Mode: LEADER, active raft config: opid_index: -1 OBSOLETE_local: false peers { permanent_uuid: "11ea0b42f4e1436993a23be66b904912" member_type: VOTER last_known_addr { host: "127.6.54.1" port: 35059 } } peers { permanent_uuid: "b634e615652d40e3a8ce1005dd2ef902" member_type: VOTER last_known_addr { host: "127.6.54.2" port: 38675 } } peers { permanent_uuid: "63ad2da50ef341128f7906160d8c758d" member_type: VOTER last_known_addr { host: "127.6.54.3" port: 38465 } }
I20260709 14:49:12.212900  6392 catalog_manager.cc:5697] T 8361d729a9484f0fb8f20ba178ac3b51 P 11ea0b42f4e1436993a23be66b904912 reported cstate change: term changed from 4 to 5, leader changed from b634e615652d40e3a8ce1005dd2ef902 (127.6.54.2) to 11ea0b42f4e1436993a23be66b904912 (127.6.54.1). New cstate: current_term: 5 leader_uuid: "11ea0b42f4e1436993a23be66b904912" committed_config { opid_index: -1 OBSOLETE_local: false peers { permanent_uuid: "11ea0b42f4e1436993a23be66b904912" member_type: VOTER last_known_addr { host: "127.6.54.1" port: 35059 } health_report { overall_health: HEALTHY } } peers { permanent_uuid: "b634e615652d40e3a8ce1005dd2ef902" member_type: VOTER last_known_addr { host: "127.6.54.2" port: 38675 } health_report { overall_health: UNKNOWN } } peers { permanent_uuid: "63ad2da50ef341128f7906160d8c758d" member_type: VOTER last_known_addr { host: "127.6.54.3" port: 38465 } health_report { overall_health: UNKNOWN } } }
I20260709 14:49:12.248425  6859 raft_consensus.cc:993] T 71a73518c5094b75a6537172e2f9c64b P b634e615652d40e3a8ce1005dd2ef902: : Instructing follower 63ad2da50ef341128f7906160d8c758d to start an election
I20260709 14:49:12.248848  6834 raft_consensus.cc:1081] T 71a73518c5094b75a6537172e2f9c64b P b634e615652d40e3a8ce1005dd2ef902 [term 1 LEADER]: Signalling peer 63ad2da50ef341128f7906160d8c758d to start an election
I20260709 14:49:12.250136  6642 tablet_service.cc:2044] Received Run Leader Election RPC: tablet_id: "71a73518c5094b75a6537172e2f9c64b"
dest_uuid: "63ad2da50ef341128f7906160d8c758d"
 from {username='slave'} at 127.0.0.1:43568
I20260709 14:49:12.250569  6642 raft_consensus.cc:493] T 71a73518c5094b75a6537172e2f9c64b P 63ad2da50ef341128f7906160d8c758d [term 1 FOLLOWER]: Starting forced leader election (received explicit request)
I20260709 14:49:12.250857  6642 raft_consensus.cc:3060] T 71a73518c5094b75a6537172e2f9c64b P 63ad2da50ef341128f7906160d8c758d [term 1 FOLLOWER]: Advancing to term 2
I20260709 14:49:12.255601  6642 raft_consensus.cc:515] T 71a73518c5094b75a6537172e2f9c64b P 63ad2da50ef341128f7906160d8c758d [term 2 FOLLOWER]: Starting forced leader election with config: opid_index: -1 OBSOLETE_local: false peers { permanent_uuid: "11ea0b42f4e1436993a23be66b904912" member_type: VOTER last_known_addr { host: "127.6.54.1" port: 35059 } } peers { permanent_uuid: "b634e615652d40e3a8ce1005dd2ef902" member_type: VOTER last_known_addr { host: "127.6.54.2" port: 38675 } } peers { permanent_uuid: "63ad2da50ef341128f7906160d8c758d" member_type: VOTER last_known_addr { host: "127.6.54.3" port: 38465 } }
I20260709 14:49:12.257241  6642 leader_election.cc:290] T 71a73518c5094b75a6537172e2f9c64b P 63ad2da50ef341128f7906160d8c758d [CANDIDATE]: Term 2 election: Requested vote from peers 11ea0b42f4e1436993a23be66b904912 (127.6.54.1:35059), b634e615652d40e3a8ce1005dd2ef902 (127.6.54.2:38675)
I20260709 14:49:12.257961  6494 tablet_service.cc:1917] Received RequestConsensusVote() RPC: tablet_id: "71a73518c5094b75a6537172e2f9c64b" candidate_uuid: "63ad2da50ef341128f7906160d8c758d" candidate_term: 2 candidate_status { last_received { term: 1 index: 1 } } ignore_live_leader: true dest_uuid: "11ea0b42f4e1436993a23be66b904912"
I20260709 14:49:12.258333  6569 tablet_service.cc:1917] Received RequestConsensusVote() RPC: tablet_id: "71a73518c5094b75a6537172e2f9c64b" candidate_uuid: "63ad2da50ef341128f7906160d8c758d" candidate_term: 2 candidate_status { last_received { term: 1 index: 1 } } ignore_live_leader: true dest_uuid: "b634e615652d40e3a8ce1005dd2ef902"
I20260709 14:49:12.258551  6494 raft_consensus.cc:3060] T 71a73518c5094b75a6537172e2f9c64b P 11ea0b42f4e1436993a23be66b904912 [term 1 FOLLOWER]: Advancing to term 2
I20260709 14:49:12.258875  6569 raft_consensus.cc:3055] T 71a73518c5094b75a6537172e2f9c64b P b634e615652d40e3a8ce1005dd2ef902 [term 1 LEADER]: Stepping down as leader of term 1
I20260709 14:49:12.259142  6569 raft_consensus.cc:740] T 71a73518c5094b75a6537172e2f9c64b P b634e615652d40e3a8ce1005dd2ef902 [term 1 LEADER]: Becoming Follower/Learner. State: Replica: b634e615652d40e3a8ce1005dd2ef902, State: Running, Role: LEADER
I20260709 14:49:12.259768  6569 consensus_queue.cc:260] T 71a73518c5094b75a6537172e2f9c64b P b634e615652d40e3a8ce1005dd2ef902 [NON_LEADER]: Queue going to NON_LEADER mode. State: All replicated index: 0, Majority replicated index: 1, Committed index: 1, Last appended: 1.1, Last appended by leader: 1, Current term: 1, Majority size: -1, State: 0, Mode: NON_LEADER, active raft config: opid_index: -1 OBSOLETE_local: false peers { permanent_uuid: "11ea0b42f4e1436993a23be66b904912" member_type: VOTER last_known_addr { host: "127.6.54.1" port: 35059 } } peers { permanent_uuid: "b634e615652d40e3a8ce1005dd2ef902" member_type: VOTER last_known_addr { host: "127.6.54.2" port: 38675 } } peers { permanent_uuid: "63ad2da50ef341128f7906160d8c758d" member_type: VOTER last_known_addr { host: "127.6.54.3" port: 38465 } }
I20260709 14:49:12.260658  6569 raft_consensus.cc:3060] T 71a73518c5094b75a6537172e2f9c64b P b634e615652d40e3a8ce1005dd2ef902 [term 1 FOLLOWER]: Advancing to term 2
I20260709 14:49:12.262980  6494 raft_consensus.cc:2468] T 71a73518c5094b75a6537172e2f9c64b P 11ea0b42f4e1436993a23be66b904912 [term 2 FOLLOWER]: Leader election vote request: Granting yes vote for candidate 63ad2da50ef341128f7906160d8c758d in term 2.
I20260709 14:49:12.263962  6607 leader_election.cc:304] T 71a73518c5094b75a6537172e2f9c64b P 63ad2da50ef341128f7906160d8c758d [CANDIDATE]: Term 2 election: Election decided. Result: candidate won. Election summary: received 2 responses out of 3 voters: 2 yes votes; 0 no votes. yes voters: 11ea0b42f4e1436993a23be66b904912, 63ad2da50ef341128f7906160d8c758d; no voters: 
I20260709 14:49:12.264766  6823 raft_consensus.cc:2804] T 71a73518c5094b75a6537172e2f9c64b P 63ad2da50ef341128f7906160d8c758d [term 2 FOLLOWER]: Leader election won for term 2
I20260709 14:49:12.265204  6823 raft_consensus.cc:697] T 71a73518c5094b75a6537172e2f9c64b P 63ad2da50ef341128f7906160d8c758d [term 2 LEADER]: Becoming Leader. State: Replica: 63ad2da50ef341128f7906160d8c758d, State: Running, Role: LEADER
I20260709 14:49:12.265671  6569 raft_consensus.cc:2468] T 71a73518c5094b75a6537172e2f9c64b P b634e615652d40e3a8ce1005dd2ef902 [term 2 FOLLOWER]: Leader election vote request: Granting yes vote for candidate 63ad2da50ef341128f7906160d8c758d in term 2.
I20260709 14:49:12.266110  6823 consensus_queue.cc:237] T 71a73518c5094b75a6537172e2f9c64b P 63ad2da50ef341128f7906160d8c758d [LEADER]: Queue going to LEADER mode. State: All replicated index: 0, Majority replicated index: 1, Committed index: 1, Last appended: 1.1, Last appended by leader: 1, Current term: 2, Majority size: 2, State: 0, Mode: LEADER, active raft config: opid_index: -1 OBSOLETE_local: false peers { permanent_uuid: "11ea0b42f4e1436993a23be66b904912" member_type: VOTER last_known_addr { host: "127.6.54.1" port: 35059 } } peers { permanent_uuid: "b634e615652d40e3a8ce1005dd2ef902" member_type: VOTER last_known_addr { host: "127.6.54.2" port: 38675 } } peers { permanent_uuid: "63ad2da50ef341128f7906160d8c758d" member_type: VOTER last_known_addr { host: "127.6.54.3" port: 38465 } }
