I20260709 14:49:01.210346  6731 raft_consensus.cc:359] T a4831fa000274d33bedcc1a59227c09b P 433922688dd84a3baddb0cf3046eddc6 [term 0 FOLLOWER]: Replica starting. Triggering 0 pending ops. Active config: opid_index: -1 OBSOLETE_local: false peers { permanent_uuid: "e81312e203044c55ba631b278c788fc7" member_type: VOTER last_known_addr { host: "127.6.64.193" port: 38563 } } peers { permanent_uuid: "32487872726547b08eca918cb71ad246" member_type: VOTER last_known_addr { host: "127.6.64.194" port: 38087 } } peers { permanent_uuid: "433922688dd84a3baddb0cf3046eddc6" member_type: VOTER last_known_addr { host: "127.6.64.195" port: 37647 } }
I20260709 14:49:01.211068  6731 raft_consensus.cc:385] T a4831fa000274d33bedcc1a59227c09b P 433922688dd84a3baddb0cf3046eddc6 [term 0 FOLLOWER]: Consensus starting up: Expiring failure detector timer to make a prompt election more likely
I20260709 14:49:01.211346  6731 raft_consensus.cc:740] T a4831fa000274d33bedcc1a59227c09b P 433922688dd84a3baddb0cf3046eddc6 [term 0 FOLLOWER]: Becoming Follower/Learner. State: Replica: 433922688dd84a3baddb0cf3046eddc6, State: Initialized, Role: FOLLOWER
I20260709 14:49:01.213177  6732 ts_tablet_manager.cc:1434] T d97d6dba58104739a7945d264990e863 P 32487872726547b08eca918cb71ad246: Time spent starting tablet: real 0.022s	user 0.008s	sys 0.003s
I20260709 14:49:01.213673  6730 ts_tablet_manager.cc:1434] T 68c80963d6114b77808958c5ff810aba P e81312e203044c55ba631b278c788fc7: Time spent starting tablet: real 0.032s	user 0.020s	sys 0.000s
I20260709 14:49:01.214257  6732 tablet_bootstrap.cc:492] T 02e29217f09c43d3bc2f275d6ce997e8 P 32487872726547b08eca918cb71ad246: Bootstrap starting.
I20260709 14:49:01.214713  6730 tablet_bootstrap.cc:492] T 02e29217f09c43d3bc2f275d6ce997e8 P e81312e203044c55ba631b278c788fc7: Bootstrap starting.
I20260709 14:49:01.221316  6730 tablet_bootstrap.cc:654] T 02e29217f09c43d3bc2f275d6ce997e8 P e81312e203044c55ba631b278c788fc7: Neither blocks nor log segments found. Creating new log.
I20260709 14:49:01.225543  6735 leader_election.cc:290] T 68c80963d6114b77808958c5ff810aba P e81312e203044c55ba631b278c788fc7 [CANDIDATE]: Term 1 pre-election: Requested pre-vote from peers 32487872726547b08eca918cb71ad246 (127.6.64.194:38087), 433922688dd84a3baddb0cf3046eddc6 (127.6.64.195:37647)
I20260709 14:49:01.221606  6732 tablet_bootstrap.cc:654] T 02e29217f09c43d3bc2f275d6ce997e8 P 32487872726547b08eca918cb71ad246: Neither blocks nor log segments found. Creating new log.
I20260709 14:49:01.222129  6731 consensus_queue.cc:260] T a4831fa000274d33bedcc1a59227c09b P 433922688dd84a3baddb0cf3046eddc6 [NON_LEADER]: Queue going to NON_LEADER mode. State: All replicated index: 0, Majority replicated index: 0, Committed index: 0, Last appended: 0.0, Last appended by leader: 0, Current term: 0, Majority size: -1, State: 0, Mode: NON_LEADER, active raft config: opid_index: -1 OBSOLETE_local: false peers { permanent_uuid: "e81312e203044c55ba631b278c788fc7" member_type: VOTER last_known_addr { host: "127.6.64.193" port: 38563 } } peers { permanent_uuid: "32487872726547b08eca918cb71ad246" member_type: VOTER last_known_addr { host: "127.6.64.194" port: 38087 } } peers { permanent_uuid: "433922688dd84a3baddb0cf3046eddc6" member_type: VOTER last_known_addr { host: "127.6.64.195" port: 37647 } }
I20260709 14:49:01.240207  6712 heartbeater.cc:499] Master 127.6.64.254:33859 was elected leader, sending a full tablet report...
I20260709 14:49:01.240394  6731 ts_tablet_manager.cc:1434] T a4831fa000274d33bedcc1a59227c09b P 433922688dd84a3baddb0cf3046eddc6: Time spent starting tablet: real 0.033s	user 0.008s	sys 0.003s
I20260709 14:49:01.244103  6731 tablet_bootstrap.cc:492] T 657d5b7a7c344ce3b95843481ba61fb5 P 433922688dd84a3baddb0cf3046eddc6: Bootstrap starting.
W20260709 14:49:01.250459  6564 tablet.cc:2406] T 68c80963d6114b77808958c5ff810aba P e81312e203044c55ba631b278c788fc7: Can't schedule compaction. Clean time has not been advanced past its initial value.
I20260709 14:49:01.250698  6731 tablet_bootstrap.cc:654] T 657d5b7a7c344ce3b95843481ba61fb5 P 433922688dd84a3baddb0cf3046eddc6: Neither blocks nor log segments found. Creating new log.
I20260709 14:49:01.255929  6732 tablet_bootstrap.cc:492] T 02e29217f09c43d3bc2f275d6ce997e8 P 32487872726547b08eca918cb71ad246: No bootstrap required, opened a new log
I20260709 14:49:01.256656  6732 ts_tablet_manager.cc:1403] T 02e29217f09c43d3bc2f275d6ce997e8 P 32487872726547b08eca918cb71ad246: Time spent bootstrapping tablet: real 0.043s	user 0.018s	sys 0.006s
I20260709 14:49:01.259954  6732 raft_consensus.cc:359] T 02e29217f09c43d3bc2f275d6ce997e8 P 32487872726547b08eca918cb71ad246 [term 0 FOLLOWER]: Replica starting. Triggering 0 pending ops. Active config: opid_index: -1 OBSOLETE_local: false peers { permanent_uuid: "e81312e203044c55ba631b278c788fc7" member_type: VOTER last_known_addr { host: "127.6.64.193" port: 38563 } } peers { permanent_uuid: "32487872726547b08eca918cb71ad246" member_type: VOTER last_known_addr { host: "127.6.64.194" port: 38087 } } peers { permanent_uuid: "433922688dd84a3baddb0cf3046eddc6" member_type: VOTER last_known_addr { host: "127.6.64.195" port: 37647 } }
I20260709 14:49:01.264067  6732 raft_consensus.cc:385] T 02e29217f09c43d3bc2f275d6ce997e8 P 32487872726547b08eca918cb71ad246 [term 0 FOLLOWER]: Consensus starting up: Expiring failure detector timer to make a prompt election more likely
I20260709 14:49:01.264807  6732 raft_consensus.cc:740] T 02e29217f09c43d3bc2f275d6ce997e8 P 32487872726547b08eca918cb71ad246 [term 0 FOLLOWER]: Becoming Follower/Learner. State: Replica: 32487872726547b08eca918cb71ad246, State: Initialized, Role: FOLLOWER
I20260709 14:49:01.265908  6732 consensus_queue.cc:260] T 02e29217f09c43d3bc2f275d6ce997e8 P 32487872726547b08eca918cb71ad246 [NON_LEADER]: Queue going to NON_LEADER mode. State: All replicated index: 0, Majority replicated index: 0, Committed index: 0, Last appended: 0.0, Last appended by leader: 0, Current term: 0, Majority size: -1, State: 0, Mode: NON_LEADER, active raft config: opid_index: -1 OBSOLETE_local: false peers { permanent_uuid: "e81312e203044c55ba631b278c788fc7" member_type: VOTER last_known_addr { host: "127.6.64.193" port: 38563 } } peers { permanent_uuid: "32487872726547b08eca918cb71ad246" member_type: VOTER last_known_addr { host: "127.6.64.194" port: 38087 } } peers { permanent_uuid: "433922688dd84a3baddb0cf3046eddc6" member_type: VOTER last_known_addr { host: "127.6.64.195" port: 37647 } }
I20260709 14:49:01.270627  6687 tablet_service.cc:1917] Received RequestConsensusVote() RPC: tablet_id: "68c80963d6114b77808958c5ff810aba" candidate_uuid: "e81312e203044c55ba631b278c788fc7" candidate_term: 1 candidate_status { last_received { term: 0 index: 0 } } ignore_live_leader: false dest_uuid: "433922688dd84a3baddb0cf3046eddc6" is_pre_election: true
I20260709 14:49:01.272621  6613 tablet_service.cc:1917] Received RequestConsensusVote() RPC: tablet_id: "68c80963d6114b77808958c5ff810aba" candidate_uuid: "e81312e203044c55ba631b278c788fc7" candidate_term: 1 candidate_status { last_received { term: 0 index: 0 } } ignore_live_leader: false dest_uuid: "32487872726547b08eca918cb71ad246" is_pre_election: true
I20260709 14:49:01.273281  6732 ts_tablet_manager.cc:1434] T 02e29217f09c43d3bc2f275d6ce997e8 P 32487872726547b08eca918cb71ad246: Time spent starting tablet: real 0.016s	user 0.005s	sys 0.000s
I20260709 14:49:01.274158  6732 tablet_bootstrap.cc:492] T 651a51edc06b4f9eb8e25f672220e2b1 P 32487872726547b08eca918cb71ad246: Bootstrap starting.
W20260709 14:49:01.274688  6501 leader_election.cc:343] T 68c80963d6114b77808958c5ff810aba P e81312e203044c55ba631b278c788fc7 [CANDIDATE]: Term 1 pre-election: Tablet error from VoteRequest() call to peer 433922688dd84a3baddb0cf3046eddc6 (127.6.64.195:37647): Illegal state: must be running to vote when last-logged opid is not known
W20260709 14:49:01.275786  6501 leader_election.cc:343] T 68c80963d6114b77808958c5ff810aba P e81312e203044c55ba631b278c788fc7 [CANDIDATE]: Term 1 pre-election: Tablet error from VoteRequest() call to peer 32487872726547b08eca918cb71ad246 (127.6.64.194:38087): Illegal state: must be running to vote when last-logged opid is not known
I20260709 14:49:01.278550  6501 leader_election.cc:304] T 68c80963d6114b77808958c5ff810aba P e81312e203044c55ba631b278c788fc7 [CANDIDATE]: Term 1 pre-election: Election decided. Result: candidate lost. Election summary: received 3 responses out of 3 voters: 1 yes votes; 2 no votes. yes voters: e81312e203044c55ba631b278c788fc7; no voters: 32487872726547b08eca918cb71ad246, 433922688dd84a3baddb0cf3046eddc6
I20260709 14:49:01.280555  6732 tablet_bootstrap.cc:654] T 651a51edc06b4f9eb8e25f672220e2b1 P 32487872726547b08eca918cb71ad246: Neither blocks nor log segments found. Creating new log.
I20260709 14:49:01.321506  6735 raft_consensus.cc:2749] T 68c80963d6114b77808958c5ff810aba P e81312e203044c55ba631b278c788fc7 [term 0 FOLLOWER]: Leader pre-election lost for term 1. Reason: could not achieve majority
W20260709 14:49:01.322873  6501 outbound_call.cc:321] RPC callback for RPC call kudu.consensus.ConsensusService.RequestConsensusVote -> {remote=127.6.64.194:38087, user_credentials={real_user=slave}} blocked reactor thread for 47168.9us
I20260709 14:49:01.326644  6731 tablet_bootstrap.cc:492] T 657d5b7a7c344ce3b95843481ba61fb5 P 433922688dd84a3baddb0cf3046eddc6: No bootstrap required, opened a new log
I20260709 14:49:01.327086  6731 ts_tablet_manager.cc:1403] T 657d5b7a7c344ce3b95843481ba61fb5 P 433922688dd84a3baddb0cf3046eddc6: Time spent bootstrapping tablet: real 0.083s	user 0.029s	sys 0.050s
I20260709 14:49:01.329051  6730 tablet_bootstrap.cc:492] T 02e29217f09c43d3bc2f275d6ce997e8 P e81312e203044c55ba631b278c788fc7: No bootstrap required, opened a new log
I20260709 14:49:01.329516  6730 ts_tablet_manager.cc:1403] T 02e29217f09c43d3bc2f275d6ce997e8 P e81312e203044c55ba631b278c788fc7: Time spent bootstrapping tablet: real 0.115s	user 0.016s	sys 0.054s
I20260709 14:49:01.329465  6731 raft_consensus.cc:359] T 657d5b7a7c344ce3b95843481ba61fb5 P 433922688dd84a3baddb0cf3046eddc6 [term 0 FOLLOWER]: Replica starting. Triggering 0 pending ops. Active config: opid_index: -1 OBSOLETE_local: false peers { permanent_uuid: "e81312e203044c55ba631b278c788fc7" member_type: VOTER last_known_addr { host: "127.6.64.193" port: 38563 } } peers { permanent_uuid: "32487872726547b08eca918cb71ad246" member_type: VOTER last_known_addr { host: "127.6.64.194" port: 38087 } } peers { permanent_uuid: "433922688dd84a3baddb0cf3046eddc6" member_type: VOTER last_known_addr { host: "127.6.64.195" port: 37647 } }
I20260709 14:49:01.330155  6731 raft_consensus.cc:385] T 657d5b7a7c344ce3b95843481ba61fb5 P 433922688dd84a3baddb0cf3046eddc6 [term 0 FOLLOWER]: Consensus starting up: Expiring failure detector timer to make a prompt election more likely
I20260709 14:49:01.330415  6731 raft_consensus.cc:740] T 657d5b7a7c344ce3b95843481ba61fb5 P 433922688dd84a3baddb0cf3046eddc6 [term 0 FOLLOWER]: Becoming Follower/Learner. State: Replica: 433922688dd84a3baddb0cf3046eddc6, State: Initialized, Role: FOLLOWER
I20260709 14:49:01.331269  6731 consensus_queue.cc:260] T 657d5b7a7c344ce3b95843481ba61fb5 P 433922688dd84a3baddb0cf3046eddc6 [NON_LEADER]: Queue going to NON_LEADER mode. State: All replicated index: 0, Majority replicated index: 0, Committed index: 0, Last appended: 0.0, Last appended by leader: 0, Current term: 0, Majority size: -1, State: 0, Mode: NON_LEADER, active raft config: opid_index: -1 OBSOLETE_local: false peers { permanent_uuid: "e81312e203044c55ba631b278c788fc7" member_type: VOTER last_known_addr { host: "127.6.64.193" port: 38563 } } peers { permanent_uuid: "32487872726547b08eca918cb71ad246" member_type: VOTER last_known_addr { host: "127.6.64.194" port: 38087 } } peers { permanent_uuid: "433922688dd84a3baddb0cf3046eddc6" member_type: VOTER last_known_addr { host: "127.6.64.195" port: 37647 } }
I20260709 14:49:01.332795  6730 raft_consensus.cc:359] T 02e29217f09c43d3bc2f275d6ce997e8 P e81312e203044c55ba631b278c788fc7 [term 0 FOLLOWER]: Replica starting. Triggering 0 pending ops. Active config: opid_index: -1 OBSOLETE_local: false peers { permanent_uuid: "e81312e203044c55ba631b278c788fc7" member_type: VOTER last_known_addr { host: "127.6.64.193" port: 38563 } } peers { permanent_uuid: "32487872726547b08eca918cb71ad246" member_type: VOTER last_known_addr { host: "127.6.64.194" port: 38087 } } peers { permanent_uuid: "433922688dd84a3baddb0cf3046eddc6" member_type: VOTER last_known_addr { host: "127.6.64.195" port: 37647 } }
I20260709 14:49:01.333480  6731 ts_tablet_manager.cc:1434] T 657d5b7a7c344ce3b95843481ba61fb5 P 433922688dd84a3baddb0cf3046eddc6: Time spent starting tablet: real 0.006s	user 0.004s	sys 0.003s
I20260709 14:49:01.333492  6730 raft_consensus.cc:385] T 02e29217f09c43d3bc2f275d6ce997e8 P e81312e203044c55ba631b278c788fc7 [term 0 FOLLOWER]: Consensus starting up: Expiring failure detector timer to make a prompt election more likely
I20260709 14:49:01.333953  6730 raft_consensus.cc:740] T 02e29217f09c43d3bc2f275d6ce997e8 P e81312e203044c55ba631b278c788fc7 [term 0 FOLLOWER]: Becoming Follower/Learner. State: Replica: e81312e203044c55ba631b278c788fc7, State: Initialized, Role: FOLLOWER
I20260709 14:49:01.334528  6731 tablet_bootstrap.cc:492] T 651a51edc06b4f9eb8e25f672220e2b1 P 433922688dd84a3baddb0cf3046eddc6: Bootstrap starting.
I20260709 14:49:01.334671  6730 consensus_queue.cc:260] T 02e29217f09c43d3bc2f275d6ce997e8 P e81312e203044c55ba631b278c788fc7 [NON_LEADER]: Queue going to NON_LEADER mode. State: All replicated index: 0, Majority replicated index: 0, Committed index: 0, Last appended: 0.0, Last appended by leader: 0, Current term: 0, Majority size: -1, State: 0, Mode: NON_LEADER, active raft config: opid_index: -1 OBSOLETE_local: false peers { permanent_uuid: "e81312e203044c55ba631b278c788fc7" member_type: VOTER last_known_addr { host: "127.6.64.193" port: 38563 } } peers { permanent_uuid: "32487872726547b08eca918cb71ad246" member_type: VOTER last_known_addr { host: "127.6.64.194" port: 38087 } } peers { permanent_uuid: "433922688dd84a3baddb0cf3046eddc6" member_type: VOTER last_known_addr { host: "127.6.64.195" port: 37647 } }
I20260709 14:49:01.337026  6730 ts_tablet_manager.cc:1434] T 02e29217f09c43d3bc2f275d6ce997e8 P e81312e203044c55ba631b278c788fc7: Time spent starting tablet: real 0.007s	user 0.004s	sys 0.004s
I20260709 14:49:01.337906  6730 tablet_bootstrap.cc:492] T 657d5b7a7c344ce3b95843481ba61fb5 P e81312e203044c55ba631b278c788fc7: Bootstrap starting.
I20260709 14:49:01.341390  6731 tablet_bootstrap.cc:654] T 651a51edc06b4f9eb8e25f672220e2b1 P 433922688dd84a3baddb0cf3046eddc6: Neither blocks nor log segments found. Creating new log.
I20260709 14:49:01.344028  6730 tablet_bootstrap.cc:654] T 657d5b7a7c344ce3b95843481ba61fb5 P e81312e203044c55ba631b278c788fc7: Neither blocks nor log segments found. Creating new log.
I20260709 14:49:01.353717  6731 tablet_bootstrap.cc:492] T 651a51edc06b4f9eb8e25f672220e2b1 P 433922688dd84a3baddb0cf3046eddc6: No bootstrap required, opened a new log
I20260709 14:49:01.354197  6731 ts_tablet_manager.cc:1403] T 651a51edc06b4f9eb8e25f672220e2b1 P 433922688dd84a3baddb0cf3046eddc6: Time spent bootstrapping tablet: real 0.020s	user 0.013s	sys 0.003s
I20260709 14:49:01.355387  6730 tablet_bootstrap.cc:492] T 657d5b7a7c344ce3b95843481ba61fb5 P e81312e203044c55ba631b278c788fc7: No bootstrap required, opened a new log
I20260709 14:49:01.355839  6730 ts_tablet_manager.cc:1403] T 657d5b7a7c344ce3b95843481ba61fb5 P e81312e203044c55ba631b278c788fc7: Time spent bootstrapping tablet: real 0.018s	user 0.010s	sys 0.007s
I20260709 14:49:01.357628  6731 raft_consensus.cc:359] T 651a51edc06b4f9eb8e25f672220e2b1 P 433922688dd84a3baddb0cf3046eddc6 [term 0 FOLLOWER]: Replica starting. Triggering 0 pending ops. Active config: opid_index: -1 OBSOLETE_local: false peers { permanent_uuid: "e81312e203044c55ba631b278c788fc7" member_type: VOTER last_known_addr { host: "127.6.64.193" port: 38563 } } peers { permanent_uuid: "32487872726547b08eca918cb71ad246" member_type: VOTER last_known_addr { host: "127.6.64.194" port: 38087 } } peers { permanent_uuid: "433922688dd84a3baddb0cf3046eddc6" member_type: VOTER last_known_addr { host: "127.6.64.195" port: 37647 } }
I20260709 14:49:01.358383  6731 raft_consensus.cc:385] T 651a51edc06b4f9eb8e25f672220e2b1 P 433922688dd84a3baddb0cf3046eddc6 [term 0 FOLLOWER]: Consensus starting up: Expiring failure detector timer to make a prompt election more likely
I20260709 14:49:01.358675  6731 raft_consensus.cc:740] T 651a51edc06b4f9eb8e25f672220e2b1 P 433922688dd84a3baddb0cf3046eddc6 [term 0 FOLLOWER]: Becoming Follower/Learner. State: Replica: 433922688dd84a3baddb0cf3046eddc6, State: Initialized, Role: FOLLOWER
I20260709 14:49:01.358610  6730 raft_consensus.cc:359] T 657d5b7a7c344ce3b95843481ba61fb5 P e81312e203044c55ba631b278c788fc7 [term 0 FOLLOWER]: Replica starting. Triggering 0 pending ops. Active config: opid_index: -1 OBSOLETE_local: false peers { permanent_uuid: "e81312e203044c55ba631b278c788fc7" member_type: VOTER last_known_addr { host: "127.6.64.193" port: 38563 } } peers { permanent_uuid: "32487872726547b08eca918cb71ad246" member_type: VOTER last_known_addr { host: "127.6.64.194" port: 38087 } } peers { permanent_uuid: "433922688dd84a3baddb0cf3046eddc6" member_type: VOTER last_known_addr { host: "127.6.64.195" port: 37647 } }
I20260709 14:49:01.359416  6730 raft_consensus.cc:385] T 657d5b7a7c344ce3b95843481ba61fb5 P e81312e203044c55ba631b278c788fc7 [term 0 FOLLOWER]: Consensus starting up: Expiring failure detector timer to make a prompt election more likely
I20260709 14:49:01.359751  6730 raft_consensus.cc:740] T 657d5b7a7c344ce3b95843481ba61fb5 P e81312e203044c55ba631b278c788fc7 [term 0 FOLLOWER]: Becoming Follower/Learner. State: Replica: e81312e203044c55ba631b278c788fc7, State: Initialized, Role: FOLLOWER
I20260709 14:49:01.359611  6731 consensus_queue.cc:260] T 651a51edc06b4f9eb8e25f672220e2b1 P 433922688dd84a3baddb0cf3046eddc6 [NON_LEADER]: Queue going to NON_LEADER mode. State: All replicated index: 0, Majority replicated index: 0, Committed index: 0, Last appended: 0.0, Last appended by leader: 0, Current term: 0, Majority size: -1, State: 0, Mode: NON_LEADER, active raft config: opid_index: -1 OBSOLETE_local: false peers { permanent_uuid: "e81312e203044c55ba631b278c788fc7" member_type: VOTER last_known_addr { host: "127.6.64.193" port: 38563 } } peers { permanent_uuid: "32487872726547b08eca918cb71ad246" member_type: VOTER last_known_addr { host: "127.6.64.194" port: 38087 } } peers { permanent_uuid: "433922688dd84a3baddb0cf3046eddc6" member_type: VOTER last_known_addr { host: "127.6.64.195" port: 37647 } }
I20260709 14:49:01.360549  6730 consensus_queue.cc:260] T 657d5b7a7c344ce3b95843481ba61fb5 P e81312e203044c55ba631b278c788fc7 [NON_LEADER]: Queue going to NON_LEADER mode. State: All replicated index: 0, Majority replicated index: 0, Committed index: 0, Last appended: 0.0, Last appended by leader: 0, Current term: 0, Majority size: -1, State: 0, Mode: NON_LEADER, active raft config: opid_index: -1 OBSOLETE_local: false peers { permanent_uuid: "e81312e203044c55ba631b278c788fc7" member_type: VOTER last_known_addr { host: "127.6.64.193" port: 38563 } } peers { permanent_uuid: "32487872726547b08eca918cb71ad246" member_type: VOTER last_known_addr { host: "127.6.64.194" port: 38087 } } peers { permanent_uuid: "433922688dd84a3baddb0cf3046eddc6" member_type: VOTER last_known_addr { host: "127.6.64.195" port: 37647 } }
I20260709 14:49:01.362442  6731 ts_tablet_manager.cc:1434] T 651a51edc06b4f9eb8e25f672220e2b1 P 433922688dd84a3baddb0cf3046eddc6: Time spent starting tablet: real 0.008s	user 0.008s	sys 0.000s
I20260709 14:49:01.362950  6730 ts_tablet_manager.cc:1434] T 657d5b7a7c344ce3b95843481ba61fb5 P e81312e203044c55ba631b278c788fc7: Time spent starting tablet: real 0.007s	user 0.002s	sys 0.004s
I20260709 14:49:01.363476  6731 tablet_bootstrap.cc:492] T 02e29217f09c43d3bc2f275d6ce997e8 P 433922688dd84a3baddb0cf3046eddc6: Bootstrap starting.
I20260709 14:49:01.363956  6730 tablet_bootstrap.cc:492] T 6f735caab9ad433296f50b0c2d94e895 P e81312e203044c55ba631b278c788fc7: Bootstrap starting.
I20260709 14:49:01.366761  6735 raft_consensus.cc:493] T 657d5b7a7c344ce3b95843481ba61fb5 P e81312e203044c55ba631b278c788fc7 [term 0 FOLLOWER]: Starting pre-election (no leader contacted us within the election timeout)
I20260709 14:49:01.367352  6735 raft_consensus.cc:515] T 657d5b7a7c344ce3b95843481ba61fb5 P e81312e203044c55ba631b278c788fc7 [term 0 FOLLOWER]: Starting pre-election with config: opid_index: -1 OBSOLETE_local: false peers { permanent_uuid: "e81312e203044c55ba631b278c788fc7" member_type: VOTER last_known_addr { host: "127.6.64.193" port: 38563 } } peers { permanent_uuid: "32487872726547b08eca918cb71ad246" member_type: VOTER last_known_addr { host: "127.6.64.194" port: 38087 } } peers { permanent_uuid: "433922688dd84a3baddb0cf3046eddc6" member_type: VOTER last_known_addr { host: "127.6.64.195" port: 37647 } }
I20260709 14:49:01.369530  6735 leader_election.cc:290] T 657d5b7a7c344ce3b95843481ba61fb5 P e81312e203044c55ba631b278c788fc7 [CANDIDATE]: Term 1 pre-election: Requested pre-vote from peers 32487872726547b08eca918cb71ad246 (127.6.64.194:38087), 433922688dd84a3baddb0cf3046eddc6 (127.6.64.195:37647)
I20260709 14:49:01.370718  6613 tablet_service.cc:1917] Received RequestConsensusVote() RPC: tablet_id: "657d5b7a7c344ce3b95843481ba61fb5" candidate_uuid: "e81312e203044c55ba631b278c788fc7" candidate_term: 1 candidate_status { last_received { term: 0 index: 0 } } ignore_live_leader: false dest_uuid: "32487872726547b08eca918cb71ad246" is_pre_election: true
I20260709 14:49:01.371673  6687 tablet_service.cc:1917] Received RequestConsensusVote() RPC: tablet_id: "657d5b7a7c344ce3b95843481ba61fb5" candidate_uuid: "e81312e203044c55ba631b278c788fc7" candidate_term: 1 candidate_status { last_received { term: 0 index: 0 } } ignore_live_leader: false dest_uuid: "433922688dd84a3baddb0cf3046eddc6" is_pre_election: true
I20260709 14:49:01.372767  6687 raft_consensus.cc:2468] T 657d5b7a7c344ce3b95843481ba61fb5 P 433922688dd84a3baddb0cf3046eddc6 [term 0 FOLLOWER]: Leader pre-election vote request: Granting yes vote for candidate e81312e203044c55ba631b278c788fc7 in term 0.
I20260709 14:49:01.373693  6731 tablet_bootstrap.cc:654] T 02e29217f09c43d3bc2f275d6ce997e8 P 433922688dd84a3baddb0cf3046eddc6: Neither blocks nor log segments found. Creating new log.
I20260709 14:49:01.374478  6730 tablet_bootstrap.cc:654] T 6f735caab9ad433296f50b0c2d94e895 P e81312e203044c55ba631b278c788fc7: Neither blocks nor log segments found. Creating new log.
W20260709 14:49:01.373018  6501 leader_election.cc:343] T 657d5b7a7c344ce3b95843481ba61fb5 P e81312e203044c55ba631b278c788fc7 [CANDIDATE]: Term 1 pre-election: Tablet error from VoteRequest() call to peer 32487872726547b08eca918cb71ad246 (127.6.64.194:38087): Illegal state: must be running to vote when last-logged opid is not known
I20260709 14:49:01.378223  6501 leader_election.cc:304] T 657d5b7a7c344ce3b95843481ba61fb5 P e81312e203044c55ba631b278c788fc7 [CANDIDATE]: Term 1 pre-election: Election decided. Result: candidate won. Election summary: received 3 responses out of 3 voters: 2 yes votes; 1 no votes. yes voters: 433922688dd84a3baddb0cf3046eddc6, e81312e203044c55ba631b278c788fc7; no voters: 32487872726547b08eca918cb71ad246
I20260709 14:49:01.379058  6735 raft_consensus.cc:2804] T 657d5b7a7c344ce3b95843481ba61fb5 P e81312e203044c55ba631b278c788fc7 [term 0 FOLLOWER]: Leader pre-election won for term 1
I20260709 14:49:01.379458  6735 raft_consensus.cc:493] T 657d5b7a7c344ce3b95843481ba61fb5 P e81312e203044c55ba631b278c788fc7 [term 0 FOLLOWER]: Starting leader election (no leader contacted us within the election timeout)
I20260709 14:49:01.380275  6735 raft_consensus.cc:3060] T 657d5b7a7c344ce3b95843481ba61fb5 P e81312e203044c55ba631b278c788fc7 [term 0 FOLLOWER]: Advancing to term 1
I20260709 14:49:01.385334  6730 tablet_bootstrap.cc:492] T 6f735caab9ad433296f50b0c2d94e895 P e81312e203044c55ba631b278c788fc7: No bootstrap required, opened a new log
I20260709 14:49:01.386122  6730 ts_tablet_manager.cc:1403] T 6f735caab9ad433296f50b0c2d94e895 P e81312e203044c55ba631b278c788fc7: Time spent bootstrapping tablet: real 0.022s	user 0.012s	sys 0.002s
I20260709 14:49:01.390475  6730 raft_consensus.cc:359] T 6f735caab9ad433296f50b0c2d94e895 P e81312e203044c55ba631b278c788fc7 [term 0 FOLLOWER]: Replica starting. Triggering 0 pending ops. Active config: opid_index: -1 OBSOLETE_local: false peers { permanent_uuid: "e81312e203044c55ba631b278c788fc7" member_type: VOTER last_known_addr { host: "127.6.64.193" port: 38563 } } peers { permanent_uuid: "433922688dd84a3baddb0cf3046eddc6" member_type: VOTER last_known_addr { host: "127.6.64.195" port: 37647 } } peers { permanent_uuid: "32487872726547b08eca918cb71ad246" member_type: VOTER last_known_addr { host: "127.6.64.194" port: 38087 } }
I20260709 14:49:01.391239  6730 raft_consensus.cc:385] T 6f735caab9ad433296f50b0c2d94e895 P e81312e203044c55ba631b278c788fc7 [term 0 FOLLOWER]: Consensus starting up: Expiring failure detector timer to make a prompt election more likely
I20260709 14:49:01.391588  6730 raft_consensus.cc:740] T 6f735caab9ad433296f50b0c2d94e895 P e81312e203044c55ba631b278c788fc7 [term 0 FOLLOWER]: Becoming Follower/Learner. State: Replica: e81312e203044c55ba631b278c788fc7, State: Initialized, Role: FOLLOWER
I20260709 14:49:01.391444  6735 raft_consensus.cc:515] T 657d5b7a7c344ce3b95843481ba61fb5 P e81312e203044c55ba631b278c788fc7 [term 1 FOLLOWER]: Starting leader election with config: opid_index: -1 OBSOLETE_local: false peers { permanent_uuid: "e81312e203044c55ba631b278c788fc7" member_type: VOTER last_known_addr { host: "127.6.64.193" port: 38563 } } peers { permanent_uuid: "32487872726547b08eca918cb71ad246" member_type: VOTER last_known_addr { host: "127.6.64.194" port: 38087 } } peers { permanent_uuid: "433922688dd84a3baddb0cf3046eddc6" member_type: VOTER last_known_addr { host: "127.6.64.195" port: 37647 } }
I20260709 14:49:01.394192  6613 tablet_service.cc:1917] Received RequestConsensusVote() RPC: tablet_id: "657d5b7a7c344ce3b95843481ba61fb5" candidate_uuid: "e81312e203044c55ba631b278c788fc7" candidate_term: 1 candidate_status { last_received { term: 0 index: 0 } } ignore_live_leader: false dest_uuid: "32487872726547b08eca918cb71ad246"
I20260709 14:49:01.395016  6732 tablet_bootstrap.cc:492] T 651a51edc06b4f9eb8e25f672220e2b1 P 32487872726547b08eca918cb71ad246: No bootstrap required, opened a new log
I20260709 14:49:01.395539  6732 ts_tablet_manager.cc:1403] T 651a51edc06b4f9eb8e25f672220e2b1 P 32487872726547b08eca918cb71ad246: Time spent bootstrapping tablet: real 0.122s	user 0.018s	sys 0.006s
W20260709 14:49:01.395591  6501 leader_election.cc:343] T 657d5b7a7c344ce3b95843481ba61fb5 P e81312e203044c55ba631b278c788fc7 [CANDIDATE]: Term 1 election: Tablet error from VoteRequest() call to peer 32487872726547b08eca918cb71ad246 (127.6.64.194:38087): Illegal state: must be running to vote when last-logged opid is not known
I20260709 14:49:01.392648  6730 consensus_queue.cc:260] T 6f735caab9ad433296f50b0c2d94e895 P e81312e203044c55ba631b278c788fc7 [NON_LEADER]: Queue going to NON_LEADER mode. State: All replicated index: 0, Majority replicated index: 0, Committed index: 0, Last appended: 0.0, Last appended by leader: 0, Current term: 0, Majority size: -1, State: 0, Mode: NON_LEADER, active raft config: opid_index: -1 OBSOLETE_local: false peers { permanent_uuid: "e81312e203044c55ba631b278c788fc7" member_type: VOTER last_known_addr { host: "127.6.64.193" port: 38563 } } peers { permanent_uuid: "433922688dd84a3baddb0cf3046eddc6" member_type: VOTER last_known_addr { host: "127.6.64.195" port: 37647 } } peers { permanent_uuid: "32487872726547b08eca918cb71ad246" member_type: VOTER last_known_addr { host: "127.6.64.194" port: 38087 } }
I20260709 14:49:01.399372  6731 tablet_bootstrap.cc:492] T 02e29217f09c43d3bc2f275d6ce997e8 P 433922688dd84a3baddb0cf3046eddc6: No bootstrap required, opened a new log
I20260709 14:49:01.399840  6731 ts_tablet_manager.cc:1403] T 02e29217f09c43d3bc2f275d6ce997e8 P 433922688dd84a3baddb0cf3046eddc6: Time spent bootstrapping tablet: real 0.037s	user 0.016s	sys 0.014s
I20260709 14:49:01.401789  6732 raft_consensus.cc:359] T 651a51edc06b4f9eb8e25f672220e2b1 P 32487872726547b08eca918cb71ad246 [term 0 FOLLOWER]: Replica starting. Triggering 0 pending ops. Active config: opid_index: -1 OBSOLETE_local: false peers { permanent_uuid: "e81312e203044c55ba631b278c788fc7" member_type: VOTER last_known_addr { host: "127.6.64.193" port: 38563 } } peers { permanent_uuid: "32487872726547b08eca918cb71ad246" member_type: VOTER last_known_addr { host: "127.6.64.194" port: 38087 } } peers { permanent_uuid: "433922688dd84a3baddb0cf3046eddc6" member_type: VOTER last_known_addr { host: "127.6.64.195" port: 37647 } }
I20260709 14:49:01.402482  6732 raft_consensus.cc:385] T 651a51edc06b4f9eb8e25f672220e2b1 P 32487872726547b08eca918cb71ad246 [term 0 FOLLOWER]: Consensus starting up: Expiring failure detector timer to make a prompt election more likely
I20260709 14:49:01.402806  6732 raft_consensus.cc:740] T 651a51edc06b4f9eb8e25f672220e2b1 P 32487872726547b08eca918cb71ad246 [term 0 FOLLOWER]: Becoming Follower/Learner. State: Replica: 32487872726547b08eca918cb71ad246, State: Initialized, Role: FOLLOWER
I20260709 14:49:01.403632  6732 consensus_queue.cc:260] T 651a51edc06b4f9eb8e25f672220e2b1 P 32487872726547b08eca918cb71ad246 [NON_LEADER]: Queue going to NON_LEADER mode. State: All replicated index: 0, Majority replicated index: 0, Committed index: 0, Last appended: 0.0, Last appended by leader: 0, Current term: 0, Majority size: -1, State: 0, Mode: NON_LEADER, active raft config: opid_index: -1 OBSOLETE_local: false peers { permanent_uuid: "e81312e203044c55ba631b278c788fc7" member_type: VOTER last_known_addr { host: "127.6.64.193" port: 38563 } } peers { permanent_uuid: "32487872726547b08eca918cb71ad246" member_type: VOTER last_known_addr { host: "127.6.64.194" port: 38087 } } peers { permanent_uuid: "433922688dd84a3baddb0cf3046eddc6" member_type: VOTER last_known_addr { host: "127.6.64.195" port: 37647 } }
I20260709 14:49:01.404199  6735 leader_election.cc:290] T 657d5b7a7c344ce3b95843481ba61fb5 P e81312e203044c55ba631b278c788fc7 [CANDIDATE]: Term 1 election: Requested vote from peers 32487872726547b08eca918cb71ad246 (127.6.64.194:38087), 433922688dd84a3baddb0cf3046eddc6 (127.6.64.195:37647)
I20260709 14:49:01.405306  6687 tablet_service.cc:1917] Received RequestConsensusVote() RPC: tablet_id: "657d5b7a7c344ce3b95843481ba61fb5" candidate_uuid: "e81312e203044c55ba631b278c788fc7" candidate_term: 1 candidate_status { last_received { term: 0 index: 0 } } ignore_live_leader: false dest_uuid: "433922688dd84a3baddb0cf3046eddc6"
I20260709 14:49:01.402478  6731 raft_consensus.cc:359] T 02e29217f09c43d3bc2f275d6ce997e8 P 433922688dd84a3baddb0cf3046eddc6 [term 0 FOLLOWER]: Replica starting. Triggering 0 pending ops. Active config: opid_index: -1 OBSOLETE_local: false peers { permanent_uuid: "e81312e203044c55ba631b278c788fc7" member_type: VOTER last_known_addr { host: "127.6.64.193" port: 38563 } } peers { permanent_uuid: "32487872726547b08eca918cb71ad246" member_type: VOTER last_known_addr { host: "127.6.64.194" port: 38087 } } peers { permanent_uuid: "433922688dd84a3baddb0cf3046eddc6" member_type: VOTER last_known_addr { host: "127.6.64.195" port: 37647 } }
I20260709 14:49:01.405854  6687 raft_consensus.cc:3060] T 657d5b7a7c344ce3b95843481ba61fb5 P 433922688dd84a3baddb0cf3046eddc6 [term 0 FOLLOWER]: Advancing to term 1
I20260709 14:49:01.406219  6731 raft_consensus.cc:385] T 02e29217f09c43d3bc2f275d6ce997e8 P 433922688dd84a3baddb0cf3046eddc6 [term 0 FOLLOWER]: Consensus starting up: Expiring failure detector timer to make a prompt election more likely
I20260709 14:49:01.406533  6731 raft_consensus.cc:740] T 02e29217f09c43d3bc2f275d6ce997e8 P 433922688dd84a3baddb0cf3046eddc6 [term 0 FOLLOWER]: Becoming Follower/Learner. State: Replica: 433922688dd84a3baddb0cf3046eddc6, State: Initialized, Role: FOLLOWER
I20260709 14:49:01.407259  6731 consensus_queue.cc:260] T 02e29217f09c43d3bc2f275d6ce997e8 P 433922688dd84a3baddb0cf3046eddc6 [NON_LEADER]: Queue going to NON_LEADER mode. State: All replicated index: 0, Majority replicated index: 0, Committed index: 0, Last appended: 0.0, Last appended by leader: 0, Current term: 0, Majority size: -1, State: 0, Mode: NON_LEADER, active raft config: opid_index: -1 OBSOLETE_local: false peers { permanent_uuid: "e81312e203044c55ba631b278c788fc7" member_type: VOTER last_known_addr { host: "127.6.64.193" port: 38563 } } peers { permanent_uuid: "32487872726547b08eca918cb71ad246" member_type: VOTER last_known_addr { host: "127.6.64.194" port: 38087 } } peers { permanent_uuid: "433922688dd84a3baddb0cf3046eddc6" member_type: VOTER last_known_addr { host: "127.6.64.195" port: 37647 } }
I20260709 14:49:01.409694  6731 ts_tablet_manager.cc:1434] T 02e29217f09c43d3bc2f275d6ce997e8 P 433922688dd84a3baddb0cf3046eddc6: Time spent starting tablet: real 0.010s	user 0.005s	sys 0.000s
I20260709 14:49:01.410625  6731 tablet_bootstrap.cc:492] T 6f735caab9ad433296f50b0c2d94e895 P 433922688dd84a3baddb0cf3046eddc6: Bootstrap starting.
I20260709 14:49:01.412942  6687 raft_consensus.cc:2468] T 657d5b7a7c344ce3b95843481ba61fb5 P 433922688dd84a3baddb0cf3046eddc6 [term 1 FOLLOWER]: Leader election vote request: Granting yes vote for candidate e81312e203044c55ba631b278c788fc7 in term 1.
I20260709 14:49:01.414125  6501 leader_election.cc:304] T 657d5b7a7c344ce3b95843481ba61fb5 P e81312e203044c55ba631b278c788fc7 [CANDIDATE]: Term 1 election: Election decided. Result: candidate won. Election summary: received 3 responses out of 3 voters: 2 yes votes; 1 no votes. yes voters: 433922688dd84a3baddb0cf3046eddc6, e81312e203044c55ba631b278c788fc7; no voters: 32487872726547b08eca918cb71ad246
I20260709 14:49:01.414902  6735 raft_consensus.cc:2804] T 657d5b7a7c344ce3b95843481ba61fb5 P e81312e203044c55ba631b278c788fc7 [term 1 FOLLOWER]: Leader election won for term 1
I20260709 14:49:01.416859  6730 ts_tablet_manager.cc:1434] T 6f735caab9ad433296f50b0c2d94e895 P e81312e203044c55ba631b278c788fc7: Time spent starting tablet: real 0.030s	user 0.004s	sys 0.009s
I20260709 14:49:01.417289  6731 tablet_bootstrap.cc:654] T 6f735caab9ad433296f50b0c2d94e895 P 433922688dd84a3baddb0cf3046eddc6: Neither blocks nor log segments found. Creating new log.
I20260709 14:49:01.418192  6730 tablet_bootstrap.cc:492] T 651a51edc06b4f9eb8e25f672220e2b1 P e81312e203044c55ba631b278c788fc7: Bootstrap starting.
I20260709 14:49:01.426760  6730 tablet_bootstrap.cc:654] T 651a51edc06b4f9eb8e25f672220e2b1 P e81312e203044c55ba631b278c788fc7: Neither blocks nor log segments found. Creating new log.
I20260709 14:49:01.431823  6735 raft_consensus.cc:697] T 657d5b7a7c344ce3b95843481ba61fb5 P e81312e203044c55ba631b278c788fc7 [term 1 LEADER]: Becoming Leader. State: Replica: e81312e203044c55ba631b278c788fc7, State: Running, Role: LEADER
I20260709 14:49:01.433346  6737 raft_consensus.cc:493] T d97d6dba58104739a7945d264990e863 P 32487872726547b08eca918cb71ad246 [term 0 FOLLOWER]: Starting pre-election (no leader contacted us within the election timeout)
I20260709 14:49:01.432992  6735 consensus_queue.cc:237] T 657d5b7a7c344ce3b95843481ba61fb5 P e81312e203044c55ba631b278c788fc7 [LEADER]: Queue going to LEADER mode. State: All replicated index: 0, Majority replicated index: 0, Committed index: 0, Last appended: 0.0, Last appended by leader: 0, Current term: 1, Majority size: 2, State: 0, Mode: LEADER, active raft config: opid_index: -1 OBSOLETE_local: false peers { permanent_uuid: "e81312e203044c55ba631b278c788fc7" member_type: VOTER last_known_addr { host: "127.6.64.193" port: 38563 } } peers { permanent_uuid: "32487872726547b08eca918cb71ad246" member_type: VOTER last_known_addr { host: "127.6.64.194" port: 38087 } } peers { permanent_uuid: "433922688dd84a3baddb0cf3046eddc6" member_type: VOTER last_known_addr { host: "127.6.64.195" port: 37647 } }
I20260709 14:49:01.433997  6737 raft_consensus.cc:515] T d97d6dba58104739a7945d264990e863 P 32487872726547b08eca918cb71ad246 [term 0 FOLLOWER]: Starting pre-election with config: opid_index: -1 OBSOLETE_local: false peers { permanent_uuid: "e81312e203044c55ba631b278c788fc7" member_type: VOTER last_known_addr { host: "127.6.64.193" port: 38563 } } peers { permanent_uuid: "32487872726547b08eca918cb71ad246" member_type: VOTER last_known_addr { host: "127.6.64.194" port: 38087 } } peers { permanent_uuid: "433922688dd84a3baddb0cf3046eddc6" member_type: VOTER last_known_addr { host: "127.6.64.195" port: 37647 } }
I20260709 14:49:01.440786  6730 tablet_bootstrap.cc:492] T 651a51edc06b4f9eb8e25f672220e2b1 P e81312e203044c55ba631b278c788fc7: No bootstrap required, opened a new log
I20260709 14:49:01.441320  6730 ts_tablet_manager.cc:1403] T 651a51edc06b4f9eb8e25f672220e2b1 P e81312e203044c55ba631b278c788fc7: Time spent bootstrapping tablet: real 0.023s	user 0.014s	sys 0.006s
I20260709 14:49:01.444634  6737 leader_election.cc:290] T d97d6dba58104739a7945d264990e863 P 32487872726547b08eca918cb71ad246 [CANDIDATE]: Term 1 pre-election: Requested pre-vote from peers e81312e203044c55ba631b278c788fc7 (127.6.64.193:38563), 433922688dd84a3baddb0cf3046eddc6 (127.6.64.195:37647)
I20260709 14:49:01.444317  6730 raft_consensus.cc:359] T 651a51edc06b4f9eb8e25f672220e2b1 P e81312e203044c55ba631b278c788fc7 [term 0 FOLLOWER]: Replica starting. Triggering 0 pending ops. Active config: opid_index: -1 OBSOLETE_local: false peers { permanent_uuid: "e81312e203044c55ba631b278c788fc7" member_type: VOTER last_known_addr { host: "127.6.64.193" port: 38563 } } peers { permanent_uuid: "32487872726547b08eca918cb71ad246" member_type: VOTER last_known_addr { host: "127.6.64.194" port: 38087 } } peers { permanent_uuid: "433922688dd84a3baddb0cf3046eddc6" member_type: VOTER last_known_addr { host: "127.6.64.195" port: 37647 } }
I20260709 14:49:01.454530  6730 raft_consensus.cc:385] T 651a51edc06b4f9eb8e25f672220e2b1 P e81312e203044c55ba631b278c788fc7 [term 0 FOLLOWER]: Consensus starting up: Expiring failure detector timer to make a prompt election more likely
I20260709 14:49:01.455288  6730 raft_consensus.cc:740] T 651a51edc06b4f9eb8e25f672220e2b1 P e81312e203044c55ba631b278c788fc7 [term 0 FOLLOWER]: Becoming Follower/Learner. State: Replica: e81312e203044c55ba631b278c788fc7, State: Initialized, Role: FOLLOWER
I20260709 14:49:01.456380  6730 consensus_queue.cc:260] T 651a51edc06b4f9eb8e25f672220e2b1 P e81312e203044c55ba631b278c788fc7 [NON_LEADER]: Queue going to NON_LEADER mode. State: All replicated index: 0, Majority replicated index: 0, Committed index: 0, Last appended: 0.0, Last appended by leader: 0, Current term: 0, Majority size: -1, State: 0, Mode: NON_LEADER, active raft config: opid_index: -1 OBSOLETE_local: false peers { permanent_uuid: "e81312e203044c55ba631b278c788fc7" member_type: VOTER last_known_addr { host: "127.6.64.193" port: 38563 } } peers { permanent_uuid: "32487872726547b08eca918cb71ad246" member_type: VOTER last_known_addr { host: "127.6.64.194" port: 38087 } } peers { permanent_uuid: "433922688dd84a3baddb0cf3046eddc6" member_type: VOTER last_known_addr { host: "127.6.64.195" port: 37647 } }
I20260709 14:49:01.460815  6730 ts_tablet_manager.cc:1434] T 651a51edc06b4f9eb8e25f672220e2b1 P e81312e203044c55ba631b278c788fc7: Time spent starting tablet: real 0.019s	user 0.004s	sys 0.002s
I20260709 14:49:01.461772  6730 tablet_bootstrap.cc:492] T d97d6dba58104739a7945d264990e863 P e81312e203044c55ba631b278c788fc7: Bootstrap starting.
I20260709 14:49:01.464720  6435 catalog_manager.cc:5697] T 657d5b7a7c344ce3b95843481ba61fb5 P e81312e203044c55ba631b278c788fc7 reported cstate change: term changed from 0 to 1, leader changed from <none> to e81312e203044c55ba631b278c788fc7 (127.6.64.193). New cstate: current_term: 1 leader_uuid: "e81312e203044c55ba631b278c788fc7" committed_config { opid_index: -1 OBSOLETE_local: false peers { permanent_uuid: "e81312e203044c55ba631b278c788fc7" member_type: VOTER last_known_addr { host: "127.6.64.193" port: 38563 } health_report { overall_health: HEALTHY } } peers { permanent_uuid: "32487872726547b08eca918cb71ad246" member_type: VOTER last_known_addr { host: "127.6.64.194" port: 38087 } health_report { overall_health: UNKNOWN } } peers { permanent_uuid: "433922688dd84a3baddb0cf3046eddc6" member_type: VOTER last_known_addr { host: "127.6.64.195" port: 37647 } health_report { overall_health: UNKNOWN } } }
I20260709 14:49:01.468413  6730 tablet_bootstrap.cc:654] T d97d6dba58104739a7945d264990e863 P e81312e203044c55ba631b278c788fc7: Neither blocks nor log segments found. Creating new log.
I20260709 14:49:01.469709  6732 ts_tablet_manager.cc:1434] T 651a51edc06b4f9eb8e25f672220e2b1 P 32487872726547b08eca918cb71ad246: Time spent starting tablet: real 0.074s	user 0.005s	sys 0.000s
I20260709 14:49:01.471000  6732 tablet_bootstrap.cc:492] T a4831fa000274d33bedcc1a59227c09b P 32487872726547b08eca918cb71ad246: Bootstrap starting.
I20260709 14:49:01.480377  6730 tablet_bootstrap.cc:492] T d97d6dba58104739a7945d264990e863 P e81312e203044c55ba631b278c788fc7: No bootstrap required, opened a new log
I20260709 14:49:01.480928  6730 ts_tablet_manager.cc:1403] T d97d6dba58104739a7945d264990e863 P e81312e203044c55ba631b278c788fc7: Time spent bootstrapping tablet: real 0.019s	user 0.013s	sys 0.005s
I20260709 14:49:01.482730  6735 raft_consensus.cc:493] T 02e29217f09c43d3bc2f275d6ce997e8 P e81312e203044c55ba631b278c788fc7 [term 0 FOLLOWER]: Starting pre-election (no leader contacted us within the election timeout)
I20260709 14:49:01.483248  6735 raft_consensus.cc:515] T 02e29217f09c43d3bc2f275d6ce997e8 P e81312e203044c55ba631b278c788fc7 [term 0 FOLLOWER]: Starting pre-election with config: opid_index: -1 OBSOLETE_local: false peers { permanent_uuid: "e81312e203044c55ba631b278c788fc7" member_type: VOTER last_known_addr { host: "127.6.64.193" port: 38563 } } peers { permanent_uuid: "32487872726547b08eca918cb71ad246" member_type: VOTER last_known_addr { host: "127.6.64.194" port: 38087 } } peers { permanent_uuid: "433922688dd84a3baddb0cf3046eddc6" member_type: VOTER last_known_addr { host: "127.6.64.195" port: 37647 } }
I20260709 14:49:01.485812  6735 leader_election.cc:290] T 02e29217f09c43d3bc2f275d6ce997e8 P e81312e203044c55ba631b278c788fc7 [CANDIDATE]: Term 1 pre-election: Requested pre-vote from peers 32487872726547b08eca918cb71ad246 (127.6.64.194:38087), 433922688dd84a3baddb0cf3046eddc6 (127.6.64.195:37647)
I20260709 14:49:01.486148  6613 tablet_service.cc:1917] Received RequestConsensusVote() RPC: tablet_id: "02e29217f09c43d3bc2f275d6ce997e8" candidate_uuid: "e81312e203044c55ba631b278c788fc7" candidate_term: 1 candidate_status { last_received { term: 0 index: 0 } } ignore_live_leader: false dest_uuid: "32487872726547b08eca918cb71ad246" is_pre_election: true
I20260709 14:49:01.486747  6613 raft_consensus.cc:2468] T 02e29217f09c43d3bc2f275d6ce997e8 P 32487872726547b08eca918cb71ad246 [term 0 FOLLOWER]: Leader pre-election vote request: Granting yes vote for candidate e81312e203044c55ba631b278c788fc7 in term 0.
I20260709 14:49:01.488322  6501 leader_election.cc:304] T 02e29217f09c43d3bc2f275d6ce997e8 P e81312e203044c55ba631b278c788fc7 [CANDIDATE]: Term 1 pre-election: Election decided. Result: candidate won. Election summary: received 2 responses out of 3 voters: 2 yes votes; 0 no votes. yes voters: 32487872726547b08eca918cb71ad246, e81312e203044c55ba631b278c788fc7; no voters: 
I20260709 14:49:01.489081  6735 raft_consensus.cc:2804] T 02e29217f09c43d3bc2f275d6ce997e8 P e81312e203044c55ba631b278c788fc7 [term 0 FOLLOWER]: Leader pre-election won for term 1
I20260709 14:49:01.489446  6735 raft_consensus.cc:493] T 02e29217f09c43d3bc2f275d6ce997e8 P e81312e203044c55ba631b278c788fc7 [term 0 FOLLOWER]: Starting leader election (no leader contacted us within the election timeout)
I20260709 14:49:01.489799  6735 raft_consensus.cc:3060] T 02e29217f09c43d3bc2f275d6ce997e8 P e81312e203044c55ba631b278c788fc7 [term 0 FOLLOWER]: Advancing to term 1
I20260709 14:49:01.489837  6687 tablet_service.cc:1917] Received RequestConsensusVote() RPC: tablet_id: "02e29217f09c43d3bc2f275d6ce997e8" candidate_uuid: "e81312e203044c55ba631b278c788fc7" candidate_term: 1 candidate_status { last_received { term: 0 index: 0 } } ignore_live_leader: false dest_uuid: "433922688dd84a3baddb0cf3046eddc6" is_pre_election: true
I20260709 14:49:01.490477  6687 raft_consensus.cc:2468] T 02e29217f09c43d3bc2f275d6ce997e8 P 433922688dd84a3baddb0cf3046eddc6 [term 0 FOLLOWER]: Leader pre-election vote request: Granting yes vote for candidate e81312e203044c55ba631b278c788fc7 in term 0.
I20260709 14:49:01.492731  6730 raft_consensus.cc:359] T d97d6dba58104739a7945d264990e863 P e81312e203044c55ba631b278c788fc7 [term 0 FOLLOWER]: Replica starting. Triggering 0 pending ops. Active config: opid_index: -1 OBSOLETE_local: false peers { permanent_uuid: "e81312e203044c55ba631b278c788fc7" member_type: VOTER last_known_addr { host: "127.6.64.193" port: 38563 } } peers { permanent_uuid: "32487872726547b08eca918cb71ad246" member_type: VOTER last_known_addr { host: "127.6.64.194" port: 38087 } } peers { permanent_uuid: "433922688dd84a3baddb0cf3046eddc6" member_type: VOTER last_known_addr { host: "127.6.64.195" port: 37647 } }
I20260709 14:49:01.493490  6730 raft_consensus.cc:385] T d97d6dba58104739a7945d264990e863 P e81312e203044c55ba631b278c788fc7 [term 0 FOLLOWER]: Consensus starting up: Expiring failure detector timer to make a prompt election more likely
I20260709 14:49:01.493842  6730 raft_consensus.cc:740] T d97d6dba58104739a7945d264990e863 P e81312e203044c55ba631b278c788fc7 [term 0 FOLLOWER]: Becoming Follower/Learner. State: Replica: e81312e203044c55ba631b278c788fc7, State: Initialized, Role: FOLLOWER
I20260709 14:49:01.494643  6730 consensus_queue.cc:260] T d97d6dba58104739a7945d264990e863 P e81312e203044c55ba631b278c788fc7 [NON_LEADER]: Queue going to NON_LEADER mode. State: All replicated index: 0, Majority replicated index: 0, Committed index: 0, Last appended: 0.0, Last appended by leader: 0, Current term: 0, Majority size: -1, State: 0, Mode: NON_LEADER, active raft config: opid_index: -1 OBSOLETE_local: false peers { permanent_uuid: "e81312e203044c55ba631b278c788fc7" member_type: VOTER last_known_addr { host: "127.6.64.193" port: 38563 } } peers { permanent_uuid: "32487872726547b08eca918cb71ad246" member_type: VOTER last_known_addr { host: "127.6.64.194" port: 38087 } } peers { permanent_uuid: "433922688dd84a3baddb0cf3046eddc6" member_type: VOTER last_known_addr { host: "127.6.64.195" port: 37647 } }
I20260709 14:49:01.496513  6735 raft_consensus.cc:515] T 02e29217f09c43d3bc2f275d6ce997e8 P e81312e203044c55ba631b278c788fc7 [term 1 FOLLOWER]: Starting leader election with config: opid_index: -1 OBSOLETE_local: false peers { permanent_uuid: "e81312e203044c55ba631b278c788fc7" member_type: VOTER last_known_addr { host: "127.6.64.193" port: 38563 } } peers { permanent_uuid: "32487872726547b08eca918cb71ad246" member_type: VOTER last_known_addr { host: "127.6.64.194" port: 38087 } } peers { permanent_uuid: "433922688dd84a3baddb0cf3046eddc6" member_type: VOTER last_known_addr { host: "127.6.64.195" port: 37647 } }
I20260709 14:49:01.498046  6730 ts_tablet_manager.cc:1434] T d97d6dba58104739a7945d264990e863 P e81312e203044c55ba631b278c788fc7: Time spent starting tablet: real 0.015s	user 0.002s	sys 0.004s
I20260709 14:49:01.501812  6730 tablet_bootstrap.cc:492] T f4c1917c21f048219d45a38efd017329 P e81312e203044c55ba631b278c788fc7: Bootstrap starting.
I20260709 14:49:01.499158  6613 tablet_service.cc:1917] Received RequestConsensusVote() RPC: tablet_id: "02e29217f09c43d3bc2f275d6ce997e8" candidate_uuid: "e81312e203044c55ba631b278c788fc7" candidate_term: 1 candidate_status { last_received { term: 0 index: 0 } } ignore_live_leader: false dest_uuid: "32487872726547b08eca918cb71ad246"
I20260709 14:49:01.504280  6613 raft_consensus.cc:3060] T 02e29217f09c43d3bc2f275d6ce997e8 P 32487872726547b08eca918cb71ad246 [term 0 FOLLOWER]: Advancing to term 1
I20260709 14:49:01.500276  6687 tablet_service.cc:1917] Received RequestConsensusVote() RPC: tablet_id: "02e29217f09c43d3bc2f275d6ce997e8" candidate_uuid: "e81312e203044c55ba631b278c788fc7" candidate_term: 1 candidate_status { last_received { term: 0 index: 0 } } ignore_live_leader: false dest_uuid: "433922688dd84a3baddb0cf3046eddc6"
I20260709 14:49:01.508323  6687 raft_consensus.cc:3060] T 02e29217f09c43d3bc2f275d6ce997e8 P 433922688dd84a3baddb0cf3046eddc6 [term 0 FOLLOWER]: Advancing to term 1
I20260709 14:49:01.515117  6687 raft_consensus.cc:2468] T 02e29217f09c43d3bc2f275d6ce997e8 P 433922688dd84a3baddb0cf3046eddc6 [term 1 FOLLOWER]: Leader election vote request: Granting yes vote for candidate e81312e203044c55ba631b278c788fc7 in term 1.
I20260709 14:49:01.498518  6735 leader_election.cc:290] T 02e29217f09c43d3bc2f275d6ce997e8 P e81312e203044c55ba631b278c788fc7 [CANDIDATE]: Term 1 election: Requested vote from peers 32487872726547b08eca918cb71ad246 (127.6.64.194:38087), 433922688dd84a3baddb0cf3046eddc6 (127.6.64.195:37647)
I20260709 14:49:01.526852  6501 leader_election.cc:304] T 02e29217f09c43d3bc2f275d6ce997e8 P e81312e203044c55ba631b278c788fc7 [CANDIDATE]: Term 1 election: Election decided. Result: candidate won. Election summary: received 2 responses out of 3 voters: 2 yes votes; 0 no votes. yes voters: 433922688dd84a3baddb0cf3046eddc6, e81312e203044c55ba631b278c788fc7; no voters: 
I20260709 14:49:01.518939  6613 raft_consensus.cc:2468] T 02e29217f09c43d3bc2f275d6ce997e8 P 32487872726547b08eca918cb71ad246 [term 1 FOLLOWER]: Leader election vote request: Granting yes vote for candidate e81312e203044c55ba631b278c788fc7 in term 1.
