I20260709 14:49:21.553699  9582 raft_consensus.cc:2749] T 06578b982d2e47a088a1fc56f97c7924 P 27652431f57647f791673ecfb8637302 [term 0 FOLLOWER]: Leader pre-election lost for term 1. Reason: could not achieve majority
I20260709 14:49:21.568207  9472 tablet_bootstrap.cc:654] T 659c4de6f28448c69fe3b25f75f4df3e P 65bf9eb3336c4b85a3e974b547190250: Neither blocks nor log segments found. Creating new log.
I20260709 14:49:21.574383  9428 raft_consensus.cc:2468] T a103ba1f55e04932b6f43eaadf9d08d9 P 65bf9eb3336c4b85a3e974b547190250 [term 1 FOLLOWER]: Leader election vote request: Granting yes vote for candidate 681d41b98e61447e83dba7bd8dfef6ef in term 1.
I20260709 14:49:21.590322  9582 consensus_queue.cc:1048] T 33c8bc3160784868a5ba2ff32e69b921 P 27652431f57647f791673ecfb8637302 [LEADER]: Connected to new peer: Peer: permanent_uuid: "65bf9eb3336c4b85a3e974b547190250" member_type: VOTER last_known_addr { host: "127.7.254.3" port: 36437 }, Status: LMP_MISMATCH, Last received: 0.0, Next index: 1, Last known committed idx: 0, Time since last communication: 0.000s
I20260709 14:49:21.593786  9179 catalog_manager.cc:5697] T 6c2b9fda678147ef8e778451cc4f8d19 P 27652431f57647f791673ecfb8637302 reported cstate change: term changed from 0 to 1, leader changed from <none> to 27652431f57647f791673ecfb8637302 (127.7.254.2). New cstate: current_term: 1 leader_uuid: "27652431f57647f791673ecfb8637302" committed_config { opid_index: -1 OBSOLETE_local: false peers { permanent_uuid: "681d41b98e61447e83dba7bd8dfef6ef" member_type: VOTER last_known_addr { host: "127.7.254.1" port: 33921 } health_report { overall_health: UNKNOWN } } peers { permanent_uuid: "27652431f57647f791673ecfb8637302" member_type: VOTER last_known_addr { host: "127.7.254.2" port: 46147 } health_report { overall_health: HEALTHY } } peers { permanent_uuid: "65bf9eb3336c4b85a3e974b547190250" member_type: VOTER last_known_addr { host: "127.7.254.3" port: 36437 } health_report { overall_health: UNKNOWN } } }
I20260709 14:49:21.599777  9529 raft_consensus.cc:493] T e7b741610e0543ef85ceca1d083b0b2d P 681d41b98e61447e83dba7bd8dfef6ef [term 0 FOLLOWER]: Starting pre-election (no leader contacted us within the election timeout)
I20260709 14:49:21.601330  9529 raft_consensus.cc:515] T e7b741610e0543ef85ceca1d083b0b2d P 681d41b98e61447e83dba7bd8dfef6ef [term 0 FOLLOWER]: Starting pre-election with config: opid_index: -1 OBSOLETE_local: false peers { permanent_uuid: "681d41b98e61447e83dba7bd8dfef6ef" member_type: VOTER last_known_addr { host: "127.7.254.1" port: 33921 } } peers { permanent_uuid: "27652431f57647f791673ecfb8637302" member_type: VOTER last_known_addr { host: "127.7.254.2" port: 46147 } } peers { permanent_uuid: "65bf9eb3336c4b85a3e974b547190250" member_type: VOTER last_known_addr { host: "127.7.254.3" port: 36437 } }
I20260709 14:49:21.603478  9529 leader_election.cc:290] T e7b741610e0543ef85ceca1d083b0b2d P 681d41b98e61447e83dba7bd8dfef6ef [CANDIDATE]: Term 1 pre-election: Requested pre-vote from peers 27652431f57647f791673ecfb8637302 (127.7.254.2:46147), 65bf9eb3336c4b85a3e974b547190250 (127.7.254.3:36437)
I20260709 14:49:21.604245  9474 tablet_bootstrap.cc:654] T 659c4de6f28448c69fe3b25f75f4df3e P 681d41b98e61447e83dba7bd8dfef6ef: Neither blocks nor log segments found. Creating new log.
I20260709 14:49:21.605832  9356 tablet_service.cc:1917] Received RequestConsensusVote() RPC: tablet_id: "e7b741610e0543ef85ceca1d083b0b2d" candidate_uuid: "681d41b98e61447e83dba7bd8dfef6ef" candidate_term: 1 candidate_status { last_received { term: 0 index: 0 } } ignore_live_leader: false dest_uuid: "27652431f57647f791673ecfb8637302" is_pre_election: true
I20260709 14:49:21.606722  9356 raft_consensus.cc:2468] T e7b741610e0543ef85ceca1d083b0b2d P 27652431f57647f791673ecfb8637302 [term 0 FOLLOWER]: Leader pre-election vote request: Granting yes vote for candidate 681d41b98e61447e83dba7bd8dfef6ef in term 0.
I20260709 14:49:21.607447  9431 raft_consensus.cc:3060] T 5c5853dd8eb24dd38c776793deb7c335 P 65bf9eb3336c4b85a3e974b547190250 [term 0 FOLLOWER]: Advancing to term 1
I20260709 14:49:21.607590  9428 tablet_service.cc:1917] Received RequestConsensusVote() RPC: tablet_id: "e7b741610e0543ef85ceca1d083b0b2d" candidate_uuid: "681d41b98e61447e83dba7bd8dfef6ef" candidate_term: 1 candidate_status { last_received { term: 0 index: 0 } } ignore_live_leader: false dest_uuid: "65bf9eb3336c4b85a3e974b547190250" is_pre_election: true
I20260709 14:49:21.607766  9248 leader_election.cc:304] T e7b741610e0543ef85ceca1d083b0b2d P 681d41b98e61447e83dba7bd8dfef6ef [CANDIDATE]: Term 1 pre-election: Election decided. Result: candidate won. Election summary: received 2 responses out of 3 voters: 2 yes votes; 0 no votes. yes voters: 27652431f57647f791673ecfb8637302, 681d41b98e61447e83dba7bd8dfef6ef; no voters: 
I20260709 14:49:21.608253  9428 raft_consensus.cc:2468] T e7b741610e0543ef85ceca1d083b0b2d P 65bf9eb3336c4b85a3e974b547190250 [term 0 FOLLOWER]: Leader pre-election vote request: Granting yes vote for candidate 681d41b98e61447e83dba7bd8dfef6ef in term 0.
I20260709 14:49:21.608590  9511 raft_consensus.cc:2804] T e7b741610e0543ef85ceca1d083b0b2d P 681d41b98e61447e83dba7bd8dfef6ef [term 0 FOLLOWER]: Leader pre-election won for term 1
I20260709 14:49:21.608942  9511 raft_consensus.cc:493] T e7b741610e0543ef85ceca1d083b0b2d P 681d41b98e61447e83dba7bd8dfef6ef [term 0 FOLLOWER]: Starting leader election (no leader contacted us within the election timeout)
I20260709 14:49:21.609263  9511 raft_consensus.cc:3060] T e7b741610e0543ef85ceca1d083b0b2d P 681d41b98e61447e83dba7bd8dfef6ef [term 0 FOLLOWER]: Advancing to term 1
I20260709 14:49:21.613947  9180 catalog_manager.cc:5697] T a103ba1f55e04932b6f43eaadf9d08d9 P 681d41b98e61447e83dba7bd8dfef6ef reported cstate change: term changed from 0 to 1, leader changed from <none> to 681d41b98e61447e83dba7bd8dfef6ef (127.7.254.1). New cstate: current_term: 1 leader_uuid: "681d41b98e61447e83dba7bd8dfef6ef" committed_config { opid_index: -1 OBSOLETE_local: false peers { permanent_uuid: "681d41b98e61447e83dba7bd8dfef6ef" member_type: VOTER last_known_addr { host: "127.7.254.1" port: 33921 } health_report { overall_health: HEALTHY } } peers { permanent_uuid: "27652431f57647f791673ecfb8637302" member_type: VOTER last_known_addr { host: "127.7.254.2" port: 46147 } health_report { overall_health: UNKNOWN } } peers { permanent_uuid: "65bf9eb3336c4b85a3e974b547190250" member_type: VOTER last_known_addr { host: "127.7.254.3" port: 36437 } health_report { overall_health: UNKNOWN } } }
I20260709 14:49:21.633385  9582 raft_consensus.cc:493] T 659c4de6f28448c69fe3b25f75f4df3e P 27652431f57647f791673ecfb8637302 [term 0 FOLLOWER]: Starting pre-election (no leader contacted us within the election timeout)
I20260709 14:49:21.634061  9472 tablet_bootstrap.cc:492] T 659c4de6f28448c69fe3b25f75f4df3e P 65bf9eb3336c4b85a3e974b547190250: No bootstrap required, opened a new log
I20260709 14:49:21.633878  9582 raft_consensus.cc:515] T 659c4de6f28448c69fe3b25f75f4df3e P 27652431f57647f791673ecfb8637302 [term 0 FOLLOWER]: Starting pre-election with config: opid_index: -1 OBSOLETE_local: false peers { permanent_uuid: "681d41b98e61447e83dba7bd8dfef6ef" member_type: VOTER last_known_addr { host: "127.7.254.1" port: 33921 } } peers { permanent_uuid: "27652431f57647f791673ecfb8637302" member_type: VOTER last_known_addr { host: "127.7.254.2" port: 46147 } } peers { permanent_uuid: "65bf9eb3336c4b85a3e974b547190250" member_type: VOTER last_known_addr { host: "127.7.254.3" port: 36437 } }
I20260709 14:49:21.634503  9472 ts_tablet_manager.cc:1403] T 659c4de6f28448c69fe3b25f75f4df3e P 65bf9eb3336c4b85a3e974b547190250: Time spent bootstrapping tablet: real 0.085s	user 0.010s	sys 0.014s
I20260709 14:49:21.636379  9582 leader_election.cc:290] T 659c4de6f28448c69fe3b25f75f4df3e P 27652431f57647f791673ecfb8637302 [CANDIDATE]: Term 1 pre-election: Requested pre-vote from peers 681d41b98e61447e83dba7bd8dfef6ef (127.7.254.1:33921), 65bf9eb3336c4b85a3e974b547190250 (127.7.254.3:36437)
I20260709 14:49:21.638393  9428 tablet_service.cc:1917] Received RequestConsensusVote() RPC: tablet_id: "659c4de6f28448c69fe3b25f75f4df3e" candidate_uuid: "27652431f57647f791673ecfb8637302" candidate_term: 1 candidate_status { last_received { term: 0 index: 0 } } ignore_live_leader: false dest_uuid: "65bf9eb3336c4b85a3e974b547190250" is_pre_election: true
I20260709 14:49:21.640801  9512 consensus_queue.cc:1048] T ccb3689b7c2546c493ec4d5a9bc42011 P 27652431f57647f791673ecfb8637302 [LEADER]: Connected to new peer: Peer: permanent_uuid: "681d41b98e61447e83dba7bd8dfef6ef" member_type: VOTER last_known_addr { host: "127.7.254.1" port: 33921 }, Status: LMP_MISMATCH, Last received: 0.0, Next index: 1, Last known committed idx: 0, Time since last communication: 0.000s
I20260709 14:49:21.642058  9511 raft_consensus.cc:515] T e7b741610e0543ef85ceca1d083b0b2d P 681d41b98e61447e83dba7bd8dfef6ef [term 1 FOLLOWER]: Starting leader election with config: opid_index: -1 OBSOLETE_local: false peers { permanent_uuid: "681d41b98e61447e83dba7bd8dfef6ef" member_type: VOTER last_known_addr { host: "127.7.254.1" port: 33921 } } peers { permanent_uuid: "27652431f57647f791673ecfb8637302" member_type: VOTER last_known_addr { host: "127.7.254.2" port: 46147 } } peers { permanent_uuid: "65bf9eb3336c4b85a3e974b547190250" member_type: VOTER last_known_addr { host: "127.7.254.3" port: 36437 } }
W20260709 14:49:21.644358  9323 leader_election.cc:343] T 659c4de6f28448c69fe3b25f75f4df3e P 27652431f57647f791673ecfb8637302 [CANDIDATE]: Term 1 pre-election: Tablet error from VoteRequest() call to peer 65bf9eb3336c4b85a3e974b547190250 (127.7.254.3:36437): Illegal state: must be running to vote when last-logged opid is not known
I20260709 14:49:21.649329  9357 tablet_service.cc:1917] Received RequestConsensusVote() RPC: tablet_id: "e7b741610e0543ef85ceca1d083b0b2d" candidate_uuid: "681d41b98e61447e83dba7bd8dfef6ef" candidate_term: 1 candidate_status { last_received { term: 0 index: 0 } } ignore_live_leader: false dest_uuid: "27652431f57647f791673ecfb8637302"
I20260709 14:49:21.649896  9357 raft_consensus.cc:3060] T e7b741610e0543ef85ceca1d083b0b2d P 27652431f57647f791673ecfb8637302 [term 0 FOLLOWER]: Advancing to term 1
I20260709 14:49:21.650897  9472 raft_consensus.cc:359] T 659c4de6f28448c69fe3b25f75f4df3e P 65bf9eb3336c4b85a3e974b547190250 [term 0 FOLLOWER]: Replica starting. Triggering 0 pending ops. Active config: opid_index: -1 OBSOLETE_local: false peers { permanent_uuid: "681d41b98e61447e83dba7bd8dfef6ef" member_type: VOTER last_known_addr { host: "127.7.254.1" port: 33921 } } peers { permanent_uuid: "27652431f57647f791673ecfb8637302" member_type: VOTER last_known_addr { host: "127.7.254.2" port: 46147 } } peers { permanent_uuid: "65bf9eb3336c4b85a3e974b547190250" member_type: VOTER last_known_addr { host: "127.7.254.3" port: 36437 } }
I20260709 14:49:21.651755  9472 raft_consensus.cc:385] T 659c4de6f28448c69fe3b25f75f4df3e P 65bf9eb3336c4b85a3e974b547190250 [term 0 FOLLOWER]: Consensus starting up: Expiring failure detector timer to make a prompt election more likely
I20260709 14:49:21.652067  9472 raft_consensus.cc:740] T 659c4de6f28448c69fe3b25f75f4df3e P 65bf9eb3336c4b85a3e974b547190250 [term 0 FOLLOWER]: Becoming Follower/Learner. State: Replica: 65bf9eb3336c4b85a3e974b547190250, State: Initialized, Role: FOLLOWER
I20260709 14:49:21.655356  9283 tablet_service.cc:1917] Received RequestConsensusVote() RPC: tablet_id: "659c4de6f28448c69fe3b25f75f4df3e" candidate_uuid: "27652431f57647f791673ecfb8637302" candidate_term: 1 candidate_status { last_received { term: 0 index: 0 } } ignore_live_leader: false dest_uuid: "681d41b98e61447e83dba7bd8dfef6ef" is_pre_election: true
W20260709 14:49:21.658612  9321 leader_election.cc:343] T 659c4de6f28448c69fe3b25f75f4df3e P 27652431f57647f791673ecfb8637302 [CANDIDATE]: Term 1 pre-election: Tablet error from VoteRequest() call to peer 681d41b98e61447e83dba7bd8dfef6ef (127.7.254.1:33921): Illegal state: must be running to vote when last-logged opid is not known
I20260709 14:49:21.659062  9321 leader_election.cc:304] T 659c4de6f28448c69fe3b25f75f4df3e P 27652431f57647f791673ecfb8637302 [CANDIDATE]: Term 1 pre-election: Election decided. Result: candidate lost. Election summary: received 3 responses out of 3 voters: 1 yes votes; 2 no votes. yes voters: 27652431f57647f791673ecfb8637302; no voters: 65bf9eb3336c4b85a3e974b547190250, 681d41b98e61447e83dba7bd8dfef6ef
I20260709 14:49:21.660104  9512 raft_consensus.cc:2749] T 659c4de6f28448c69fe3b25f75f4df3e P 27652431f57647f791673ecfb8637302 [term 0 FOLLOWER]: Leader pre-election lost for term 1. Reason: could not achieve majority
I20260709 14:49:21.652757  9472 consensus_queue.cc:260] T 659c4de6f28448c69fe3b25f75f4df3e P 65bf9eb3336c4b85a3e974b547190250 [NON_LEADER]: Queue going to NON_LEADER mode. State: All replicated index: 0, Majority replicated index: 0, Committed index: 0, Last appended: 0.0, Last appended by leader: 0, Current term: 0, Majority size: -1, State: 0, Mode: NON_LEADER, active raft config: opid_index: -1 OBSOLETE_local: false peers { permanent_uuid: "681d41b98e61447e83dba7bd8dfef6ef" member_type: VOTER last_known_addr { host: "127.7.254.1" port: 33921 } } peers { permanent_uuid: "27652431f57647f791673ecfb8637302" member_type: VOTER last_known_addr { host: "127.7.254.2" port: 46147 } } peers { permanent_uuid: "65bf9eb3336c4b85a3e974b547190250" member_type: VOTER last_known_addr { host: "127.7.254.3" port: 36437 } }
I20260709 14:49:21.677829  9473 tablet_bootstrap.cc:492] T 9f5e962c0818413486ee2d3363e4e0d7 P 27652431f57647f791673ecfb8637302: No bootstrap required, opened a new log
I20260709 14:49:21.678315  9473 ts_tablet_manager.cc:1403] T 9f5e962c0818413486ee2d3363e4e0d7 P 27652431f57647f791673ecfb8637302: Time spent bootstrapping tablet: real 0.204s	user 0.011s	sys 0.015s
I20260709 14:49:21.679364  9472 ts_tablet_manager.cc:1434] T 659c4de6f28448c69fe3b25f75f4df3e P 65bf9eb3336c4b85a3e974b547190250: Time spent starting tablet: real 0.045s	user 0.007s	sys 0.001s
I20260709 14:49:21.671069  9430 tablet_service.cc:1917] Received RequestConsensusVote() RPC: tablet_id: "e7b741610e0543ef85ceca1d083b0b2d" candidate_uuid: "681d41b98e61447e83dba7bd8dfef6ef" candidate_term: 1 candidate_status { last_received { term: 0 index: 0 } } ignore_live_leader: false dest_uuid: "65bf9eb3336c4b85a3e974b547190250"
I20260709 14:49:21.681586  9430 raft_consensus.cc:3060] T e7b741610e0543ef85ceca1d083b0b2d P 65bf9eb3336c4b85a3e974b547190250 [term 0 FOLLOWER]: Advancing to term 1
I20260709 14:49:21.690843  9472 tablet_bootstrap.cc:492] T cd16a5600e3b4b968e2b2c07f9a046b5 P 65bf9eb3336c4b85a3e974b547190250: Bootstrap starting.
I20260709 14:49:21.668602  9511 leader_election.cc:290] T e7b741610e0543ef85ceca1d083b0b2d P 681d41b98e61447e83dba7bd8dfef6ef [CANDIDATE]: Term 1 election: Requested vote from peers 27652431f57647f791673ecfb8637302 (127.7.254.2:46147), 65bf9eb3336c4b85a3e974b547190250 (127.7.254.3:36437)
I20260709 14:49:21.698275  9430 raft_consensus.cc:2468] T e7b741610e0543ef85ceca1d083b0b2d P 65bf9eb3336c4b85a3e974b547190250 [term 1 FOLLOWER]: Leader election vote request: Granting yes vote for candidate 681d41b98e61447e83dba7bd8dfef6ef in term 1.
I20260709 14:49:21.702641  9248 leader_election.cc:304] T e7b741610e0543ef85ceca1d083b0b2d P 681d41b98e61447e83dba7bd8dfef6ef [CANDIDATE]: Term 1 election: Election decided. Result: candidate won. Election summary: received 2 responses out of 3 voters: 2 yes votes; 0 no votes. yes voters: 65bf9eb3336c4b85a3e974b547190250, 681d41b98e61447e83dba7bd8dfef6ef; no voters: 
I20260709 14:49:21.703900  9511 raft_consensus.cc:2804] T e7b741610e0543ef85ceca1d083b0b2d P 681d41b98e61447e83dba7bd8dfef6ef [term 1 FOLLOWER]: Leader election won for term 1
I20260709 14:49:21.704468  9511 raft_consensus.cc:697] T e7b741610e0543ef85ceca1d083b0b2d P 681d41b98e61447e83dba7bd8dfef6ef [term 1 LEADER]: Becoming Leader. State: Replica: 681d41b98e61447e83dba7bd8dfef6ef, State: Running, Role: LEADER
I20260709 14:49:21.706660  9512 consensus_queue.cc:1048] T ccb3689b7c2546c493ec4d5a9bc42011 P 27652431f57647f791673ecfb8637302 [LEADER]: Connected to new peer: Peer: permanent_uuid: "65bf9eb3336c4b85a3e974b547190250" member_type: VOTER last_known_addr { host: "127.7.254.3" port: 36437 }, Status: LMP_MISMATCH, Last received: 0.0, Next index: 1, Last known committed idx: 0, Time since last communication: 0.001s
I20260709 14:49:21.710666  9511 consensus_queue.cc:237] T e7b741610e0543ef85ceca1d083b0b2d P 681d41b98e61447e83dba7bd8dfef6ef [LEADER]: Queue going to LEADER mode. State: All replicated index: 0, Majority replicated index: 0, Committed index: 0, Last appended: 0.0, Last appended by leader: 0, Current term: 1, Majority size: 2, State: 0, Mode: LEADER, active raft config: opid_index: -1 OBSOLETE_local: false peers { permanent_uuid: "681d41b98e61447e83dba7bd8dfef6ef" member_type: VOTER last_known_addr { host: "127.7.254.1" port: 33921 } } peers { permanent_uuid: "27652431f57647f791673ecfb8637302" member_type: VOTER last_known_addr { host: "127.7.254.2" port: 46147 } } peers { permanent_uuid: "65bf9eb3336c4b85a3e974b547190250" member_type: VOTER last_known_addr { host: "127.7.254.3" port: 36437 } }
I20260709 14:49:21.707178  9357 raft_consensus.cc:2468] T e7b741610e0543ef85ceca1d083b0b2d P 27652431f57647f791673ecfb8637302 [term 1 FOLLOWER]: Leader election vote request: Granting yes vote for candidate 681d41b98e61447e83dba7bd8dfef6ef in term 1.
I20260709 14:49:21.713948  9474 tablet_bootstrap.cc:492] T 659c4de6f28448c69fe3b25f75f4df3e P 681d41b98e61447e83dba7bd8dfef6ef: No bootstrap required, opened a new log
I20260709 14:49:21.714402  9474 ts_tablet_manager.cc:1403] T 659c4de6f28448c69fe3b25f75f4df3e P 681d41b98e61447e83dba7bd8dfef6ef: Time spent bootstrapping tablet: real 0.206s	user 0.020s	sys 0.000s
I20260709 14:49:21.717278  9473 raft_consensus.cc:359] T 9f5e962c0818413486ee2d3363e4e0d7 P 27652431f57647f791673ecfb8637302 [term 0 FOLLOWER]: Replica starting. Triggering 0 pending ops. Active config: opid_index: -1 OBSOLETE_local: false peers { permanent_uuid: "681d41b98e61447e83dba7bd8dfef6ef" member_type: VOTER last_known_addr { host: "127.7.254.1" port: 33921 } } peers { permanent_uuid: "27652431f57647f791673ecfb8637302" member_type: VOTER last_known_addr { host: "127.7.254.2" port: 46147 } } peers { permanent_uuid: "65bf9eb3336c4b85a3e974b547190250" member_type: VOTER last_known_addr { host: "127.7.254.3" port: 36437 } }
I20260709 14:49:21.717907  9473 raft_consensus.cc:385] T 9f5e962c0818413486ee2d3363e4e0d7 P 27652431f57647f791673ecfb8637302 [term 0 FOLLOWER]: Consensus starting up: Expiring failure detector timer to make a prompt election more likely
I20260709 14:49:21.718170  9473 raft_consensus.cc:740] T 9f5e962c0818413486ee2d3363e4e0d7 P 27652431f57647f791673ecfb8637302 [term 0 FOLLOWER]: Becoming Follower/Learner. State: Replica: 27652431f57647f791673ecfb8637302, State: Initialized, Role: FOLLOWER
I20260709 14:49:21.718835  9473 consensus_queue.cc:260] T 9f5e962c0818413486ee2d3363e4e0d7 P 27652431f57647f791673ecfb8637302 [NON_LEADER]: Queue going to NON_LEADER mode. State: All replicated index: 0, Majority replicated index: 0, Committed index: 0, Last appended: 0.0, Last appended by leader: 0, Current term: 0, Majority size: -1, State: 0, Mode: NON_LEADER, active raft config: opid_index: -1 OBSOLETE_local: false peers { permanent_uuid: "681d41b98e61447e83dba7bd8dfef6ef" member_type: VOTER last_known_addr { host: "127.7.254.1" port: 33921 } } peers { permanent_uuid: "27652431f57647f791673ecfb8637302" member_type: VOTER last_known_addr { host: "127.7.254.2" port: 46147 } } peers { permanent_uuid: "65bf9eb3336c4b85a3e974b547190250" member_type: VOTER last_known_addr { host: "127.7.254.3" port: 36437 } }
I20260709 14:49:21.719698  9474 raft_consensus.cc:359] T 659c4de6f28448c69fe3b25f75f4df3e P 681d41b98e61447e83dba7bd8dfef6ef [term 0 FOLLOWER]: Replica starting. Triggering 0 pending ops. Active config: opid_index: -1 OBSOLETE_local: false peers { permanent_uuid: "681d41b98e61447e83dba7bd8dfef6ef" member_type: VOTER last_known_addr { host: "127.7.254.1" port: 33921 } } peers { permanent_uuid: "27652431f57647f791673ecfb8637302" member_type: VOTER last_known_addr { host: "127.7.254.2" port: 46147 } } peers { permanent_uuid: "65bf9eb3336c4b85a3e974b547190250" member_type: VOTER last_known_addr { host: "127.7.254.3" port: 36437 } }
I20260709 14:49:21.720381  9474 raft_consensus.cc:385] T 659c4de6f28448c69fe3b25f75f4df3e P 681d41b98e61447e83dba7bd8dfef6ef [term 0 FOLLOWER]: Consensus starting up: Expiring failure detector timer to make a prompt election more likely
I20260709 14:49:21.720665  9474 raft_consensus.cc:740] T 659c4de6f28448c69fe3b25f75f4df3e P 681d41b98e61447e83dba7bd8dfef6ef [term 0 FOLLOWER]: Becoming Follower/Learner. State: Replica: 681d41b98e61447e83dba7bd8dfef6ef, State: Initialized, Role: FOLLOWER
I20260709 14:49:21.720885  9473 ts_tablet_manager.cc:1434] T 9f5e962c0818413486ee2d3363e4e0d7 P 27652431f57647f791673ecfb8637302: Time spent starting tablet: real 0.042s	user 0.007s	sys 0.000s
I20260709 14:49:21.721726  9473 tablet_bootstrap.cc:492] T 74b3c3d7b0904d2abb93f6d7fa047bcb P 27652431f57647f791673ecfb8637302: Bootstrap starting.
I20260709 14:49:21.721259  9474 consensus_queue.cc:260] T 659c4de6f28448c69fe3b25f75f4df3e P 681d41b98e61447e83dba7bd8dfef6ef [NON_LEADER]: Queue going to NON_LEADER mode. State: All replicated index: 0, Majority replicated index: 0, Committed index: 0, Last appended: 0.0, Last appended by leader: 0, Current term: 0, Majority size: -1, State: 0, Mode: NON_LEADER, active raft config: opid_index: -1 OBSOLETE_local: false peers { permanent_uuid: "681d41b98e61447e83dba7bd8dfef6ef" member_type: VOTER last_known_addr { host: "127.7.254.1" port: 33921 } } peers { permanent_uuid: "27652431f57647f791673ecfb8637302" member_type: VOTER last_known_addr { host: "127.7.254.2" port: 46147 } } peers { permanent_uuid: "65bf9eb3336c4b85a3e974b547190250" member_type: VOTER last_known_addr { host: "127.7.254.3" port: 36437 } }
I20260709 14:49:21.723136  9523 consensus_queue.cc:1048] T 98d31064036d44b9ba456f34b1085846 P 681d41b98e61447e83dba7bd8dfef6ef [LEADER]: Connected to new peer: Peer: permanent_uuid: "65bf9eb3336c4b85a3e974b547190250" member_type: VOTER last_known_addr { host: "127.7.254.3" port: 36437 }, Status: LMP_MISMATCH, Last received: 0.0, Next index: 1, Last known committed idx: 0, Time since last communication: 0.000s
I20260709 14:49:21.723484  9474 ts_tablet_manager.cc:1434] T 659c4de6f28448c69fe3b25f75f4df3e P 681d41b98e61447e83dba7bd8dfef6ef: Time spent starting tablet: real 0.009s	user 0.006s	sys 0.000s
I20260709 14:49:21.724665  9474 tablet_bootstrap.cc:492] T cd16a5600e3b4b968e2b2c07f9a046b5 P 681d41b98e61447e83dba7bd8dfef6ef: Bootstrap starting.
I20260709 14:49:21.727210  9473 tablet_bootstrap.cc:654] T 74b3c3d7b0904d2abb93f6d7fa047bcb P 27652431f57647f791673ecfb8637302: Neither blocks nor log segments found. Creating new log.
I20260709 14:49:21.729915  9474 tablet_bootstrap.cc:654] T cd16a5600e3b4b968e2b2c07f9a046b5 P 681d41b98e61447e83dba7bd8dfef6ef: Neither blocks nor log segments found. Creating new log.
I20260709 14:49:21.740197  9472 tablet_bootstrap.cc:654] T cd16a5600e3b4b968e2b2c07f9a046b5 P 65bf9eb3336c4b85a3e974b547190250: Neither blocks nor log segments found. Creating new log.
I20260709 14:49:21.759124  9472 tablet_bootstrap.cc:492] T cd16a5600e3b4b968e2b2c07f9a046b5 P 65bf9eb3336c4b85a3e974b547190250: No bootstrap required, opened a new log
I20260709 14:49:21.759614  9472 ts_tablet_manager.cc:1403] T cd16a5600e3b4b968e2b2c07f9a046b5 P 65bf9eb3336c4b85a3e974b547190250: Time spent bootstrapping tablet: real 0.080s	user 0.010s	sys 0.000s
I20260709 14:49:21.766227  9472 raft_consensus.cc:359] T cd16a5600e3b4b968e2b2c07f9a046b5 P 65bf9eb3336c4b85a3e974b547190250 [term 0 FOLLOWER]: Replica starting. Triggering 0 pending ops. Active config: opid_index: -1 OBSOLETE_local: false peers { permanent_uuid: "681d41b98e61447e83dba7bd8dfef6ef" member_type: VOTER last_known_addr { host: "127.7.254.1" port: 33921 } } peers { permanent_uuid: "27652431f57647f791673ecfb8637302" member_type: VOTER last_known_addr { host: "127.7.254.2" port: 46147 } } peers { permanent_uuid: "65bf9eb3336c4b85a3e974b547190250" member_type: VOTER last_known_addr { host: "127.7.254.3" port: 36437 } }
I20260709 14:49:21.766937  9472 raft_consensus.cc:385] T cd16a5600e3b4b968e2b2c07f9a046b5 P 65bf9eb3336c4b85a3e974b547190250 [term 0 FOLLOWER]: Consensus starting up: Expiring failure detector timer to make a prompt election more likely
I20260709 14:49:21.767182  9472 raft_consensus.cc:740] T cd16a5600e3b4b968e2b2c07f9a046b5 P 65bf9eb3336c4b85a3e974b547190250 [term 0 FOLLOWER]: Becoming Follower/Learner. State: Replica: 65bf9eb3336c4b85a3e974b547190250, State: Initialized, Role: FOLLOWER
I20260709 14:49:21.768298  9472 consensus_queue.cc:260] T cd16a5600e3b4b968e2b2c07f9a046b5 P 65bf9eb3336c4b85a3e974b547190250 [NON_LEADER]: Queue going to NON_LEADER mode. State: All replicated index: 0, Majority replicated index: 0, Committed index: 0, Last appended: 0.0, Last appended by leader: 0, Current term: 0, Majority size: -1, State: 0, Mode: NON_LEADER, active raft config: opid_index: -1 OBSOLETE_local: false peers { permanent_uuid: "681d41b98e61447e83dba7bd8dfef6ef" member_type: VOTER last_known_addr { host: "127.7.254.1" port: 33921 } } peers { permanent_uuid: "27652431f57647f791673ecfb8637302" member_type: VOTER last_known_addr { host: "127.7.254.2" port: 46147 } } peers { permanent_uuid: "65bf9eb3336c4b85a3e974b547190250" member_type: VOTER last_known_addr { host: "127.7.254.3" port: 36437 } }
I20260709 14:49:21.769135  9519 raft_consensus.cc:493] T cd16a5600e3b4b968e2b2c07f9a046b5 P 65bf9eb3336c4b85a3e974b547190250 [term 0 FOLLOWER]: Starting pre-election (no leader contacted us within the election timeout)
I20260709 14:49:21.769564  9519 raft_consensus.cc:515] T cd16a5600e3b4b968e2b2c07f9a046b5 P 65bf9eb3336c4b85a3e974b547190250 [term 0 FOLLOWER]: Starting pre-election with config: opid_index: -1 OBSOLETE_local: false peers { permanent_uuid: "681d41b98e61447e83dba7bd8dfef6ef" member_type: VOTER last_known_addr { host: "127.7.254.1" port: 33921 } } peers { permanent_uuid: "27652431f57647f791673ecfb8637302" member_type: VOTER last_known_addr { host: "127.7.254.2" port: 46147 } } peers { permanent_uuid: "65bf9eb3336c4b85a3e974b547190250" member_type: VOTER last_known_addr { host: "127.7.254.3" port: 36437 } }
I20260709 14:49:21.773576  9535 raft_consensus.cc:493] T cd16a5600e3b4b968e2b2c07f9a046b5 P 27652431f57647f791673ecfb8637302 [term 0 FOLLOWER]: Starting pre-election (no leader contacted us within the election timeout)
I20260709 14:49:21.767601  9178 catalog_manager.cc:5697] T e7b741610e0543ef85ceca1d083b0b2d P 681d41b98e61447e83dba7bd8dfef6ef reported cstate change: term changed from 0 to 1, leader changed from <none> to 681d41b98e61447e83dba7bd8dfef6ef (127.7.254.1). New cstate: current_term: 1 leader_uuid: "681d41b98e61447e83dba7bd8dfef6ef" committed_config { opid_index: -1 OBSOLETE_local: false peers { permanent_uuid: "681d41b98e61447e83dba7bd8dfef6ef" member_type: VOTER last_known_addr { host: "127.7.254.1" port: 33921 } health_report { overall_health: HEALTHY } } peers { permanent_uuid: "27652431f57647f791673ecfb8637302" member_type: VOTER last_known_addr { host: "127.7.254.2" port: 46147 } health_report { overall_health: UNKNOWN } } peers { permanent_uuid: "65bf9eb3336c4b85a3e974b547190250" member_type: VOTER last_known_addr { host: "127.7.254.3" port: 36437 } health_report { overall_health: UNKNOWN } } }
I20260709 14:49:21.774021  9535 raft_consensus.cc:515] T cd16a5600e3b4b968e2b2c07f9a046b5 P 27652431f57647f791673ecfb8637302 [term 0 FOLLOWER]: Starting pre-election with config: opid_index: -1 OBSOLETE_local: false peers { permanent_uuid: "681d41b98e61447e83dba7bd8dfef6ef" member_type: VOTER last_known_addr { host: "127.7.254.1" port: 33921 } } peers { permanent_uuid: "27652431f57647f791673ecfb8637302" member_type: VOTER last_known_addr { host: "127.7.254.2" port: 46147 } } peers { permanent_uuid: "65bf9eb3336c4b85a3e974b547190250" member_type: VOTER last_known_addr { host: "127.7.254.3" port: 36437 } }
I20260709 14:49:21.775323  9280 tablet_service.cc:1917] Received RequestConsensusVote() RPC: tablet_id: "cd16a5600e3b4b968e2b2c07f9a046b5" candidate_uuid: "65bf9eb3336c4b85a3e974b547190250" candidate_term: 1 candidate_status { last_received { term: 0 index: 0 } } ignore_live_leader: false dest_uuid: "681d41b98e61447e83dba7bd8dfef6ef" is_pre_election: true
W20260709 14:49:21.776705  9395 leader_election.cc:343] T cd16a5600e3b4b968e2b2c07f9a046b5 P 65bf9eb3336c4b85a3e974b547190250 [CANDIDATE]: Term 1 pre-election: Tablet error from VoteRequest() call to peer 681d41b98e61447e83dba7bd8dfef6ef (127.7.254.1:33921): Illegal state: must be running to vote when last-logged opid is not known
I20260709 14:49:21.778267  9280 tablet_service.cc:1917] Received RequestConsensusVote() RPC: tablet_id: "cd16a5600e3b4b968e2b2c07f9a046b5" candidate_uuid: "27652431f57647f791673ecfb8637302" candidate_term: 1 candidate_status { last_received { term: 0 index: 0 } } ignore_live_leader: false dest_uuid: "681d41b98e61447e83dba7bd8dfef6ef" is_pre_election: true
I20260709 14:49:21.778582  9356 tablet_service.cc:1917] Received RequestConsensusVote() RPC: tablet_id: "cd16a5600e3b4b968e2b2c07f9a046b5" candidate_uuid: "65bf9eb3336c4b85a3e974b547190250" candidate_term: 1 candidate_status { last_received { term: 0 index: 0 } } ignore_live_leader: false dest_uuid: "27652431f57647f791673ecfb8637302" is_pre_election: true
I20260709 14:49:21.779139  9356 raft_consensus.cc:2468] T cd16a5600e3b4b968e2b2c07f9a046b5 P 27652431f57647f791673ecfb8637302 [term 0 FOLLOWER]: Leader pre-election vote request: Granting yes vote for candidate 65bf9eb3336c4b85a3e974b547190250 in term 0.
W20260709 14:49:21.779577  9321 leader_election.cc:343] T cd16a5600e3b4b968e2b2c07f9a046b5 P 27652431f57647f791673ecfb8637302 [CANDIDATE]: Term 1 pre-election: Tablet error from VoteRequest() call to peer 681d41b98e61447e83dba7bd8dfef6ef (127.7.254.1:33921): Illegal state: must be running to vote when last-logged opid is not known
I20260709 14:49:21.779924  9511 consensus_queue.cc:1048] T 98d31064036d44b9ba456f34b1085846 P 681d41b98e61447e83dba7bd8dfef6ef [LEADER]: Connected to new peer: Peer: permanent_uuid: "27652431f57647f791673ecfb8637302" member_type: VOTER last_known_addr { host: "127.7.254.2" port: 46147 }, Status: LMP_MISMATCH, Last received: 0.0, Next index: 1, Last known committed idx: 0, Time since last communication: 0.000s
I20260709 14:49:21.780284  9535 leader_election.cc:290] T cd16a5600e3b4b968e2b2c07f9a046b5 P 27652431f57647f791673ecfb8637302 [CANDIDATE]: Term 1 pre-election: Requested pre-vote from peers 681d41b98e61447e83dba7bd8dfef6ef (127.7.254.1:33921), 65bf9eb3336c4b85a3e974b547190250 (127.7.254.3:36437)
I20260709 14:49:21.781693  9431 tablet_service.cc:1917] Received RequestConsensusVote() RPC: tablet_id: "cd16a5600e3b4b968e2b2c07f9a046b5" candidate_uuid: "27652431f57647f791673ecfb8637302" candidate_term: 1 candidate_status { last_received { term: 0 index: 0 } } ignore_live_leader: false dest_uuid: "65bf9eb3336c4b85a3e974b547190250" is_pre_election: true
I20260709 14:49:21.782248  9431 raft_consensus.cc:2468] T cd16a5600e3b4b968e2b2c07f9a046b5 P 65bf9eb3336c4b85a3e974b547190250 [term 0 FOLLOWER]: Leader pre-election vote request: Granting yes vote for candidate 27652431f57647f791673ecfb8637302 in term 0.
I20260709 14:49:21.782390  9397 leader_election.cc:304] T cd16a5600e3b4b968e2b2c07f9a046b5 P 65bf9eb3336c4b85a3e974b547190250 [CANDIDATE]: Term 1 pre-election: Election decided. Result: candidate won. Election summary: received 3 responses out of 3 voters: 2 yes votes; 1 no votes. yes voters: 27652431f57647f791673ecfb8637302, 65bf9eb3336c4b85a3e974b547190250; no voters: 681d41b98e61447e83dba7bd8dfef6ef
I20260709 14:49:21.783226  9546 raft_consensus.cc:2804] T cd16a5600e3b4b968e2b2c07f9a046b5 P 65bf9eb3336c4b85a3e974b547190250 [term 0 FOLLOWER]: Leader pre-election won for term 1
I20260709 14:49:21.783576  9546 raft_consensus.cc:493] T cd16a5600e3b4b968e2b2c07f9a046b5 P 65bf9eb3336c4b85a3e974b547190250 [term 0 FOLLOWER]: Starting leader election (no leader contacted us within the election timeout)
I20260709 14:49:21.783932  9546 raft_consensus.cc:3060] T cd16a5600e3b4b968e2b2c07f9a046b5 P 65bf9eb3336c4b85a3e974b547190250 [term 0 FOLLOWER]: Advancing to term 1
I20260709 14:49:21.783447  9323 leader_election.cc:304] T cd16a5600e3b4b968e2b2c07f9a046b5 P 27652431f57647f791673ecfb8637302 [CANDIDATE]: Term 1 pre-election: Election decided. Result: candidate won. Election summary: received 3 responses out of 3 voters: 2 yes votes; 1 no votes. yes voters: 27652431f57647f791673ecfb8637302, 65bf9eb3336c4b85a3e974b547190250; no voters: 681d41b98e61447e83dba7bd8dfef6ef
I20260709 14:49:21.789820  9512 raft_consensus.cc:2804] T cd16a5600e3b4b968e2b2c07f9a046b5 P 27652431f57647f791673ecfb8637302 [term 0 FOLLOWER]: Leader pre-election won for term 1
I20260709 14:49:21.790179  9512 raft_consensus.cc:493] T cd16a5600e3b4b968e2b2c07f9a046b5 P 27652431f57647f791673ecfb8637302 [term 0 FOLLOWER]: Starting leader election (no leader contacted us within the election timeout)
I20260709 14:49:21.790499  9512 raft_consensus.cc:3060] T cd16a5600e3b4b968e2b2c07f9a046b5 P 27652431f57647f791673ecfb8637302 [term 0 FOLLOWER]: Advancing to term 1
I20260709 14:49:21.790642  9519 leader_election.cc:290] T cd16a5600e3b4b968e2b2c07f9a046b5 P 65bf9eb3336c4b85a3e974b547190250 [CANDIDATE]: Term 1 pre-election: Requested pre-vote from peers 681d41b98e61447e83dba7bd8dfef6ef (127.7.254.1:33921), 27652431f57647f791673ecfb8637302 (127.7.254.2:46147)
I20260709 14:49:21.790797  9546 raft_consensus.cc:515] T cd16a5600e3b4b968e2b2c07f9a046b5 P 65bf9eb3336c4b85a3e974b547190250 [term 1 FOLLOWER]: Starting leader election with config: opid_index: -1 OBSOLETE_local: false peers { permanent_uuid: "681d41b98e61447e83dba7bd8dfef6ef" member_type: VOTER last_known_addr { host: "127.7.254.1" port: 33921 } } peers { permanent_uuid: "27652431f57647f791673ecfb8637302" member_type: VOTER last_known_addr { host: "127.7.254.2" port: 46147 } } peers { permanent_uuid: "65bf9eb3336c4b85a3e974b547190250" member_type: VOTER last_known_addr { host: "127.7.254.3" port: 36437 } }
I20260709 14:49:21.793496  9280 tablet_service.cc:1917] Received RequestConsensusVote() RPC: tablet_id: "cd16a5600e3b4b968e2b2c07f9a046b5" candidate_uuid: "65bf9eb3336c4b85a3e974b547190250" candidate_term: 1 candidate_status { last_received { term: 0 index: 0 } } ignore_live_leader: false dest_uuid: "681d41b98e61447e83dba7bd8dfef6ef"
W20260709 14:49:21.794831  9395 leader_election.cc:343] T cd16a5600e3b4b968e2b2c07f9a046b5 P 65bf9eb3336c4b85a3e974b547190250 [CANDIDATE]: Term 1 election: Tablet error from VoteRequest() call to peer 681d41b98e61447e83dba7bd8dfef6ef (127.7.254.1:33921): Illegal state: must be running to vote when last-logged opid is not known
I20260709 14:49:21.797024  9357 tablet_service.cc:1917] Received RequestConsensusVote() RPC: tablet_id: "cd16a5600e3b4b968e2b2c07f9a046b5" candidate_uuid: "65bf9eb3336c4b85a3e974b547190250" candidate_term: 1 candidate_status { last_received { term: 0 index: 0 } } ignore_live_leader: false dest_uuid: "27652431f57647f791673ecfb8637302"
I20260709 14:49:21.797640  9546 leader_election.cc:290] T cd16a5600e3b4b968e2b2c07f9a046b5 P 65bf9eb3336c4b85a3e974b547190250 [CANDIDATE]: Term 1 election: Requested vote from peers 681d41b98e61447e83dba7bd8dfef6ef (127.7.254.1:33921), 27652431f57647f791673ecfb8637302 (127.7.254.2:46147)
I20260709 14:49:21.797183  9472 ts_tablet_manager.cc:1434] T cd16a5600e3b4b968e2b2c07f9a046b5 P 65bf9eb3336c4b85a3e974b547190250: Time spent starting tablet: real 0.037s	user 0.006s	sys 0.002s
I20260709 14:49:21.797653  9512 raft_consensus.cc:515] T cd16a5600e3b4b968e2b2c07f9a046b5 P 27652431f57647f791673ecfb8637302 [term 1 FOLLOWER]: Starting leader election with config: opid_index: -1 OBSOLETE_local: false peers { permanent_uuid: "681d41b98e61447e83dba7bd8dfef6ef" member_type: VOTER last_known_addr { host: "127.7.254.1" port: 33921 } } peers { permanent_uuid: "27652431f57647f791673ecfb8637302" member_type: VOTER last_known_addr { host: "127.7.254.2" port: 46147 } } peers { permanent_uuid: "65bf9eb3336c4b85a3e974b547190250" member_type: VOTER last_known_addr { host: "127.7.254.3" port: 36437 } }
I20260709 14:49:21.799254  9357 raft_consensus.cc:2393] T cd16a5600e3b4b968e2b2c07f9a046b5 P 27652431f57647f791673ecfb8637302 [term 1 FOLLOWER]: Leader election vote request: Denying vote to candidate 65bf9eb3336c4b85a3e974b547190250 in current term 1: Already voted for candidate 27652431f57647f791673ecfb8637302 in this term.
I20260709 14:49:21.799577  9472 tablet_bootstrap.cc:492] T 6c2b9fda678147ef8e778451cc4f8d19 P 65bf9eb3336c4b85a3e974b547190250: Bootstrap starting.
I20260709 14:49:21.799711  9474 tablet_bootstrap.cc:492] T cd16a5600e3b4b968e2b2c07f9a046b5 P 681d41b98e61447e83dba7bd8dfef6ef: No bootstrap required, opened a new log
I20260709 14:49:21.800650  9397 leader_election.cc:304] T cd16a5600e3b4b968e2b2c07f9a046b5 P 65bf9eb3336c4b85a3e974b547190250 [CANDIDATE]: Term 1 election: Election decided. Result: candidate lost. Election summary: received 3 responses out of 3 voters: 1 yes votes; 2 no votes. yes voters: 65bf9eb3336c4b85a3e974b547190250; no voters: 27652431f57647f791673ecfb8637302, 681d41b98e61447e83dba7bd8dfef6ef
I20260709 14:49:21.801162  9474 ts_tablet_manager.cc:1403] T cd16a5600e3b4b968e2b2c07f9a046b5 P 681d41b98e61447e83dba7bd8dfef6ef: Time spent bootstrapping tablet: real 0.077s	user 0.023s	sys 0.026s
I20260709 14:49:21.803714  9280 tablet_service.cc:1917] Received RequestConsensusVote() RPC: tablet_id: "cd16a5600e3b4b968e2b2c07f9a046b5" candidate_uuid: "27652431f57647f791673ecfb8637302" candidate_term: 1 candidate_status { last_received { term: 0 index: 0 } } ignore_live_leader: false dest_uuid: "681d41b98e61447e83dba7bd8dfef6ef"
I20260709 14:49:21.801440  9546 raft_consensus.cc:2749] T cd16a5600e3b4b968e2b2c07f9a046b5 P 65bf9eb3336c4b85a3e974b547190250 [term 1 FOLLOWER]: Leader election lost for term 1. Reason: could not achieve majority
I20260709 14:49:21.805975  9473 tablet_bootstrap.cc:492] T 74b3c3d7b0904d2abb93f6d7fa047bcb P 27652431f57647f791673ecfb8637302: No bootstrap required, opened a new log
I20260709 14:49:21.806396  9473 ts_tablet_manager.cc:1403] T 74b3c3d7b0904d2abb93f6d7fa047bcb P 27652431f57647f791673ecfb8637302: Time spent bootstrapping tablet: real 0.085s	user 0.029s	sys 0.023s
I20260709 14:49:21.804158  9474 raft_consensus.cc:359] T cd16a5600e3b4b968e2b2c07f9a046b5 P 681d41b98e61447e83dba7bd8dfef6ef [term 0 FOLLOWER]: Replica starting. Triggering 0 pending ops. Active config: opid_index: -1 OBSOLETE_local: false peers { permanent_uuid: "681d41b98e61447e83dba7bd8dfef6ef" member_type: VOTER last_known_addr { host: "127.7.254.1" port: 33921 } } peers { permanent_uuid: "27652431f57647f791673ecfb8637302" member_type: VOTER last_known_addr { host: "127.7.254.2" port: 46147 } } peers { permanent_uuid: "65bf9eb3336c4b85a3e974b547190250" member_type: VOTER last_known_addr { host: "127.7.254.3" port: 36437 } }
I20260709 14:49:21.807267  9474 raft_consensus.cc:385] T cd16a5600e3b4b968e2b2c07f9a046b5 P 681d41b98e61447e83dba7bd8dfef6ef [term 0 FOLLOWER]: Consensus starting up: Expiring failure detector timer to make a prompt election more likely
I20260709 14:49:21.807534  9474 raft_consensus.cc:740] T cd16a5600e3b4b968e2b2c07f9a046b5 P 681d41b98e61447e83dba7bd8dfef6ef [term 0 FOLLOWER]: Becoming Follower/Learner. State: Replica: 681d41b98e61447e83dba7bd8dfef6ef, State: Initialized, Role: FOLLOWER
I20260709 14:49:21.808157  9474 consensus_queue.cc:260] T cd16a5600e3b4b968e2b2c07f9a046b5 P 681d41b98e61447e83dba7bd8dfef6ef [NON_LEADER]: Queue going to NON_LEADER mode. State: All replicated index: 0, Majority replicated index: 0, Committed index: 0, Last appended: 0.0, Last appended by leader: 0, Current term: 0, Majority size: -1, State: 0, Mode: NON_LEADER, active raft config: opid_index: -1 OBSOLETE_local: false peers { permanent_uuid: "681d41b98e61447e83dba7bd8dfef6ef" member_type: VOTER last_known_addr { host: "127.7.254.1" port: 33921 } } peers { permanent_uuid: "27652431f57647f791673ecfb8637302" member_type: VOTER last_known_addr { host: "127.7.254.2" port: 46147 } } peers { permanent_uuid: "65bf9eb3336c4b85a3e974b547190250" member_type: VOTER last_known_addr { host: "127.7.254.3" port: 36437 } }
I20260709 14:49:21.808948  9280 raft_consensus.cc:3060] T cd16a5600e3b4b968e2b2c07f9a046b5 P 681d41b98e61447e83dba7bd8dfef6ef [term 0 FOLLOWER]: Advancing to term 1
I20260709 14:49:21.809365  9472 tablet_bootstrap.cc:654] T 6c2b9fda678147ef8e778451cc4f8d19 P 65bf9eb3336c4b85a3e974b547190250: Neither blocks nor log segments found. Creating new log.
I20260709 14:49:21.809800  9512 leader_election.cc:290] T cd16a5600e3b4b968e2b2c07f9a046b5 P 27652431f57647f791673ecfb8637302 [CANDIDATE]: Term 1 election: Requested vote from peers 681d41b98e61447e83dba7bd8dfef6ef (127.7.254.1:33921), 65bf9eb3336c4b85a3e974b547190250 (127.7.254.3:36437)
I20260709 14:49:21.810593  9473 raft_consensus.cc:359] T 74b3c3d7b0904d2abb93f6d7fa047bcb P 27652431f57647f791673ecfb8637302 [term 0 FOLLOWER]: Replica starting. Triggering 0 pending ops. Active config: opid_index: -1 OBSOLETE_local: false peers { permanent_uuid: "681d41b98e61447e83dba7bd8dfef6ef" member_type: VOTER last_known_addr { host: "127.7.254.1" port: 33921 } } peers { permanent_uuid: "27652431f57647f791673ecfb8637302" member_type: VOTER last_known_addr { host: "127.7.254.2" port: 46147 } } peers { permanent_uuid: "65bf9eb3336c4b85a3e974b547190250" member_type: VOTER last_known_addr { host: "127.7.254.3" port: 36437 } }
I20260709 14:49:21.810913  9431 tablet_service.cc:1917] Received RequestConsensusVote() RPC: tablet_id: "cd16a5600e3b4b968e2b2c07f9a046b5" candidate_uuid: "27652431f57647f791673ecfb8637302" candidate_term: 1 candidate_status { last_received { term: 0 index: 0 } } ignore_live_leader: false dest_uuid: "65bf9eb3336c4b85a3e974b547190250"
I20260709 14:49:21.811226  9473 raft_consensus.cc:385] T 74b3c3d7b0904d2abb93f6d7fa047bcb P 27652431f57647f791673ecfb8637302 [term 0 FOLLOWER]: Consensus starting up: Expiring failure detector timer to make a prompt election more likely
I20260709 14:49:21.811517  9473 raft_consensus.cc:740] T 74b3c3d7b0904d2abb93f6d7fa047bcb P 27652431f57647f791673ecfb8637302 [term 0 FOLLOWER]: Becoming Follower/Learner. State: Replica: 27652431f57647f791673ecfb8637302, State: Initialized, Role: FOLLOWER
I20260709 14:49:21.812239  9473 consensus_queue.cc:260] T 74b3c3d7b0904d2abb93f6d7fa047bcb P 27652431f57647f791673ecfb8637302 [NON_LEADER]: Queue going to NON_LEADER mode. State: All replicated index: 0, Majority replicated index: 0, Committed index: 0, Last appended: 0.0, Last appended by leader: 0, Current term: 0, Majority size: -1, State: 0, Mode: NON_LEADER, active raft config: opid_index: -1 OBSOLETE_local: false peers { permanent_uuid: "681d41b98e61447e83dba7bd8dfef6ef" member_type: VOTER last_known_addr { host: "127.7.254.1" port: 33921 } } peers { permanent_uuid: "27652431f57647f791673ecfb8637302" member_type: VOTER last_known_addr { host: "127.7.254.2" port: 46147 } } peers { permanent_uuid: "65bf9eb3336c4b85a3e974b547190250" member_type: VOTER last_known_addr { host: "127.7.254.3" port: 36437 } }
I20260709 14:49:21.814147  9473 ts_tablet_manager.cc:1434] T 74b3c3d7b0904d2abb93f6d7fa047bcb P 27652431f57647f791673ecfb8637302: Time spent starting tablet: real 0.007s	user 0.006s	sys 0.000s
I20260709 14:49:21.814967  9473 tablet_bootstrap.cc:492] T ac1f2c620bc64083931acc11d98361c5 P 27652431f57647f791673ecfb8637302: Bootstrap starting.
I20260709 14:49:21.815620  9280 raft_consensus.cc:2468] T cd16a5600e3b4b968e2b2c07f9a046b5 P 681d41b98e61447e83dba7bd8dfef6ef [term 1 FOLLOWER]: Leader election vote request: Granting yes vote for candidate 27652431f57647f791673ecfb8637302 in term 1.
I20260709 14:49:21.817353  9321 leader_election.cc:304] T cd16a5600e3b4b968e2b2c07f9a046b5 P 27652431f57647f791673ecfb8637302 [CANDIDATE]: Term 1 election: Election decided. Result: candidate won. Election summary: received 2 responses out of 3 voters: 2 yes votes; 0 no votes. yes voters: 27652431f57647f791673ecfb8637302, 681d41b98e61447e83dba7bd8dfef6ef; no voters: 
I20260709 14:49:21.818166  9474 ts_tablet_manager.cc:1434] T cd16a5600e3b4b968e2b2c07f9a046b5 P 681d41b98e61447e83dba7bd8dfef6ef: Time spent starting tablet: real 0.016s	user 0.005s	sys 0.000s
I20260709 14:49:21.818135  9512 raft_consensus.cc:2804] T cd16a5600e3b4b968e2b2c07f9a046b5 P 27652431f57647f791673ecfb8637302 [term 1 FOLLOWER]: Leader election won for term 1
I20260709 14:49:21.818833  9512 raft_consensus.cc:697] T cd16a5600e3b4b968e2b2c07f9a046b5 P 27652431f57647f791673ecfb8637302 [term 1 LEADER]: Becoming Leader. State: Replica: 27652431f57647f791673ecfb8637302, State: Running, Role: LEADER
I20260709 14:49:21.819406  9431 raft_consensus.cc:2393] T cd16a5600e3b4b968e2b2c07f9a046b5 P 65bf9eb3336c4b85a3e974b547190250 [term 1 FOLLOWER]: Leader election vote request: Denying vote to candidate 27652431f57647f791673ecfb8637302 in current term 1: Already voted for candidate 65bf9eb3336c4b85a3e974b547190250 in this term.
I20260709 14:49:21.819651  9512 consensus_queue.cc:237] T cd16a5600e3b4b968e2b2c07f9a046b5 P 27652431f57647f791673ecfb8637302 [LEADER]: Queue going to LEADER mode. State: All replicated index: 0, Majority replicated index: 0, Committed index: 0, Last appended: 0.0, Last appended by leader: 0, Current term: 1, Majority size: 2, State: 0, Mode: LEADER, active raft config: opid_index: -1 OBSOLETE_local: false peers { permanent_uuid: "681d41b98e61447e83dba7bd8dfef6ef" member_type: VOTER last_known_addr { host: "127.7.254.1" port: 33921 } } peers { permanent_uuid: "27652431f57647f791673ecfb8637302" member_type: VOTER last_known_addr { host: "127.7.254.2" port: 46147 } } peers { permanent_uuid: "65bf9eb3336c4b85a3e974b547190250" member_type: VOTER last_known_addr { host: "127.7.254.3" port: 36437 } }
I20260709 14:49:21.823647  9472 tablet_bootstrap.cc:492] T 6c2b9fda678147ef8e778451cc4f8d19 P 65bf9eb3336c4b85a3e974b547190250: No bootstrap required, opened a new log
I20260709 14:49:21.824167  9472 ts_tablet_manager.cc:1403] T 6c2b9fda678147ef8e778451cc4f8d19 P 65bf9eb3336c4b85a3e974b547190250: Time spent bootstrapping tablet: real 0.025s	user 0.010s	sys 0.008s
I20260709 14:49:21.826247  9472 raft_consensus.cc:359] T 6c2b9fda678147ef8e778451cc4f8d19 P 65bf9eb3336c4b85a3e974b547190250 [term 0 FOLLOWER]: Replica starting. Triggering 0 pending ops. Active config: opid_index: -1 OBSOLETE_local: false peers { permanent_uuid: "681d41b98e61447e83dba7bd8dfef6ef" member_type: VOTER last_known_addr { host: "127.7.254.1" port: 33921 } } peers { permanent_uuid: "27652431f57647f791673ecfb8637302" member_type: VOTER last_known_addr { host: "127.7.254.2" port: 46147 } } peers { permanent_uuid: "65bf9eb3336c4b85a3e974b547190250" member_type: VOTER last_known_addr { host: "127.7.254.3" port: 36437 } }
I20260709 14:49:21.826694  9472 raft_consensus.cc:385] T 6c2b9fda678147ef8e778451cc4f8d19 P 65bf9eb3336c4b85a3e974b547190250 [term 0 FOLLOWER]: Consensus starting up: Expiring failure detector timer to make a prompt election more likely
I20260709 14:49:21.826942  9472 raft_consensus.cc:740] T 6c2b9fda678147ef8e778451cc4f8d19 P 65bf9eb3336c4b85a3e974b547190250 [term 0 FOLLOWER]: Becoming Follower/Learner. State: Replica: 65bf9eb3336c4b85a3e974b547190250, State: Initialized, Role: FOLLOWER
I20260709 14:49:21.827986  9474 tablet_bootstrap.cc:492] T 0723f58be3df43a38598c2221893915a P 681d41b98e61447e83dba7bd8dfef6ef: Bootstrap starting.
I20260709 14:49:21.837440  9473 tablet_bootstrap.cc:654] T ac1f2c620bc64083931acc11d98361c5 P 27652431f57647f791673ecfb8637302: Neither blocks nor log segments found. Creating new log.
I20260709 14:49:21.837183  9178 catalog_manager.cc:5697] T cd16a5600e3b4b968e2b2c07f9a046b5 P 27652431f57647f791673ecfb8637302 reported cstate change: term changed from 0 to 1, leader changed from <none> to 27652431f57647f791673ecfb8637302 (127.7.254.2). New cstate: current_term: 1 leader_uuid: "27652431f57647f791673ecfb8637302" committed_config { opid_index: -1 OBSOLETE_local: false peers { permanent_uuid: "681d41b98e61447e83dba7bd8dfef6ef" member_type: VOTER last_known_addr { host: "127.7.254.1" port: 33921 } health_report { overall_health: UNKNOWN } } peers { permanent_uuid: "27652431f57647f791673ecfb8637302" member_type: VOTER last_known_addr { host: "127.7.254.2" port: 46147 } health_report { overall_health: HEALTHY } } peers { permanent_uuid: "65bf9eb3336c4b85a3e974b547190250" member_type: VOTER last_known_addr { host: "127.7.254.3" port: 36437 } health_report { overall_health: UNKNOWN } } }
I20260709 14:49:21.839135  9472 consensus_queue.cc:260] T 6c2b9fda678147ef8e778451cc4f8d19 P 65bf9eb3336c4b85a3e974b547190250 [NON_LEADER]: Queue going to NON_LEADER mode. State: All replicated index: 0, Majority replicated index: 0, Committed index: 0, Last appended: 0.0, Last appended by leader: 0, Current term: 0, Majority size: -1, State: 0, Mode: NON_LEADER, active raft config: opid_index: -1 OBSOLETE_local: false peers { permanent_uuid: "681d41b98e61447e83dba7bd8dfef6ef" member_type: VOTER last_known_addr { host: "127.7.254.1" port: 33921 } } peers { permanent_uuid: "27652431f57647f791673ecfb8637302" member_type: VOTER last_known_addr { host: "127.7.254.2" port: 46147 } } peers { permanent_uuid: "65bf9eb3336c4b85a3e974b547190250" member_type: VOTER last_known_addr { host: "127.7.254.3" port: 36437 } }
