I20260709 14:49:07.777381  9008 leader_election.cc:290] T b9f02129a32d46e4bcfa2bdf107a6c37 P 6d9c3eddbeb64b9288d2056de4670498 [CANDIDATE]: Term 1 election: Requested vote from peers 48cad70def2542b1b3b527271c2fe23a (127.7.254.2:40761), 9177e2af13dc41d7b8600274b46f68eb (127.7.254.3:39793)
I20260709 14:49:07.779459  8963 tablet_service.cc:1917] Received RequestConsensusVote() RPC: tablet_id: "b9f02129a32d46e4bcfa2bdf107a6c37" candidate_uuid: "6d9c3eddbeb64b9288d2056de4670498" candidate_term: 1 candidate_status { last_received { term: 0 index: 0 } } ignore_live_leader: false dest_uuid: "9177e2af13dc41d7b8600274b46f68eb"
I20260709 14:49:07.781190  8963 raft_consensus.cc:3060] T b9f02129a32d46e4bcfa2bdf107a6c37 P 9177e2af13dc41d7b8600274b46f68eb [term 0 FOLLOWER]: Advancing to term 1
I20260709 14:49:07.789247  9006 tablet_bootstrap.cc:492] T c6e7f50a742d44d19da450ad63e95c41 P 9177e2af13dc41d7b8600274b46f68eb: No bootstrap required, opened a new log
I20260709 14:49:07.789799  9006 ts_tablet_manager.cc:1403] T c6e7f50a742d44d19da450ad63e95c41 P 9177e2af13dc41d7b8600274b46f68eb: Time spent bootstrapping tablet: real 0.042s	user 0.013s	sys 0.001s
I20260709 14:49:07.792979  9006 raft_consensus.cc:359] T c6e7f50a742d44d19da450ad63e95c41 P 9177e2af13dc41d7b8600274b46f68eb [term 0 FOLLOWER]: Replica starting. Triggering 0 pending ops. Active config: opid_index: -1 OBSOLETE_local: false peers { permanent_uuid: "6d9c3eddbeb64b9288d2056de4670498" member_type: VOTER last_known_addr { host: "127.7.254.1" port: 43931 } } peers { permanent_uuid: "48cad70def2542b1b3b527271c2fe23a" member_type: VOTER last_known_addr { host: "127.7.254.2" port: 40761 } } peers { permanent_uuid: "9177e2af13dc41d7b8600274b46f68eb" member_type: VOTER last_known_addr { host: "127.7.254.3" port: 39793 } }
I20260709 14:49:07.793850  9006 raft_consensus.cc:385] T c6e7f50a742d44d19da450ad63e95c41 P 9177e2af13dc41d7b8600274b46f68eb [term 0 FOLLOWER]: Consensus starting up: Expiring failure detector timer to make a prompt election more likely
I20260709 14:49:07.794185  9006 raft_consensus.cc:740] T c6e7f50a742d44d19da450ad63e95c41 P 9177e2af13dc41d7b8600274b46f68eb [term 0 FOLLOWER]: Becoming Follower/Learner. State: Replica: 9177e2af13dc41d7b8600274b46f68eb, State: Initialized, Role: FOLLOWER
I20260709 14:49:07.794989  9006 consensus_queue.cc:260] T c6e7f50a742d44d19da450ad63e95c41 P 9177e2af13dc41d7b8600274b46f68eb [NON_LEADER]: Queue going to NON_LEADER mode. State: All replicated index: 0, Majority replicated index: 0, Committed index: 0, Last appended: 0.0, Last appended by leader: 0, Current term: 0, Majority size: -1, State: 0, Mode: NON_LEADER, active raft config: opid_index: -1 OBSOLETE_local: false peers { permanent_uuid: "6d9c3eddbeb64b9288d2056de4670498" member_type: VOTER last_known_addr { host: "127.7.254.1" port: 43931 } } peers { permanent_uuid: "48cad70def2542b1b3b527271c2fe23a" member_type: VOTER last_known_addr { host: "127.7.254.2" port: 40761 } } peers { permanent_uuid: "9177e2af13dc41d7b8600274b46f68eb" member_type: VOTER last_known_addr { host: "127.7.254.3" port: 39793 } }
I20260709 14:49:07.797166  9006 ts_tablet_manager.cc:1434] T c6e7f50a742d44d19da450ad63e95c41 P 9177e2af13dc41d7b8600274b46f68eb: Time spent starting tablet: real 0.007s	user 0.006s	sys 0.000s
I20260709 14:49:07.798197  9006 tablet_bootstrap.cc:492] T cc700a44df88429aab2c2732248059d2 P 9177e2af13dc41d7b8600274b46f68eb: Bootstrap starting.
I20260709 14:49:07.804580  9006 tablet_bootstrap.cc:654] T cc700a44df88429aab2c2732248059d2 P 9177e2af13dc41d7b8600274b46f68eb: Neither blocks nor log segments found. Creating new log.
I20260709 14:49:07.808761  9009 raft_consensus.cc:493] T a793a3343acc433d833d8aefa8004ac8 P 9177e2af13dc41d7b8600274b46f68eb [term 0 FOLLOWER]: Starting pre-election (no leader contacted us within the election timeout)
I20260709 14:49:07.809288  9009 raft_consensus.cc:515] T a793a3343acc433d833d8aefa8004ac8 P 9177e2af13dc41d7b8600274b46f68eb [term 0 FOLLOWER]: Starting pre-election with config: opid_index: -1 OBSOLETE_local: false peers { permanent_uuid: "6d9c3eddbeb64b9288d2056de4670498" member_type: VOTER last_known_addr { host: "127.7.254.1" port: 43931 } } peers { permanent_uuid: "48cad70def2542b1b3b527271c2fe23a" member_type: VOTER last_known_addr { host: "127.7.254.2" port: 40761 } } peers { permanent_uuid: "9177e2af13dc41d7b8600274b46f68eb" member_type: VOTER last_known_addr { host: "127.7.254.3" port: 39793 } }
I20260709 14:49:07.811086  8963 raft_consensus.cc:2468] T b9f02129a32d46e4bcfa2bdf107a6c37 P 9177e2af13dc41d7b8600274b46f68eb [term 1 FOLLOWER]: Leader election vote request: Granting yes vote for candidate 6d9c3eddbeb64b9288d2056de4670498 in term 1.
I20260709 14:49:07.812000  9009 leader_election.cc:290] T a793a3343acc433d833d8aefa8004ac8 P 9177e2af13dc41d7b8600274b46f68eb [CANDIDATE]: Term 1 pre-election: Requested pre-vote from peers 6d9c3eddbeb64b9288d2056de4670498 (127.7.254.1:43931), 48cad70def2542b1b3b527271c2fe23a (127.7.254.2:40761)
I20260709 14:49:07.818269  8778 leader_election.cc:304] T b9f02129a32d46e4bcfa2bdf107a6c37 P 6d9c3eddbeb64b9288d2056de4670498 [CANDIDATE]: Term 1 election: Election decided. Result: candidate won. Election summary: received 2 responses out of 3 voters: 2 yes votes; 0 no votes. yes voters: 6d9c3eddbeb64b9288d2056de4670498, 9177e2af13dc41d7b8600274b46f68eb; no voters: 
I20260709 14:49:07.819146  9008 raft_consensus.cc:2804] T b9f02129a32d46e4bcfa2bdf107a6c37 P 6d9c3eddbeb64b9288d2056de4670498 [term 1 FOLLOWER]: Leader election won for term 1
I20260709 14:49:07.843482  9019 raft_consensus.cc:493] T c6e7f50a742d44d19da450ad63e95c41 P 6d9c3eddbeb64b9288d2056de4670498 [term 0 FOLLOWER]: Starting pre-election (no leader contacted us within the election timeout)
I20260709 14:49:07.844164  9019 raft_consensus.cc:515] T c6e7f50a742d44d19da450ad63e95c41 P 6d9c3eddbeb64b9288d2056de4670498 [term 0 FOLLOWER]: Starting pre-election with config: opid_index: -1 OBSOLETE_local: false peers { permanent_uuid: "6d9c3eddbeb64b9288d2056de4670498" member_type: VOTER last_known_addr { host: "127.7.254.1" port: 43931 } } peers { permanent_uuid: "48cad70def2542b1b3b527271c2fe23a" member_type: VOTER last_known_addr { host: "127.7.254.2" port: 40761 } } peers { permanent_uuid: "9177e2af13dc41d7b8600274b46f68eb" member_type: VOTER last_known_addr { host: "127.7.254.3" port: 39793 } }
I20260709 14:49:07.848368  8963 tablet_service.cc:1917] Received RequestConsensusVote() RPC: tablet_id: "c6e7f50a742d44d19da450ad63e95c41" candidate_uuid: "6d9c3eddbeb64b9288d2056de4670498" candidate_term: 1 candidate_status { last_received { term: 0 index: 0 } } ignore_live_leader: false dest_uuid: "9177e2af13dc41d7b8600274b46f68eb" is_pre_election: true
I20260709 14:49:07.849030  8963 raft_consensus.cc:2468] T c6e7f50a742d44d19da450ad63e95c41 P 9177e2af13dc41d7b8600274b46f68eb [term 0 FOLLOWER]: Leader pre-election vote request: Granting yes vote for candidate 6d9c3eddbeb64b9288d2056de4670498 in term 0.
I20260709 14:49:07.842244  9008 raft_consensus.cc:697] T b9f02129a32d46e4bcfa2bdf107a6c37 P 6d9c3eddbeb64b9288d2056de4670498 [term 1 LEADER]: Becoming Leader. State: Replica: 6d9c3eddbeb64b9288d2056de4670498, State: Running, Role: LEADER
I20260709 14:49:07.854305  8778 leader_election.cc:304] T c6e7f50a742d44d19da450ad63e95c41 P 6d9c3eddbeb64b9288d2056de4670498 [CANDIDATE]: Term 1 pre-election: Election decided. Result: candidate won. Election summary: received 2 responses out of 3 voters: 2 yes votes; 0 no votes. yes voters: 6d9c3eddbeb64b9288d2056de4670498, 9177e2af13dc41d7b8600274b46f68eb; no voters: 
I20260709 14:49:07.851778  9019 leader_election.cc:290] T c6e7f50a742d44d19da450ad63e95c41 P 6d9c3eddbeb64b9288d2056de4670498 [CANDIDATE]: Term 1 pre-election: Requested pre-vote from peers 48cad70def2542b1b3b527271c2fe23a (127.7.254.2:40761), 9177e2af13dc41d7b8600274b46f68eb (127.7.254.3:39793)
I20260709 14:49:07.857590  8814 tablet_service.cc:1917] Received RequestConsensusVote() RPC: tablet_id: "a793a3343acc433d833d8aefa8004ac8" candidate_uuid: "9177e2af13dc41d7b8600274b46f68eb" candidate_term: 1 candidate_status { last_received { term: 0 index: 0 } } ignore_live_leader: false dest_uuid: "6d9c3eddbeb64b9288d2056de4670498" is_pre_election: true
I20260709 14:49:07.860461  9005 ts_tablet_manager.cc:1434] T c6e7f50a742d44d19da450ad63e95c41 P 48cad70def2542b1b3b527271c2fe23a: Time spent starting tablet: real 0.173s	user 0.055s	sys 0.079s
W20260709 14:49:07.860311  8928 leader_election.cc:343] T a793a3343acc433d833d8aefa8004ac8 P 9177e2af13dc41d7b8600274b46f68eb [CANDIDATE]: Term 1 pre-election: Tablet error from VoteRequest() call to peer 6d9c3eddbeb64b9288d2056de4670498 (127.7.254.1:43931): Illegal state: must be running to vote when last-logged opid is not known
I20260709 14:49:07.857635  9020 raft_consensus.cc:2804] T c6e7f50a742d44d19da450ad63e95c41 P 6d9c3eddbeb64b9288d2056de4670498 [term 0 FOLLOWER]: Leader pre-election won for term 1
I20260709 14:49:07.860697  9008 consensus_queue.cc:237] T b9f02129a32d46e4bcfa2bdf107a6c37 P 6d9c3eddbeb64b9288d2056de4670498 [LEADER]: Queue going to LEADER mode. State: All replicated index: 0, Majority replicated index: 0, Committed index: 0, Last appended: 0.0, Last appended by leader: 0, Current term: 1, Majority size: 2, State: 0, Mode: LEADER, active raft config: opid_index: -1 OBSOLETE_local: false peers { permanent_uuid: "6d9c3eddbeb64b9288d2056de4670498" member_type: VOTER last_known_addr { host: "127.7.254.1" port: 43931 } } peers { permanent_uuid: "48cad70def2542b1b3b527271c2fe23a" member_type: VOTER last_known_addr { host: "127.7.254.2" port: 40761 } } peers { permanent_uuid: "9177e2af13dc41d7b8600274b46f68eb" member_type: VOTER last_known_addr { host: "127.7.254.3" port: 39793 } }
I20260709 14:49:07.861405  9020 raft_consensus.cc:493] T c6e7f50a742d44d19da450ad63e95c41 P 6d9c3eddbeb64b9288d2056de4670498 [term 0 FOLLOWER]: Starting leader election (no leader contacted us within the election timeout)
I20260709 14:49:07.861478  8914 heartbeater.cc:499] Master 127.7.254.62:39851 was elected leader, sending a full tablet report...
I20260709 14:49:07.862052  9020 raft_consensus.cc:3060] T c6e7f50a742d44d19da450ad63e95c41 P 6d9c3eddbeb64b9288d2056de4670498 [term 0 FOLLOWER]: Advancing to term 1
I20260709 14:49:07.860304  9006 tablet_bootstrap.cc:492] T cc700a44df88429aab2c2732248059d2 P 9177e2af13dc41d7b8600274b46f68eb: No bootstrap required, opened a new log
I20260709 14:49:07.865031  9003 tablet_bootstrap.cc:492] T cc700a44df88429aab2c2732248059d2 P 6d9c3eddbeb64b9288d2056de4670498: No bootstrap required, opened a new log
I20260709 14:49:07.868031  9003 ts_tablet_manager.cc:1403] T cc700a44df88429aab2c2732248059d2 P 6d9c3eddbeb64b9288d2056de4670498: Time spent bootstrapping tablet: real 0.173s	user 0.019s	sys 0.019s
I20260709 14:49:07.865528  9005 tablet_bootstrap.cc:492] T b9f02129a32d46e4bcfa2bdf107a6c37 P 48cad70def2542b1b3b527271c2fe23a: Bootstrap starting.
I20260709 14:49:07.871292  8889 tablet_service.cc:1917] Received RequestConsensusVote() RPC: tablet_id: "b9f02129a32d46e4bcfa2bdf107a6c37" candidate_uuid: "6d9c3eddbeb64b9288d2056de4670498" candidate_term: 1 candidate_status { last_received { term: 0 index: 0 } } ignore_live_leader: false dest_uuid: "48cad70def2542b1b3b527271c2fe23a" is_pre_election: true
I20260709 14:49:07.872241  8888 tablet_service.cc:1917] Received RequestConsensusVote() RPC: tablet_id: "a793a3343acc433d833d8aefa8004ac8" candidate_uuid: "9177e2af13dc41d7b8600274b46f68eb" candidate_term: 1 candidate_status { last_received { term: 0 index: 0 } } ignore_live_leader: false dest_uuid: "48cad70def2542b1b3b527271c2fe23a" is_pre_election: true
I20260709 14:49:07.873786  8887 tablet_service.cc:1917] Received RequestConsensusVote() RPC: tablet_id: "b9f02129a32d46e4bcfa2bdf107a6c37" candidate_uuid: "6d9c3eddbeb64b9288d2056de4670498" candidate_term: 1 candidate_status { last_received { term: 0 index: 0 } } ignore_live_leader: false dest_uuid: "48cad70def2542b1b3b527271c2fe23a"
I20260709 14:49:07.875147  8886 tablet_service.cc:1917] Received RequestConsensusVote() RPC: tablet_id: "c6e7f50a742d44d19da450ad63e95c41" candidate_uuid: "6d9c3eddbeb64b9288d2056de4670498" candidate_term: 1 candidate_status { last_received { term: 0 index: 0 } } ignore_live_leader: false dest_uuid: "48cad70def2542b1b3b527271c2fe23a" is_pre_election: true
I20260709 14:49:07.875764  8886 raft_consensus.cc:2468] T c6e7f50a742d44d19da450ad63e95c41 P 48cad70def2542b1b3b527271c2fe23a [term 0 FOLLOWER]: Leader pre-election vote request: Granting yes vote for candidate 6d9c3eddbeb64b9288d2056de4670498 in term 0.
W20260709 14:49:07.876926  8926 leader_election.cc:343] T a793a3343acc433d833d8aefa8004ac8 P 9177e2af13dc41d7b8600274b46f68eb [CANDIDATE]: Term 1 pre-election: Tablet error from VoteRequest() call to peer 48cad70def2542b1b3b527271c2fe23a (127.7.254.2:40761): Illegal state: must be running to vote when last-logged opid is not known
I20260709 14:49:07.877562  8926 leader_election.cc:304] T a793a3343acc433d833d8aefa8004ac8 P 9177e2af13dc41d7b8600274b46f68eb [CANDIDATE]: Term 1 pre-election: Election decided. Result: candidate lost. Election summary: received 3 responses out of 3 voters: 1 yes votes; 2 no votes. yes voters: 9177e2af13dc41d7b8600274b46f68eb; no voters: 48cad70def2542b1b3b527271c2fe23a, 6d9c3eddbeb64b9288d2056de4670498
I20260709 14:49:07.878062  9003 raft_consensus.cc:359] T cc700a44df88429aab2c2732248059d2 P 6d9c3eddbeb64b9288d2056de4670498 [term 0 FOLLOWER]: Replica starting. Triggering 0 pending ops. Active config: opid_index: -1 OBSOLETE_local: false peers { permanent_uuid: "6d9c3eddbeb64b9288d2056de4670498" member_type: VOTER last_known_addr { host: "127.7.254.1" port: 43931 } } peers { permanent_uuid: "48cad70def2542b1b3b527271c2fe23a" member_type: VOTER last_known_addr { host: "127.7.254.2" port: 40761 } } peers { permanent_uuid: "9177e2af13dc41d7b8600274b46f68eb" member_type: VOTER last_known_addr { host: "127.7.254.3" port: 39793 } }
I20260709 14:49:07.865895  9006 ts_tablet_manager.cc:1403] T cc700a44df88429aab2c2732248059d2 P 9177e2af13dc41d7b8600274b46f68eb: Time spent bootstrapping tablet: real 0.068s	user 0.012s	sys 0.033s
I20260709 14:49:07.878652  9009 raft_consensus.cc:2749] T a793a3343acc433d833d8aefa8004ac8 P 9177e2af13dc41d7b8600274b46f68eb [term 0 FOLLOWER]: Leader pre-election lost for term 1. Reason: could not achieve majority
I20260709 14:49:07.880234  9020 raft_consensus.cc:515] T c6e7f50a742d44d19da450ad63e95c41 P 6d9c3eddbeb64b9288d2056de4670498 [term 1 FOLLOWER]: Starting leader election with config: opid_index: -1 OBSOLETE_local: false peers { permanent_uuid: "6d9c3eddbeb64b9288d2056de4670498" member_type: VOTER last_known_addr { host: "127.7.254.1" port: 43931 } } peers { permanent_uuid: "48cad70def2542b1b3b527271c2fe23a" member_type: VOTER last_known_addr { host: "127.7.254.2" port: 40761 } } peers { permanent_uuid: "9177e2af13dc41d7b8600274b46f68eb" member_type: VOTER last_known_addr { host: "127.7.254.3" port: 39793 } }
W20260709 14:49:07.881155  8777 leader_election.cc:343] T b9f02129a32d46e4bcfa2bdf107a6c37 P 6d9c3eddbeb64b9288d2056de4670498 [CANDIDATE]: Term 1 pre-election: Tablet error from VoteRequest() call to peer 48cad70def2542b1b3b527271c2fe23a (127.7.254.2:40761): Illegal state: must be running to vote when last-logged opid is not known
I20260709 14:49:07.882445  9020 leader_election.cc:290] T c6e7f50a742d44d19da450ad63e95c41 P 6d9c3eddbeb64b9288d2056de4670498 [CANDIDATE]: Term 1 election: Requested vote from peers 48cad70def2542b1b3b527271c2fe23a (127.7.254.2:40761), 9177e2af13dc41d7b8600274b46f68eb (127.7.254.3:39793)
I20260709 14:49:07.883330  9006 raft_consensus.cc:359] T cc700a44df88429aab2c2732248059d2 P 9177e2af13dc41d7b8600274b46f68eb [term 0 FOLLOWER]: Replica starting. Triggering 0 pending ops. Active config: opid_index: -1 OBSOLETE_local: false peers { permanent_uuid: "6d9c3eddbeb64b9288d2056de4670498" member_type: VOTER last_known_addr { host: "127.7.254.1" port: 43931 } } peers { permanent_uuid: "48cad70def2542b1b3b527271c2fe23a" member_type: VOTER last_known_addr { host: "127.7.254.2" port: 40761 } } peers { permanent_uuid: "9177e2af13dc41d7b8600274b46f68eb" member_type: VOTER last_known_addr { host: "127.7.254.3" port: 39793 } }
I20260709 14:49:07.878767  9003 raft_consensus.cc:385] T cc700a44df88429aab2c2732248059d2 P 6d9c3eddbeb64b9288d2056de4670498 [term 0 FOLLOWER]: Consensus starting up: Expiring failure detector timer to make a prompt election more likely
I20260709 14:49:07.884104  9006 raft_consensus.cc:385] T cc700a44df88429aab2c2732248059d2 P 9177e2af13dc41d7b8600274b46f68eb [term 0 FOLLOWER]: Consensus starting up: Expiring failure detector timer to make a prompt election more likely
I20260709 14:49:07.884461  9006 raft_consensus.cc:740] T cc700a44df88429aab2c2732248059d2 P 9177e2af13dc41d7b8600274b46f68eb [term 0 FOLLOWER]: Becoming Follower/Learner. State: Replica: 9177e2af13dc41d7b8600274b46f68eb, State: Initialized, Role: FOLLOWER
I20260709 14:49:07.884197  9003 raft_consensus.cc:740] T cc700a44df88429aab2c2732248059d2 P 6d9c3eddbeb64b9288d2056de4670498 [term 0 FOLLOWER]: Becoming Follower/Learner. State: Replica: 6d9c3eddbeb64b9288d2056de4670498, State: Initialized, Role: FOLLOWER
I20260709 14:49:07.884539  8712 catalog_manager.cc:5697] T b9f02129a32d46e4bcfa2bdf107a6c37 P 6d9c3eddbeb64b9288d2056de4670498 reported cstate change: term changed from 0 to 1, leader changed from <none> to 6d9c3eddbeb64b9288d2056de4670498 (127.7.254.1). New cstate: current_term: 1 leader_uuid: "6d9c3eddbeb64b9288d2056de4670498" committed_config { opid_index: -1 OBSOLETE_local: false peers { permanent_uuid: "6d9c3eddbeb64b9288d2056de4670498" member_type: VOTER last_known_addr { host: "127.7.254.1" port: 43931 } health_report { overall_health: HEALTHY } } peers { permanent_uuid: "48cad70def2542b1b3b527271c2fe23a" member_type: VOTER last_known_addr { host: "127.7.254.2" port: 40761 } health_report { overall_health: UNKNOWN } } peers { permanent_uuid: "9177e2af13dc41d7b8600274b46f68eb" member_type: VOTER last_known_addr { host: "127.7.254.3" port: 39793 } health_report { overall_health: UNKNOWN } } }
I20260709 14:49:07.885229  9006 consensus_queue.cc:260] T cc700a44df88429aab2c2732248059d2 P 9177e2af13dc41d7b8600274b46f68eb [NON_LEADER]: Queue going to NON_LEADER mode. State: All replicated index: 0, Majority replicated index: 0, Committed index: 0, Last appended: 0.0, Last appended by leader: 0, Current term: 0, Majority size: -1, State: 0, Mode: NON_LEADER, active raft config: opid_index: -1 OBSOLETE_local: false peers { permanent_uuid: "6d9c3eddbeb64b9288d2056de4670498" member_type: VOTER last_known_addr { host: "127.7.254.1" port: 43931 } } peers { permanent_uuid: "48cad70def2542b1b3b527271c2fe23a" member_type: VOTER last_known_addr { host: "127.7.254.2" port: 40761 } } peers { permanent_uuid: "9177e2af13dc41d7b8600274b46f68eb" member_type: VOTER last_known_addr { host: "127.7.254.3" port: 39793 } }
I20260709 14:49:07.885340  9003 consensus_queue.cc:260] T cc700a44df88429aab2c2732248059d2 P 6d9c3eddbeb64b9288d2056de4670498 [NON_LEADER]: Queue going to NON_LEADER mode. State: All replicated index: 0, Majority replicated index: 0, Committed index: 0, Last appended: 0.0, Last appended by leader: 0, Current term: 0, Majority size: -1, State: 0, Mode: NON_LEADER, active raft config: opid_index: -1 OBSOLETE_local: false peers { permanent_uuid: "6d9c3eddbeb64b9288d2056de4670498" member_type: VOTER last_known_addr { host: "127.7.254.1" port: 43931 } } peers { permanent_uuid: "48cad70def2542b1b3b527271c2fe23a" member_type: VOTER last_known_addr { host: "127.7.254.2" port: 40761 } } peers { permanent_uuid: "9177e2af13dc41d7b8600274b46f68eb" member_type: VOTER last_known_addr { host: "127.7.254.3" port: 39793 } }
I20260709 14:49:07.887424  9003 ts_tablet_manager.cc:1434] T cc700a44df88429aab2c2732248059d2 P 6d9c3eddbeb64b9288d2056de4670498: Time spent starting tablet: real 0.019s	user 0.004s	sys 0.000s
I20260709 14:49:07.888379  9003 tablet_bootstrap.cc:492] T a1e893e65e0a4fa7a47e4d76d99ddd33 P 6d9c3eddbeb64b9288d2056de4670498: Bootstrap starting.
I20260709 14:49:07.888756  8963 tablet_service.cc:1917] Received RequestConsensusVote() RPC: tablet_id: "c6e7f50a742d44d19da450ad63e95c41" candidate_uuid: "6d9c3eddbeb64b9288d2056de4670498" candidate_term: 1 candidate_status { last_received { term: 0 index: 0 } } ignore_live_leader: false dest_uuid: "9177e2af13dc41d7b8600274b46f68eb"
I20260709 14:49:07.889286  8963 raft_consensus.cc:3060] T c6e7f50a742d44d19da450ad63e95c41 P 9177e2af13dc41d7b8600274b46f68eb [term 0 FOLLOWER]: Advancing to term 1
I20260709 14:49:07.889580  9006 ts_tablet_manager.cc:1434] T cc700a44df88429aab2c2732248059d2 P 9177e2af13dc41d7b8600274b46f68eb: Time spent starting tablet: real 0.009s	user 0.005s	sys 0.000s
I20260709 14:49:07.890503  9006 tablet_bootstrap.cc:492] T a1e893e65e0a4fa7a47e4d76d99ddd33 P 9177e2af13dc41d7b8600274b46f68eb: Bootstrap starting.
I20260709 14:49:07.895737  8963 raft_consensus.cc:2468] T c6e7f50a742d44d19da450ad63e95c41 P 9177e2af13dc41d7b8600274b46f68eb [term 1 FOLLOWER]: Leader election vote request: Granting yes vote for candidate 6d9c3eddbeb64b9288d2056de4670498 in term 1.
I20260709 14:49:07.896055  9005 tablet_bootstrap.cc:654] T b9f02129a32d46e4bcfa2bdf107a6c37 P 48cad70def2542b1b3b527271c2fe23a: Neither blocks nor log segments found. Creating new log.
I20260709 14:49:07.896528  9006 tablet_bootstrap.cc:654] T a1e893e65e0a4fa7a47e4d76d99ddd33 P 9177e2af13dc41d7b8600274b46f68eb: Neither blocks nor log segments found. Creating new log.
I20260709 14:49:07.902753  8889 tablet_service.cc:1917] Received RequestConsensusVote() RPC: tablet_id: "c6e7f50a742d44d19da450ad63e95c41" candidate_uuid: "6d9c3eddbeb64b9288d2056de4670498" candidate_term: 1 candidate_status { last_received { term: 0 index: 0 } } ignore_live_leader: false dest_uuid: "48cad70def2542b1b3b527271c2fe23a"
I20260709 14:49:07.903380  8889 raft_consensus.cc:3060] T c6e7f50a742d44d19da450ad63e95c41 P 48cad70def2542b1b3b527271c2fe23a [term 0 FOLLOWER]: Advancing to term 1
I20260709 14:49:07.903887  8778 leader_election.cc:304] T c6e7f50a742d44d19da450ad63e95c41 P 6d9c3eddbeb64b9288d2056de4670498 [CANDIDATE]: Term 1 election: Election decided. Result: candidate won. Election summary: received 2 responses out of 3 voters: 2 yes votes; 0 no votes. yes voters: 6d9c3eddbeb64b9288d2056de4670498, 9177e2af13dc41d7b8600274b46f68eb; no voters: 
I20260709 14:49:07.904573  9020 raft_consensus.cc:2804] T c6e7f50a742d44d19da450ad63e95c41 P 6d9c3eddbeb64b9288d2056de4670498 [term 1 FOLLOWER]: Leader election won for term 1
I20260709 14:49:07.905071  9020 raft_consensus.cc:697] T c6e7f50a742d44d19da450ad63e95c41 P 6d9c3eddbeb64b9288d2056de4670498 [term 1 LEADER]: Becoming Leader. State: Replica: 6d9c3eddbeb64b9288d2056de4670498, State: Running, Role: LEADER
I20260709 14:49:07.905874  9020 consensus_queue.cc:237] T c6e7f50a742d44d19da450ad63e95c41 P 6d9c3eddbeb64b9288d2056de4670498 [LEADER]: Queue going to LEADER mode. State: All replicated index: 0, Majority replicated index: 0, Committed index: 0, Last appended: 0.0, Last appended by leader: 0, Current term: 1, Majority size: 2, State: 0, Mode: LEADER, active raft config: opid_index: -1 OBSOLETE_local: false peers { permanent_uuid: "6d9c3eddbeb64b9288d2056de4670498" member_type: VOTER last_known_addr { host: "127.7.254.1" port: 43931 } } peers { permanent_uuid: "48cad70def2542b1b3b527271c2fe23a" member_type: VOTER last_known_addr { host: "127.7.254.2" port: 40761 } } peers { permanent_uuid: "9177e2af13dc41d7b8600274b46f68eb" member_type: VOTER last_known_addr { host: "127.7.254.3" port: 39793 } }
I20260709 14:49:07.910811  8889 raft_consensus.cc:2468] T c6e7f50a742d44d19da450ad63e95c41 P 48cad70def2542b1b3b527271c2fe23a [term 1 FOLLOWER]: Leader election vote request: Granting yes vote for candidate 6d9c3eddbeb64b9288d2056de4670498 in term 1.
I20260709 14:49:07.903024  9003 tablet_bootstrap.cc:654] T a1e893e65e0a4fa7a47e4d76d99ddd33 P 6d9c3eddbeb64b9288d2056de4670498: Neither blocks nor log segments found. Creating new log.
I20260709 14:49:07.914191  9005 tablet_bootstrap.cc:492] T b9f02129a32d46e4bcfa2bdf107a6c37 P 48cad70def2542b1b3b527271c2fe23a: No bootstrap required, opened a new log
I20260709 14:49:07.914711  9005 ts_tablet_manager.cc:1403] T b9f02129a32d46e4bcfa2bdf107a6c37 P 48cad70def2542b1b3b527271c2fe23a: Time spent bootstrapping tablet: real 0.049s	user 0.016s	sys 0.005s
I20260709 14:49:07.917291  9005 raft_consensus.cc:359] T b9f02129a32d46e4bcfa2bdf107a6c37 P 48cad70def2542b1b3b527271c2fe23a [term 0 FOLLOWER]: Replica starting. Triggering 0 pending ops. Active config: opid_index: -1 OBSOLETE_local: false peers { permanent_uuid: "6d9c3eddbeb64b9288d2056de4670498" member_type: VOTER last_known_addr { host: "127.7.254.1" port: 43931 } } peers { permanent_uuid: "48cad70def2542b1b3b527271c2fe23a" member_type: VOTER last_known_addr { host: "127.7.254.2" port: 40761 } } peers { permanent_uuid: "9177e2af13dc41d7b8600274b46f68eb" member_type: VOTER last_known_addr { host: "127.7.254.3" port: 39793 } }
I20260709 14:49:07.917964  9003 tablet_bootstrap.cc:492] T a1e893e65e0a4fa7a47e4d76d99ddd33 P 6d9c3eddbeb64b9288d2056de4670498: No bootstrap required, opened a new log
I20260709 14:49:07.917275  8712 catalog_manager.cc:5697] T c6e7f50a742d44d19da450ad63e95c41 P 6d9c3eddbeb64b9288d2056de4670498 reported cstate change: term changed from 0 to 1, leader changed from <none> to 6d9c3eddbeb64b9288d2056de4670498 (127.7.254.1). New cstate: current_term: 1 leader_uuid: "6d9c3eddbeb64b9288d2056de4670498" committed_config { opid_index: -1 OBSOLETE_local: false peers { permanent_uuid: "6d9c3eddbeb64b9288d2056de4670498" member_type: VOTER last_known_addr { host: "127.7.254.1" port: 43931 } health_report { overall_health: HEALTHY } } peers { permanent_uuid: "48cad70def2542b1b3b527271c2fe23a" member_type: VOTER last_known_addr { host: "127.7.254.2" port: 40761 } health_report { overall_health: UNKNOWN } } peers { permanent_uuid: "9177e2af13dc41d7b8600274b46f68eb" member_type: VOTER last_known_addr { host: "127.7.254.3" port: 39793 } health_report { overall_health: UNKNOWN } } }
I20260709 14:49:07.918182  9005 raft_consensus.cc:385] T b9f02129a32d46e4bcfa2bdf107a6c37 P 48cad70def2542b1b3b527271c2fe23a [term 0 FOLLOWER]: Consensus starting up: Expiring failure detector timer to make a prompt election more likely
I20260709 14:49:07.918524  9003 ts_tablet_manager.cc:1403] T a1e893e65e0a4fa7a47e4d76d99ddd33 P 6d9c3eddbeb64b9288d2056de4670498: Time spent bootstrapping tablet: real 0.030s	user 0.006s	sys 0.005s
I20260709 14:49:07.918687  9005 raft_consensus.cc:740] T b9f02129a32d46e4bcfa2bdf107a6c37 P 48cad70def2542b1b3b527271c2fe23a [term 0 FOLLOWER]: Becoming Follower/Learner. State: Replica: 48cad70def2542b1b3b527271c2fe23a, State: Initialized, Role: FOLLOWER
I20260709 14:49:07.919512  9005 consensus_queue.cc:260] T b9f02129a32d46e4bcfa2bdf107a6c37 P 48cad70def2542b1b3b527271c2fe23a [NON_LEADER]: Queue going to NON_LEADER mode. State: All replicated index: 0, Majority replicated index: 0, Committed index: 0, Last appended: 0.0, Last appended by leader: 0, Current term: 0, Majority size: -1, State: 0, Mode: NON_LEADER, active raft config: opid_index: -1 OBSOLETE_local: false peers { permanent_uuid: "6d9c3eddbeb64b9288d2056de4670498" member_type: VOTER last_known_addr { host: "127.7.254.1" port: 43931 } } peers { permanent_uuid: "48cad70def2542b1b3b527271c2fe23a" member_type: VOTER last_known_addr { host: "127.7.254.2" port: 40761 } } peers { permanent_uuid: "9177e2af13dc41d7b8600274b46f68eb" member_type: VOTER last_known_addr { host: "127.7.254.3" port: 39793 } }
I20260709 14:49:07.921371  9005 ts_tablet_manager.cc:1434] T b9f02129a32d46e4bcfa2bdf107a6c37 P 48cad70def2542b1b3b527271c2fe23a: Time spent starting tablet: real 0.006s	user 0.005s	sys 0.000s
I20260709 14:49:07.921365  9003 raft_consensus.cc:359] T a1e893e65e0a4fa7a47e4d76d99ddd33 P 6d9c3eddbeb64b9288d2056de4670498 [term 0 FOLLOWER]: Replica starting. Triggering 0 pending ops. Active config: opid_index: -1 OBSOLETE_local: false peers { permanent_uuid: "6d9c3eddbeb64b9288d2056de4670498" member_type: VOTER last_known_addr { host: "127.7.254.1" port: 43931 } } peers { permanent_uuid: "48cad70def2542b1b3b527271c2fe23a" member_type: VOTER last_known_addr { host: "127.7.254.2" port: 40761 } } peers { permanent_uuid: "9177e2af13dc41d7b8600274b46f68eb" member_type: VOTER last_known_addr { host: "127.7.254.3" port: 39793 } }
I20260709 14:49:07.922245  9003 raft_consensus.cc:385] T a1e893e65e0a4fa7a47e4d76d99ddd33 P 6d9c3eddbeb64b9288d2056de4670498 [term 0 FOLLOWER]: Consensus starting up: Expiring failure detector timer to make a prompt election more likely
I20260709 14:49:07.922449  9005 tablet_bootstrap.cc:492] T cc700a44df88429aab2c2732248059d2 P 48cad70def2542b1b3b527271c2fe23a: Bootstrap starting.
I20260709 14:49:07.922565  9003 raft_consensus.cc:740] T a1e893e65e0a4fa7a47e4d76d99ddd33 P 6d9c3eddbeb64b9288d2056de4670498 [term 0 FOLLOWER]: Becoming Follower/Learner. State: Replica: 6d9c3eddbeb64b9288d2056de4670498, State: Initialized, Role: FOLLOWER
I20260709 14:49:07.923386  9003 consensus_queue.cc:260] T a1e893e65e0a4fa7a47e4d76d99ddd33 P 6d9c3eddbeb64b9288d2056de4670498 [NON_LEADER]: Queue going to NON_LEADER mode. State: All replicated index: 0, Majority replicated index: 0, Committed index: 0, Last appended: 0.0, Last appended by leader: 0, Current term: 0, Majority size: -1, State: 0, Mode: NON_LEADER, active raft config: opid_index: -1 OBSOLETE_local: false peers { permanent_uuid: "6d9c3eddbeb64b9288d2056de4670498" member_type: VOTER last_known_addr { host: "127.7.254.1" port: 43931 } } peers { permanent_uuid: "48cad70def2542b1b3b527271c2fe23a" member_type: VOTER last_known_addr { host: "127.7.254.2" port: 40761 } } peers { permanent_uuid: "9177e2af13dc41d7b8600274b46f68eb" member_type: VOTER last_known_addr { host: "127.7.254.3" port: 39793 } }
I20260709 14:49:07.925791  9003 ts_tablet_manager.cc:1434] T a1e893e65e0a4fa7a47e4d76d99ddd33 P 6d9c3eddbeb64b9288d2056de4670498: Time spent starting tablet: real 0.007s	user 0.005s	sys 0.001s
I20260709 14:49:07.926776  9003 tablet_bootstrap.cc:492] T a793a3343acc433d833d8aefa8004ac8 P 6d9c3eddbeb64b9288d2056de4670498: Bootstrap starting.
I20260709 14:49:07.927372  9006 tablet_bootstrap.cc:492] T a1e893e65e0a4fa7a47e4d76d99ddd33 P 9177e2af13dc41d7b8600274b46f68eb: No bootstrap required, opened a new log
I20260709 14:49:07.927804  9006 ts_tablet_manager.cc:1403] T a1e893e65e0a4fa7a47e4d76d99ddd33 P 9177e2af13dc41d7b8600274b46f68eb: Time spent bootstrapping tablet: real 0.037s	user 0.006s	sys 0.008s
I20260709 14:49:07.928902  9005 tablet_bootstrap.cc:654] T cc700a44df88429aab2c2732248059d2 P 48cad70def2542b1b3b527271c2fe23a: Neither blocks nor log segments found. Creating new log.
I20260709 14:49:07.930490  9006 raft_consensus.cc:359] T a1e893e65e0a4fa7a47e4d76d99ddd33 P 9177e2af13dc41d7b8600274b46f68eb [term 0 FOLLOWER]: Replica starting. Triggering 0 pending ops. Active config: opid_index: -1 OBSOLETE_local: false peers { permanent_uuid: "6d9c3eddbeb64b9288d2056de4670498" member_type: VOTER last_known_addr { host: "127.7.254.1" port: 43931 } } peers { permanent_uuid: "48cad70def2542b1b3b527271c2fe23a" member_type: VOTER last_known_addr { host: "127.7.254.2" port: 40761 } } peers { permanent_uuid: "9177e2af13dc41d7b8600274b46f68eb" member_type: VOTER last_known_addr { host: "127.7.254.3" port: 39793 } }
I20260709 14:49:07.931182  9006 raft_consensus.cc:385] T a1e893e65e0a4fa7a47e4d76d99ddd33 P 9177e2af13dc41d7b8600274b46f68eb [term 0 FOLLOWER]: Consensus starting up: Expiring failure detector timer to make a prompt election more likely
I20260709 14:49:07.931535  9006 raft_consensus.cc:740] T a1e893e65e0a4fa7a47e4d76d99ddd33 P 9177e2af13dc41d7b8600274b46f68eb [term 0 FOLLOWER]: Becoming Follower/Learner. State: Replica: 9177e2af13dc41d7b8600274b46f68eb, State: Initialized, Role: FOLLOWER
I20260709 14:49:07.932301  9006 consensus_queue.cc:260] T a1e893e65e0a4fa7a47e4d76d99ddd33 P 9177e2af13dc41d7b8600274b46f68eb [NON_LEADER]: Queue going to NON_LEADER mode. State: All replicated index: 0, Majority replicated index: 0, Committed index: 0, Last appended: 0.0, Last appended by leader: 0, Current term: 0, Majority size: -1, State: 0, Mode: NON_LEADER, active raft config: opid_index: -1 OBSOLETE_local: false peers { permanent_uuid: "6d9c3eddbeb64b9288d2056de4670498" member_type: VOTER last_known_addr { host: "127.7.254.1" port: 43931 } } peers { permanent_uuid: "48cad70def2542b1b3b527271c2fe23a" member_type: VOTER last_known_addr { host: "127.7.254.2" port: 40761 } } peers { permanent_uuid: "9177e2af13dc41d7b8600274b46f68eb" member_type: VOTER last_known_addr { host: "127.7.254.3" port: 39793 } }
I20260709 14:49:07.936609  9006 ts_tablet_manager.cc:1434] T a1e893e65e0a4fa7a47e4d76d99ddd33 P 9177e2af13dc41d7b8600274b46f68eb: Time spent starting tablet: real 0.009s	user 0.007s	sys 0.002s
I20260709 14:49:07.937602  9006 tablet_bootstrap.cc:492] T b3a1a6ee4a6747719e88537b7cb20951 P 9177e2af13dc41d7b8600274b46f68eb: Bootstrap starting.
I20260709 14:49:07.939301  9005 tablet_bootstrap.cc:492] T cc700a44df88429aab2c2732248059d2 P 48cad70def2542b1b3b527271c2fe23a: No bootstrap required, opened a new log
I20260709 14:49:07.939671  9005 ts_tablet_manager.cc:1403] T cc700a44df88429aab2c2732248059d2 P 48cad70def2542b1b3b527271c2fe23a: Time spent bootstrapping tablet: real 0.017s	user 0.013s	sys 0.000s
I20260709 14:49:07.941802  9005 raft_consensus.cc:359] T cc700a44df88429aab2c2732248059d2 P 48cad70def2542b1b3b527271c2fe23a [term 0 FOLLOWER]: Replica starting. Triggering 0 pending ops. Active config: opid_index: -1 OBSOLETE_local: false peers { permanent_uuid: "6d9c3eddbeb64b9288d2056de4670498" member_type: VOTER last_known_addr { host: "127.7.254.1" port: 43931 } } peers { permanent_uuid: "48cad70def2542b1b3b527271c2fe23a" member_type: VOTER last_known_addr { host: "127.7.254.2" port: 40761 } } peers { permanent_uuid: "9177e2af13dc41d7b8600274b46f68eb" member_type: VOTER last_known_addr { host: "127.7.254.3" port: 39793 } }
I20260709 14:49:07.942297  9005 raft_consensus.cc:385] T cc700a44df88429aab2c2732248059d2 P 48cad70def2542b1b3b527271c2fe23a [term 0 FOLLOWER]: Consensus starting up: Expiring failure detector timer to make a prompt election more likely
I20260709 14:49:07.942674  9005 raft_consensus.cc:740] T cc700a44df88429aab2c2732248059d2 P 48cad70def2542b1b3b527271c2fe23a [term 0 FOLLOWER]: Becoming Follower/Learner. State: Replica: 48cad70def2542b1b3b527271c2fe23a, State: Initialized, Role: FOLLOWER
I20260709 14:49:07.943518  9005 consensus_queue.cc:260] T cc700a44df88429aab2c2732248059d2 P 48cad70def2542b1b3b527271c2fe23a [NON_LEADER]: Queue going to NON_LEADER mode. State: All replicated index: 0, Majority replicated index: 0, Committed index: 0, Last appended: 0.0, Last appended by leader: 0, Current term: 0, Majority size: -1, State: 0, Mode: NON_LEADER, active raft config: opid_index: -1 OBSOLETE_local: false peers { permanent_uuid: "6d9c3eddbeb64b9288d2056de4670498" member_type: VOTER last_known_addr { host: "127.7.254.1" port: 43931 } } peers { permanent_uuid: "48cad70def2542b1b3b527271c2fe23a" member_type: VOTER last_known_addr { host: "127.7.254.2" port: 40761 } } peers { permanent_uuid: "9177e2af13dc41d7b8600274b46f68eb" member_type: VOTER last_known_addr { host: "127.7.254.3" port: 39793 } }
I20260709 14:49:07.944038  9006 tablet_bootstrap.cc:654] T b3a1a6ee4a6747719e88537b7cb20951 P 9177e2af13dc41d7b8600274b46f68eb: Neither blocks nor log segments found. Creating new log.
I20260709 14:49:07.944519  9003 tablet_bootstrap.cc:654] T a793a3343acc433d833d8aefa8004ac8 P 6d9c3eddbeb64b9288d2056de4670498: Neither blocks nor log segments found. Creating new log.
I20260709 14:49:07.946290  9005 ts_tablet_manager.cc:1434] T cc700a44df88429aab2c2732248059d2 P 48cad70def2542b1b3b527271c2fe23a: Time spent starting tablet: real 0.006s	user 0.006s	sys 0.000s
I20260709 14:49:07.947280  9005 tablet_bootstrap.cc:492] T a793a3343acc433d833d8aefa8004ac8 P 48cad70def2542b1b3b527271c2fe23a: Bootstrap starting.
I20260709 14:49:07.950345  9003 tablet_bootstrap.cc:492] T a793a3343acc433d833d8aefa8004ac8 P 6d9c3eddbeb64b9288d2056de4670498: No bootstrap required, opened a new log
I20260709 14:49:07.950954  9003 ts_tablet_manager.cc:1403] T a793a3343acc433d833d8aefa8004ac8 P 6d9c3eddbeb64b9288d2056de4670498: Time spent bootstrapping tablet: real 0.024s	user 0.006s	sys 0.006s
I20260709 14:49:07.953418  9005 tablet_bootstrap.cc:654] T a793a3343acc433d833d8aefa8004ac8 P 48cad70def2542b1b3b527271c2fe23a: Neither blocks nor log segments found. Creating new log.
I20260709 14:49:07.953877  9003 raft_consensus.cc:359] T a793a3343acc433d833d8aefa8004ac8 P 6d9c3eddbeb64b9288d2056de4670498 [term 0 FOLLOWER]: Replica starting. Triggering 0 pending ops. Active config: opid_index: -1 OBSOLETE_local: false peers { permanent_uuid: "6d9c3eddbeb64b9288d2056de4670498" member_type: VOTER last_known_addr { host: "127.7.254.1" port: 43931 } } peers { permanent_uuid: "48cad70def2542b1b3b527271c2fe23a" member_type: VOTER last_known_addr { host: "127.7.254.2" port: 40761 } } peers { permanent_uuid: "9177e2af13dc41d7b8600274b46f68eb" member_type: VOTER last_known_addr { host: "127.7.254.3" port: 39793 } }
I20260709 14:49:07.954658  9003 raft_consensus.cc:385] T a793a3343acc433d833d8aefa8004ac8 P 6d9c3eddbeb64b9288d2056de4670498 [term 0 FOLLOWER]: Consensus starting up: Expiring failure detector timer to make a prompt election more likely
I20260709 14:49:07.954994  9003 raft_consensus.cc:740] T a793a3343acc433d833d8aefa8004ac8 P 6d9c3eddbeb64b9288d2056de4670498 [term 0 FOLLOWER]: Becoming Follower/Learner. State: Replica: 6d9c3eddbeb64b9288d2056de4670498, State: Initialized, Role: FOLLOWER
I20260709 14:49:07.955813  9003 consensus_queue.cc:260] T a793a3343acc433d833d8aefa8004ac8 P 6d9c3eddbeb64b9288d2056de4670498 [NON_LEADER]: Queue going to NON_LEADER mode. State: All replicated index: 0, Majority replicated index: 0, Committed index: 0, Last appended: 0.0, Last appended by leader: 0, Current term: 0, Majority size: -1, State: 0, Mode: NON_LEADER, active raft config: opid_index: -1 OBSOLETE_local: false peers { permanent_uuid: "6d9c3eddbeb64b9288d2056de4670498" member_type: VOTER last_known_addr { host: "127.7.254.1" port: 43931 } } peers { permanent_uuid: "48cad70def2542b1b3b527271c2fe23a" member_type: VOTER last_known_addr { host: "127.7.254.2" port: 40761 } } peers { permanent_uuid: "9177e2af13dc41d7b8600274b46f68eb" member_type: VOTER last_known_addr { host: "127.7.254.3" port: 39793 } }
I20260709 14:49:07.958217  9003 ts_tablet_manager.cc:1434] T a793a3343acc433d833d8aefa8004ac8 P 6d9c3eddbeb64b9288d2056de4670498: Time spent starting tablet: real 0.007s	user 0.002s	sys 0.003s
I20260709 14:49:07.959281  9003 tablet_bootstrap.cc:492] T 7f61d76507704aff9e615d1735267c4b P 6d9c3eddbeb64b9288d2056de4670498: Bootstrap starting.
I20260709 14:49:07.959777  9006 tablet_bootstrap.cc:492] T b3a1a6ee4a6747719e88537b7cb20951 P 9177e2af13dc41d7b8600274b46f68eb: No bootstrap required, opened a new log
I20260709 14:49:07.960256  9006 ts_tablet_manager.cc:1403] T b3a1a6ee4a6747719e88537b7cb20951 P 9177e2af13dc41d7b8600274b46f68eb: Time spent bootstrapping tablet: real 0.023s	user 0.011s	sys 0.007s
I20260709 14:49:07.963138  9006 raft_consensus.cc:359] T b3a1a6ee4a6747719e88537b7cb20951 P 9177e2af13dc41d7b8600274b46f68eb [term 0 FOLLOWER]: Replica starting. Triggering 0 pending ops. Active config: opid_index: -1 OBSOLETE_local: false peers { permanent_uuid: "6d9c3eddbeb64b9288d2056de4670498" member_type: VOTER last_known_addr { host: "127.7.254.1" port: 43931 } } peers { permanent_uuid: "48cad70def2542b1b3b527271c2fe23a" member_type: VOTER last_known_addr { host: "127.7.254.2" port: 40761 } } peers { permanent_uuid: "9177e2af13dc41d7b8600274b46f68eb" member_type: VOTER last_known_addr { host: "127.7.254.3" port: 39793 } }
I20260709 14:49:07.963865  9006 raft_consensus.cc:385] T b3a1a6ee4a6747719e88537b7cb20951 P 9177e2af13dc41d7b8600274b46f68eb [term 0 FOLLOWER]: Consensus starting up: Expiring failure detector timer to make a prompt election more likely
I20260709 14:49:07.964192  9006 raft_consensus.cc:740] T b3a1a6ee4a6747719e88537b7cb20951 P 9177e2af13dc41d7b8600274b46f68eb [term 0 FOLLOWER]: Becoming Follower/Learner. State: Replica: 9177e2af13dc41d7b8600274b46f68eb, State: Initialized, Role: FOLLOWER
I20260709 14:49:07.964936  9006 consensus_queue.cc:260] T b3a1a6ee4a6747719e88537b7cb20951 P 9177e2af13dc41d7b8600274b46f68eb [NON_LEADER]: Queue going to NON_LEADER mode. State: All replicated index: 0, Majority replicated index: 0, Committed index: 0, Last appended: 0.0, Last appended by leader: 0, Current term: 0, Majority size: -1, State: 0, Mode: NON_LEADER, active raft config: opid_index: -1 OBSOLETE_local: false peers { permanent_uuid: "6d9c3eddbeb64b9288d2056de4670498" member_type: VOTER last_known_addr { host: "127.7.254.1" port: 43931 } } peers { permanent_uuid: "48cad70def2542b1b3b527271c2fe23a" member_type: VOTER last_known_addr { host: "127.7.254.2" port: 40761 } } peers { permanent_uuid: "9177e2af13dc41d7b8600274b46f68eb" member_type: VOTER last_known_addr { host: "127.7.254.3" port: 39793 } }
I20260709 14:49:07.965981  9005 tablet_bootstrap.cc:492] T a793a3343acc433d833d8aefa8004ac8 P 48cad70def2542b1b3b527271c2fe23a: No bootstrap required, opened a new log
I20260709 14:49:07.965864  9003 tablet_bootstrap.cc:654] T 7f61d76507704aff9e615d1735267c4b P 6d9c3eddbeb64b9288d2056de4670498: Neither blocks nor log segments found. Creating new log.
I20260709 14:49:07.967485  9006 ts_tablet_manager.cc:1434] T b3a1a6ee4a6747719e88537b7cb20951 P 9177e2af13dc41d7b8600274b46f68eb: Time spent starting tablet: real 0.007s	user 0.005s	sys 0.000s
I20260709 14:49:07.973781  9005 ts_tablet_manager.cc:1403] T a793a3343acc433d833d8aefa8004ac8 P 48cad70def2542b1b3b527271c2fe23a: Time spent bootstrapping tablet: real 0.027s	user 0.012s	sys 0.012s
I20260709 14:49:07.974473  9006 tablet_bootstrap.cc:492] T 7f61d76507704aff9e615d1735267c4b P 9177e2af13dc41d7b8600274b46f68eb: Bootstrap starting.
I20260709 14:49:07.976688  9005 raft_consensus.cc:359] T a793a3343acc433d833d8aefa8004ac8 P 48cad70def2542b1b3b527271c2fe23a [term 0 FOLLOWER]: Replica starting. Triggering 0 pending ops. Active config: opid_index: -1 OBSOLETE_local: false peers { permanent_uuid: "6d9c3eddbeb64b9288d2056de4670498" member_type: VOTER last_known_addr { host: "127.7.254.1" port: 43931 } } peers { permanent_uuid: "48cad70def2542b1b3b527271c2fe23a" member_type: VOTER last_known_addr { host: "127.7.254.2" port: 40761 } } peers { permanent_uuid: "9177e2af13dc41d7b8600274b46f68eb" member_type: VOTER last_known_addr { host: "127.7.254.3" port: 39793 } }
I20260709 14:49:07.977461  9005 raft_consensus.cc:385] T a793a3343acc433d833d8aefa8004ac8 P 48cad70def2542b1b3b527271c2fe23a [term 0 FOLLOWER]: Consensus starting up: Expiring failure detector timer to make a prompt election more likely
I20260709 14:49:07.977794  9005 raft_consensus.cc:740] T a793a3343acc433d833d8aefa8004ac8 P 48cad70def2542b1b3b527271c2fe23a [term 0 FOLLOWER]: Becoming Follower/Learner. State: Replica: 48cad70def2542b1b3b527271c2fe23a, State: Initialized, Role: FOLLOWER
I20260709 14:49:07.978538  9005 consensus_queue.cc:260] T a793a3343acc433d833d8aefa8004ac8 P 48cad70def2542b1b3b527271c2fe23a [NON_LEADER]: Queue going to NON_LEADER mode. State: All replicated index: 0, Majority replicated index: 0, Committed index: 0, Last appended: 0.0, Last appended by leader: 0, Current term: 0, Majority size: -1, State: 0, Mode: NON_LEADER, active raft config: opid_index: -1 OBSOLETE_local: false peers { permanent_uuid: "6d9c3eddbeb64b9288d2056de4670498" member_type: VOTER last_known_addr { host: "127.7.254.1" port: 43931 } } peers { permanent_uuid: "48cad70def2542b1b3b527271c2fe23a" member_type: VOTER last_known_addr { host: "127.7.254.2" port: 40761 } } peers { permanent_uuid: "9177e2af13dc41d7b8600274b46f68eb" member_type: VOTER last_known_addr { host: "127.7.254.3" port: 39793 } }
I20260709 14:49:07.980859  9006 tablet_bootstrap.cc:654] T 7f61d76507704aff9e615d1735267c4b P 9177e2af13dc41d7b8600274b46f68eb: Neither blocks nor log segments found. Creating new log.
I20260709 14:49:07.980973  9005 ts_tablet_manager.cc:1434] T a793a3343acc433d833d8aefa8004ac8 P 48cad70def2542b1b3b527271c2fe23a: Time spent starting tablet: real 0.007s	user 0.005s	sys 0.002s
I20260709 14:49:07.982112  9005 tablet_bootstrap.cc:492] T a1e893e65e0a4fa7a47e4d76d99ddd33 P 48cad70def2542b1b3b527271c2fe23a: Bootstrap starting.
I20260709 14:49:07.988734  9005 tablet_bootstrap.cc:654] T a1e893e65e0a4fa7a47e4d76d99ddd33 P 48cad70def2542b1b3b527271c2fe23a: Neither blocks nor log segments found. Creating new log.
I20260709 14:49:07.999931  9006 tablet_bootstrap.cc:492] T 7f61d76507704aff9e615d1735267c4b P 9177e2af13dc41d7b8600274b46f68eb: No bootstrap required, opened a new log
I20260709 14:49:08.000316  9005 tablet_bootstrap.cc:492] T a1e893e65e0a4fa7a47e4d76d99ddd33 P 48cad70def2542b1b3b527271c2fe23a: No bootstrap required, opened a new log
I20260709 14:49:08.000389  9006 ts_tablet_manager.cc:1403] T 7f61d76507704aff9e615d1735267c4b P 9177e2af13dc41d7b8600274b46f68eb: Time spent bootstrapping tablet: real 0.026s	user 0.019s	sys 0.004s
I20260709 14:49:08.000766  9003 tablet_bootstrap.cc:492] T 7f61d76507704aff9e615d1735267c4b P 6d9c3eddbeb64b9288d2056de4670498: No bootstrap required, opened a new log
I20260709 14:49:08.000980  9005 ts_tablet_manager.cc:1403] T a1e893e65e0a4fa7a47e4d76d99ddd33 P 48cad70def2542b1b3b527271c2fe23a: Time spent bootstrapping tablet: real 0.019s	user 0.013s	sys 0.005s
I20260709 14:49:08.001215  9003 ts_tablet_manager.cc:1403] T 7f61d76507704aff9e615d1735267c4b P 6d9c3eddbeb64b9288d2056de4670498: Time spent bootstrapping tablet: real 0.042s	user 0.017s	sys 0.016s
I20260709 14:49:08.002975  9006 raft_consensus.cc:359] T 7f61d76507704aff9e615d1735267c4b P 9177e2af13dc41d7b8600274b46f68eb [term 0 FOLLOWER]: Replica starting. Triggering 0 pending ops. Active config: opid_index: -1 OBSOLETE_local: false peers { permanent_uuid: "6d9c3eddbeb64b9288d2056de4670498" member_type: VOTER last_known_addr { host: "127.7.254.1" port: 43931 } } peers { permanent_uuid: "48cad70def2542b1b3b527271c2fe23a" member_type: VOTER last_known_addr { host: "127.7.254.2" port: 40761 } } peers { permanent_uuid: "9177e2af13dc41d7b8600274b46f68eb" member_type: VOTER last_known_addr { host: "127.7.254.3" port: 39793 } }
I20260709 14:49:08.003513  9006 raft_consensus.cc:385] T 7f61d76507704aff9e615d1735267c4b P 9177e2af13dc41d7b8600274b46f68eb [term 0 FOLLOWER]: Consensus starting up: Expiring failure detector timer to make a prompt election more likely
I20260709 14:49:08.003759  9006 raft_consensus.cc:740] T 7f61d76507704aff9e615d1735267c4b P 9177e2af13dc41d7b8600274b46f68eb [term 0 FOLLOWER]: Becoming Follower/Learner. State: Replica: 9177e2af13dc41d7b8600274b46f68eb, State: Initialized, Role: FOLLOWER
I20260709 14:49:08.003948  9005 raft_consensus.cc:359] T a1e893e65e0a4fa7a47e4d76d99ddd33 P 48cad70def2542b1b3b527271c2fe23a [term 0 FOLLOWER]: Replica starting. Triggering 0 pending ops. Active config: opid_index: -1 OBSOLETE_local: false peers { permanent_uuid: "6d9c3eddbeb64b9288d2056de4670498" member_type: VOTER last_known_addr { host: "127.7.254.1" port: 43931 } } peers { permanent_uuid: "48cad70def2542b1b3b527271c2fe23a" member_type: VOTER last_known_addr { host: "127.7.254.2" port: 40761 } } peers { permanent_uuid: "9177e2af13dc41d7b8600274b46f68eb" member_type: VOTER last_known_addr { host: "127.7.254.3" port: 39793 } }
I20260709 14:49:08.004155  9003 raft_consensus.cc:359] T 7f61d76507704aff9e615d1735267c4b P 6d9c3eddbeb64b9288d2056de4670498 [term 0 FOLLOWER]: Replica starting. Triggering 0 pending ops. Active config: opid_index: -1 OBSOLETE_local: false peers { permanent_uuid: "6d9c3eddbeb64b9288d2056de4670498" member_type: VOTER last_known_addr { host: "127.7.254.1" port: 43931 } } peers { permanent_uuid: "48cad70def2542b1b3b527271c2fe23a" member_type: VOTER last_known_addr { host: "127.7.254.2" port: 40761 } } peers { permanent_uuid: "9177e2af13dc41d7b8600274b46f68eb" member_type: VOTER last_known_addr { host: "127.7.254.3" port: 39793 } }
I20260709 14:49:08.004406  9006 consensus_queue.cc:260] T 7f61d76507704aff9e615d1735267c4b P 9177e2af13dc41d7b8600274b46f68eb [NON_LEADER]: Queue going to NON_LEADER mode. State: All replicated index: 0, Majority replicated index: 0, Committed index: 0, Last appended: 0.0, Last appended by leader: 0, Current term: 0, Majority size: -1, State: 0, Mode: NON_LEADER, active raft config: opid_index: -1 OBSOLETE_local: false peers { permanent_uuid: "6d9c3eddbeb64b9288d2056de4670498" member_type: VOTER last_known_addr { host: "127.7.254.1" port: 43931 } } peers { permanent_uuid: "48cad70def2542b1b3b527271c2fe23a" member_type: VOTER last_known_addr { host: "127.7.254.2" port: 40761 } } peers { permanent_uuid: "9177e2af13dc41d7b8600274b46f68eb" member_type: VOTER last_known_addr { host: "127.7.254.3" port: 39793 } }
I20260709 14:49:08.004701  9005 raft_consensus.cc:385] T a1e893e65e0a4fa7a47e4d76d99ddd33 P 48cad70def2542b1b3b527271c2fe23a [term 0 FOLLOWER]: Consensus starting up: Expiring failure detector timer to make a prompt election more likely
I20260709 14:49:08.004838  9003 raft_consensus.cc:385] T 7f61d76507704aff9e615d1735267c4b P 6d9c3eddbeb64b9288d2056de4670498 [term 0 FOLLOWER]: Consensus starting up: Expiring failure detector timer to make a prompt election more likely
