I20260709 14:49:02.976924 12960 tablet_bootstrap.cc:492] T 694c115829344f0497f3cccc177a9424 P cf70b8d174ff4eb2871d78ba61f942db: Bootstrap starting.
I20260709 14:49:02.977003 12961 tablet_bootstrap.cc:492] T f4d0d0169ca64f109aafd24079b6788b P 316237d2de4a4782a70b9dcfcdd19b10: No bootstrap required, opened a new log
I20260709 14:49:02.977623 12961 ts_tablet_manager.cc:1403] T f4d0d0169ca64f109aafd24079b6788b P 316237d2de4a4782a70b9dcfcdd19b10: Time spent bootstrapping tablet: real 0.026s	user 0.018s	sys 0.003s
I20260709 14:49:02.980504 12961 raft_consensus.cc:359] T f4d0d0169ca64f109aafd24079b6788b P 316237d2de4a4782a70b9dcfcdd19b10 [term 0 FOLLOWER]: Replica starting. Triggering 0 pending ops. Active config: opid_index: -1 OBSOLETE_local: false peers { permanent_uuid: "cf70b8d174ff4eb2871d78ba61f942db" member_type: VOTER last_known_addr { host: "127.11.219.1" port: 38641 } } peers { permanent_uuid: "316237d2de4a4782a70b9dcfcdd19b10" member_type: VOTER last_known_addr { host: "127.11.219.2" port: 44695 } } peers { permanent_uuid: "7f6d4dcdbacb4de6893dfb0b179318dd" member_type: VOTER last_known_addr { host: "127.11.219.3" port: 34865 } }
I20260709 14:49:02.981302 12961 raft_consensus.cc:385] T f4d0d0169ca64f109aafd24079b6788b P 316237d2de4a4782a70b9dcfcdd19b10 [term 0 FOLLOWER]: Consensus starting up: Expiring failure detector timer to make a prompt election more likely
I20260709 14:49:02.981667 12961 raft_consensus.cc:740] T f4d0d0169ca64f109aafd24079b6788b P 316237d2de4a4782a70b9dcfcdd19b10 [term 0 FOLLOWER]: Becoming Follower/Learner. State: Replica: 316237d2de4a4782a70b9dcfcdd19b10, State: Initialized, Role: FOLLOWER
I20260709 14:49:02.982576 12961 consensus_queue.cc:260] T f4d0d0169ca64f109aafd24079b6788b P 316237d2de4a4782a70b9dcfcdd19b10 [NON_LEADER]: Queue going to NON_LEADER mode. State: All replicated index: 0, Majority replicated index: 0, Committed index: 0, Last appended: 0.0, Last appended by leader: 0, Current term: 0, Majority size: -1, State: 0, Mode: NON_LEADER, active raft config: opid_index: -1 OBSOLETE_local: false peers { permanent_uuid: "cf70b8d174ff4eb2871d78ba61f942db" member_type: VOTER last_known_addr { host: "127.11.219.1" port: 38641 } } peers { permanent_uuid: "316237d2de4a4782a70b9dcfcdd19b10" member_type: VOTER last_known_addr { host: "127.11.219.2" port: 44695 } } peers { permanent_uuid: "7f6d4dcdbacb4de6893dfb0b179318dd" member_type: VOTER last_known_addr { host: "127.11.219.3" port: 34865 } }
I20260709 14:49:02.986436 12960 tablet_bootstrap.cc:654] T 694c115829344f0497f3cccc177a9424 P cf70b8d174ff4eb2871d78ba61f942db: Neither blocks nor log segments found. Creating new log.
I20260709 14:49:02.988838 12961 ts_tablet_manager.cc:1434] T f4d0d0169ca64f109aafd24079b6788b P 316237d2de4a4782a70b9dcfcdd19b10: Time spent starting tablet: real 0.011s	user 0.006s	sys 0.000s
I20260709 14:49:02.989979 12961 tablet_bootstrap.cc:492] T 1a49e19aa1c845c2a4e53daffc1b5e04 P 316237d2de4a4782a70b9dcfcdd19b10: Bootstrap starting.
I20260709 14:49:02.998263 12960 tablet_bootstrap.cc:492] T 694c115829344f0497f3cccc177a9424 P cf70b8d174ff4eb2871d78ba61f942db: No bootstrap required, opened a new log
I20260709 14:49:02.998842 12960 ts_tablet_manager.cc:1403] T 694c115829344f0497f3cccc177a9424 P cf70b8d174ff4eb2871d78ba61f942db: Time spent bootstrapping tablet: real 0.022s	user 0.015s	sys 0.002s
I20260709 14:49:03.002319 12960 raft_consensus.cc:359] T 694c115829344f0497f3cccc177a9424 P cf70b8d174ff4eb2871d78ba61f942db [term 0 FOLLOWER]: Replica starting. Triggering 0 pending ops. Active config: opid_index: -1 OBSOLETE_local: false peers { permanent_uuid: "cf70b8d174ff4eb2871d78ba61f942db" member_type: VOTER last_known_addr { host: "127.11.219.1" port: 38641 } } peers { permanent_uuid: "316237d2de4a4782a70b9dcfcdd19b10" member_type: VOTER last_known_addr { host: "127.11.219.2" port: 44695 } } peers { permanent_uuid: "7f6d4dcdbacb4de6893dfb0b179318dd" member_type: VOTER last_known_addr { host: "127.11.219.3" port: 34865 } }
I20260709 14:49:03.002904 12960 raft_consensus.cc:385] T 694c115829344f0497f3cccc177a9424 P cf70b8d174ff4eb2871d78ba61f942db [term 0 FOLLOWER]: Consensus starting up: Expiring failure detector timer to make a prompt election more likely
I20260709 14:49:03.003162 12960 raft_consensus.cc:740] T 694c115829344f0497f3cccc177a9424 P cf70b8d174ff4eb2871d78ba61f942db [term 0 FOLLOWER]: Becoming Follower/Learner. State: Replica: cf70b8d174ff4eb2871d78ba61f942db, State: Initialized, Role: FOLLOWER
I20260709 14:49:03.003742 12962 tablet_bootstrap.cc:492] T bcd72c847e244f0e8932e7ac9ed36ced P 7f6d4dcdbacb4de6893dfb0b179318dd: No bootstrap required, opened a new log
I20260709 14:49:03.003779 12960 consensus_queue.cc:260] T 694c115829344f0497f3cccc177a9424 P cf70b8d174ff4eb2871d78ba61f942db [NON_LEADER]: Queue going to NON_LEADER mode. State: All replicated index: 0, Majority replicated index: 0, Committed index: 0, Last appended: 0.0, Last appended by leader: 0, Current term: 0, Majority size: -1, State: 0, Mode: NON_LEADER, active raft config: opid_index: -1 OBSOLETE_local: false peers { permanent_uuid: "cf70b8d174ff4eb2871d78ba61f942db" member_type: VOTER last_known_addr { host: "127.11.219.1" port: 38641 } } peers { permanent_uuid: "316237d2de4a4782a70b9dcfcdd19b10" member_type: VOTER last_known_addr { host: "127.11.219.2" port: 44695 } } peers { permanent_uuid: "7f6d4dcdbacb4de6893dfb0b179318dd" member_type: VOTER last_known_addr { host: "127.11.219.3" port: 34865 } }
I20260709 14:49:03.004313 12962 ts_tablet_manager.cc:1403] T bcd72c847e244f0e8932e7ac9ed36ced P 7f6d4dcdbacb4de6893dfb0b179318dd: Time spent bootstrapping tablet: real 0.037s	user 0.022s	sys 0.011s
I20260709 14:49:03.004551 12961 tablet_bootstrap.cc:654] T 1a49e19aa1c845c2a4e53daffc1b5e04 P 316237d2de4a4782a70b9dcfcdd19b10: Neither blocks nor log segments found. Creating new log.
I20260709 14:49:03.005491 12965 raft_consensus.cc:493] T bcd72c847e244f0e8932e7ac9ed36ced P 316237d2de4a4782a70b9dcfcdd19b10 [term 0 FOLLOWER]: Starting pre-election (no leader contacted us within the election timeout)
I20260709 14:49:03.006047 12960 ts_tablet_manager.cc:1434] T 694c115829344f0497f3cccc177a9424 P cf70b8d174ff4eb2871d78ba61f942db: Time spent starting tablet: real 0.007s	user 0.001s	sys 0.004s
I20260709 14:49:03.005980 12965 raft_consensus.cc:515] T bcd72c847e244f0e8932e7ac9ed36ced P 316237d2de4a4782a70b9dcfcdd19b10 [term 0 FOLLOWER]: Starting pre-election with config: opid_index: -1 OBSOLETE_local: false peers { permanent_uuid: "cf70b8d174ff4eb2871d78ba61f942db" member_type: VOTER last_known_addr { host: "127.11.219.1" port: 38641 } } peers { permanent_uuid: "316237d2de4a4782a70b9dcfcdd19b10" member_type: VOTER last_known_addr { host: "127.11.219.2" port: 44695 } } peers { permanent_uuid: "7f6d4dcdbacb4de6893dfb0b179318dd" member_type: VOTER last_known_addr { host: "127.11.219.3" port: 34865 } }
I20260709 14:49:03.007200 12960 tablet_bootstrap.cc:492] T f4d0d0169ca64f109aafd24079b6788b P cf70b8d174ff4eb2871d78ba61f942db: Bootstrap starting.
I20260709 14:49:03.007377 12962 raft_consensus.cc:359] T bcd72c847e244f0e8932e7ac9ed36ced P 7f6d4dcdbacb4de6893dfb0b179318dd [term 0 FOLLOWER]: Replica starting. Triggering 0 pending ops. Active config: opid_index: -1 OBSOLETE_local: false peers { permanent_uuid: "cf70b8d174ff4eb2871d78ba61f942db" member_type: VOTER last_known_addr { host: "127.11.219.1" port: 38641 } } peers { permanent_uuid: "316237d2de4a4782a70b9dcfcdd19b10" member_type: VOTER last_known_addr { host: "127.11.219.2" port: 44695 } } peers { permanent_uuid: "7f6d4dcdbacb4de6893dfb0b179318dd" member_type: VOTER last_known_addr { host: "127.11.219.3" port: 34865 } }
I20260709 14:49:03.008101 12962 raft_consensus.cc:385] T bcd72c847e244f0e8932e7ac9ed36ced P 7f6d4dcdbacb4de6893dfb0b179318dd [term 0 FOLLOWER]: Consensus starting up: Expiring failure detector timer to make a prompt election more likely
I20260709 14:49:03.008430 12962 raft_consensus.cc:740] T bcd72c847e244f0e8932e7ac9ed36ced P 7f6d4dcdbacb4de6893dfb0b179318dd [term 0 FOLLOWER]: Becoming Follower/Learner. State: Replica: 7f6d4dcdbacb4de6893dfb0b179318dd, State: Initialized, Role: FOLLOWER
I20260709 14:49:03.009351 12962 consensus_queue.cc:260] T bcd72c847e244f0e8932e7ac9ed36ced P 7f6d4dcdbacb4de6893dfb0b179318dd [NON_LEADER]: Queue going to NON_LEADER mode. State: All replicated index: 0, Majority replicated index: 0, Committed index: 0, Last appended: 0.0, Last appended by leader: 0, Current term: 0, Majority size: -1, State: 0, Mode: NON_LEADER, active raft config: opid_index: -1 OBSOLETE_local: false peers { permanent_uuid: "cf70b8d174ff4eb2871d78ba61f942db" member_type: VOTER last_known_addr { host: "127.11.219.1" port: 38641 } } peers { permanent_uuid: "316237d2de4a4782a70b9dcfcdd19b10" member_type: VOTER last_known_addr { host: "127.11.219.2" port: 44695 } } peers { permanent_uuid: "7f6d4dcdbacb4de6893dfb0b179318dd" member_type: VOTER last_known_addr { host: "127.11.219.3" port: 34865 } }
I20260709 14:49:03.011468 12970 raft_consensus.cc:493] T becb46c2fd6541f9a8a73d050f275640 P 7f6d4dcdbacb4de6893dfb0b179318dd [term 0 FOLLOWER]: Starting pre-election (no leader contacted us within the election timeout)
I20260709 14:49:03.011909 12970 raft_consensus.cc:515] T becb46c2fd6541f9a8a73d050f275640 P 7f6d4dcdbacb4de6893dfb0b179318dd [term 0 FOLLOWER]: Starting pre-election with config: opid_index: -1 OBSOLETE_local: false peers { permanent_uuid: "316237d2de4a4782a70b9dcfcdd19b10" member_type: VOTER last_known_addr { host: "127.11.219.2" port: 44695 } } peers { permanent_uuid: "7f6d4dcdbacb4de6893dfb0b179318dd" member_type: VOTER last_known_addr { host: "127.11.219.3" port: 34865 } } peers { permanent_uuid: "cf70b8d174ff4eb2871d78ba61f942db" member_type: VOTER last_known_addr { host: "127.11.219.1" port: 38641 } }
I20260709 14:49:03.015898 12960 tablet_bootstrap.cc:654] T f4d0d0169ca64f109aafd24079b6788b P cf70b8d174ff4eb2871d78ba61f942db: Neither blocks nor log segments found. Creating new log.
I20260709 14:49:03.020731 12970 leader_election.cc:290] T becb46c2fd6541f9a8a73d050f275640 P 7f6d4dcdbacb4de6893dfb0b179318dd [CANDIDATE]: Term 1 pre-election: Requested pre-vote from peers 316237d2de4a4782a70b9dcfcdd19b10 (127.11.219.2:44695), cf70b8d174ff4eb2871d78ba61f942db (127.11.219.1:38641)
I20260709 14:49:03.022961 12962 ts_tablet_manager.cc:1434] T bcd72c847e244f0e8932e7ac9ed36ced P 7f6d4dcdbacb4de6893dfb0b179318dd: Time spent starting tablet: real 0.018s	user 0.011s	sys 0.008s
I20260709 14:49:03.023967 12961 tablet_bootstrap.cc:492] T 1a49e19aa1c845c2a4e53daffc1b5e04 P 316237d2de4a4782a70b9dcfcdd19b10: No bootstrap required, opened a new log
I20260709 14:49:03.024118 12962 tablet_bootstrap.cc:492] T 694c115829344f0497f3cccc177a9424 P 7f6d4dcdbacb4de6893dfb0b179318dd: Bootstrap starting.
I20260709 14:49:03.024536 12961 ts_tablet_manager.cc:1403] T 1a49e19aa1c845c2a4e53daffc1b5e04 P 316237d2de4a4782a70b9dcfcdd19b10: Time spent bootstrapping tablet: real 0.035s	user 0.017s	sys 0.006s
I20260709 14:49:03.027544 12961 raft_consensus.cc:359] T 1a49e19aa1c845c2a4e53daffc1b5e04 P 316237d2de4a4782a70b9dcfcdd19b10 [term 0 FOLLOWER]: Replica starting. Triggering 0 pending ops. Active config: opid_index: -1 OBSOLETE_local: false peers { permanent_uuid: "cf70b8d174ff4eb2871d78ba61f942db" member_type: VOTER last_known_addr { host: "127.11.219.1" port: 38641 } } peers { permanent_uuid: "316237d2de4a4782a70b9dcfcdd19b10" member_type: VOTER last_known_addr { host: "127.11.219.2" port: 44695 } } peers { permanent_uuid: "7f6d4dcdbacb4de6893dfb0b179318dd" member_type: VOTER last_known_addr { host: "127.11.219.3" port: 34865 } }
I20260709 14:49:03.028375 12961 raft_consensus.cc:385] T 1a49e19aa1c845c2a4e53daffc1b5e04 P 316237d2de4a4782a70b9dcfcdd19b10 [term 0 FOLLOWER]: Consensus starting up: Expiring failure detector timer to make a prompt election more likely
I20260709 14:49:03.028760 12961 raft_consensus.cc:740] T 1a49e19aa1c845c2a4e53daffc1b5e04 P 316237d2de4a4782a70b9dcfcdd19b10 [term 0 FOLLOWER]: Becoming Follower/Learner. State: Replica: 316237d2de4a4782a70b9dcfcdd19b10, State: Initialized, Role: FOLLOWER
I20260709 14:49:03.029664 12961 consensus_queue.cc:260] T 1a49e19aa1c845c2a4e53daffc1b5e04 P 316237d2de4a4782a70b9dcfcdd19b10 [NON_LEADER]: Queue going to NON_LEADER mode. State: All replicated index: 0, Majority replicated index: 0, Committed index: 0, Last appended: 0.0, Last appended by leader: 0, Current term: 0, Majority size: -1, State: 0, Mode: NON_LEADER, active raft config: opid_index: -1 OBSOLETE_local: false peers { permanent_uuid: "cf70b8d174ff4eb2871d78ba61f942db" member_type: VOTER last_known_addr { host: "127.11.219.1" port: 38641 } } peers { permanent_uuid: "316237d2de4a4782a70b9dcfcdd19b10" member_type: VOTER last_known_addr { host: "127.11.219.2" port: 44695 } } peers { permanent_uuid: "7f6d4dcdbacb4de6893dfb0b179318dd" member_type: VOTER last_known_addr { host: "127.11.219.3" port: 34865 } }
I20260709 14:49:03.030606 12962 tablet_bootstrap.cc:654] T 694c115829344f0497f3cccc177a9424 P 7f6d4dcdbacb4de6893dfb0b179318dd: Neither blocks nor log segments found. Creating new log.
I20260709 14:49:03.038029 12965 leader_election.cc:290] T bcd72c847e244f0e8932e7ac9ed36ced P 316237d2de4a4782a70b9dcfcdd19b10 [CANDIDATE]: Term 1 pre-election: Requested pre-vote from peers cf70b8d174ff4eb2871d78ba61f942db (127.11.219.1:38641), 7f6d4dcdbacb4de6893dfb0b179318dd (127.11.219.3:34865)
I20260709 14:49:03.045789 12961 ts_tablet_manager.cc:1434] T 1a49e19aa1c845c2a4e53daffc1b5e04 P 316237d2de4a4782a70b9dcfcdd19b10: Time spent starting tablet: real 0.021s	user 0.013s	sys 0.004s
I20260709 14:49:03.046980 12961 tablet_bootstrap.cc:492] T 99dd99c93fd9483f9cb75a3f9fd33ad1 P 316237d2de4a4782a70b9dcfcdd19b10: Bootstrap starting.
I20260709 14:49:03.049300 12962 tablet_bootstrap.cc:492] T 694c115829344f0497f3cccc177a9424 P 7f6d4dcdbacb4de6893dfb0b179318dd: No bootstrap required, opened a new log
I20260709 14:49:03.049963 12962 ts_tablet_manager.cc:1403] T 694c115829344f0497f3cccc177a9424 P 7f6d4dcdbacb4de6893dfb0b179318dd: Time spent bootstrapping tablet: real 0.026s	user 0.013s	sys 0.003s
I20260709 14:49:03.053314 12961 tablet_bootstrap.cc:654] T 99dd99c93fd9483f9cb75a3f9fd33ad1 P 316237d2de4a4782a70b9dcfcdd19b10: Neither blocks nor log segments found. Creating new log.
I20260709 14:49:03.055088 12985 raft_consensus.cc:493] T 0d8f000d15fa41759c2c5b47983f5e91 P 7f6d4dcdbacb4de6893dfb0b179318dd [term 0 FOLLOWER]: Starting pre-election (no leader contacted us within the election timeout)
I20260709 14:49:03.055581 12985 raft_consensus.cc:515] T 0d8f000d15fa41759c2c5b47983f5e91 P 7f6d4dcdbacb4de6893dfb0b179318dd [term 0 FOLLOWER]: Starting pre-election with config: opid_index: -1 OBSOLETE_local: false peers { permanent_uuid: "cf70b8d174ff4eb2871d78ba61f942db" member_type: VOTER last_known_addr { host: "127.11.219.1" port: 38641 } } peers { permanent_uuid: "316237d2de4a4782a70b9dcfcdd19b10" member_type: VOTER last_known_addr { host: "127.11.219.2" port: 44695 } } peers { permanent_uuid: "7f6d4dcdbacb4de6893dfb0b179318dd" member_type: VOTER last_known_addr { host: "127.11.219.3" port: 34865 } }
I20260709 14:49:03.057898 12985 leader_election.cc:290] T 0d8f000d15fa41759c2c5b47983f5e91 P 7f6d4dcdbacb4de6893dfb0b179318dd [CANDIDATE]: Term 1 pre-election: Requested pre-vote from peers cf70b8d174ff4eb2871d78ba61f942db (127.11.219.1:38641), 316237d2de4a4782a70b9dcfcdd19b10 (127.11.219.2:44695)
I20260709 14:49:03.058372 12985 raft_consensus.cc:493] T bcd72c847e244f0e8932e7ac9ed36ced P 7f6d4dcdbacb4de6893dfb0b179318dd [term 0 FOLLOWER]: Starting pre-election (no leader contacted us within the election timeout)
I20260709 14:49:03.059271 12985 raft_consensus.cc:515] T bcd72c847e244f0e8932e7ac9ed36ced P 7f6d4dcdbacb4de6893dfb0b179318dd [term 0 FOLLOWER]: Starting pre-election with config: opid_index: -1 OBSOLETE_local: false peers { permanent_uuid: "cf70b8d174ff4eb2871d78ba61f942db" member_type: VOTER last_known_addr { host: "127.11.219.1" port: 38641 } } peers { permanent_uuid: "316237d2de4a4782a70b9dcfcdd19b10" member_type: VOTER last_known_addr { host: "127.11.219.2" port: 44695 } } peers { permanent_uuid: "7f6d4dcdbacb4de6893dfb0b179318dd" member_type: VOTER last_known_addr { host: "127.11.219.3" port: 34865 } }
I20260709 14:49:03.058173 12962 raft_consensus.cc:359] T 694c115829344f0497f3cccc177a9424 P 7f6d4dcdbacb4de6893dfb0b179318dd [term 0 FOLLOWER]: Replica starting. Triggering 0 pending ops. Active config: opid_index: -1 OBSOLETE_local: false peers { permanent_uuid: "cf70b8d174ff4eb2871d78ba61f942db" member_type: VOTER last_known_addr { host: "127.11.219.1" port: 38641 } } peers { permanent_uuid: "316237d2de4a4782a70b9dcfcdd19b10" member_type: VOTER last_known_addr { host: "127.11.219.2" port: 44695 } } peers { permanent_uuid: "7f6d4dcdbacb4de6893dfb0b179318dd" member_type: VOTER last_known_addr { host: "127.11.219.3" port: 34865 } }
I20260709 14:49:03.060788 12962 raft_consensus.cc:385] T 694c115829344f0497f3cccc177a9424 P 7f6d4dcdbacb4de6893dfb0b179318dd [term 0 FOLLOWER]: Consensus starting up: Expiring failure detector timer to make a prompt election more likely
I20260709 14:49:03.062706 12962 raft_consensus.cc:740] T 694c115829344f0497f3cccc177a9424 P 7f6d4dcdbacb4de6893dfb0b179318dd [term 0 FOLLOWER]: Becoming Follower/Learner. State: Replica: 7f6d4dcdbacb4de6893dfb0b179318dd, State: Initialized, Role: FOLLOWER
I20260709 14:49:03.061183 12985 leader_election.cc:290] T bcd72c847e244f0e8932e7ac9ed36ced P 7f6d4dcdbacb4de6893dfb0b179318dd [CANDIDATE]: Term 1 pre-election: Requested pre-vote from peers cf70b8d174ff4eb2871d78ba61f942db (127.11.219.1:38641), 316237d2de4a4782a70b9dcfcdd19b10 (127.11.219.2:44695)
I20260709 14:49:03.063342 12961 tablet_bootstrap.cc:492] T 99dd99c93fd9483f9cb75a3f9fd33ad1 P 316237d2de4a4782a70b9dcfcdd19b10: No bootstrap required, opened a new log
I20260709 14:49:03.063781 12961 ts_tablet_manager.cc:1403] T 99dd99c93fd9483f9cb75a3f9fd33ad1 P 316237d2de4a4782a70b9dcfcdd19b10: Time spent bootstrapping tablet: real 0.017s	user 0.013s	sys 0.001s
I20260709 14:49:03.063882 12962 consensus_queue.cc:260] T 694c115829344f0497f3cccc177a9424 P 7f6d4dcdbacb4de6893dfb0b179318dd [NON_LEADER]: Queue going to NON_LEADER mode. State: All replicated index: 0, Majority replicated index: 0, Committed index: 0, Last appended: 0.0, Last appended by leader: 0, Current term: 0, Majority size: -1, State: 0, Mode: NON_LEADER, active raft config: opid_index: -1 OBSOLETE_local: false peers { permanent_uuid: "cf70b8d174ff4eb2871d78ba61f942db" member_type: VOTER last_known_addr { host: "127.11.219.1" port: 38641 } } peers { permanent_uuid: "316237d2de4a4782a70b9dcfcdd19b10" member_type: VOTER last_known_addr { host: "127.11.219.2" port: 44695 } } peers { permanent_uuid: "7f6d4dcdbacb4de6893dfb0b179318dd" member_type: VOTER last_known_addr { host: "127.11.219.3" port: 34865 } }
I20260709 14:49:03.061612 12990 raft_consensus.cc:493] T d62dba64a5ea45e280b7c792f818033a P 316237d2de4a4782a70b9dcfcdd19b10 [term 0 FOLLOWER]: Starting pre-election (no leader contacted us within the election timeout)
I20260709 14:49:03.065037 12771 tablet_service.cc:1917] Received RequestConsensusVote() RPC: tablet_id: "bcd72c847e244f0e8932e7ac9ed36ced" candidate_uuid: "316237d2de4a4782a70b9dcfcdd19b10" candidate_term: 1 candidate_status { last_received { term: 0 index: 0 } } ignore_live_leader: false dest_uuid: "cf70b8d174ff4eb2871d78ba61f942db" is_pre_election: true
I20260709 14:49:03.065403 12990 raft_consensus.cc:515] T d62dba64a5ea45e280b7c792f818033a P 316237d2de4a4782a70b9dcfcdd19b10 [term 0 FOLLOWER]: Starting pre-election with config: opid_index: -1 OBSOLETE_local: false peers { permanent_uuid: "cf70b8d174ff4eb2871d78ba61f942db" member_type: VOTER last_known_addr { host: "127.11.219.1" port: 38641 } } peers { permanent_uuid: "316237d2de4a4782a70b9dcfcdd19b10" member_type: VOTER last_known_addr { host: "127.11.219.2" port: 44695 } } peers { permanent_uuid: "7f6d4dcdbacb4de6893dfb0b179318dd" member_type: VOTER last_known_addr { host: "127.11.219.3" port: 34865 } }
I20260709 14:49:03.067358 12962 ts_tablet_manager.cc:1434] T 694c115829344f0497f3cccc177a9424 P 7f6d4dcdbacb4de6893dfb0b179318dd: Time spent starting tablet: real 0.017s	user 0.006s	sys 0.000s
I20260709 14:49:03.067551 12990 leader_election.cc:290] T d62dba64a5ea45e280b7c792f818033a P 316237d2de4a4782a70b9dcfcdd19b10 [CANDIDATE]: Term 1 pre-election: Requested pre-vote from peers cf70b8d174ff4eb2871d78ba61f942db (127.11.219.1:38641), 7f6d4dcdbacb4de6893dfb0b179318dd (127.11.219.3:34865)
I20260709 14:49:03.068362 12962 tablet_bootstrap.cc:492] T 1a49e19aa1c845c2a4e53daffc1b5e04 P 7f6d4dcdbacb4de6893dfb0b179318dd: Bootstrap starting.
I20260709 14:49:03.065680 12771 raft_consensus.cc:2468] T bcd72c847e244f0e8932e7ac9ed36ced P cf70b8d174ff4eb2871d78ba61f942db [term 0 FOLLOWER]: Leader pre-election vote request: Granting yes vote for candidate 316237d2de4a4782a70b9dcfcdd19b10 in term 0.
I20260709 14:49:03.074681 12771 tablet_service.cc:1917] Received RequestConsensusVote() RPC: tablet_id: "d62dba64a5ea45e280b7c792f818033a" candidate_uuid: "316237d2de4a4782a70b9dcfcdd19b10" candidate_term: 1 candidate_status { last_received { term: 0 index: 0 } } ignore_live_leader: false dest_uuid: "cf70b8d174ff4eb2871d78ba61f942db" is_pre_election: true
I20260709 14:49:03.075174 12962 tablet_bootstrap.cc:654] T 1a49e19aa1c845c2a4e53daffc1b5e04 P 7f6d4dcdbacb4de6893dfb0b179318dd: Neither blocks nor log segments found. Creating new log.
I20260709 14:49:03.075467 12771 raft_consensus.cc:2468] T d62dba64a5ea45e280b7c792f818033a P cf70b8d174ff4eb2871d78ba61f942db [term 0 FOLLOWER]: Leader pre-election vote request: Granting yes vote for candidate 316237d2de4a4782a70b9dcfcdd19b10 in term 0.
I20260709 14:49:03.084079 12961 raft_consensus.cc:359] T 99dd99c93fd9483f9cb75a3f9fd33ad1 P 316237d2de4a4782a70b9dcfcdd19b10 [term 0 FOLLOWER]: Replica starting. Triggering 0 pending ops. Active config: opid_index: -1 OBSOLETE_local: false peers { permanent_uuid: "cf70b8d174ff4eb2871d78ba61f942db" member_type: VOTER last_known_addr { host: "127.11.219.1" port: 38641 } } peers { permanent_uuid: "316237d2de4a4782a70b9dcfcdd19b10" member_type: VOTER last_known_addr { host: "127.11.219.2" port: 44695 } } peers { permanent_uuid: "7f6d4dcdbacb4de6893dfb0b179318dd" member_type: VOTER last_known_addr { host: "127.11.219.3" port: 34865 } }
I20260709 14:49:03.085234 12961 raft_consensus.cc:385] T 99dd99c93fd9483f9cb75a3f9fd33ad1 P 316237d2de4a4782a70b9dcfcdd19b10 [term 0 FOLLOWER]: Consensus starting up: Expiring failure detector timer to make a prompt election more likely
I20260709 14:49:03.085615 12961 raft_consensus.cc:740] T 99dd99c93fd9483f9cb75a3f9fd33ad1 P 316237d2de4a4782a70b9dcfcdd19b10 [term 0 FOLLOWER]: Becoming Follower/Learner. State: Replica: 316237d2de4a4782a70b9dcfcdd19b10, State: Initialized, Role: FOLLOWER
I20260709 14:49:03.086568 12961 consensus_queue.cc:260] T 99dd99c93fd9483f9cb75a3f9fd33ad1 P 316237d2de4a4782a70b9dcfcdd19b10 [NON_LEADER]: Queue going to NON_LEADER mode. State: All replicated index: 0, Majority replicated index: 0, Committed index: 0, Last appended: 0.0, Last appended by leader: 0, Current term: 0, Majority size: -1, State: 0, Mode: NON_LEADER, active raft config: opid_index: -1 OBSOLETE_local: false peers { permanent_uuid: "cf70b8d174ff4eb2871d78ba61f942db" member_type: VOTER last_known_addr { host: "127.11.219.1" port: 38641 } } peers { permanent_uuid: "316237d2de4a4782a70b9dcfcdd19b10" member_type: VOTER last_known_addr { host: "127.11.219.2" port: 44695 } } peers { permanent_uuid: "7f6d4dcdbacb4de6893dfb0b179318dd" member_type: VOTER last_known_addr { host: "127.11.219.3" port: 34865 } }
I20260709 14:49:03.090057 12961 ts_tablet_manager.cc:1434] T 99dd99c93fd9483f9cb75a3f9fd33ad1 P 316237d2de4a4782a70b9dcfcdd19b10: Time spent starting tablet: real 0.026s	user 0.010s	sys 0.000s
I20260709 14:49:03.091149 12967 raft_consensus.cc:493] T d89705f2cd82437797f64a6b62002499 P cf70b8d174ff4eb2871d78ba61f942db [term 0 FOLLOWER]: Starting pre-election (no leader contacted us within the election timeout)
I20260709 14:49:03.091322 12961 tablet_bootstrap.cc:492] T 0d8f000d15fa41759c2c5b47983f5e91 P 316237d2de4a4782a70b9dcfcdd19b10: Bootstrap starting.
I20260709 14:49:03.091780 12967 raft_consensus.cc:515] T d89705f2cd82437797f64a6b62002499 P cf70b8d174ff4eb2871d78ba61f942db [term 0 FOLLOWER]: Starting pre-election with config: opid_index: -1 OBSOLETE_local: false peers { permanent_uuid: "cf70b8d174ff4eb2871d78ba61f942db" member_type: VOTER last_known_addr { host: "127.11.219.1" port: 38641 } } peers { permanent_uuid: "316237d2de4a4782a70b9dcfcdd19b10" member_type: VOTER last_known_addr { host: "127.11.219.2" port: 44695 } } peers { permanent_uuid: "7f6d4dcdbacb4de6893dfb0b179318dd" member_type: VOTER last_known_addr { host: "127.11.219.3" port: 34865 } }
I20260709 14:49:03.098186 12967 leader_election.cc:290] T d89705f2cd82437797f64a6b62002499 P cf70b8d174ff4eb2871d78ba61f942db [CANDIDATE]: Term 1 pre-election: Requested pre-vote from peers 316237d2de4a4782a70b9dcfcdd19b10 (127.11.219.2:44695), 7f6d4dcdbacb4de6893dfb0b179318dd (127.11.219.3:34865)
I20260709 14:49:03.102326 12961 tablet_bootstrap.cc:654] T 0d8f000d15fa41759c2c5b47983f5e91 P 316237d2de4a4782a70b9dcfcdd19b10: Neither blocks nor log segments found. Creating new log.
I20260709 14:49:03.105219 12809 leader_election.cc:304] T bcd72c847e244f0e8932e7ac9ed36ced P 316237d2de4a4782a70b9dcfcdd19b10 [CANDIDATE]: Term 1 pre-election: Election decided. Result: candidate won. Election summary: received 2 responses out of 3 voters: 2 yes votes; 0 no votes. yes voters: 316237d2de4a4782a70b9dcfcdd19b10, cf70b8d174ff4eb2871d78ba61f942db; no voters: 
I20260709 14:49:03.106104 12990 raft_consensus.cc:2804] T bcd72c847e244f0e8932e7ac9ed36ced P 316237d2de4a4782a70b9dcfcdd19b10 [term 0 FOLLOWER]: Leader pre-election won for term 1
I20260709 14:49:03.106506 12990 raft_consensus.cc:493] T bcd72c847e244f0e8932e7ac9ed36ced P 316237d2de4a4782a70b9dcfcdd19b10 [term 0 FOLLOWER]: Starting leader election (no leader contacted us within the election timeout)
I20260709 14:49:03.106868 12990 raft_consensus.cc:3060] T bcd72c847e244f0e8932e7ac9ed36ced P 316237d2de4a4782a70b9dcfcdd19b10 [term 0 FOLLOWER]: Advancing to term 1
I20260709 14:49:03.113116 12809 leader_election.cc:304] T d62dba64a5ea45e280b7c792f818033a P 316237d2de4a4782a70b9dcfcdd19b10 [CANDIDATE]: Term 1 pre-election: Election decided. Result: candidate won. Election summary: received 2 responses out of 3 voters: 2 yes votes; 0 no votes. yes voters: 316237d2de4a4782a70b9dcfcdd19b10, cf70b8d174ff4eb2871d78ba61f942db; no voters: 
I20260709 14:49:03.114413 12990 raft_consensus.cc:515] T bcd72c847e244f0e8932e7ac9ed36ced P 316237d2de4a4782a70b9dcfcdd19b10 [term 1 FOLLOWER]: Starting leader election with config: opid_index: -1 OBSOLETE_local: false peers { permanent_uuid: "cf70b8d174ff4eb2871d78ba61f942db" member_type: VOTER last_known_addr { host: "127.11.219.1" port: 38641 } } peers { permanent_uuid: "316237d2de4a4782a70b9dcfcdd19b10" member_type: VOTER last_known_addr { host: "127.11.219.2" port: 44695 } } peers { permanent_uuid: "7f6d4dcdbacb4de6893dfb0b179318dd" member_type: VOTER last_known_addr { host: "127.11.219.3" port: 34865 } }
I20260709 14:49:03.117168 12965 raft_consensus.cc:2804] T d62dba64a5ea45e280b7c792f818033a P 316237d2de4a4782a70b9dcfcdd19b10 [term 0 FOLLOWER]: Leader pre-election won for term 1
I20260709 14:49:03.117595 12965 raft_consensus.cc:493] T d62dba64a5ea45e280b7c792f818033a P 316237d2de4a4782a70b9dcfcdd19b10 [term 0 FOLLOWER]: Starting leader election (no leader contacted us within the election timeout)
I20260709 14:49:03.117894 12965 raft_consensus.cc:3060] T d62dba64a5ea45e280b7c792f818033a P 316237d2de4a4782a70b9dcfcdd19b10 [term 0 FOLLOWER]: Advancing to term 1
I20260709 14:49:03.125263 12965 raft_consensus.cc:515] T d62dba64a5ea45e280b7c792f818033a P 316237d2de4a4782a70b9dcfcdd19b10 [term 1 FOLLOWER]: Starting leader election with config: opid_index: -1 OBSOLETE_local: false peers { permanent_uuid: "cf70b8d174ff4eb2871d78ba61f942db" member_type: VOTER last_known_addr { host: "127.11.219.1" port: 38641 } } peers { permanent_uuid: "316237d2de4a4782a70b9dcfcdd19b10" member_type: VOTER last_known_addr { host: "127.11.219.2" port: 44695 } } peers { permanent_uuid: "7f6d4dcdbacb4de6893dfb0b179318dd" member_type: VOTER last_known_addr { host: "127.11.219.3" port: 34865 } }
I20260709 14:49:03.127681 12965 leader_election.cc:290] T d62dba64a5ea45e280b7c792f818033a P 316237d2de4a4782a70b9dcfcdd19b10 [CANDIDATE]: Term 1 election: Requested vote from peers cf70b8d174ff4eb2871d78ba61f942db (127.11.219.1:38641), 7f6d4dcdbacb4de6893dfb0b179318dd (127.11.219.3:34865)
I20260709 14:49:03.127581 12920 tablet_service.cc:1917] Received RequestConsensusVote() RPC: tablet_id: "bcd72c847e244f0e8932e7ac9ed36ced" candidate_uuid: "316237d2de4a4782a70b9dcfcdd19b10" candidate_term: 1 candidate_status { last_received { term: 0 index: 0 } } ignore_live_leader: false dest_uuid: "7f6d4dcdbacb4de6893dfb0b179318dd" is_pre_election: true
I20260709 14:49:03.128293 12920 raft_consensus.cc:2468] T bcd72c847e244f0e8932e7ac9ed36ced P 7f6d4dcdbacb4de6893dfb0b179318dd [term 0 FOLLOWER]: Leader pre-election vote request: Granting yes vote for candidate 316237d2de4a4782a70b9dcfcdd19b10 in term 0.
I20260709 14:49:03.130029 12919 tablet_service.cc:1917] Received RequestConsensusVote() RPC: tablet_id: "bcd72c847e244f0e8932e7ac9ed36ced" candidate_uuid: "316237d2de4a4782a70b9dcfcdd19b10" candidate_term: 1 candidate_status { last_received { term: 0 index: 0 } } ignore_live_leader: false dest_uuid: "7f6d4dcdbacb4de6893dfb0b179318dd"
I20260709 14:49:03.130237 12770 tablet_service.cc:1917] Received RequestConsensusVote() RPC: tablet_id: "d62dba64a5ea45e280b7c792f818033a" candidate_uuid: "316237d2de4a4782a70b9dcfcdd19b10" candidate_term: 1 candidate_status { last_received { term: 0 index: 0 } } ignore_live_leader: false dest_uuid: "cf70b8d174ff4eb2871d78ba61f942db"
I20260709 14:49:03.130662 12919 raft_consensus.cc:3060] T bcd72c847e244f0e8932e7ac9ed36ced P 7f6d4dcdbacb4de6893dfb0b179318dd [term 0 FOLLOWER]: Advancing to term 1
I20260709 14:49:03.131057 12770 raft_consensus.cc:3060] T d62dba64a5ea45e280b7c792f818033a P cf70b8d174ff4eb2871d78ba61f942db [term 0 FOLLOWER]: Advancing to term 1
I20260709 14:49:03.133082 12920 tablet_service.cc:1917] Received RequestConsensusVote() RPC: tablet_id: "d62dba64a5ea45e280b7c792f818033a" candidate_uuid: "316237d2de4a4782a70b9dcfcdd19b10" candidate_term: 1 candidate_status { last_received { term: 0 index: 0 } } ignore_live_leader: false dest_uuid: "7f6d4dcdbacb4de6893dfb0b179318dd" is_pre_election: true
I20260709 14:49:03.133692 12920 raft_consensus.cc:2468] T d62dba64a5ea45e280b7c792f818033a P 7f6d4dcdbacb4de6893dfb0b179318dd [term 0 FOLLOWER]: Leader pre-election vote request: Granting yes vote for candidate 316237d2de4a4782a70b9dcfcdd19b10 in term 0.
I20260709 14:49:03.134600 12846 tablet_service.cc:1917] Received RequestConsensusVote() RPC: tablet_id: "becb46c2fd6541f9a8a73d050f275640" candidate_uuid: "7f6d4dcdbacb4de6893dfb0b179318dd" candidate_term: 1 candidate_status { last_received { term: 0 index: 0 } } ignore_live_leader: false dest_uuid: "316237d2de4a4782a70b9dcfcdd19b10" is_pre_election: true
I20260709 14:49:03.134814 12990 leader_election.cc:290] T bcd72c847e244f0e8932e7ac9ed36ced P 316237d2de4a4782a70b9dcfcdd19b10 [CANDIDATE]: Term 1 election: Requested vote from peers cf70b8d174ff4eb2871d78ba61f942db (127.11.219.1:38641), 7f6d4dcdbacb4de6893dfb0b179318dd (127.11.219.3:34865)
I20260709 14:49:03.135229 12846 raft_consensus.cc:2468] T becb46c2fd6541f9a8a73d050f275640 P 316237d2de4a4782a70b9dcfcdd19b10 [term 0 FOLLOWER]: Leader pre-election vote request: Granting yes vote for candidate 7f6d4dcdbacb4de6893dfb0b179318dd in term 0.
I20260709 14:49:03.134635 12844 tablet_service.cc:1917] Received RequestConsensusVote() RPC: tablet_id: "bcd72c847e244f0e8932e7ac9ed36ced" candidate_uuid: "7f6d4dcdbacb4de6893dfb0b179318dd" candidate_term: 1 candidate_status { last_received { term: 0 index: 0 } } ignore_live_leader: false dest_uuid: "316237d2de4a4782a70b9dcfcdd19b10" is_pre_election: true
I20260709 14:49:03.137985 12844 raft_consensus.cc:2393] T bcd72c847e244f0e8932e7ac9ed36ced P 316237d2de4a4782a70b9dcfcdd19b10 [term 1 FOLLOWER]: Leader pre-election vote request: Denying vote to candidate 7f6d4dcdbacb4de6893dfb0b179318dd in current term 1: Already voted for candidate 316237d2de4a4782a70b9dcfcdd19b10 in this term.
I20260709 14:49:03.136611 12845 tablet_service.cc:1917] Received RequestConsensusVote() RPC: tablet_id: "0d8f000d15fa41759c2c5b47983f5e91" candidate_uuid: "7f6d4dcdbacb4de6893dfb0b179318dd" candidate_term: 1 candidate_status { last_received { term: 0 index: 0 } } ignore_live_leader: false dest_uuid: "316237d2de4a4782a70b9dcfcdd19b10" is_pre_election: true
I20260709 14:49:03.140156 12960 tablet_bootstrap.cc:492] T f4d0d0169ca64f109aafd24079b6788b P cf70b8d174ff4eb2871d78ba61f942db: No bootstrap required, opened a new log
I20260709 14:49:03.140628 12960 ts_tablet_manager.cc:1403] T f4d0d0169ca64f109aafd24079b6788b P cf70b8d174ff4eb2871d78ba61f942db: Time spent bootstrapping tablet: real 0.134s	user 0.028s	sys 0.042s
I20260709 14:49:03.146034 12770 raft_consensus.cc:2468] T d62dba64a5ea45e280b7c792f818033a P cf70b8d174ff4eb2871d78ba61f942db [term 1 FOLLOWER]: Leader election vote request: Granting yes vote for candidate 316237d2de4a4782a70b9dcfcdd19b10 in term 1.
W20260709 14:49:03.146454 12717 auto_rebalancer.cc:288] Could not retrieve cluster info: Service unavailable: Tablet not running
I20260709 14:49:03.143445 12960 raft_consensus.cc:359] T f4d0d0169ca64f109aafd24079b6788b P cf70b8d174ff4eb2871d78ba61f942db [term 0 FOLLOWER]: Replica starting. Triggering 0 pending ops. Active config: opid_index: -1 OBSOLETE_local: false peers { permanent_uuid: "cf70b8d174ff4eb2871d78ba61f942db" member_type: VOTER last_known_addr { host: "127.11.219.1" port: 38641 } } peers { permanent_uuid: "316237d2de4a4782a70b9dcfcdd19b10" member_type: VOTER last_known_addr { host: "127.11.219.2" port: 44695 } } peers { permanent_uuid: "7f6d4dcdbacb4de6893dfb0b179318dd" member_type: VOTER last_known_addr { host: "127.11.219.3" port: 34865 } }
I20260709 14:49:03.149435 12919 raft_consensus.cc:2468] T bcd72c847e244f0e8932e7ac9ed36ced P 7f6d4dcdbacb4de6893dfb0b179318dd [term 1 FOLLOWER]: Leader election vote request: Granting yes vote for candidate 316237d2de4a4782a70b9dcfcdd19b10 in term 1.
I20260709 14:49:03.149611 12960 raft_consensus.cc:385] T f4d0d0169ca64f109aafd24079b6788b P cf70b8d174ff4eb2871d78ba61f942db [term 0 FOLLOWER]: Consensus starting up: Expiring failure detector timer to make a prompt election more likely
I20260709 14:49:03.150100 12960 raft_consensus.cc:740] T f4d0d0169ca64f109aafd24079b6788b P cf70b8d174ff4eb2871d78ba61f942db [term 0 FOLLOWER]: Becoming Follower/Learner. State: Replica: cf70b8d174ff4eb2871d78ba61f942db, State: Initialized, Role: FOLLOWER
I20260709 14:49:03.150583 12771 tablet_service.cc:1917] Received RequestConsensusVote() RPC: tablet_id: "bcd72c847e244f0e8932e7ac9ed36ced" candidate_uuid: "316237d2de4a4782a70b9dcfcdd19b10" candidate_term: 1 candidate_status { last_received { term: 0 index: 0 } } ignore_live_leader: false dest_uuid: "cf70b8d174ff4eb2871d78ba61f942db"
I20260709 14:49:03.151127 12771 raft_consensus.cc:3060] T bcd72c847e244f0e8932e7ac9ed36ced P cf70b8d174ff4eb2871d78ba61f942db [term 0 FOLLOWER]: Advancing to term 1
I20260709 14:49:03.150924 12960 consensus_queue.cc:260] T f4d0d0169ca64f109aafd24079b6788b P cf70b8d174ff4eb2871d78ba61f942db [NON_LEADER]: Queue going to NON_LEADER mode. State: All replicated index: 0, Majority replicated index: 0, Committed index: 0, Last appended: 0.0, Last appended by leader: 0, Current term: 0, Majority size: -1, State: 0, Mode: NON_LEADER, active raft config: opid_index: -1 OBSOLETE_local: false peers { permanent_uuid: "cf70b8d174ff4eb2871d78ba61f942db" member_type: VOTER last_known_addr { host: "127.11.219.1" port: 38641 } } peers { permanent_uuid: "316237d2de4a4782a70b9dcfcdd19b10" member_type: VOTER last_known_addr { host: "127.11.219.2" port: 44695 } } peers { permanent_uuid: "7f6d4dcdbacb4de6893dfb0b179318dd" member_type: VOTER last_known_addr { host: "127.11.219.3" port: 34865 } }
I20260709 14:49:03.159123 12771 raft_consensus.cc:2468] T bcd72c847e244f0e8932e7ac9ed36ced P cf70b8d174ff4eb2871d78ba61f942db [term 1 FOLLOWER]: Leader election vote request: Granting yes vote for candidate 316237d2de4a4782a70b9dcfcdd19b10 in term 1.
I20260709 14:49:03.159822 12960 ts_tablet_manager.cc:1434] T f4d0d0169ca64f109aafd24079b6788b P cf70b8d174ff4eb2871d78ba61f942db: Time spent starting tablet: real 0.019s	user 0.001s	sys 0.004s
I20260709 14:49:03.162225 12812 leader_election.cc:304] T bcd72c847e244f0e8932e7ac9ed36ced P 316237d2de4a4782a70b9dcfcdd19b10 [CANDIDATE]: Term 1 election: Election decided. Result: candidate won. Election summary: received 2 responses out of 3 voters: 2 yes votes; 0 no votes. yes voters: 316237d2de4a4782a70b9dcfcdd19b10, 7f6d4dcdbacb4de6893dfb0b179318dd; no voters: 
I20260709 14:49:03.163113 12990 raft_consensus.cc:2804] T bcd72c847e244f0e8932e7ac9ed36ced P 316237d2de4a4782a70b9dcfcdd19b10 [term 1 FOLLOWER]: Leader election won for term 1
I20260709 14:49:03.163587 12990 raft_consensus.cc:697] T bcd72c847e244f0e8932e7ac9ed36ced P 316237d2de4a4782a70b9dcfcdd19b10 [term 1 LEADER]: Becoming Leader. State: Replica: 316237d2de4a4782a70b9dcfcdd19b10, State: Running, Role: LEADER
I20260709 14:49:03.164376 12990 consensus_queue.cc:237] T bcd72c847e244f0e8932e7ac9ed36ced P 316237d2de4a4782a70b9dcfcdd19b10 [LEADER]: Queue going to LEADER mode. State: All replicated index: 0, Majority replicated index: 0, Committed index: 0, Last appended: 0.0, Last appended by leader: 0, Current term: 1, Majority size: 2, State: 0, Mode: LEADER, active raft config: opid_index: -1 OBSOLETE_local: false peers { permanent_uuid: "cf70b8d174ff4eb2871d78ba61f942db" member_type: VOTER last_known_addr { host: "127.11.219.1" port: 38641 } } peers { permanent_uuid: "316237d2de4a4782a70b9dcfcdd19b10" member_type: VOTER last_known_addr { host: "127.11.219.2" port: 44695 } } peers { permanent_uuid: "7f6d4dcdbacb4de6893dfb0b179318dd" member_type: VOTER last_known_addr { host: "127.11.219.3" port: 34865 } }
I20260709 14:49:03.172735 12967 raft_consensus.cc:493] T 0d8f000d15fa41759c2c5b47983f5e91 P cf70b8d174ff4eb2871d78ba61f942db [term 0 FOLLOWER]: Starting pre-election (no leader contacted us within the election timeout)
I20260709 14:49:03.172946 12770 tablet_service.cc:1917] Received RequestConsensusVote() RPC: tablet_id: "becb46c2fd6541f9a8a73d050f275640" candidate_uuid: "7f6d4dcdbacb4de6893dfb0b179318dd" candidate_term: 1 candidate_status { last_received { term: 0 index: 0 } } ignore_live_leader: false dest_uuid: "cf70b8d174ff4eb2871d78ba61f942db" is_pre_election: true
I20260709 14:49:03.173237 12967 raft_consensus.cc:515] T 0d8f000d15fa41759c2c5b47983f5e91 P cf70b8d174ff4eb2871d78ba61f942db [term 0 FOLLOWER]: Starting pre-election with config: opid_index: -1 OBSOLETE_local: false peers { permanent_uuid: "cf70b8d174ff4eb2871d78ba61f942db" member_type: VOTER last_known_addr { host: "127.11.219.1" port: 38641 } } peers { permanent_uuid: "316237d2de4a4782a70b9dcfcdd19b10" member_type: VOTER last_known_addr { host: "127.11.219.2" port: 44695 } } peers { permanent_uuid: "7f6d4dcdbacb4de6893dfb0b179318dd" member_type: VOTER last_known_addr { host: "127.11.219.3" port: 34865 } }
I20260709 14:49:03.173658 12919 tablet_service.cc:1917] Received RequestConsensusVote() RPC: tablet_id: "d62dba64a5ea45e280b7c792f818033a" candidate_uuid: "316237d2de4a4782a70b9dcfcdd19b10" candidate_term: 1 candidate_status { last_received { term: 0 index: 0 } } ignore_live_leader: false dest_uuid: "7f6d4dcdbacb4de6893dfb0b179318dd"
I20260709 14:49:03.174162 12919 raft_consensus.cc:3060] T d62dba64a5ea45e280b7c792f818033a P 7f6d4dcdbacb4de6893dfb0b179318dd [term 0 FOLLOWER]: Advancing to term 1
I20260709 14:49:03.174386 12769 tablet_service.cc:1917] Received RequestConsensusVote() RPC: tablet_id: "0d8f000d15fa41759c2c5b47983f5e91" candidate_uuid: "7f6d4dcdbacb4de6893dfb0b179318dd" candidate_term: 1 candidate_status { last_received { term: 0 index: 0 } } ignore_live_leader: false dest_uuid: "cf70b8d174ff4eb2871d78ba61f942db" is_pre_election: true
I20260709 14:49:03.175159 12769 raft_consensus.cc:2468] T 0d8f000d15fa41759c2c5b47983f5e91 P cf70b8d174ff4eb2871d78ba61f942db [term 0 FOLLOWER]: Leader pre-election vote request: Granting yes vote for candidate 7f6d4dcdbacb4de6893dfb0b179318dd in term 0.
I20260709 14:49:03.177591 12768 tablet_service.cc:1917] Received RequestConsensusVote() RPC: tablet_id: "bcd72c847e244f0e8932e7ac9ed36ced" candidate_uuid: "7f6d4dcdbacb4de6893dfb0b179318dd" candidate_term: 1 candidate_status { last_received { term: 0 index: 0 } } ignore_live_leader: false dest_uuid: "cf70b8d174ff4eb2871d78ba61f942db" is_pre_election: true
I20260709 14:49:03.178404 12768 raft_consensus.cc:2393] T bcd72c847e244f0e8932e7ac9ed36ced P cf70b8d174ff4eb2871d78ba61f942db [term 1 FOLLOWER]: Leader pre-election vote request: Denying vote to candidate 7f6d4dcdbacb4de6893dfb0b179318dd in current term 1: Already voted for candidate 316237d2de4a4782a70b9dcfcdd19b10 in this term.
I20260709 14:49:03.177884 12669 catalog_manager.cc:5697] T bcd72c847e244f0e8932e7ac9ed36ced P 316237d2de4a4782a70b9dcfcdd19b10 reported cstate change: term changed from 0 to 1, leader changed from <none> to 316237d2de4a4782a70b9dcfcdd19b10 (127.11.219.2). New cstate: current_term: 1 leader_uuid: "316237d2de4a4782a70b9dcfcdd19b10" committed_config { opid_index: -1 OBSOLETE_local: false peers { permanent_uuid: "cf70b8d174ff4eb2871d78ba61f942db" member_type: VOTER last_known_addr { host: "127.11.219.1" port: 38641 } health_report { overall_health: UNKNOWN } } peers { permanent_uuid: "316237d2de4a4782a70b9dcfcdd19b10" member_type: VOTER last_known_addr { host: "127.11.219.2" port: 44695 } health_report { overall_health: HEALTHY } } peers { permanent_uuid: "7f6d4dcdbacb4de6893dfb0b179318dd" member_type: VOTER last_known_addr { host: "127.11.219.3" port: 34865 } health_report { overall_health: UNKNOWN } } }
I20260709 14:49:03.177613 12885 leader_election.cc:304] T becb46c2fd6541f9a8a73d050f275640 P 7f6d4dcdbacb4de6893dfb0b179318dd [CANDIDATE]: Term 1 pre-election: Election decided. Result: candidate won. Election summary: received 2 responses out of 3 voters: 2 yes votes; 0 no votes. yes voters: 316237d2de4a4782a70b9dcfcdd19b10, 7f6d4dcdbacb4de6893dfb0b179318dd; no voters: 
W20260709 14:49:03.180229 12885 leader_election.cc:343] T 0d8f000d15fa41759c2c5b47983f5e91 P 7f6d4dcdbacb4de6893dfb0b179318dd [CANDIDATE]: Term 1 pre-election: Tablet error from VoteRequest() call to peer 316237d2de4a4782a70b9dcfcdd19b10 (127.11.219.2:44695): Illegal state: must be running to vote when last-logged opid is not known
I20260709 14:49:03.180326 12985 raft_consensus.cc:2804] T becb46c2fd6541f9a8a73d050f275640 P 7f6d4dcdbacb4de6893dfb0b179318dd [term 0 FOLLOWER]: Leader pre-election won for term 1
I20260709 14:49:03.168071 12960 tablet_bootstrap.cc:492] T 99dd99c93fd9483f9cb75a3f9fd33ad1 P cf70b8d174ff4eb2871d78ba61f942db: Bootstrap starting.
I20260709 14:49:03.180650 12985 raft_consensus.cc:493] T becb46c2fd6541f9a8a73d050f275640 P 7f6d4dcdbacb4de6893dfb0b179318dd [term 0 FOLLOWER]: Starting leader election (no leader contacted us within the election timeout)
I20260709 14:49:03.175184 12967 leader_election.cc:290] T 0d8f000d15fa41759c2c5b47983f5e91 P cf70b8d174ff4eb2871d78ba61f942db [CANDIDATE]: Term 1 pre-election: Requested pre-vote from peers 316237d2de4a4782a70b9dcfcdd19b10 (127.11.219.2:44695), 7f6d4dcdbacb4de6893dfb0b179318dd (127.11.219.3:34865)
I20260709 14:49:03.181135 12985 raft_consensus.cc:3060] T becb46c2fd6541f9a8a73d050f275640 P 7f6d4dcdbacb4de6893dfb0b179318dd [term 0 FOLLOWER]: Advancing to term 1
W20260709 14:49:03.181214 12883 leader_election.cc:343] T becb46c2fd6541f9a8a73d050f275640 P 7f6d4dcdbacb4de6893dfb0b179318dd [CANDIDATE]: Term 1 pre-election: Tablet error from VoteRequest() call to peer cf70b8d174ff4eb2871d78ba61f942db (127.11.219.1:38641): Illegal state: must be running to vote when last-logged opid is not known
I20260709 14:49:03.178478 12809 leader_election.cc:304] T d62dba64a5ea45e280b7c792f818033a P 316237d2de4a4782a70b9dcfcdd19b10 [CANDIDATE]: Term 1 election: Election decided. Result: candidate won. Election summary: received 2 responses out of 3 voters: 2 yes votes; 0 no votes. yes voters: 316237d2de4a4782a70b9dcfcdd19b10, cf70b8d174ff4eb2871d78ba61f942db; no voters: 
I20260709 14:49:03.185338 12990 raft_consensus.cc:2804] T d62dba64a5ea45e280b7c792f818033a P 316237d2de4a4782a70b9dcfcdd19b10 [term 1 FOLLOWER]: Leader election won for term 1
I20260709 14:49:03.182760 12883 leader_election.cc:304] T 0d8f000d15fa41759c2c5b47983f5e91 P 7f6d4dcdbacb4de6893dfb0b179318dd [CANDIDATE]: Term 1 pre-election: Election decided. Result: candidate won. Election summary: received 3 responses out of 3 voters: 2 yes votes; 1 no votes. yes voters: 7f6d4dcdbacb4de6893dfb0b179318dd, cf70b8d174ff4eb2871d78ba61f942db; no voters: 316237d2de4a4782a70b9dcfcdd19b10
I20260709 14:49:03.185969 12990 raft_consensus.cc:697] T d62dba64a5ea45e280b7c792f818033a P 316237d2de4a4782a70b9dcfcdd19b10 [term 1 LEADER]: Becoming Leader. State: Replica: 316237d2de4a4782a70b9dcfcdd19b10, State: Running, Role: LEADER
I20260709 14:49:03.186405 12970 raft_consensus.cc:2804] T 0d8f000d15fa41759c2c5b47983f5e91 P 7f6d4dcdbacb4de6893dfb0b179318dd [term 0 FOLLOWER]: Leader pre-election won for term 1
I20260709 14:49:03.186774 12970 raft_consensus.cc:493] T 0d8f000d15fa41759c2c5b47983f5e91 P 7f6d4dcdbacb4de6893dfb0b179318dd [term 0 FOLLOWER]: Starting leader election (no leader contacted us within the election timeout)
I20260709 14:49:03.187180 12970 raft_consensus.cc:3060] T 0d8f000d15fa41759c2c5b47983f5e91 P 7f6d4dcdbacb4de6893dfb0b179318dd [term 0 FOLLOWER]: Advancing to term 1
I20260709 14:49:03.186864 12990 consensus_queue.cc:237] T d62dba64a5ea45e280b7c792f818033a P 316237d2de4a4782a70b9dcfcdd19b10 [LEADER]: Queue going to LEADER mode. State: All replicated index: 0, Majority replicated index: 0, Committed index: 0, Last appended: 0.0, Last appended by leader: 0, Current term: 1, Majority size: 2, State: 0, Mode: LEADER, active raft config: opid_index: -1 OBSOLETE_local: false peers { permanent_uuid: "cf70b8d174ff4eb2871d78ba61f942db" member_type: VOTER last_known_addr { host: "127.11.219.1" port: 38641 } } peers { permanent_uuid: "316237d2de4a4782a70b9dcfcdd19b10" member_type: VOTER last_known_addr { host: "127.11.219.2" port: 44695 } } peers { permanent_uuid: "7f6d4dcdbacb4de6893dfb0b179318dd" member_type: VOTER last_known_addr { host: "127.11.219.3" port: 34865 } }
I20260709 14:49:03.187531 12919 raft_consensus.cc:2468] T d62dba64a5ea45e280b7c792f818033a P 7f6d4dcdbacb4de6893dfb0b179318dd [term 1 FOLLOWER]: Leader election vote request: Granting yes vote for candidate 316237d2de4a4782a70b9dcfcdd19b10 in term 1.
I20260709 14:49:03.186887 12967 raft_consensus.cc:493] T 1a49e19aa1c845c2a4e53daffc1b5e04 P cf70b8d174ff4eb2871d78ba61f942db [term 0 FOLLOWER]: Starting pre-election (no leader contacted us within the election timeout)
I20260709 14:49:03.189059 12967 raft_consensus.cc:515] T 1a49e19aa1c845c2a4e53daffc1b5e04 P cf70b8d174ff4eb2871d78ba61f942db [term 0 FOLLOWER]: Starting pre-election with config: opid_index: -1 OBSOLETE_local: false peers { permanent_uuid: "cf70b8d174ff4eb2871d78ba61f942db" member_type: VOTER last_known_addr { host: "127.11.219.1" port: 38641 } } peers { permanent_uuid: "316237d2de4a4782a70b9dcfcdd19b10" member_type: VOTER last_known_addr { host: "127.11.219.2" port: 44695 } } peers { permanent_uuid: "7f6d4dcdbacb4de6893dfb0b179318dd" member_type: VOTER last_known_addr { host: "127.11.219.3" port: 34865 } }
I20260709 14:49:03.189129 12985 raft_consensus.cc:515] T becb46c2fd6541f9a8a73d050f275640 P 7f6d4dcdbacb4de6893dfb0b179318dd [term 1 FOLLOWER]: Starting leader election with config: opid_index: -1 OBSOLETE_local: false peers { permanent_uuid: "316237d2de4a4782a70b9dcfcdd19b10" member_type: VOTER last_known_addr { host: "127.11.219.2" port: 44695 } } peers { permanent_uuid: "7f6d4dcdbacb4de6893dfb0b179318dd" member_type: VOTER last_known_addr { host: "127.11.219.3" port: 34865 } } peers { permanent_uuid: "cf70b8d174ff4eb2871d78ba61f942db" member_type: VOTER last_known_addr { host: "127.11.219.1" port: 38641 } }
I20260709 14:49:03.191761 12985 leader_election.cc:290] T becb46c2fd6541f9a8a73d050f275640 P 7f6d4dcdbacb4de6893dfb0b179318dd [CANDIDATE]: Term 1 election: Requested vote from peers 316237d2de4a4782a70b9dcfcdd19b10 (127.11.219.2:44695), cf70b8d174ff4eb2871d78ba61f942db (127.11.219.1:38641)
I20260709 14:49:03.193639 12967 leader_election.cc:290] T 1a49e19aa1c845c2a4e53daffc1b5e04 P cf70b8d174ff4eb2871d78ba61f942db [CANDIDATE]: Term 1 pre-election: Requested pre-vote from peers 316237d2de4a4782a70b9dcfcdd19b10 (127.11.219.2:44695), 7f6d4dcdbacb4de6893dfb0b179318dd (127.11.219.3:34865)
I20260709 14:49:03.198117 12883 leader_election.cc:304] T bcd72c847e244f0e8932e7ac9ed36ced P 7f6d4dcdbacb4de6893dfb0b179318dd [CANDIDATE]: Term 1 pre-election: Election decided. Result: candidate lost. Election summary: received 3 responses out of 3 voters: 1 yes votes; 2 no votes. yes voters: 7f6d4dcdbacb4de6893dfb0b179318dd; no voters: 316237d2de4a4782a70b9dcfcdd19b10, cf70b8d174ff4eb2871d78ba61f942db
