I20260709 14:49:08.774744  7616 raft_consensus.cc:385] T 41b16a5c35054d858c4dda1ef95ebbd8 P c4844c0a30a447f4b7b51c1f496a186e [term 0 FOLLOWER]: Consensus starting up: Expiring failure detector timer to make a prompt election more likely
I20260709 14:49:08.775048  7616 raft_consensus.cc:740] T 41b16a5c35054d858c4dda1ef95ebbd8 P c4844c0a30a447f4b7b51c1f496a186e [term 0 FOLLOWER]: Becoming Follower/Learner. State: Replica: c4844c0a30a447f4b7b51c1f496a186e, State: Initialized, Role: FOLLOWER
I20260709 14:49:08.775823  7616 consensus_queue.cc:260] T 41b16a5c35054d858c4dda1ef95ebbd8 P c4844c0a30a447f4b7b51c1f496a186e [NON_LEADER]: Queue going to NON_LEADER mode. State: All replicated index: 0, Majority replicated index: 0, Committed index: 0, Last appended: 0.0, Last appended by leader: 0, Current term: 0, Majority size: -1, State: 0, Mode: NON_LEADER, active raft config: opid_index: -1 OBSOLETE_local: false peers { permanent_uuid: "c154792251c44d6697b6b0621db1551b" member_type: VOTER last_known_addr { host: "127.6.40.1" port: 46515 } } peers { permanent_uuid: "c4844c0a30a447f4b7b51c1f496a186e" member_type: VOTER last_known_addr { host: "127.6.40.2" port: 38537 } } peers { permanent_uuid: "871515586911462da04397b164f37d28" member_type: VOTER last_known_addr { host: "127.6.40.3" port: 38133 } }
I20260709 14:49:08.778106  7616 ts_tablet_manager.cc:1434] T 41b16a5c35054d858c4dda1ef95ebbd8 P c4844c0a30a447f4b7b51c1f496a186e: Time spent starting tablet: real 0.016s	user 0.003s	sys 0.004s
I20260709 14:49:08.779116  7616 tablet_bootstrap.cc:492] T 1dcaf5cff7a04c3990cbccd90d6b93cb P c4844c0a30a447f4b7b51c1f496a186e: Bootstrap starting.
I20260709 14:49:08.780712  7660 consensus_queue.cc:1048] T 536170ba54634fc08d6ff7cfca21dc30 P c154792251c44d6697b6b0621db1551b [LEADER]: Connected to new peer: Peer: permanent_uuid: "c4844c0a30a447f4b7b51c1f496a186e" member_type: VOTER last_known_addr { host: "127.6.40.2" port: 38537 }, Status: LMP_MISMATCH, Last received: 0.0, Next index: 1, Last known committed idx: 0, Time since last communication: 0.000s
I20260709 14:49:08.782733  7726 leader_election.cc:290] T 41b16a5c35054d858c4dda1ef95ebbd8 P 871515586911462da04397b164f37d28 [CANDIDATE]: Term 1 election: Requested vote from peers c154792251c44d6697b6b0621db1551b (127.6.40.1:46515), c4844c0a30a447f4b7b51c1f496a186e (127.6.40.2:38537)
I20260709 14:49:08.780759  7623 raft_consensus.cc:359] T 43d2a06e38634299a3c8cb12e8ea4f13 P 871515586911462da04397b164f37d28 [term 0 FOLLOWER]: Replica starting. Triggering 0 pending ops. Active config: opid_index: -1 OBSOLETE_local: false peers { permanent_uuid: "c154792251c44d6697b6b0621db1551b" member_type: VOTER last_known_addr { host: "127.6.40.1" port: 46515 } } peers { permanent_uuid: "c4844c0a30a447f4b7b51c1f496a186e" member_type: VOTER last_known_addr { host: "127.6.40.2" port: 38537 } } peers { permanent_uuid: "871515586911462da04397b164f37d28" member_type: VOTER last_known_addr { host: "127.6.40.3" port: 38133 } }
I20260709 14:49:08.785507  7623 raft_consensus.cc:385] T 43d2a06e38634299a3c8cb12e8ea4f13 P 871515586911462da04397b164f37d28 [term 0 FOLLOWER]: Consensus starting up: Expiring failure detector timer to make a prompt election more likely
I20260709 14:49:08.785775  7623 raft_consensus.cc:740] T 43d2a06e38634299a3c8cb12e8ea4f13 P 871515586911462da04397b164f37d28 [term 0 FOLLOWER]: Becoming Follower/Learner. State: Replica: 871515586911462da04397b164f37d28, State: Initialized, Role: FOLLOWER
I20260709 14:49:08.786433  7623 consensus_queue.cc:260] T 43d2a06e38634299a3c8cb12e8ea4f13 P 871515586911462da04397b164f37d28 [NON_LEADER]: Queue going to NON_LEADER mode. State: All replicated index: 0, Majority replicated index: 0, Committed index: 0, Last appended: 0.0, Last appended by leader: 0, Current term: 0, Majority size: -1, State: 0, Mode: NON_LEADER, active raft config: opid_index: -1 OBSOLETE_local: false peers { permanent_uuid: "c154792251c44d6697b6b0621db1551b" member_type: VOTER last_known_addr { host: "127.6.40.1" port: 46515 } } peers { permanent_uuid: "c4844c0a30a447f4b7b51c1f496a186e" member_type: VOTER last_known_addr { host: "127.6.40.2" port: 38537 } } peers { permanent_uuid: "871515586911462da04397b164f37d28" member_type: VOTER last_known_addr { host: "127.6.40.3" port: 38133 } }
I20260709 14:49:08.788709  7623 ts_tablet_manager.cc:1434] T 43d2a06e38634299a3c8cb12e8ea4f13 P 871515586911462da04397b164f37d28: Time spent starting tablet: real 0.021s	user 0.006s	sys 0.000s
I20260709 14:49:08.789314  7428 tablet_service.cc:1917] Received RequestConsensusVote() RPC: tablet_id: "41b16a5c35054d858c4dda1ef95ebbd8" candidate_uuid: "871515586911462da04397b164f37d28" candidate_term: 1 candidate_status { last_received { term: 0 index: 0 } } ignore_live_leader: false dest_uuid: "c154792251c44d6697b6b0621db1551b"
I20260709 14:49:08.789621  7623 tablet_bootstrap.cc:492] T 1dcaf5cff7a04c3990cbccd90d6b93cb P 871515586911462da04397b164f37d28: Bootstrap starting.
I20260709 14:49:08.789942  7428 raft_consensus.cc:3060] T 41b16a5c35054d858c4dda1ef95ebbd8 P c154792251c44d6697b6b0621db1551b [term 0 FOLLOWER]: Advancing to term 1
I20260709 14:49:08.790169  7499 tablet_service.cc:1917] Received RequestConsensusVote() RPC: tablet_id: "41b16a5c35054d858c4dda1ef95ebbd8" candidate_uuid: "871515586911462da04397b164f37d28" candidate_term: 1 candidate_status { last_received { term: 0 index: 0 } } ignore_live_leader: false dest_uuid: "c4844c0a30a447f4b7b51c1f496a186e"
I20260709 14:49:08.790763  7499 raft_consensus.cc:3060] T 41b16a5c35054d858c4dda1ef95ebbd8 P c4844c0a30a447f4b7b51c1f496a186e [term 0 FOLLOWER]: Advancing to term 1
I20260709 14:49:08.799345  7618 tablet_bootstrap.cc:492] T 8f5c9d89233d4f4f8518e15170db4afa P c154792251c44d6697b6b0621db1551b: No bootstrap required, opened a new log
I20260709 14:49:08.810521  7623 tablet_bootstrap.cc:654] T 1dcaf5cff7a04c3990cbccd90d6b93cb P 871515586911462da04397b164f37d28: Neither blocks nor log segments found. Creating new log.
I20260709 14:49:08.813747  7618 ts_tablet_manager.cc:1403] T 8f5c9d89233d4f4f8518e15170db4afa P c154792251c44d6697b6b0621db1551b: Time spent bootstrapping tablet: real 0.097s	user 0.020s	sys 0.018s
I20260709 14:49:08.812938  7616 tablet_bootstrap.cc:654] T 1dcaf5cff7a04c3990cbccd90d6b93cb P c4844c0a30a447f4b7b51c1f496a186e: Neither blocks nor log segments found. Creating new log.
I20260709 14:49:08.816325  7669 consensus_queue.cc:1048] T 0177b920a5c64fbf871db51389f936c4 P c4844c0a30a447f4b7b51c1f496a186e [LEADER]: Connected to new peer: Peer: permanent_uuid: "c154792251c44d6697b6b0621db1551b" member_type: VOTER last_known_addr { host: "127.6.40.1" port: 46515 }, Status: LMP_MISMATCH, Last received: 0.0, Next index: 1, Last known committed idx: 0, Time since last communication: 0.000s
I20260709 14:49:08.816627  7325 catalog_manager.cc:5697] T 918b6f8cbe36410d96b03f0c95552a3a P c4844c0a30a447f4b7b51c1f496a186e reported cstate change: term changed from 0 to 1, leader changed from <none> to c4844c0a30a447f4b7b51c1f496a186e (127.6.40.2). New cstate: current_term: 1 leader_uuid: "c4844c0a30a447f4b7b51c1f496a186e" committed_config { opid_index: -1 OBSOLETE_local: false peers { permanent_uuid: "c154792251c44d6697b6b0621db1551b" member_type: VOTER last_known_addr { host: "127.6.40.1" port: 46515 } health_report { overall_health: UNKNOWN } } peers { permanent_uuid: "c4844c0a30a447f4b7b51c1f496a186e" member_type: VOTER last_known_addr { host: "127.6.40.2" port: 38537 } health_report { overall_health: HEALTHY } } peers { permanent_uuid: "871515586911462da04397b164f37d28" member_type: VOTER last_known_addr { host: "127.6.40.3" port: 38133 } health_report { overall_health: UNKNOWN } } }
I20260709 14:49:08.818259  7499 raft_consensus.cc:2468] T 41b16a5c35054d858c4dda1ef95ebbd8 P c4844c0a30a447f4b7b51c1f496a186e [term 1 FOLLOWER]: Leader election vote request: Granting yes vote for candidate 871515586911462da04397b164f37d28 in term 1.
I20260709 14:49:08.818259  7428 raft_consensus.cc:2468] T 41b16a5c35054d858c4dda1ef95ebbd8 P c154792251c44d6697b6b0621db1551b [term 1 FOLLOWER]: Leader election vote request: Granting yes vote for candidate 871515586911462da04397b164f37d28 in term 1.
I20260709 14:49:08.818782  7325 catalog_manager.cc:5697] T 14fc8086c3aa4dfd9f99eb0c6eb20379 P c4844c0a30a447f4b7b51c1f496a186e reported cstate change: term changed from 0 to 1, leader changed from <none> to c4844c0a30a447f4b7b51c1f496a186e (127.6.40.2). New cstate: current_term: 1 leader_uuid: "c4844c0a30a447f4b7b51c1f496a186e" committed_config { opid_index: -1 OBSOLETE_local: false peers { permanent_uuid: "c154792251c44d6697b6b0621db1551b" member_type: VOTER last_known_addr { host: "127.6.40.1" port: 46515 } health_report { overall_health: UNKNOWN } } peers { permanent_uuid: "c4844c0a30a447f4b7b51c1f496a186e" member_type: VOTER last_known_addr { host: "127.6.40.2" port: 38537 } health_report { overall_health: HEALTHY } } peers { permanent_uuid: "871515586911462da04397b164f37d28" member_type: VOTER last_known_addr { host: "127.6.40.3" port: 38133 } health_report { overall_health: UNKNOWN } } }
I20260709 14:49:08.823256  7541 leader_election.cc:304] T 41b16a5c35054d858c4dda1ef95ebbd8 P 871515586911462da04397b164f37d28 [CANDIDATE]: Term 1 election: Election decided. Result: candidate won. Election summary: received 2 responses out of 3 voters: 2 yes votes; 0 no votes. yes voters: 871515586911462da04397b164f37d28, c4844c0a30a447f4b7b51c1f496a186e; no voters: 
I20260709 14:49:08.824698  7618 raft_consensus.cc:359] T 8f5c9d89233d4f4f8518e15170db4afa P c154792251c44d6697b6b0621db1551b [term 0 FOLLOWER]: Replica starting. Triggering 0 pending ops. Active config: opid_index: -1 OBSOLETE_local: false peers { permanent_uuid: "c154792251c44d6697b6b0621db1551b" member_type: VOTER last_known_addr { host: "127.6.40.1" port: 46515 } } peers { permanent_uuid: "c4844c0a30a447f4b7b51c1f496a186e" member_type: VOTER last_known_addr { host: "127.6.40.2" port: 38537 } } peers { permanent_uuid: "871515586911462da04397b164f37d28" member_type: VOTER last_known_addr { host: "127.6.40.3" port: 38133 } }
I20260709 14:49:08.825399  7618 raft_consensus.cc:385] T 8f5c9d89233d4f4f8518e15170db4afa P c154792251c44d6697b6b0621db1551b [term 0 FOLLOWER]: Consensus starting up: Expiring failure detector timer to make a prompt election more likely
I20260709 14:49:08.825678  7618 raft_consensus.cc:740] T 8f5c9d89233d4f4f8518e15170db4afa P c154792251c44d6697b6b0621db1551b [term 0 FOLLOWER]: Becoming Follower/Learner. State: Replica: c154792251c44d6697b6b0621db1551b, State: Initialized, Role: FOLLOWER
I20260709 14:49:08.826454  7618 consensus_queue.cc:260] T 8f5c9d89233d4f4f8518e15170db4afa P c154792251c44d6697b6b0621db1551b [NON_LEADER]: Queue going to NON_LEADER mode. State: All replicated index: 0, Majority replicated index: 0, Committed index: 0, Last appended: 0.0, Last appended by leader: 0, Current term: 0, Majority size: -1, State: 0, Mode: NON_LEADER, active raft config: opid_index: -1 OBSOLETE_local: false peers { permanent_uuid: "c154792251c44d6697b6b0621db1551b" member_type: VOTER last_known_addr { host: "127.6.40.1" port: 46515 } } peers { permanent_uuid: "c4844c0a30a447f4b7b51c1f496a186e" member_type: VOTER last_known_addr { host: "127.6.40.2" port: 38537 } } peers { permanent_uuid: "871515586911462da04397b164f37d28" member_type: VOTER last_known_addr { host: "127.6.40.3" port: 38133 } }
I20260709 14:49:08.829991  7618 ts_tablet_manager.cc:1434] T 8f5c9d89233d4f4f8518e15170db4afa P c154792251c44d6697b6b0621db1551b: Time spent starting tablet: real 0.016s	user 0.003s	sys 0.002s
I20260709 14:49:08.830998  7618 tablet_bootstrap.cc:492] T 1dcaf5cff7a04c3990cbccd90d6b93cb P c154792251c44d6697b6b0621db1551b: Bootstrap starting.
I20260709 14:49:08.835611  7751 raft_consensus.cc:2804] T 41b16a5c35054d858c4dda1ef95ebbd8 P 871515586911462da04397b164f37d28 [term 1 FOLLOWER]: Leader election won for term 1
I20260709 14:49:08.841462  7751 raft_consensus.cc:697] T 41b16a5c35054d858c4dda1ef95ebbd8 P 871515586911462da04397b164f37d28 [term 1 LEADER]: Becoming Leader. State: Replica: 871515586911462da04397b164f37d28, State: Running, Role: LEADER
I20260709 14:49:08.854916  7623 tablet_bootstrap.cc:492] T 1dcaf5cff7a04c3990cbccd90d6b93cb P 871515586911462da04397b164f37d28: No bootstrap required, opened a new log
I20260709 14:49:08.851859  7751 consensus_queue.cc:237] T 41b16a5c35054d858c4dda1ef95ebbd8 P 871515586911462da04397b164f37d28 [LEADER]: Queue going to LEADER mode. State: All replicated index: 0, Majority replicated index: 0, Committed index: 0, Last appended: 0.0, Last appended by leader: 0, Current term: 1, Majority size: 2, State: 0, Mode: LEADER, active raft config: opid_index: -1 OBSOLETE_local: false peers { permanent_uuid: "c154792251c44d6697b6b0621db1551b" member_type: VOTER last_known_addr { host: "127.6.40.1" port: 46515 } } peers { permanent_uuid: "c4844c0a30a447f4b7b51c1f496a186e" member_type: VOTER last_known_addr { host: "127.6.40.2" port: 38537 } } peers { permanent_uuid: "871515586911462da04397b164f37d28" member_type: VOTER last_known_addr { host: "127.6.40.3" port: 38133 } }
I20260709 14:49:08.855515  7623 ts_tablet_manager.cc:1403] T 1dcaf5cff7a04c3990cbccd90d6b93cb P 871515586911462da04397b164f37d28: Time spent bootstrapping tablet: real 0.066s	user 0.020s	sys 0.013s
I20260709 14:49:08.858264  7623 raft_consensus.cc:359] T 1dcaf5cff7a04c3990cbccd90d6b93cb P 871515586911462da04397b164f37d28 [term 0 FOLLOWER]: Replica starting. Triggering 0 pending ops. Active config: opid_index: -1 OBSOLETE_local: false peers { permanent_uuid: "c154792251c44d6697b6b0621db1551b" member_type: VOTER last_known_addr { host: "127.6.40.1" port: 46515 } } peers { permanent_uuid: "c4844c0a30a447f4b7b51c1f496a186e" member_type: VOTER last_known_addr { host: "127.6.40.2" port: 38537 } } peers { permanent_uuid: "871515586911462da04397b164f37d28" member_type: VOTER last_known_addr { host: "127.6.40.3" port: 38133 } }
I20260709 14:49:08.858947  7623 raft_consensus.cc:385] T 1dcaf5cff7a04c3990cbccd90d6b93cb P 871515586911462da04397b164f37d28 [term 0 FOLLOWER]: Consensus starting up: Expiring failure detector timer to make a prompt election more likely
I20260709 14:49:08.859198  7623 raft_consensus.cc:740] T 1dcaf5cff7a04c3990cbccd90d6b93cb P 871515586911462da04397b164f37d28 [term 0 FOLLOWER]: Becoming Follower/Learner. State: Replica: 871515586911462da04397b164f37d28, State: Initialized, Role: FOLLOWER
I20260709 14:49:08.860015  7623 consensus_queue.cc:260] T 1dcaf5cff7a04c3990cbccd90d6b93cb P 871515586911462da04397b164f37d28 [NON_LEADER]: Queue going to NON_LEADER mode. State: All replicated index: 0, Majority replicated index: 0, Committed index: 0, Last appended: 0.0, Last appended by leader: 0, Current term: 0, Majority size: -1, State: 0, Mode: NON_LEADER, active raft config: opid_index: -1 OBSOLETE_local: false peers { permanent_uuid: "c154792251c44d6697b6b0621db1551b" member_type: VOTER last_known_addr { host: "127.6.40.1" port: 46515 } } peers { permanent_uuid: "c4844c0a30a447f4b7b51c1f496a186e" member_type: VOTER last_known_addr { host: "127.6.40.2" port: 38537 } } peers { permanent_uuid: "871515586911462da04397b164f37d28" member_type: VOTER last_known_addr { host: "127.6.40.3" port: 38133 } }
I20260709 14:49:08.867827  7623 ts_tablet_manager.cc:1434] T 1dcaf5cff7a04c3990cbccd90d6b93cb P 871515586911462da04397b164f37d28: Time spent starting tablet: real 0.012s	user 0.006s	sys 0.000s
I20260709 14:49:08.868840  7623 tablet_bootstrap.cc:492] T bca38a7a88b244519050457b9fb9f828 P 871515586911462da04397b164f37d28: Bootstrap starting.
I20260709 14:49:08.881086  7751 raft_consensus.cc:493] T 43d2a06e38634299a3c8cb12e8ea4f13 P 871515586911462da04397b164f37d28 [term 0 FOLLOWER]: Starting pre-election (no leader contacted us within the election timeout)
I20260709 14:49:08.882112  7618 tablet_bootstrap.cc:654] T 1dcaf5cff7a04c3990cbccd90d6b93cb P c154792251c44d6697b6b0621db1551b: Neither blocks nor log segments found. Creating new log.
I20260709 14:49:08.881954  7751 raft_consensus.cc:515] T 43d2a06e38634299a3c8cb12e8ea4f13 P 871515586911462da04397b164f37d28 [term 0 FOLLOWER]: Starting pre-election with config: opid_index: -1 OBSOLETE_local: false peers { permanent_uuid: "c154792251c44d6697b6b0621db1551b" member_type: VOTER last_known_addr { host: "127.6.40.1" port: 46515 } } peers { permanent_uuid: "c4844c0a30a447f4b7b51c1f496a186e" member_type: VOTER last_known_addr { host: "127.6.40.2" port: 38537 } } peers { permanent_uuid: "871515586911462da04397b164f37d28" member_type: VOTER last_known_addr { host: "127.6.40.3" port: 38133 } }
I20260709 14:49:08.887893  7425 tablet_service.cc:1917] Received RequestConsensusVote() RPC: tablet_id: "43d2a06e38634299a3c8cb12e8ea4f13" candidate_uuid: "871515586911462da04397b164f37d28" candidate_term: 1 candidate_status { last_received { term: 0 index: 0 } } ignore_live_leader: false dest_uuid: "c154792251c44d6697b6b0621db1551b" is_pre_election: true
I20260709 14:49:08.889730  7616 tablet_bootstrap.cc:492] T 1dcaf5cff7a04c3990cbccd90d6b93cb P c4844c0a30a447f4b7b51c1f496a186e: No bootstrap required, opened a new log
W20260709 14:49:08.889649  7541 leader_election.cc:343] T 43d2a06e38634299a3c8cb12e8ea4f13 P 871515586911462da04397b164f37d28 [CANDIDATE]: Term 1 pre-election: Tablet error from VoteRequest() call to peer c154792251c44d6697b6b0621db1551b (127.6.40.1:46515): Illegal state: must be running to vote when last-logged opid is not known
I20260709 14:49:08.890420  7616 ts_tablet_manager.cc:1403] T 1dcaf5cff7a04c3990cbccd90d6b93cb P c4844c0a30a447f4b7b51c1f496a186e: Time spent bootstrapping tablet: real 0.111s	user 0.008s	sys 0.005s
I20260709 14:49:08.890185  7323 catalog_manager.cc:5697] T 41b16a5c35054d858c4dda1ef95ebbd8 P 871515586911462da04397b164f37d28 reported cstate change: term changed from 0 to 1, leader changed from <none> to 871515586911462da04397b164f37d28 (127.6.40.3). New cstate: current_term: 1 leader_uuid: "871515586911462da04397b164f37d28" committed_config { opid_index: -1 OBSOLETE_local: false peers { permanent_uuid: "c154792251c44d6697b6b0621db1551b" member_type: VOTER last_known_addr { host: "127.6.40.1" port: 46515 } health_report { overall_health: UNKNOWN } } peers { permanent_uuid: "c4844c0a30a447f4b7b51c1f496a186e" member_type: VOTER last_known_addr { host: "127.6.40.2" port: 38537 } health_report { overall_health: UNKNOWN } } peers { permanent_uuid: "871515586911462da04397b164f37d28" member_type: VOTER last_known_addr { host: "127.6.40.3" port: 38133 } health_report { overall_health: HEALTHY } } }
I20260709 14:49:08.891360  7751 leader_election.cc:290] T 43d2a06e38634299a3c8cb12e8ea4f13 P 871515586911462da04397b164f37d28 [CANDIDATE]: Term 1 pre-election: Requested pre-vote from peers c154792251c44d6697b6b0621db1551b (127.6.40.1:46515), c4844c0a30a447f4b7b51c1f496a186e (127.6.40.2:38537)
I20260709 14:49:08.893775  7503 tablet_service.cc:1917] Received RequestConsensusVote() RPC: tablet_id: "43d2a06e38634299a3c8cb12e8ea4f13" candidate_uuid: "871515586911462da04397b164f37d28" candidate_term: 1 candidate_status { last_received { term: 0 index: 0 } } ignore_live_leader: false dest_uuid: "c4844c0a30a447f4b7b51c1f496a186e" is_pre_election: true
W20260709 14:49:08.896184  7541 leader_election.cc:343] T 43d2a06e38634299a3c8cb12e8ea4f13 P 871515586911462da04397b164f37d28 [CANDIDATE]: Term 1 pre-election: Tablet error from VoteRequest() call to peer c4844c0a30a447f4b7b51c1f496a186e (127.6.40.2:38537): Illegal state: must be running to vote when last-logged opid is not known
I20260709 14:49:08.898221  7623 tablet_bootstrap.cc:654] T bca38a7a88b244519050457b9fb9f828 P 871515586911462da04397b164f37d28: Neither blocks nor log segments found. Creating new log.
I20260709 14:49:08.896869  7541 leader_election.cc:304] T 43d2a06e38634299a3c8cb12e8ea4f13 P 871515586911462da04397b164f37d28 [CANDIDATE]: Term 1 pre-election: Election decided. Result: candidate lost. Election summary: received 3 responses out of 3 voters: 1 yes votes; 2 no votes. yes voters: 871515586911462da04397b164f37d28; no voters: c154792251c44d6697b6b0621db1551b, c4844c0a30a447f4b7b51c1f496a186e
I20260709 14:49:08.900924  7726 raft_consensus.cc:2749] T 43d2a06e38634299a3c8cb12e8ea4f13 P 871515586911462da04397b164f37d28 [term 0 FOLLOWER]: Leader pre-election lost for term 1. Reason: could not achieve majority
I20260709 14:49:08.904091  7660 raft_consensus.cc:493] T 918b6f8cbe36410d96b03f0c95552a3a P c154792251c44d6697b6b0621db1551b [term 0 FOLLOWER]: Starting pre-election (no leader contacted us within the election timeout)
I20260709 14:49:08.904685  7660 raft_consensus.cc:515] T 918b6f8cbe36410d96b03f0c95552a3a P c154792251c44d6697b6b0621db1551b [term 0 FOLLOWER]: Starting pre-election with config: opid_index: -1 OBSOLETE_local: false peers { permanent_uuid: "c154792251c44d6697b6b0621db1551b" member_type: VOTER last_known_addr { host: "127.6.40.1" port: 46515 } } peers { permanent_uuid: "c4844c0a30a447f4b7b51c1f496a186e" member_type: VOTER last_known_addr { host: "127.6.40.2" port: 38537 } } peers { permanent_uuid: "871515586911462da04397b164f37d28" member_type: VOTER last_known_addr { host: "127.6.40.3" port: 38133 } }
I20260709 14:49:08.906527  7751 consensus_queue.cc:1048] T bb48b1948aa54b899f6358c2a0cf2d22 P 871515586911462da04397b164f37d28 [LEADER]: Connected to new peer: Peer: permanent_uuid: "c154792251c44d6697b6b0621db1551b" member_type: VOTER last_known_addr { host: "127.6.40.1" port: 46515 }, Status: LMP_MISMATCH, Last received: 0.0, Next index: 1, Last known committed idx: 0, Time since last communication: 0.000s
I20260709 14:49:08.906865  7660 leader_election.cc:290] T 918b6f8cbe36410d96b03f0c95552a3a P c154792251c44d6697b6b0621db1551b [CANDIDATE]: Term 1 pre-election: Requested pre-vote from peers c4844c0a30a447f4b7b51c1f496a186e (127.6.40.2:38537), 871515586911462da04397b164f37d28 (127.6.40.3:38133)
I20260709 14:49:08.906109  7616 raft_consensus.cc:359] T 1dcaf5cff7a04c3990cbccd90d6b93cb P c4844c0a30a447f4b7b51c1f496a186e [term 0 FOLLOWER]: Replica starting. Triggering 0 pending ops. Active config: opid_index: -1 OBSOLETE_local: false peers { permanent_uuid: "c154792251c44d6697b6b0621db1551b" member_type: VOTER last_known_addr { host: "127.6.40.1" port: 46515 } } peers { permanent_uuid: "c4844c0a30a447f4b7b51c1f496a186e" member_type: VOTER last_known_addr { host: "127.6.40.2" port: 38537 } } peers { permanent_uuid: "871515586911462da04397b164f37d28" member_type: VOTER last_known_addr { host: "127.6.40.3" port: 38133 } }
I20260709 14:49:08.908393  7616 raft_consensus.cc:385] T 1dcaf5cff7a04c3990cbccd90d6b93cb P c4844c0a30a447f4b7b51c1f496a186e [term 0 FOLLOWER]: Consensus starting up: Expiring failure detector timer to make a prompt election more likely
I20260709 14:49:08.908666  7616 raft_consensus.cc:740] T 1dcaf5cff7a04c3990cbccd90d6b93cb P c4844c0a30a447f4b7b51c1f496a186e [term 0 FOLLOWER]: Becoming Follower/Learner. State: Replica: c4844c0a30a447f4b7b51c1f496a186e, State: Initialized, Role: FOLLOWER
I20260709 14:49:08.908753  7577 tablet_service.cc:1917] Received RequestConsensusVote() RPC: tablet_id: "918b6f8cbe36410d96b03f0c95552a3a" candidate_uuid: "c154792251c44d6697b6b0621db1551b" candidate_term: 1 candidate_status { last_received { term: 0 index: 0 } } ignore_live_leader: false dest_uuid: "871515586911462da04397b164f37d28" is_pre_election: true
I20260709 14:49:08.909557  7577 raft_consensus.cc:2393] T 918b6f8cbe36410d96b03f0c95552a3a P 871515586911462da04397b164f37d28 [term 1 FOLLOWER]: Leader pre-election vote request: Denying vote to candidate c154792251c44d6697b6b0621db1551b in current term 1: Already voted for candidate c4844c0a30a447f4b7b51c1f496a186e in this term.
I20260709 14:49:08.909474  7616 consensus_queue.cc:260] T 1dcaf5cff7a04c3990cbccd90d6b93cb P c4844c0a30a447f4b7b51c1f496a186e [NON_LEADER]: Queue going to NON_LEADER mode. State: All replicated index: 0, Majority replicated index: 0, Committed index: 0, Last appended: 0.0, Last appended by leader: 0, Current term: 0, Majority size: -1, State: 0, Mode: NON_LEADER, active raft config: opid_index: -1 OBSOLETE_local: false peers { permanent_uuid: "c154792251c44d6697b6b0621db1551b" member_type: VOTER last_known_addr { host: "127.6.40.1" port: 46515 } } peers { permanent_uuid: "c4844c0a30a447f4b7b51c1f496a186e" member_type: VOTER last_known_addr { host: "127.6.40.2" port: 38537 } } peers { permanent_uuid: "871515586911462da04397b164f37d28" member_type: VOTER last_known_addr { host: "127.6.40.3" port: 38133 } }
I20260709 14:49:08.911119  7503 tablet_service.cc:1917] Received RequestConsensusVote() RPC: tablet_id: "918b6f8cbe36410d96b03f0c95552a3a" candidate_uuid: "c154792251c44d6697b6b0621db1551b" candidate_term: 1 candidate_status { last_received { term: 0 index: 0 } } ignore_live_leader: false dest_uuid: "c4844c0a30a447f4b7b51c1f496a186e" is_pre_election: true
I20260709 14:49:08.913019  7618 tablet_bootstrap.cc:492] T 1dcaf5cff7a04c3990cbccd90d6b93cb P c154792251c44d6697b6b0621db1551b: No bootstrap required, opened a new log
I20260709 14:49:08.912914  7392 leader_election.cc:304] T 918b6f8cbe36410d96b03f0c95552a3a P c154792251c44d6697b6b0621db1551b [CANDIDATE]: Term 1 pre-election: Election decided. Result: candidate lost. Election summary: received 3 responses out of 3 voters: 1 yes votes; 2 no votes. yes voters: c154792251c44d6697b6b0621db1551b; no voters: 871515586911462da04397b164f37d28, c4844c0a30a447f4b7b51c1f496a186e
I20260709 14:49:08.913465  7618 ts_tablet_manager.cc:1403] T 1dcaf5cff7a04c3990cbccd90d6b93cb P c154792251c44d6697b6b0621db1551b: Time spent bootstrapping tablet: real 0.083s	user 0.008s	sys 0.021s
I20260709 14:49:08.916185  7618 raft_consensus.cc:359] T 1dcaf5cff7a04c3990cbccd90d6b93cb P c154792251c44d6697b6b0621db1551b [term 0 FOLLOWER]: Replica starting. Triggering 0 pending ops. Active config: opid_index: -1 OBSOLETE_local: false peers { permanent_uuid: "c154792251c44d6697b6b0621db1551b" member_type: VOTER last_known_addr { host: "127.6.40.1" port: 46515 } } peers { permanent_uuid: "c4844c0a30a447f4b7b51c1f496a186e" member_type: VOTER last_known_addr { host: "127.6.40.2" port: 38537 } } peers { permanent_uuid: "871515586911462da04397b164f37d28" member_type: VOTER last_known_addr { host: "127.6.40.3" port: 38133 } }
I20260709 14:49:08.916880  7618 raft_consensus.cc:385] T 1dcaf5cff7a04c3990cbccd90d6b93cb P c154792251c44d6697b6b0621db1551b [term 0 FOLLOWER]: Consensus starting up: Expiring failure detector timer to make a prompt election more likely
I20260709 14:49:08.917133  7618 raft_consensus.cc:740] T 1dcaf5cff7a04c3990cbccd90d6b93cb P c154792251c44d6697b6b0621db1551b [term 0 FOLLOWER]: Becoming Follower/Learner. State: Replica: c154792251c44d6697b6b0621db1551b, State: Initialized, Role: FOLLOWER
I20260709 14:49:08.917769  7618 consensus_queue.cc:260] T 1dcaf5cff7a04c3990cbccd90d6b93cb P c154792251c44d6697b6b0621db1551b [NON_LEADER]: Queue going to NON_LEADER mode. State: All replicated index: 0, Majority replicated index: 0, Committed index: 0, Last appended: 0.0, Last appended by leader: 0, Current term: 0, Majority size: -1, State: 0, Mode: NON_LEADER, active raft config: opid_index: -1 OBSOLETE_local: false peers { permanent_uuid: "c154792251c44d6697b6b0621db1551b" member_type: VOTER last_known_addr { host: "127.6.40.1" port: 46515 } } peers { permanent_uuid: "c4844c0a30a447f4b7b51c1f496a186e" member_type: VOTER last_known_addr { host: "127.6.40.2" port: 38537 } } peers { permanent_uuid: "871515586911462da04397b164f37d28" member_type: VOTER last_known_addr { host: "127.6.40.3" port: 38133 } }
I20260709 14:49:08.924283  7620 raft_consensus.cc:3060] T 918b6f8cbe36410d96b03f0c95552a3a P c154792251c44d6697b6b0621db1551b [term 0 FOLLOWER]: Advancing to term 1
I20260709 14:49:08.924501  7623 tablet_bootstrap.cc:492] T bca38a7a88b244519050457b9fb9f828 P 871515586911462da04397b164f37d28: No bootstrap required, opened a new log
I20260709 14:49:08.925046  7623 ts_tablet_manager.cc:1403] T bca38a7a88b244519050457b9fb9f828 P 871515586911462da04397b164f37d28: Time spent bootstrapping tablet: real 0.056s	user 0.008s	sys 0.006s
I20260709 14:49:08.925964  7618 ts_tablet_manager.cc:1434] T 1dcaf5cff7a04c3990cbccd90d6b93cb P c154792251c44d6697b6b0621db1551b: Time spent starting tablet: real 0.012s	user 0.007s	sys 0.000s
I20260709 14:49:08.927013  7618 tablet_bootstrap.cc:492] T 43d2a06e38634299a3c8cb12e8ea4f13 P c154792251c44d6697b6b0621db1551b: Bootstrap starting.
I20260709 14:49:08.929665  7751 consensus_queue.cc:1048] T bb48b1948aa54b899f6358c2a0cf2d22 P 871515586911462da04397b164f37d28 [LEADER]: Connected to new peer: Peer: permanent_uuid: "c4844c0a30a447f4b7b51c1f496a186e" member_type: VOTER last_known_addr { host: "127.6.40.2" port: 38537 }, Status: LMP_MISMATCH, Last received: 0.0, Next index: 1, Last known committed idx: 0, Time since last communication: 0.001s
I20260709 14:49:08.929765  7623 raft_consensus.cc:359] T bca38a7a88b244519050457b9fb9f828 P 871515586911462da04397b164f37d28 [term 0 FOLLOWER]: Replica starting. Triggering 0 pending ops. Active config: opid_index: -1 OBSOLETE_local: false peers { permanent_uuid: "c154792251c44d6697b6b0621db1551b" member_type: VOTER last_known_addr { host: "127.6.40.1" port: 46515 } } peers { permanent_uuid: "c4844c0a30a447f4b7b51c1f496a186e" member_type: VOTER last_known_addr { host: "127.6.40.2" port: 38537 } } peers { permanent_uuid: "871515586911462da04397b164f37d28" member_type: VOTER last_known_addr { host: "127.6.40.3" port: 38133 } }
I20260709 14:49:08.930871  7623 raft_consensus.cc:385] T bca38a7a88b244519050457b9fb9f828 P 871515586911462da04397b164f37d28 [term 0 FOLLOWER]: Consensus starting up: Expiring failure detector timer to make a prompt election more likely
I20260709 14:49:08.931191  7623 raft_consensus.cc:740] T bca38a7a88b244519050457b9fb9f828 P 871515586911462da04397b164f37d28 [term 0 FOLLOWER]: Becoming Follower/Learner. State: Replica: 871515586911462da04397b164f37d28, State: Initialized, Role: FOLLOWER
I20260709 14:49:08.931898  7623 consensus_queue.cc:260] T bca38a7a88b244519050457b9fb9f828 P 871515586911462da04397b164f37d28 [NON_LEADER]: Queue going to NON_LEADER mode. State: All replicated index: 0, Majority replicated index: 0, Committed index: 0, Last appended: 0.0, Last appended by leader: 0, Current term: 0, Majority size: -1, State: 0, Mode: NON_LEADER, active raft config: opid_index: -1 OBSOLETE_local: false peers { permanent_uuid: "c154792251c44d6697b6b0621db1551b" member_type: VOTER last_known_addr { host: "127.6.40.1" port: 46515 } } peers { permanent_uuid: "c4844c0a30a447f4b7b51c1f496a186e" member_type: VOTER last_known_addr { host: "127.6.40.2" port: 38537 } } peers { permanent_uuid: "871515586911462da04397b164f37d28" member_type: VOTER last_known_addr { host: "127.6.40.3" port: 38133 } }
I20260709 14:49:08.933997  7618 tablet_bootstrap.cc:654] T 43d2a06e38634299a3c8cb12e8ea4f13 P c154792251c44d6697b6b0621db1551b: Neither blocks nor log segments found. Creating new log.
I20260709 14:49:08.936101  7620 raft_consensus.cc:2749] T 918b6f8cbe36410d96b03f0c95552a3a P c154792251c44d6697b6b0621db1551b [term 1 FOLLOWER]: Leader pre-election lost for term 1. Reason: could not achieve majority
I20260709 14:49:08.937966  7623 ts_tablet_manager.cc:1434] T bca38a7a88b244519050457b9fb9f828 P 871515586911462da04397b164f37d28: Time spent starting tablet: real 0.013s	user 0.003s	sys 0.004s
I20260709 14:49:08.939301  7623 tablet_bootstrap.cc:492] T d4b4aed460fd42fdb72e25a0a33dd35c P 871515586911462da04397b164f37d28: Bootstrap starting.
I20260709 14:49:08.947909  7623 tablet_bootstrap.cc:654] T d4b4aed460fd42fdb72e25a0a33dd35c P 871515586911462da04397b164f37d28: Neither blocks nor log segments found. Creating new log.
I20260709 14:49:08.924762  7616 ts_tablet_manager.cc:1434] T 1dcaf5cff7a04c3990cbccd90d6b93cb P c4844c0a30a447f4b7b51c1f496a186e: Time spent starting tablet: real 0.034s	user 0.006s	sys 0.002s
I20260709 14:49:08.957715  7616 tablet_bootstrap.cc:492] T c0d7a88c93b347c58937ed3d20d657ed P c4844c0a30a447f4b7b51c1f496a186e: Bootstrap starting.
I20260709 14:49:08.961045  7623 tablet_bootstrap.cc:492] T d4b4aed460fd42fdb72e25a0a33dd35c P 871515586911462da04397b164f37d28: No bootstrap required, opened a new log
I20260709 14:49:08.962049  7623 ts_tablet_manager.cc:1403] T d4b4aed460fd42fdb72e25a0a33dd35c P 871515586911462da04397b164f37d28: Time spent bootstrapping tablet: real 0.023s	user 0.017s	sys 0.003s
I20260709 14:49:08.965713  7623 raft_consensus.cc:359] T d4b4aed460fd42fdb72e25a0a33dd35c P 871515586911462da04397b164f37d28 [term 0 FOLLOWER]: Replica starting. Triggering 0 pending ops. Active config: opid_index: -1 OBSOLETE_local: false peers { permanent_uuid: "c154792251c44d6697b6b0621db1551b" member_type: VOTER last_known_addr { host: "127.6.40.1" port: 46515 } } peers { permanent_uuid: "c4844c0a30a447f4b7b51c1f496a186e" member_type: VOTER last_known_addr { host: "127.6.40.2" port: 38537 } } peers { permanent_uuid: "871515586911462da04397b164f37d28" member_type: VOTER last_known_addr { host: "127.6.40.3" port: 38133 } }
I20260709 14:49:08.966609  7623 raft_consensus.cc:385] T d4b4aed460fd42fdb72e25a0a33dd35c P 871515586911462da04397b164f37d28 [term 0 FOLLOWER]: Consensus starting up: Expiring failure detector timer to make a prompt election more likely
I20260709 14:49:08.966833  7616 tablet_bootstrap.cc:654] T c0d7a88c93b347c58937ed3d20d657ed P c4844c0a30a447f4b7b51c1f496a186e: Neither blocks nor log segments found. Creating new log.
I20260709 14:49:08.966965  7623 raft_consensus.cc:740] T d4b4aed460fd42fdb72e25a0a33dd35c P 871515586911462da04397b164f37d28 [term 0 FOLLOWER]: Becoming Follower/Learner. State: Replica: 871515586911462da04397b164f37d28, State: Initialized, Role: FOLLOWER
I20260709 14:49:08.968748  7623 consensus_queue.cc:260] T d4b4aed460fd42fdb72e25a0a33dd35c P 871515586911462da04397b164f37d28 [NON_LEADER]: Queue going to NON_LEADER mode. State: All replicated index: 0, Majority replicated index: 0, Committed index: 0, Last appended: 0.0, Last appended by leader: 0, Current term: 0, Majority size: -1, State: 0, Mode: NON_LEADER, active raft config: opid_index: -1 OBSOLETE_local: false peers { permanent_uuid: "c154792251c44d6697b6b0621db1551b" member_type: VOTER last_known_addr { host: "127.6.40.1" port: 46515 } } peers { permanent_uuid: "c4844c0a30a447f4b7b51c1f496a186e" member_type: VOTER last_known_addr { host: "127.6.40.2" port: 38537 } } peers { permanent_uuid: "871515586911462da04397b164f37d28" member_type: VOTER last_known_addr { host: "127.6.40.3" port: 38133 } }
I20260709 14:49:08.971338  7623 ts_tablet_manager.cc:1434] T d4b4aed460fd42fdb72e25a0a33dd35c P 871515586911462da04397b164f37d28: Time spent starting tablet: real 0.009s	user 0.007s	sys 0.001s
I20260709 14:49:08.973192  7618 tablet_bootstrap.cc:492] T 43d2a06e38634299a3c8cb12e8ea4f13 P c154792251c44d6697b6b0621db1551b: No bootstrap required, opened a new log
I20260709 14:49:08.976311  7618 ts_tablet_manager.cc:1403] T 43d2a06e38634299a3c8cb12e8ea4f13 P c154792251c44d6697b6b0621db1551b: Time spent bootstrapping tablet: real 0.050s	user 0.019s	sys 0.024s
I20260709 14:49:08.978976  7618 raft_consensus.cc:359] T 43d2a06e38634299a3c8cb12e8ea4f13 P c154792251c44d6697b6b0621db1551b [term 0 FOLLOWER]: Replica starting. Triggering 0 pending ops. Active config: opid_index: -1 OBSOLETE_local: false peers { permanent_uuid: "c154792251c44d6697b6b0621db1551b" member_type: VOTER last_known_addr { host: "127.6.40.1" port: 46515 } } peers { permanent_uuid: "c4844c0a30a447f4b7b51c1f496a186e" member_type: VOTER last_known_addr { host: "127.6.40.2" port: 38537 } } peers { permanent_uuid: "871515586911462da04397b164f37d28" member_type: VOTER last_known_addr { host: "127.6.40.3" port: 38133 } }
I20260709 14:49:08.979696  7618 raft_consensus.cc:385] T 43d2a06e38634299a3c8cb12e8ea4f13 P c154792251c44d6697b6b0621db1551b [term 0 FOLLOWER]: Consensus starting up: Expiring failure detector timer to make a prompt election more likely
I20260709 14:49:08.979976  7618 raft_consensus.cc:740] T 43d2a06e38634299a3c8cb12e8ea4f13 P c154792251c44d6697b6b0621db1551b [term 0 FOLLOWER]: Becoming Follower/Learner. State: Replica: c154792251c44d6697b6b0621db1551b, State: Initialized, Role: FOLLOWER
I20260709 14:49:08.974148  7616 tablet_bootstrap.cc:492] T c0d7a88c93b347c58937ed3d20d657ed P c4844c0a30a447f4b7b51c1f496a186e: No bootstrap required, opened a new log
I20260709 14:49:08.974380  7623 tablet_bootstrap.cc:492] T 2dd3d7a382874214bad44fb5ae6d3662 P 871515586911462da04397b164f37d28: Bootstrap starting.
I20260709 14:49:08.980612  7618 consensus_queue.cc:260] T 43d2a06e38634299a3c8cb12e8ea4f13 P c154792251c44d6697b6b0621db1551b [NON_LEADER]: Queue going to NON_LEADER mode. State: All replicated index: 0, Majority replicated index: 0, Committed index: 0, Last appended: 0.0, Last appended by leader: 0, Current term: 0, Majority size: -1, State: 0, Mode: NON_LEADER, active raft config: opid_index: -1 OBSOLETE_local: false peers { permanent_uuid: "c154792251c44d6697b6b0621db1551b" member_type: VOTER last_known_addr { host: "127.6.40.1" port: 46515 } } peers { permanent_uuid: "c4844c0a30a447f4b7b51c1f496a186e" member_type: VOTER last_known_addr { host: "127.6.40.2" port: 38537 } } peers { permanent_uuid: "871515586911462da04397b164f37d28" member_type: VOTER last_known_addr { host: "127.6.40.3" port: 38133 } }
I20260709 14:49:08.982776  7618 ts_tablet_manager.cc:1434] T 43d2a06e38634299a3c8cb12e8ea4f13 P c154792251c44d6697b6b0621db1551b: Time spent starting tablet: real 0.006s	user 0.003s	sys 0.000s
I20260709 14:49:08.983861  7618 tablet_bootstrap.cc:492] T d4b4aed460fd42fdb72e25a0a33dd35c P c154792251c44d6697b6b0621db1551b: Bootstrap starting.
I20260709 14:49:08.986832  7623 tablet_bootstrap.cc:654] T 2dd3d7a382874214bad44fb5ae6d3662 P 871515586911462da04397b164f37d28: Neither blocks nor log segments found. Creating new log.
I20260709 14:49:08.986909  7660 raft_consensus.cc:493] T c0d7a88c93b347c58937ed3d20d657ed P c154792251c44d6697b6b0621db1551b [term 0 FOLLOWER]: Starting pre-election (no leader contacted us within the election timeout)
I20260709 14:49:08.987650  7660 raft_consensus.cc:515] T c0d7a88c93b347c58937ed3d20d657ed P c154792251c44d6697b6b0621db1551b [term 0 FOLLOWER]: Starting pre-election with config: opid_index: -1 OBSOLETE_local: false peers { permanent_uuid: "c154792251c44d6697b6b0621db1551b" member_type: VOTER last_known_addr { host: "127.6.40.1" port: 46515 } } peers { permanent_uuid: "c4844c0a30a447f4b7b51c1f496a186e" member_type: VOTER last_known_addr { host: "127.6.40.2" port: 38537 } } peers { permanent_uuid: "871515586911462da04397b164f37d28" member_type: VOTER last_known_addr { host: "127.6.40.3" port: 38133 } }
I20260709 14:49:08.989930  7618 tablet_bootstrap.cc:654] T d4b4aed460fd42fdb72e25a0a33dd35c P c154792251c44d6697b6b0621db1551b: Neither blocks nor log segments found. Creating new log.
I20260709 14:49:08.990197  7616 ts_tablet_manager.cc:1403] T c0d7a88c93b347c58937ed3d20d657ed P c4844c0a30a447f4b7b51c1f496a186e: Time spent bootstrapping tablet: real 0.033s	user 0.010s	sys 0.001s
I20260709 14:49:08.993252  7616 raft_consensus.cc:359] T c0d7a88c93b347c58937ed3d20d657ed P c4844c0a30a447f4b7b51c1f496a186e [term 0 FOLLOWER]: Replica starting. Triggering 0 pending ops. Active config: opid_index: -1 OBSOLETE_local: false peers { permanent_uuid: "c154792251c44d6697b6b0621db1551b" member_type: VOTER last_known_addr { host: "127.6.40.1" port: 46515 } } peers { permanent_uuid: "c4844c0a30a447f4b7b51c1f496a186e" member_type: VOTER last_known_addr { host: "127.6.40.2" port: 38537 } } peers { permanent_uuid: "871515586911462da04397b164f37d28" member_type: VOTER last_known_addr { host: "127.6.40.3" port: 38133 } }
I20260709 14:49:08.994277  7616 raft_consensus.cc:385] T c0d7a88c93b347c58937ed3d20d657ed P c4844c0a30a447f4b7b51c1f496a186e [term 0 FOLLOWER]: Consensus starting up: Expiring failure detector timer to make a prompt election more likely
I20260709 14:49:08.994655  7616 raft_consensus.cc:740] T c0d7a88c93b347c58937ed3d20d657ed P c4844c0a30a447f4b7b51c1f496a186e [term 0 FOLLOWER]: Becoming Follower/Learner. State: Replica: c4844c0a30a447f4b7b51c1f496a186e, State: Initialized, Role: FOLLOWER
I20260709 14:49:08.995752  7577 tablet_service.cc:1917] Received RequestConsensusVote() RPC: tablet_id: "c0d7a88c93b347c58937ed3d20d657ed" candidate_uuid: "c154792251c44d6697b6b0621db1551b" candidate_term: 1 candidate_status { last_received { term: 0 index: 0 } } ignore_live_leader: false dest_uuid: "871515586911462da04397b164f37d28" is_pre_election: true
I20260709 14:49:08.995570  7616 consensus_queue.cc:260] T c0d7a88c93b347c58937ed3d20d657ed P c4844c0a30a447f4b7b51c1f496a186e [NON_LEADER]: Queue going to NON_LEADER mode. State: All replicated index: 0, Majority replicated index: 0, Committed index: 0, Last appended: 0.0, Last appended by leader: 0, Current term: 0, Majority size: -1, State: 0, Mode: NON_LEADER, active raft config: opid_index: -1 OBSOLETE_local: false peers { permanent_uuid: "c154792251c44d6697b6b0621db1551b" member_type: VOTER last_known_addr { host: "127.6.40.1" port: 46515 } } peers { permanent_uuid: "c4844c0a30a447f4b7b51c1f496a186e" member_type: VOTER last_known_addr { host: "127.6.40.2" port: 38537 } } peers { permanent_uuid: "871515586911462da04397b164f37d28" member_type: VOTER last_known_addr { host: "127.6.40.3" port: 38133 } }
I20260709 14:49:08.996428  7577 raft_consensus.cc:2468] T c0d7a88c93b347c58937ed3d20d657ed P 871515586911462da04397b164f37d28 [term 0 FOLLOWER]: Leader pre-election vote request: Granting yes vote for candidate c154792251c44d6697b6b0621db1551b in term 0.
I20260709 14:49:08.997906  7616 ts_tablet_manager.cc:1434] T c0d7a88c93b347c58937ed3d20d657ed P c4844c0a30a447f4b7b51c1f496a186e: Time spent starting tablet: real 0.007s	user 0.007s	sys 0.000s
I20260709 14:49:08.998520  7623 tablet_bootstrap.cc:492] T 2dd3d7a382874214bad44fb5ae6d3662 P 871515586911462da04397b164f37d28: No bootstrap required, opened a new log
I20260709 14:49:08.998792  7499 tablet_service.cc:1917] Received RequestConsensusVote() RPC: tablet_id: "c0d7a88c93b347c58937ed3d20d657ed" candidate_uuid: "c154792251c44d6697b6b0621db1551b" candidate_term: 1 candidate_status { last_received { term: 0 index: 0 } } ignore_live_leader: false dest_uuid: "c4844c0a30a447f4b7b51c1f496a186e" is_pre_election: true
I20260709 14:49:08.999289  7392 leader_election.cc:304] T c0d7a88c93b347c58937ed3d20d657ed P c154792251c44d6697b6b0621db1551b [CANDIDATE]: Term 1 pre-election: Election decided. Result: candidate won. Election summary: received 2 responses out of 3 voters: 2 yes votes; 0 no votes. yes voters: 871515586911462da04397b164f37d28, c154792251c44d6697b6b0621db1551b; no voters: 
I20260709 14:49:08.999498  7499 raft_consensus.cc:2468] T c0d7a88c93b347c58937ed3d20d657ed P c4844c0a30a447f4b7b51c1f496a186e [term 0 FOLLOWER]: Leader pre-election vote request: Granting yes vote for candidate c154792251c44d6697b6b0621db1551b in term 0.
I20260709 14:49:08.999010  7623 ts_tablet_manager.cc:1403] T 2dd3d7a382874214bad44fb5ae6d3662 P 871515586911462da04397b164f37d28: Time spent bootstrapping tablet: real 0.025s	user 0.010s	sys 0.000s
I20260709 14:49:09.000164  7620 raft_consensus.cc:2804] T c0d7a88c93b347c58937ed3d20d657ed P c154792251c44d6697b6b0621db1551b [term 0 FOLLOWER]: Leader pre-election won for term 1
I20260709 14:49:09.000689  7620 raft_consensus.cc:493] T c0d7a88c93b347c58937ed3d20d657ed P c154792251c44d6697b6b0621db1551b [term 0 FOLLOWER]: Starting leader election (no leader contacted us within the election timeout)
I20260709 14:49:09.001082  7620 raft_consensus.cc:3060] T c0d7a88c93b347c58937ed3d20d657ed P c154792251c44d6697b6b0621db1551b [term 0 FOLLOWER]: Advancing to term 1
I20260709 14:49:09.002460  7616 tablet_bootstrap.cc:492] T 61b5b75b404f4d5c88eeeec99e6ff3dd P c4844c0a30a447f4b7b51c1f496a186e: Bootstrap starting.
I20260709 14:49:09.011487  7623 raft_consensus.cc:359] T 2dd3d7a382874214bad44fb5ae6d3662 P 871515586911462da04397b164f37d28 [term 0 FOLLOWER]: Replica starting. Triggering 0 pending ops. Active config: opid_index: -1 OBSOLETE_local: false peers { permanent_uuid: "c154792251c44d6697b6b0621db1551b" member_type: VOTER last_known_addr { host: "127.6.40.1" port: 46515 } } peers { permanent_uuid: "c4844c0a30a447f4b7b51c1f496a186e" member_type: VOTER last_known_addr { host: "127.6.40.2" port: 38537 } } peers { permanent_uuid: "871515586911462da04397b164f37d28" member_type: VOTER last_known_addr { host: "127.6.40.3" port: 38133 } }
I20260709 14:49:09.012046  7618 tablet_bootstrap.cc:492] T d4b4aed460fd42fdb72e25a0a33dd35c P c154792251c44d6697b6b0621db1551b: No bootstrap required, opened a new log
I20260709 14:49:09.012197  7623 raft_consensus.cc:385] T 2dd3d7a382874214bad44fb5ae6d3662 P 871515586911462da04397b164f37d28 [term 0 FOLLOWER]: Consensus starting up: Expiring failure detector timer to make a prompt election more likely
I20260709 14:49:09.012485  7623 raft_consensus.cc:740] T 2dd3d7a382874214bad44fb5ae6d3662 P 871515586911462da04397b164f37d28 [term 0 FOLLOWER]: Becoming Follower/Learner. State: Replica: 871515586911462da04397b164f37d28, State: Initialized, Role: FOLLOWER
I20260709 14:49:09.012542  7618 ts_tablet_manager.cc:1403] T d4b4aed460fd42fdb72e25a0a33dd35c P c154792251c44d6697b6b0621db1551b: Time spent bootstrapping tablet: real 0.029s	user 0.012s	sys 0.001s
I20260709 14:49:09.013265  7623 consensus_queue.cc:260] T 2dd3d7a382874214bad44fb5ae6d3662 P 871515586911462da04397b164f37d28 [NON_LEADER]: Queue going to NON_LEADER mode. State: All replicated index: 0, Majority replicated index: 0, Committed index: 0, Last appended: 0.0, Last appended by leader: 0, Current term: 0, Majority size: -1, State: 0, Mode: NON_LEADER, active raft config: opid_index: -1 OBSOLETE_local: false peers { permanent_uuid: "c154792251c44d6697b6b0621db1551b" member_type: VOTER last_known_addr { host: "127.6.40.1" port: 46515 } } peers { permanent_uuid: "c4844c0a30a447f4b7b51c1f496a186e" member_type: VOTER last_known_addr { host: "127.6.40.2" port: 38537 } } peers { permanent_uuid: "871515586911462da04397b164f37d28" member_type: VOTER last_known_addr { host: "127.6.40.3" port: 38133 } }
I20260709 14:49:08.989888  7660 leader_election.cc:290] T c0d7a88c93b347c58937ed3d20d657ed P c154792251c44d6697b6b0621db1551b [CANDIDATE]: Term 1 pre-election: Requested pre-vote from peers c4844c0a30a447f4b7b51c1f496a186e (127.6.40.2:38537), 871515586911462da04397b164f37d28 (127.6.40.3:38133)
I20260709 14:49:09.016289  7618 raft_consensus.cc:359] T d4b4aed460fd42fdb72e25a0a33dd35c P c154792251c44d6697b6b0621db1551b [term 0 FOLLOWER]: Replica starting. Triggering 0 pending ops. Active config: opid_index: -1 OBSOLETE_local: false peers { permanent_uuid: "c154792251c44d6697b6b0621db1551b" member_type: VOTER last_known_addr { host: "127.6.40.1" port: 46515 } } peers { permanent_uuid: "c4844c0a30a447f4b7b51c1f496a186e" member_type: VOTER last_known_addr { host: "127.6.40.2" port: 38537 } } peers { permanent_uuid: "871515586911462da04397b164f37d28" member_type: VOTER last_known_addr { host: "127.6.40.3" port: 38133 } }
I20260709 14:49:09.016976  7618 raft_consensus.cc:385] T d4b4aed460fd42fdb72e25a0a33dd35c P c154792251c44d6697b6b0621db1551b [term 0 FOLLOWER]: Consensus starting up: Expiring failure detector timer to make a prompt election more likely
I20260709 14:49:09.017254  7618 raft_consensus.cc:740] T d4b4aed460fd42fdb72e25a0a33dd35c P c154792251c44d6697b6b0621db1551b [term 0 FOLLOWER]: Becoming Follower/Learner. State: Replica: c154792251c44d6697b6b0621db1551b, State: Initialized, Role: FOLLOWER
I20260709 14:49:09.018237  7616 tablet_bootstrap.cc:654] T 61b5b75b404f4d5c88eeeec99e6ff3dd P c4844c0a30a447f4b7b51c1f496a186e: Neither blocks nor log segments found. Creating new log.
I20260709 14:49:09.017956  7618 consensus_queue.cc:260] T d4b4aed460fd42fdb72e25a0a33dd35c P c154792251c44d6697b6b0621db1551b [NON_LEADER]: Queue going to NON_LEADER mode. State: All replicated index: 0, Majority replicated index: 0, Committed index: 0, Last appended: 0.0, Last appended by leader: 0, Current term: 0, Majority size: -1, State: 0, Mode: NON_LEADER, active raft config: opid_index: -1 OBSOLETE_local: false peers { permanent_uuid: "c154792251c44d6697b6b0621db1551b" member_type: VOTER last_known_addr { host: "127.6.40.1" port: 46515 } } peers { permanent_uuid: "c4844c0a30a447f4b7b51c1f496a186e" member_type: VOTER last_known_addr { host: "127.6.40.2" port: 38537 } } peers { permanent_uuid: "871515586911462da04397b164f37d28" member_type: VOTER last_known_addr { host: "127.6.40.3" port: 38133 } }
I20260709 14:49:09.020236  7618 ts_tablet_manager.cc:1434] T d4b4aed460fd42fdb72e25a0a33dd35c P c154792251c44d6697b6b0621db1551b: Time spent starting tablet: real 0.007s	user 0.006s	sys 0.000s
I20260709 14:49:09.021227  7618 tablet_bootstrap.cc:492] T 4dc843ae3330495c92b12d54e8395f82 P c154792251c44d6697b6b0621db1551b: Bootstrap starting.
I20260709 14:49:09.022364  7623 ts_tablet_manager.cc:1434] T 2dd3d7a382874214bad44fb5ae6d3662 P 871515586911462da04397b164f37d28: Time spent starting tablet: real 0.022s	user 0.007s	sys 0.002s
I20260709 14:49:09.023425  7623 tablet_bootstrap.cc:492] T 61b5b75b404f4d5c88eeeec99e6ff3dd P 871515586911462da04397b164f37d28: Bootstrap starting.
I20260709 14:49:09.027168  7618 tablet_bootstrap.cc:654] T 4dc843ae3330495c92b12d54e8395f82 P c154792251c44d6697b6b0621db1551b: Neither blocks nor log segments found. Creating new log.
I20260709 14:49:09.029458  7623 tablet_bootstrap.cc:654] T 61b5b75b404f4d5c88eeeec99e6ff3dd P 871515586911462da04397b164f37d28: Neither blocks nor log segments found. Creating new log.
I20260709 14:49:09.032449  7616 tablet_bootstrap.cc:492] T 61b5b75b404f4d5c88eeeec99e6ff3dd P c4844c0a30a447f4b7b51c1f496a186e: No bootstrap required, opened a new log
