I20260709 14:48:59.640398  9931 leader_election.cc:290] T c465a1c9fa8c4429bcc9ba8131b65c44 P 1f4c45de8cc445d4b26585c6fcfd8c2c [CANDIDATE]: Term 3 election: Requested vote from peers 8184a9131c334e0abc463928491f0c5b (127.8.239.193:41703), f543519909d24d80bc08c56acdee0fbc (127.8.239.194:36529)
I20260709 14:48:59.641041  9780 tablet_service.cc:1917] Received RequestConsensusVote() RPC: tablet_id: "c465a1c9fa8c4429bcc9ba8131b65c44" candidate_uuid: "1f4c45de8cc445d4b26585c6fcfd8c2c" candidate_term: 3 candidate_status { last_received { term: 2 index: 2 } } ignore_live_leader: true dest_uuid: "8184a9131c334e0abc463928491f0c5b"
I20260709 14:48:59.641283  9858 tablet_service.cc:1917] Received RequestConsensusVote() RPC: tablet_id: "c465a1c9fa8c4429bcc9ba8131b65c44" candidate_uuid: "1f4c45de8cc445d4b26585c6fcfd8c2c" candidate_term: 3 candidate_status { last_received { term: 2 index: 2 } } ignore_live_leader: true dest_uuid: "f543519909d24d80bc08c56acdee0fbc"
I20260709 14:48:59.641558  9780 raft_consensus.cc:3055] T c465a1c9fa8c4429bcc9ba8131b65c44 P 8184a9131c334e0abc463928491f0c5b [term 2 LEADER]: Stepping down as leader of term 2
I20260709 14:48:59.641786  9858 raft_consensus.cc:3060] T c465a1c9fa8c4429bcc9ba8131b65c44 P f543519909d24d80bc08c56acdee0fbc [term 2 FOLLOWER]: Advancing to term 3
I20260709 14:48:59.641834  9780 raft_consensus.cc:740] T c465a1c9fa8c4429bcc9ba8131b65c44 P 8184a9131c334e0abc463928491f0c5b [term 2 LEADER]: Becoming Follower/Learner. State: Replica: 8184a9131c334e0abc463928491f0c5b, State: Running, Role: LEADER
I20260709 14:48:59.642554  9780 consensus_queue.cc:260] T c465a1c9fa8c4429bcc9ba8131b65c44 P 8184a9131c334e0abc463928491f0c5b [NON_LEADER]: Queue going to NON_LEADER mode. State: All replicated index: 0, Majority replicated index: 2, Committed index: 2, Last appended: 2.2, Last appended by leader: 2, Current term: 2, Majority size: -1, State: 0, Mode: NON_LEADER, active raft config: opid_index: -1 OBSOLETE_local: false peers { permanent_uuid: "8184a9131c334e0abc463928491f0c5b" member_type: VOTER last_known_addr { host: "127.8.239.193" port: 41703 } } peers { permanent_uuid: "f543519909d24d80bc08c56acdee0fbc" member_type: VOTER last_known_addr { host: "127.8.239.194" port: 36529 } } peers { permanent_uuid: "1f4c45de8cc445d4b26585c6fcfd8c2c" member_type: VOTER last_known_addr { host: "127.8.239.195" port: 41499 } }
I20260709 14:48:59.643391  9780 raft_consensus.cc:3060] T c465a1c9fa8c4429bcc9ba8131b65c44 P 8184a9131c334e0abc463928491f0c5b [term 2 FOLLOWER]: Advancing to term 3
I20260709 14:48:59.645619  9858 raft_consensus.cc:2468] T c465a1c9fa8c4429bcc9ba8131b65c44 P f543519909d24d80bc08c56acdee0fbc [term 3 FOLLOWER]: Leader election vote request: Granting yes vote for candidate 1f4c45de8cc445d4b26585c6fcfd8c2c in term 3.
I20260709 14:48:59.646584  9895 leader_election.cc:304] T c465a1c9fa8c4429bcc9ba8131b65c44 P 1f4c45de8cc445d4b26585c6fcfd8c2c [CANDIDATE]: Term 3 election: Election decided. Result: candidate won. Election summary: received 2 responses out of 3 voters: 2 yes votes; 0 no votes. yes voters: 1f4c45de8cc445d4b26585c6fcfd8c2c, f543519909d24d80bc08c56acdee0fbc; no voters: 
I20260709 14:48:59.647296 10077 raft_consensus.cc:2804] T c465a1c9fa8c4429bcc9ba8131b65c44 P 1f4c45de8cc445d4b26585c6fcfd8c2c [term 3 FOLLOWER]: Leader election won for term 3
I20260709 14:48:59.647459  9780 raft_consensus.cc:2468] T c465a1c9fa8c4429bcc9ba8131b65c44 P 8184a9131c334e0abc463928491f0c5b [term 3 FOLLOWER]: Leader election vote request: Granting yes vote for candidate 1f4c45de8cc445d4b26585c6fcfd8c2c in term 3.
I20260709 14:48:59.648468 10077 raft_consensus.cc:697] T c465a1c9fa8c4429bcc9ba8131b65c44 P 1f4c45de8cc445d4b26585c6fcfd8c2c [term 3 LEADER]: Becoming Leader. State: Replica: 1f4c45de8cc445d4b26585c6fcfd8c2c, State: Running, Role: LEADER
I20260709 14:48:59.649303 10077 consensus_queue.cc:237] T c465a1c9fa8c4429bcc9ba8131b65c44 P 1f4c45de8cc445d4b26585c6fcfd8c2c [LEADER]: Queue going to LEADER mode. State: All replicated index: 0, Majority replicated index: 2, Committed index: 2, Last appended: 2.2, Last appended by leader: 2, Current term: 3, Majority size: 2, State: 0, Mode: LEADER, active raft config: opid_index: -1 OBSOLETE_local: false peers { permanent_uuid: "8184a9131c334e0abc463928491f0c5b" member_type: VOTER last_known_addr { host: "127.8.239.193" port: 41703 } } peers { permanent_uuid: "f543519909d24d80bc08c56acdee0fbc" member_type: VOTER last_known_addr { host: "127.8.239.194" port: 36529 } } peers { permanent_uuid: "1f4c45de8cc445d4b26585c6fcfd8c2c" member_type: VOTER last_known_addr { host: "127.8.239.195" port: 41499 } }
I20260709 14:48:59.655817  9681 catalog_manager.cc:5697] T c465a1c9fa8c4429bcc9ba8131b65c44 P 1f4c45de8cc445d4b26585c6fcfd8c2c reported cstate change: term changed from 2 to 3, leader changed from 8184a9131c334e0abc463928491f0c5b (127.8.239.193) to 1f4c45de8cc445d4b26585c6fcfd8c2c (127.8.239.195). New cstate: current_term: 3 leader_uuid: "1f4c45de8cc445d4b26585c6fcfd8c2c" committed_config { opid_index: -1 OBSOLETE_local: false peers { permanent_uuid: "8184a9131c334e0abc463928491f0c5b" member_type: VOTER last_known_addr { host: "127.8.239.193" port: 41703 } health_report { overall_health: UNKNOWN } } peers { permanent_uuid: "f543519909d24d80bc08c56acdee0fbc" member_type: VOTER last_known_addr { host: "127.8.239.194" port: 36529 } health_report { overall_health: UNKNOWN } } peers { permanent_uuid: "1f4c45de8cc445d4b26585c6fcfd8c2c" member_type: VOTER last_known_addr { host: "127.8.239.195" port: 41499 } health_report { overall_health: HEALTHY } } }
I20260709 14:48:59.658361 10116 raft_consensus.cc:993] T ae208c9a8af24941a4b4490c04f1d5fb P 8184a9131c334e0abc463928491f0c5b: : Instructing follower 1f4c45de8cc445d4b26585c6fcfd8c2c to start an election
I20260709 14:48:59.658782 10115 raft_consensus.cc:1081] T ae208c9a8af24941a4b4490c04f1d5fb P 8184a9131c334e0abc463928491f0c5b [term 1 LEADER]: Signalling peer 1f4c45de8cc445d4b26585c6fcfd8c2c to start an election
I20260709 14:48:59.660001  9931 tablet_service.cc:2044] Received Run Leader Election RPC: tablet_id: "ae208c9a8af24941a4b4490c04f1d5fb"
dest_uuid: "1f4c45de8cc445d4b26585c6fcfd8c2c"
 from {username='slave'} at 127.0.0.1:36610
I20260709 14:48:59.660404  9931 raft_consensus.cc:493] T ae208c9a8af24941a4b4490c04f1d5fb P 1f4c45de8cc445d4b26585c6fcfd8c2c [term 1 FOLLOWER]: Starting forced leader election (received explicit request)
I20260709 14:48:59.660663  9931 raft_consensus.cc:3060] T ae208c9a8af24941a4b4490c04f1d5fb P 1f4c45de8cc445d4b26585c6fcfd8c2c [term 1 FOLLOWER]: Advancing to term 2
I20260709 14:48:59.665747  9931 raft_consensus.cc:515] T ae208c9a8af24941a4b4490c04f1d5fb P 1f4c45de8cc445d4b26585c6fcfd8c2c [term 2 FOLLOWER]: Starting forced leader election with config: opid_index: -1 OBSOLETE_local: false peers { permanent_uuid: "8184a9131c334e0abc463928491f0c5b" member_type: VOTER last_known_addr { host: "127.8.239.193" port: 41703 } } peers { permanent_uuid: "f543519909d24d80bc08c56acdee0fbc" member_type: VOTER last_known_addr { host: "127.8.239.194" port: 36529 } } peers { permanent_uuid: "1f4c45de8cc445d4b26585c6fcfd8c2c" member_type: VOTER last_known_addr { host: "127.8.239.195" port: 41499 } }
I20260709 14:48:59.667188  9931 leader_election.cc:290] T ae208c9a8af24941a4b4490c04f1d5fb P 1f4c45de8cc445d4b26585c6fcfd8c2c [CANDIDATE]: Term 2 election: Requested vote from peers 8184a9131c334e0abc463928491f0c5b (127.8.239.193:41703), f543519909d24d80bc08c56acdee0fbc (127.8.239.194:36529)
I20260709 14:48:59.667837  9780 tablet_service.cc:1917] Received RequestConsensusVote() RPC: tablet_id: "ae208c9a8af24941a4b4490c04f1d5fb" candidate_uuid: "1f4c45de8cc445d4b26585c6fcfd8c2c" candidate_term: 2 candidate_status { last_received { term: 1 index: 1 } } ignore_live_leader: true dest_uuid: "8184a9131c334e0abc463928491f0c5b"
I20260709 14:48:59.668147  9858 tablet_service.cc:1917] Received RequestConsensusVote() RPC: tablet_id: "ae208c9a8af24941a4b4490c04f1d5fb" candidate_uuid: "1f4c45de8cc445d4b26585c6fcfd8c2c" candidate_term: 2 candidate_status { last_received { term: 1 index: 1 } } ignore_live_leader: true dest_uuid: "f543519909d24d80bc08c56acdee0fbc"
I20260709 14:48:59.668407  9780 raft_consensus.cc:3055] T ae208c9a8af24941a4b4490c04f1d5fb P 8184a9131c334e0abc463928491f0c5b [term 1 LEADER]: Stepping down as leader of term 1
I20260709 14:48:59.668614  9858 raft_consensus.cc:3060] T ae208c9a8af24941a4b4490c04f1d5fb P f543519909d24d80bc08c56acdee0fbc [term 1 FOLLOWER]: Advancing to term 2
I20260709 14:48:59.668691  9780 raft_consensus.cc:740] T ae208c9a8af24941a4b4490c04f1d5fb P 8184a9131c334e0abc463928491f0c5b [term 1 LEADER]: Becoming Follower/Learner. State: Replica: 8184a9131c334e0abc463928491f0c5b, State: Running, Role: LEADER
I20260709 14:48:59.669377  9780 consensus_queue.cc:260] T ae208c9a8af24941a4b4490c04f1d5fb P 8184a9131c334e0abc463928491f0c5b [NON_LEADER]: Queue going to NON_LEADER mode. State: All replicated index: 0, Majority replicated index: 1, Committed index: 1, Last appended: 1.1, Last appended by leader: 1, Current term: 1, Majority size: -1, State: 0, Mode: NON_LEADER, active raft config: opid_index: -1 OBSOLETE_local: false peers { permanent_uuid: "8184a9131c334e0abc463928491f0c5b" member_type: VOTER last_known_addr { host: "127.8.239.193" port: 41703 } } peers { permanent_uuid: "f543519909d24d80bc08c56acdee0fbc" member_type: VOTER last_known_addr { host: "127.8.239.194" port: 36529 } } peers { permanent_uuid: "1f4c45de8cc445d4b26585c6fcfd8c2c" member_type: VOTER last_known_addr { host: "127.8.239.195" port: 41499 } }
I20260709 14:48:59.670332  9780 raft_consensus.cc:3060] T ae208c9a8af24941a4b4490c04f1d5fb P 8184a9131c334e0abc463928491f0c5b [term 1 FOLLOWER]: Advancing to term 2
I20260709 14:48:59.674283  9858 raft_consensus.cc:2468] T ae208c9a8af24941a4b4490c04f1d5fb P f543519909d24d80bc08c56acdee0fbc [term 2 FOLLOWER]: Leader election vote request: Granting yes vote for candidate 1f4c45de8cc445d4b26585c6fcfd8c2c in term 2.
I20260709 14:48:59.674984  9857 raft_consensus.cc:1240] T ae208c9a8af24941a4b4490c04f1d5fb P f543519909d24d80bc08c56acdee0fbc [term 2 FOLLOWER]: Rejecting Update request from peer 8184a9131c334e0abc463928491f0c5b for earlier term 1. Current term is 2. Ops: []
I20260709 14:48:59.675220  9895 leader_election.cc:304] T ae208c9a8af24941a4b4490c04f1d5fb P 1f4c45de8cc445d4b26585c6fcfd8c2c [CANDIDATE]: Term 2 election: Election decided. Result: candidate won. Election summary: received 2 responses out of 3 voters: 2 yes votes; 0 no votes. yes voters: 1f4c45de8cc445d4b26585c6fcfd8c2c, f543519909d24d80bc08c56acdee0fbc; no voters: 
I20260709 14:48:59.676149  9780 raft_consensus.cc:2468] T ae208c9a8af24941a4b4490c04f1d5fb P 8184a9131c334e0abc463928491f0c5b [term 2 FOLLOWER]: Leader election vote request: Granting yes vote for candidate 1f4c45de8cc445d4b26585c6fcfd8c2c in term 2.
I20260709 14:48:59.676148 10077 raft_consensus.cc:2804] T ae208c9a8af24941a4b4490c04f1d5fb P 1f4c45de8cc445d4b26585c6fcfd8c2c [term 2 FOLLOWER]: Leader election won for term 2
I20260709 14:48:59.676980 10077 raft_consensus.cc:697] T ae208c9a8af24941a4b4490c04f1d5fb P 1f4c45de8cc445d4b26585c6fcfd8c2c [term 2 LEADER]: Becoming Leader. State: Replica: 1f4c45de8cc445d4b26585c6fcfd8c2c, State: Running, Role: LEADER
I20260709 14:48:59.678013 10077 consensus_queue.cc:237] T ae208c9a8af24941a4b4490c04f1d5fb P 1f4c45de8cc445d4b26585c6fcfd8c2c [LEADER]: Queue going to LEADER mode. State: All replicated index: 0, Majority replicated index: 1, Committed index: 1, Last appended: 1.1, Last appended by leader: 1, Current term: 2, Majority size: 2, State: 0, Mode: LEADER, active raft config: opid_index: -1 OBSOLETE_local: false peers { permanent_uuid: "8184a9131c334e0abc463928491f0c5b" member_type: VOTER last_known_addr { host: "127.8.239.193" port: 41703 } } peers { permanent_uuid: "f543519909d24d80bc08c56acdee0fbc" member_type: VOTER last_known_addr { host: "127.8.239.194" port: 36529 } } peers { permanent_uuid: "1f4c45de8cc445d4b26585c6fcfd8c2c" member_type: VOTER last_known_addr { host: "127.8.239.195" port: 41499 } }
I20260709 14:48:59.684445  9681 catalog_manager.cc:5697] T ae208c9a8af24941a4b4490c04f1d5fb P 1f4c45de8cc445d4b26585c6fcfd8c2c reported cstate change: term changed from 1 to 2, leader changed from 8184a9131c334e0abc463928491f0c5b (127.8.239.193) to 1f4c45de8cc445d4b26585c6fcfd8c2c (127.8.239.195). New cstate: current_term: 2 leader_uuid: "1f4c45de8cc445d4b26585c6fcfd8c2c" committed_config { opid_index: -1 OBSOLETE_local: false peers { permanent_uuid: "8184a9131c334e0abc463928491f0c5b" member_type: VOTER last_known_addr { host: "127.8.239.193" port: 41703 } health_report { overall_health: UNKNOWN } } peers { permanent_uuid: "f543519909d24d80bc08c56acdee0fbc" member_type: VOTER last_known_addr { host: "127.8.239.194" port: 36529 } health_report { overall_health: UNKNOWN } } peers { permanent_uuid: "1f4c45de8cc445d4b26585c6fcfd8c2c" member_type: VOTER last_known_addr { host: "127.8.239.195" port: 41499 } health_report { overall_health: HEALTHY } } }
I20260709 14:48:59.687639 10116 raft_consensus.cc:993] T 1b90c691b7714e54be6c46ad0deaee16 P 8184a9131c334e0abc463928491f0c5b: : Instructing follower f543519909d24d80bc08c56acdee0fbc to start an election
I20260709 14:48:59.688078 10115 raft_consensus.cc:1081] T 1b90c691b7714e54be6c46ad0deaee16 P 8184a9131c334e0abc463928491f0c5b [term 3 LEADER]: Signalling peer f543519909d24d80bc08c56acdee0fbc to start an election
I20260709 14:48:59.689451  9857 tablet_service.cc:2044] Received Run Leader Election RPC: tablet_id: "1b90c691b7714e54be6c46ad0deaee16"
dest_uuid: "f543519909d24d80bc08c56acdee0fbc"
 from {username='slave'} at 127.0.0.1:43132
I20260709 14:48:59.689960  9857 raft_consensus.cc:493] T 1b90c691b7714e54be6c46ad0deaee16 P f543519909d24d80bc08c56acdee0fbc [term 3 FOLLOWER]: Starting forced leader election (received explicit request)
I20260709 14:48:59.690222  9857 raft_consensus.cc:3060] T 1b90c691b7714e54be6c46ad0deaee16 P f543519909d24d80bc08c56acdee0fbc [term 3 FOLLOWER]: Advancing to term 4
I20260709 14:48:59.695986  9857 raft_consensus.cc:515] T 1b90c691b7714e54be6c46ad0deaee16 P f543519909d24d80bc08c56acdee0fbc [term 4 FOLLOWER]: Starting forced leader election with config: opid_index: -1 OBSOLETE_local: false peers { permanent_uuid: "8184a9131c334e0abc463928491f0c5b" member_type: VOTER last_known_addr { host: "127.8.239.193" port: 41703 } } peers { permanent_uuid: "f543519909d24d80bc08c56acdee0fbc" member_type: VOTER last_known_addr { host: "127.8.239.194" port: 36529 } } peers { permanent_uuid: "1f4c45de8cc445d4b26585c6fcfd8c2c" member_type: VOTER last_known_addr { host: "127.8.239.195" port: 41499 } }
I20260709 14:48:59.697429  9857 leader_election.cc:290] T 1b90c691b7714e54be6c46ad0deaee16 P f543519909d24d80bc08c56acdee0fbc [CANDIDATE]: Term 4 election: Requested vote from peers 8184a9131c334e0abc463928491f0c5b (127.8.239.193:41703), 1f4c45de8cc445d4b26585c6fcfd8c2c (127.8.239.195:41499)
I20260709 14:48:59.698021  9780 tablet_service.cc:1917] Received RequestConsensusVote() RPC: tablet_id: "1b90c691b7714e54be6c46ad0deaee16" candidate_uuid: "f543519909d24d80bc08c56acdee0fbc" candidate_term: 4 candidate_status { last_received { term: 3 index: 3 } } ignore_live_leader: true dest_uuid: "8184a9131c334e0abc463928491f0c5b"
I20260709 14:48:59.698545  9780 raft_consensus.cc:3055] T 1b90c691b7714e54be6c46ad0deaee16 P 8184a9131c334e0abc463928491f0c5b [term 3 LEADER]: Stepping down as leader of term 3
I20260709 14:48:59.698494  9931 tablet_service.cc:1917] Received RequestConsensusVote() RPC: tablet_id: "1b90c691b7714e54be6c46ad0deaee16" candidate_uuid: "f543519909d24d80bc08c56acdee0fbc" candidate_term: 4 candidate_status { last_received { term: 3 index: 3 } } ignore_live_leader: true dest_uuid: "1f4c45de8cc445d4b26585c6fcfd8c2c"
I20260709 14:48:59.698939  9780 raft_consensus.cc:740] T 1b90c691b7714e54be6c46ad0deaee16 P 8184a9131c334e0abc463928491f0c5b [term 3 LEADER]: Becoming Follower/Learner. State: Replica: 8184a9131c334e0abc463928491f0c5b, State: Running, Role: LEADER
I20260709 14:48:59.699131  9931 raft_consensus.cc:3060] T 1b90c691b7714e54be6c46ad0deaee16 P 1f4c45de8cc445d4b26585c6fcfd8c2c [term 3 FOLLOWER]: Advancing to term 4
I20260709 14:48:59.699707  9780 consensus_queue.cc:260] T 1b90c691b7714e54be6c46ad0deaee16 P 8184a9131c334e0abc463928491f0c5b [NON_LEADER]: Queue going to NON_LEADER mode. State: All replicated index: 0, Majority replicated index: 3, Committed index: 3, Last appended: 3.3, Last appended by leader: 3, Current term: 3, Majority size: -1, State: 0, Mode: NON_LEADER, active raft config: opid_index: -1 OBSOLETE_local: false peers { permanent_uuid: "8184a9131c334e0abc463928491f0c5b" member_type: VOTER last_known_addr { host: "127.8.239.193" port: 41703 } } peers { permanent_uuid: "f543519909d24d80bc08c56acdee0fbc" member_type: VOTER last_known_addr { host: "127.8.239.194" port: 36529 } } peers { permanent_uuid: "1f4c45de8cc445d4b26585c6fcfd8c2c" member_type: VOTER last_known_addr { host: "127.8.239.195" port: 41499 } }
I20260709 14:48:59.700757  9780 raft_consensus.cc:3060] T 1b90c691b7714e54be6c46ad0deaee16 P 8184a9131c334e0abc463928491f0c5b [term 3 FOLLOWER]: Advancing to term 4
I20260709 14:48:59.705406  9931 raft_consensus.cc:2468] T 1b90c691b7714e54be6c46ad0deaee16 P 1f4c45de8cc445d4b26585c6fcfd8c2c [term 4 FOLLOWER]: Leader election vote request: Granting yes vote for candidate f543519909d24d80bc08c56acdee0fbc in term 4.
I20260709 14:48:59.706357  9780 raft_consensus.cc:2468] T 1b90c691b7714e54be6c46ad0deaee16 P 8184a9131c334e0abc463928491f0c5b [term 4 FOLLOWER]: Leader election vote request: Granting yes vote for candidate f543519909d24d80bc08c56acdee0fbc in term 4.
I20260709 14:48:59.706377  9822 leader_election.cc:304] T 1b90c691b7714e54be6c46ad0deaee16 P f543519909d24d80bc08c56acdee0fbc [CANDIDATE]: Term 4 election: Election decided. Result: candidate won. Election summary: received 2 responses out of 3 voters: 2 yes votes; 0 no votes. yes voters: 1f4c45de8cc445d4b26585c6fcfd8c2c, f543519909d24d80bc08c56acdee0fbc; no voters: 
I20260709 14:48:59.707083 10020 raft_consensus.cc:2804] T 1b90c691b7714e54be6c46ad0deaee16 P f543519909d24d80bc08c56acdee0fbc [term 4 FOLLOWER]: Leader election won for term 4
I20260709 14:48:59.707441 10020 raft_consensus.cc:697] T 1b90c691b7714e54be6c46ad0deaee16 P f543519909d24d80bc08c56acdee0fbc [term 4 LEADER]: Becoming Leader. State: Replica: f543519909d24d80bc08c56acdee0fbc, State: Running, Role: LEADER
I20260709 14:48:59.708104 10020 consensus_queue.cc:237] T 1b90c691b7714e54be6c46ad0deaee16 P f543519909d24d80bc08c56acdee0fbc [LEADER]: Queue going to LEADER mode. State: All replicated index: 0, Majority replicated index: 3, Committed index: 3, Last appended: 3.3, Last appended by leader: 3, Current term: 4, Majority size: 2, State: 0, Mode: LEADER, active raft config: opid_index: -1 OBSOLETE_local: false peers { permanent_uuid: "8184a9131c334e0abc463928491f0c5b" member_type: VOTER last_known_addr { host: "127.8.239.193" port: 41703 } } peers { permanent_uuid: "f543519909d24d80bc08c56acdee0fbc" member_type: VOTER last_known_addr { host: "127.8.239.194" port: 36529 } } peers { permanent_uuid: "1f4c45de8cc445d4b26585c6fcfd8c2c" member_type: VOTER last_known_addr { host: "127.8.239.195" port: 41499 } }
I20260709 14:48:59.713794  9681 catalog_manager.cc:5697] T 1b90c691b7714e54be6c46ad0deaee16 P f543519909d24d80bc08c56acdee0fbc reported cstate change: term changed from 3 to 4, leader changed from 8184a9131c334e0abc463928491f0c5b (127.8.239.193) to f543519909d24d80bc08c56acdee0fbc (127.8.239.194). New cstate: current_term: 4 leader_uuid: "f543519909d24d80bc08c56acdee0fbc" committed_config { opid_index: -1 OBSOLETE_local: false peers { permanent_uuid: "8184a9131c334e0abc463928491f0c5b" member_type: VOTER last_known_addr { host: "127.8.239.193" port: 41703 } health_report { overall_health: UNKNOWN } } peers { permanent_uuid: "f543519909d24d80bc08c56acdee0fbc" member_type: VOTER last_known_addr { host: "127.8.239.194" port: 36529 } health_report { overall_health: HEALTHY } } peers { permanent_uuid: "1f4c45de8cc445d4b26585c6fcfd8c2c" member_type: VOTER last_known_addr { host: "127.8.239.195" port: 41499 } health_report { overall_health: UNKNOWN } } }
I20260709 14:49:00.001049  9931 raft_consensus.cc:1275] T 7cadf0b59bbb483b8eeb15646dd1fddb P 1f4c45de8cc445d4b26585c6fcfd8c2c [term 3 FOLLOWER]: Refusing update from remote peer f543519909d24d80bc08c56acdee0fbc: Log matching property violated. Preceding OpId in replica: term: 2 index: 2. Preceding OpId from leader: term: 3 index: 3. (index mismatch)
I20260709 14:49:00.002238 10020 consensus_queue.cc:1048] T 7cadf0b59bbb483b8eeb15646dd1fddb P f543519909d24d80bc08c56acdee0fbc [LEADER]: Connected to new peer: Peer: permanent_uuid: "1f4c45de8cc445d4b26585c6fcfd8c2c" member_type: VOTER last_known_addr { host: "127.8.239.195" port: 41499 }, Status: LMP_MISMATCH, Last received: 0.0, Next index: 3, Last known committed idx: 2, Time since last communication: 0.000s
I20260709 14:49:00.012632  9780 raft_consensus.cc:1275] T 7cadf0b59bbb483b8eeb15646dd1fddb P 8184a9131c334e0abc463928491f0c5b [term 3 FOLLOWER]: Refusing update from remote peer f543519909d24d80bc08c56acdee0fbc: Log matching property violated. Preceding OpId in replica: term: 2 index: 2. Preceding OpId from leader: term: 3 index: 3. (index mismatch)
I20260709 14:49:00.014289 10117 consensus_queue.cc:1048] T 7cadf0b59bbb483b8eeb15646dd1fddb P f543519909d24d80bc08c56acdee0fbc [LEADER]: Connected to new peer: Peer: permanent_uuid: "8184a9131c334e0abc463928491f0c5b" member_type: VOTER last_known_addr { host: "127.8.239.193" port: 41703 }, Status: LMP_MISMATCH, Last received: 0.0, Next index: 3, Last known committed idx: 2, Time since last communication: 0.001s
I20260709 14:49:00.187291  9780 raft_consensus.cc:1275] T 1b90c691b7714e54be6c46ad0deaee16 P 8184a9131c334e0abc463928491f0c5b [term 4 FOLLOWER]: Refusing update from remote peer f543519909d24d80bc08c56acdee0fbc: Log matching property violated. Preceding OpId in replica: term: 3 index: 3. Preceding OpId from leader: term: 4 index: 4. (index mismatch)
I20260709 14:49:00.188274 10117 consensus_queue.cc:1048] T 1b90c691b7714e54be6c46ad0deaee16 P f543519909d24d80bc08c56acdee0fbc [LEADER]: Connected to new peer: Peer: permanent_uuid: "8184a9131c334e0abc463928491f0c5b" member_type: VOTER last_known_addr { host: "127.8.239.193" port: 41703 }, Status: LMP_MISMATCH, Last received: 0.0, Next index: 4, Last known committed idx: 3, Time since last communication: 0.000s
I20260709 14:49:00.195504  9931 raft_consensus.cc:1275] T 1b90c691b7714e54be6c46ad0deaee16 P 1f4c45de8cc445d4b26585c6fcfd8c2c [term 4 FOLLOWER]: Refusing update from remote peer f543519909d24d80bc08c56acdee0fbc: Log matching property violated. Preceding OpId in replica: term: 3 index: 3. Preceding OpId from leader: term: 4 index: 4. (index mismatch)
I20260709 14:49:00.197301 10117 consensus_queue.cc:1048] T 1b90c691b7714e54be6c46ad0deaee16 P f543519909d24d80bc08c56acdee0fbc [LEADER]: Connected to new peer: Peer: permanent_uuid: "1f4c45de8cc445d4b26585c6fcfd8c2c" member_type: VOTER last_known_addr { host: "127.8.239.195" port: 41499 }, Status: LMP_MISMATCH, Last received: 0.0, Next index: 4, Last known committed idx: 3, Time since last communication: 0.000s
I20260709 14:49:00.238863  9780 raft_consensus.cc:1275] T c465a1c9fa8c4429bcc9ba8131b65c44 P 8184a9131c334e0abc463928491f0c5b [term 3 FOLLOWER]: Refusing update from remote peer 1f4c45de8cc445d4b26585c6fcfd8c2c: Log matching property violated. Preceding OpId in replica: term: 2 index: 2. Preceding OpId from leader: term: 3 index: 3. (index mismatch)
I20260709 14:49:00.239943 10077 consensus_queue.cc:1048] T c465a1c9fa8c4429bcc9ba8131b65c44 P 1f4c45de8cc445d4b26585c6fcfd8c2c [LEADER]: Connected to new peer: Peer: permanent_uuid: "8184a9131c334e0abc463928491f0c5b" member_type: VOTER last_known_addr { host: "127.8.239.193" port: 41703 }, Status: LMP_MISMATCH, Last received: 0.0, Next index: 3, Last known committed idx: 2, Time since last communication: 0.000s
I20260709 14:49:00.247151  9857 raft_consensus.cc:1275] T c465a1c9fa8c4429bcc9ba8131b65c44 P f543519909d24d80bc08c56acdee0fbc [term 3 FOLLOWER]: Refusing update from remote peer 1f4c45de8cc445d4b26585c6fcfd8c2c: Log matching property violated. Preceding OpId in replica: term: 2 index: 2. Preceding OpId from leader: term: 3 index: 3. (index mismatch)
I20260709 14:49:00.248654 10077 consensus_queue.cc:1048] T c465a1c9fa8c4429bcc9ba8131b65c44 P 1f4c45de8cc445d4b26585c6fcfd8c2c [LEADER]: Connected to new peer: Peer: permanent_uuid: "f543519909d24d80bc08c56acdee0fbc" member_type: VOTER last_known_addr { host: "127.8.239.194" port: 36529 }, Status: LMP_MISMATCH, Last received: 0.0, Next index: 3, Last known committed idx: 2, Time since last communication: 0.000s
I20260709 14:49:00.282905  9780 raft_consensus.cc:1275] T ae208c9a8af24941a4b4490c04f1d5fb P 8184a9131c334e0abc463928491f0c5b [term 2 FOLLOWER]: Refusing update from remote peer 1f4c45de8cc445d4b26585c6fcfd8c2c: Log matching property violated. Preceding OpId in replica: term: 1 index: 1. Preceding OpId from leader: term: 2 index: 2. (index mismatch)
I20260709 14:49:00.283898 10123 consensus_queue.cc:1048] T ae208c9a8af24941a4b4490c04f1d5fb P 1f4c45de8cc445d4b26585c6fcfd8c2c [LEADER]: Connected to new peer: Peer: permanent_uuid: "8184a9131c334e0abc463928491f0c5b" member_type: VOTER last_known_addr { host: "127.8.239.193" port: 41703 }, Status: LMP_MISMATCH, Last received: 0.0, Next index: 2, Last known committed idx: 1, Time since last communication: 0.000s
I20260709 14:49:00.285046  9857 raft_consensus.cc:1275] T ae208c9a8af24941a4b4490c04f1d5fb P f543519909d24d80bc08c56acdee0fbc [term 2 FOLLOWER]: Refusing update from remote peer 1f4c45de8cc445d4b26585c6fcfd8c2c: Log matching property violated. Preceding OpId in replica: term: 1 index: 1. Preceding OpId from leader: term: 2 index: 2. (index mismatch)
I20260709 14:49:00.286134 10123 consensus_queue.cc:1048] T ae208c9a8af24941a4b4490c04f1d5fb P 1f4c45de8cc445d4b26585c6fcfd8c2c [LEADER]: Connected to new peer: Peer: permanent_uuid: "f543519909d24d80bc08c56acdee0fbc" member_type: VOTER last_known_addr { host: "127.8.239.194" port: 36529 }, Status: LMP_MISMATCH, Last received: 0.0, Next index: 2, Last known committed idx: 1, Time since last communication: 0.000s
I20260709 14:49:00.568204  9151 auto_leader_rebalancer.cc:141] leader rebalance for table test-workload
I20260709 14:49:00.573724  9151 tablet_server.cc:179] TabletServer@127.8.239.193:0 shutting down...
I20260709 14:49:00.591096  9151 ts_tablet_manager.cc:1507] Shutting down tablet manager...
I20260709 14:49:00.591813  9151 tablet_replica.cc:333] T 0fa6054c1a58427299357e3fc50a22d0 P 8184a9131c334e0abc463928491f0c5b: stopping tablet replica
I20260709 14:49:00.592582  9151 raft_consensus.cc:2243] T 0fa6054c1a58427299357e3fc50a22d0 P 8184a9131c334e0abc463928491f0c5b [term 2 LEADER]: Raft consensus shutting down.
I20260709 14:49:00.593396  9151 raft_consensus.cc:2272] T 0fa6054c1a58427299357e3fc50a22d0 P 8184a9131c334e0abc463928491f0c5b [term 2 FOLLOWER]: Raft consensus is shut down!
W20260709 14:49:00.593842  9824 proxy.cc:239] Call had error, refreshing address and retrying: Remote error: Service unavailable: service kudu.consensus.ConsensusService not registered on TabletServer [suppressed 2 similar messages]
I20260709 14:49:00.595371  9151 tablet_replica.cc:333] T c465a1c9fa8c4429bcc9ba8131b65c44 P 8184a9131c334e0abc463928491f0c5b: stopping tablet replica
I20260709 14:49:00.595888  9151 raft_consensus.cc:2243] T c465a1c9fa8c4429bcc9ba8131b65c44 P 8184a9131c334e0abc463928491f0c5b [term 3 FOLLOWER]: Raft consensus shutting down.
I20260709 14:49:00.596239  9151 raft_consensus.cc:2272] T c465a1c9fa8c4429bcc9ba8131b65c44 P 8184a9131c334e0abc463928491f0c5b [term 3 FOLLOWER]: Raft consensus is shut down!
W20260709 14:49:00.596525  9824 consensus_peers.cc:597] T 1b90c691b7714e54be6c46ad0deaee16 P f543519909d24d80bc08c56acdee0fbc -> Peer 8184a9131c334e0abc463928491f0c5b (127.8.239.193:41703): Couldn't send request to peer 8184a9131c334e0abc463928491f0c5b. Status: Remote error: Service unavailable: service kudu.consensus.ConsensusService not registered on TabletServer. This is attempt 1: this message will repeat every 5th retry.
I20260709 14:49:00.598078  9151 tablet_replica.cc:333] T ae208c9a8af24941a4b4490c04f1d5fb P 8184a9131c334e0abc463928491f0c5b: stopping tablet replica
I20260709 14:49:00.598583  9151 raft_consensus.cc:2243] T ae208c9a8af24941a4b4490c04f1d5fb P 8184a9131c334e0abc463928491f0c5b [term 2 FOLLOWER]: Raft consensus shutting down.
I20260709 14:49:00.598935  9151 raft_consensus.cc:2272] T ae208c9a8af24941a4b4490c04f1d5fb P 8184a9131c334e0abc463928491f0c5b [term 2 FOLLOWER]: Raft consensus is shut down!
I20260709 14:49:00.600742  9151 tablet_replica.cc:333] T fcbc90b5e56c4008abfd6459a13ea15f P 8184a9131c334e0abc463928491f0c5b: stopping tablet replica
I20260709 14:49:00.601202  9151 raft_consensus.cc:2243] T fcbc90b5e56c4008abfd6459a13ea15f P 8184a9131c334e0abc463928491f0c5b [term 3 LEADER]: Raft consensus shutting down.
I20260709 14:49:00.601853  9151 raft_consensus.cc:2272] T fcbc90b5e56c4008abfd6459a13ea15f P 8184a9131c334e0abc463928491f0c5b [term 3 FOLLOWER]: Raft consensus is shut down!
I20260709 14:49:00.603392  9151 tablet_replica.cc:333] T 7cadf0b59bbb483b8eeb15646dd1fddb P 8184a9131c334e0abc463928491f0c5b: stopping tablet replica
I20260709 14:49:00.603852  9151 raft_consensus.cc:2243] T 7cadf0b59bbb483b8eeb15646dd1fddb P 8184a9131c334e0abc463928491f0c5b [term 3 FOLLOWER]: Raft consensus shutting down.
I20260709 14:49:00.604194  9151 raft_consensus.cc:2272] T 7cadf0b59bbb483b8eeb15646dd1fddb P 8184a9131c334e0abc463928491f0c5b [term 3 FOLLOWER]: Raft consensus is shut down!
I20260709 14:49:00.606060  9151 tablet_replica.cc:333] T 421a6f8bf40a44259134cc2a2702cfac P 8184a9131c334e0abc463928491f0c5b: stopping tablet replica
I20260709 14:49:00.606518  9151 raft_consensus.cc:2243] T 421a6f8bf40a44259134cc2a2702cfac P 8184a9131c334e0abc463928491f0c5b [term 2 FOLLOWER]: Raft consensus shutting down.
I20260709 14:49:00.606873  9151 raft_consensus.cc:2272] T 421a6f8bf40a44259134cc2a2702cfac P 8184a9131c334e0abc463928491f0c5b [term 2 FOLLOWER]: Raft consensus is shut down!
I20260709 14:49:00.608280  9151 tablet_replica.cc:333] T beb47a16f7314a27bc83c4329ee78d64 P 8184a9131c334e0abc463928491f0c5b: stopping tablet replica
I20260709 14:49:00.608685  9151 raft_consensus.cc:2243] T beb47a16f7314a27bc83c4329ee78d64 P 8184a9131c334e0abc463928491f0c5b [term 1 FOLLOWER]: Raft consensus shutting down.
I20260709 14:49:00.608994  9151 raft_consensus.cc:2272] T beb47a16f7314a27bc83c4329ee78d64 P 8184a9131c334e0abc463928491f0c5b [term 1 FOLLOWER]: Raft consensus is shut down!
I20260709 14:49:00.610356  9151 tablet_replica.cc:333] T d83d1114d9674c8fa6c752fe098e4a1c P 8184a9131c334e0abc463928491f0c5b: stopping tablet replica
I20260709 14:49:00.610751  9151 raft_consensus.cc:2243] T d83d1114d9674c8fa6c752fe098e4a1c P 8184a9131c334e0abc463928491f0c5b [term 4 LEADER]: Raft consensus shutting down.
I20260709 14:49:00.611390  9151 raft_consensus.cc:2272] T d83d1114d9674c8fa6c752fe098e4a1c P 8184a9131c334e0abc463928491f0c5b [term 4 FOLLOWER]: Raft consensus is shut down!
I20260709 14:49:00.612739  9151 tablet_replica.cc:333] T 8b5782fa501c4253950aa1363f828014 P 8184a9131c334e0abc463928491f0c5b: stopping tablet replica
I20260709 14:49:00.613138  9151 raft_consensus.cc:2243] T 8b5782fa501c4253950aa1363f828014 P 8184a9131c334e0abc463928491f0c5b [term 2 LEADER]: Raft consensus shutting down.
I20260709 14:49:00.613801  9151 raft_consensus.cc:2272] T 8b5782fa501c4253950aa1363f828014 P 8184a9131c334e0abc463928491f0c5b [term 2 FOLLOWER]: Raft consensus is shut down!
I20260709 14:49:00.615173  9151 tablet_replica.cc:333] T 1b90c691b7714e54be6c46ad0deaee16 P 8184a9131c334e0abc463928491f0c5b: stopping tablet replica
I20260709 14:49:00.615597  9151 raft_consensus.cc:2243] T 1b90c691b7714e54be6c46ad0deaee16 P 8184a9131c334e0abc463928491f0c5b [term 4 FOLLOWER]: Raft consensus shutting down.
I20260709 14:49:00.615927  9151 raft_consensus.cc:2272] T 1b90c691b7714e54be6c46ad0deaee16 P 8184a9131c334e0abc463928491f0c5b [term 4 FOLLOWER]: Raft consensus is shut down!
I20260709 14:49:00.634505  9151 tablet_server.cc:196] TabletServer@127.8.239.193:0 shutdown complete.
I20260709 14:49:00.652208  9151 tablet_server.cc:179] TabletServer@127.8.239.194:0 shutting down...
I20260709 14:49:00.671205  9151 ts_tablet_manager.cc:1507] Shutting down tablet manager...
I20260709 14:49:00.671811  9151 tablet_replica.cc:333] T beb47a16f7314a27bc83c4329ee78d64 P f543519909d24d80bc08c56acdee0fbc: stopping tablet replica
I20260709 14:49:00.672299  9151 raft_consensus.cc:2243] T beb47a16f7314a27bc83c4329ee78d64 P f543519909d24d80bc08c56acdee0fbc [term 1 FOLLOWER]: Raft consensus shutting down.
I20260709 14:49:00.672675  9151 raft_consensus.cc:2272] T beb47a16f7314a27bc83c4329ee78d64 P f543519909d24d80bc08c56acdee0fbc [term 1 FOLLOWER]: Raft consensus is shut down!
I20260709 14:49:00.674531  9151 tablet_replica.cc:333] T fcbc90b5e56c4008abfd6459a13ea15f P f543519909d24d80bc08c56acdee0fbc: stopping tablet replica
I20260709 14:49:00.675169  9151 raft_consensus.cc:2243] T fcbc90b5e56c4008abfd6459a13ea15f P f543519909d24d80bc08c56acdee0fbc [term 3 FOLLOWER]: Raft consensus shutting down.
I20260709 14:49:00.675596  9151 raft_consensus.cc:2272] T fcbc90b5e56c4008abfd6459a13ea15f P f543519909d24d80bc08c56acdee0fbc [term 3 FOLLOWER]: Raft consensus is shut down!
I20260709 14:49:00.677125  9151 tablet_replica.cc:333] T 421a6f8bf40a44259134cc2a2702cfac P f543519909d24d80bc08c56acdee0fbc: stopping tablet replica
I20260709 14:49:00.677634  9151 raft_consensus.cc:2243] T 421a6f8bf40a44259134cc2a2702cfac P f543519909d24d80bc08c56acdee0fbc [term 2 LEADER]: Raft consensus shutting down.
W20260709 14:49:00.678263  9895 consensus_peers.cc:597] T ae208c9a8af24941a4b4490c04f1d5fb P 1f4c45de8cc445d4b26585c6fcfd8c2c -> Peer f543519909d24d80bc08c56acdee0fbc (127.8.239.194:36529): Couldn't send request to peer f543519909d24d80bc08c56acdee0fbc. Status: Remote error: Service unavailable: service kudu.consensus.ConsensusService not registered on TabletServer. This is attempt 1: this message will repeat every 5th retry.
I20260709 14:49:00.678345  9151 raft_consensus.cc:2272] T 421a6f8bf40a44259134cc2a2702cfac P f543519909d24d80bc08c56acdee0fbc [term 2 FOLLOWER]: Raft consensus is shut down!
I20260709 14:49:00.679957  9151 tablet_replica.cc:333] T 7cadf0b59bbb483b8eeb15646dd1fddb P f543519909d24d80bc08c56acdee0fbc: stopping tablet replica
I20260709 14:49:00.680428  9151 raft_consensus.cc:2243] T 7cadf0b59bbb483b8eeb15646dd1fddb P f543519909d24d80bc08c56acdee0fbc [term 3 LEADER]: Raft consensus shutting down.
I20260709 14:49:00.681020  9151 raft_consensus.cc:2272] T 7cadf0b59bbb483b8eeb15646dd1fddb P f543519909d24d80bc08c56acdee0fbc [term 3 FOLLOWER]: Raft consensus is shut down!
I20260709 14:49:00.682700  9151 tablet_replica.cc:333] T d83d1114d9674c8fa6c752fe098e4a1c P f543519909d24d80bc08c56acdee0fbc: stopping tablet replica
I20260709 14:49:00.683254  9151 raft_consensus.cc:2243] T d83d1114d9674c8fa6c752fe098e4a1c P f543519909d24d80bc08c56acdee0fbc [term 4 FOLLOWER]: Raft consensus shutting down.
I20260709 14:49:00.683665  9151 raft_consensus.cc:2272] T d83d1114d9674c8fa6c752fe098e4a1c P f543519909d24d80bc08c56acdee0fbc [term 4 FOLLOWER]: Raft consensus is shut down!
I20260709 14:49:00.685101  9151 tablet_replica.cc:333] T c465a1c9fa8c4429bcc9ba8131b65c44 P f543519909d24d80bc08c56acdee0fbc: stopping tablet replica
I20260709 14:49:00.685496  9151 raft_consensus.cc:2243] T c465a1c9fa8c4429bcc9ba8131b65c44 P f543519909d24d80bc08c56acdee0fbc [term 3 FOLLOWER]: Raft consensus shutting down.
I20260709 14:49:00.685822  9151 raft_consensus.cc:2272] T c465a1c9fa8c4429bcc9ba8131b65c44 P f543519909d24d80bc08c56acdee0fbc [term 3 FOLLOWER]: Raft consensus is shut down!
I20260709 14:49:00.688046  9151 tablet_replica.cc:333] T 0fa6054c1a58427299357e3fc50a22d0 P f543519909d24d80bc08c56acdee0fbc: stopping tablet replica
I20260709 14:49:00.688455  9151 raft_consensus.cc:2243] T 0fa6054c1a58427299357e3fc50a22d0 P f543519909d24d80bc08c56acdee0fbc [term 2 FOLLOWER]: Raft consensus shutting down.
I20260709 14:49:00.688778  9151 raft_consensus.cc:2272] T 0fa6054c1a58427299357e3fc50a22d0 P f543519909d24d80bc08c56acdee0fbc [term 2 FOLLOWER]: Raft consensus is shut down!
I20260709 14:49:00.690153  9151 tablet_replica.cc:333] T ae208c9a8af24941a4b4490c04f1d5fb P f543519909d24d80bc08c56acdee0fbc: stopping tablet replica
I20260709 14:49:00.690536  9151 raft_consensus.cc:2243] T ae208c9a8af24941a4b4490c04f1d5fb P f543519909d24d80bc08c56acdee0fbc [term 2 FOLLOWER]: Raft consensus shutting down.
I20260709 14:49:00.690833  9151 raft_consensus.cc:2272] T ae208c9a8af24941a4b4490c04f1d5fb P f543519909d24d80bc08c56acdee0fbc [term 2 FOLLOWER]: Raft consensus is shut down!
I20260709 14:49:00.692549  9151 tablet_replica.cc:333] T 1b90c691b7714e54be6c46ad0deaee16 P f543519909d24d80bc08c56acdee0fbc: stopping tablet replica
I20260709 14:49:00.692941  9151 raft_consensus.cc:2243] T 1b90c691b7714e54be6c46ad0deaee16 P f543519909d24d80bc08c56acdee0fbc [term 4 LEADER]: Raft consensus shutting down.
I20260709 14:49:00.693534  9151 raft_consensus.cc:2272] T 1b90c691b7714e54be6c46ad0deaee16 P f543519909d24d80bc08c56acdee0fbc [term 4 FOLLOWER]: Raft consensus is shut down!
I20260709 14:49:00.695063  9151 tablet_replica.cc:333] T 8b5782fa501c4253950aa1363f828014 P f543519909d24d80bc08c56acdee0fbc: stopping tablet replica
I20260709 14:49:00.695464  9151 raft_consensus.cc:2243] T 8b5782fa501c4253950aa1363f828014 P f543519909d24d80bc08c56acdee0fbc [term 2 FOLLOWER]: Raft consensus shutting down.
I20260709 14:49:00.695791  9151 raft_consensus.cc:2272] T 8b5782fa501c4253950aa1363f828014 P f543519909d24d80bc08c56acdee0fbc [term 2 FOLLOWER]: Raft consensus is shut down!
W20260709 14:49:00.714143  9895 consensus_peers.cc:597] T c465a1c9fa8c4429bcc9ba8131b65c44 P 1f4c45de8cc445d4b26585c6fcfd8c2c -> Peer f543519909d24d80bc08c56acdee0fbc (127.8.239.194:36529): Couldn't send request to peer f543519909d24d80bc08c56acdee0fbc. Status: Network error: Client connection negotiation failed: client connection to 127.8.239.194:36529: connect: Connection refused (error 111). This is attempt 1: this message will repeat every 5th retry.
W20260709 14:49:00.717398  9898 consensus_peers.cc:597] T ae208c9a8af24941a4b4490c04f1d5fb P 1f4c45de8cc445d4b26585c6fcfd8c2c -> Peer 8184a9131c334e0abc463928491f0c5b (127.8.239.193:41703): Couldn't send request to peer 8184a9131c334e0abc463928491f0c5b. Status: Network error: Client connection negotiation failed: client connection to 127.8.239.193:41703: connect: Connection refused (error 111). This is attempt 1: this message will repeat every 5th retry.
I20260709 14:49:00.722160  9151 tablet_server.cc:196] TabletServer@127.8.239.194:0 shutdown complete.
I20260709 14:49:00.738196  9151 tablet_server.cc:179] TabletServer@127.8.239.195:0 shutting down...
I20260709 14:49:00.756227  9151 ts_tablet_manager.cc:1507] Shutting down tablet manager...
I20260709 14:49:00.756803  9151 tablet_replica.cc:333] T beb47a16f7314a27bc83c4329ee78d64 P 1f4c45de8cc445d4b26585c6fcfd8c2c: stopping tablet replica
I20260709 14:49:00.757346  9151 raft_consensus.cc:2243] T beb47a16f7314a27bc83c4329ee78d64 P 1f4c45de8cc445d4b26585c6fcfd8c2c [term 1 LEADER]: Raft consensus shutting down.
I20260709 14:49:00.758016  9151 raft_consensus.cc:2272] T beb47a16f7314a27bc83c4329ee78d64 P 1f4c45de8cc445d4b26585c6fcfd8c2c [term 1 FOLLOWER]: Raft consensus is shut down!
I20260709 14:49:00.759747  9151 tablet_replica.cc:333] T ae208c9a8af24941a4b4490c04f1d5fb P 1f4c45de8cc445d4b26585c6fcfd8c2c: stopping tablet replica
I20260709 14:49:00.760206  9151 raft_consensus.cc:2243] T ae208c9a8af24941a4b4490c04f1d5fb P 1f4c45de8cc445d4b26585c6fcfd8c2c [term 2 LEADER]: Raft consensus shutting down.
I20260709 14:49:00.760810  9151 raft_consensus.cc:2272] T ae208c9a8af24941a4b4490c04f1d5fb P 1f4c45de8cc445d4b26585c6fcfd8c2c [term 2 FOLLOWER]: Raft consensus is shut down!
I20260709 14:49:00.762925  9151 tablet_replica.cc:333] T 0fa6054c1a58427299357e3fc50a22d0 P 1f4c45de8cc445d4b26585c6fcfd8c2c: stopping tablet replica
I20260709 14:49:00.763490  9151 raft_consensus.cc:2243] T 0fa6054c1a58427299357e3fc50a22d0 P 1f4c45de8cc445d4b26585c6fcfd8c2c [term 2 FOLLOWER]: Raft consensus shutting down.
I20260709 14:49:00.763893  9151 raft_consensus.cc:2272] T 0fa6054c1a58427299357e3fc50a22d0 P 1f4c45de8cc445d4b26585c6fcfd8c2c [term 2 FOLLOWER]: Raft consensus is shut down!
I20260709 14:49:00.765300  9151 tablet_replica.cc:333] T c465a1c9fa8c4429bcc9ba8131b65c44 P 1f4c45de8cc445d4b26585c6fcfd8c2c: stopping tablet replica
I20260709 14:49:00.765722  9151 raft_consensus.cc:2243] T c465a1c9fa8c4429bcc9ba8131b65c44 P 1f4c45de8cc445d4b26585c6fcfd8c2c [term 3 LEADER]: Raft consensus shutting down.
I20260709 14:49:00.766333  9151 raft_consensus.cc:2272] T c465a1c9fa8c4429bcc9ba8131b65c44 P 1f4c45de8cc445d4b26585c6fcfd8c2c [term 3 FOLLOWER]: Raft consensus is shut down!
I20260709 14:49:00.768004  9151 tablet_replica.cc:333] T d83d1114d9674c8fa6c752fe098e4a1c P 1f4c45de8cc445d4b26585c6fcfd8c2c: stopping tablet replica
I20260709 14:49:00.768443  9151 raft_consensus.cc:2243] T d83d1114d9674c8fa6c752fe098e4a1c P 1f4c45de8cc445d4b26585c6fcfd8c2c [term 4 FOLLOWER]: Raft consensus shutting down.
I20260709 14:49:00.768795  9151 raft_consensus.cc:2272] T d83d1114d9674c8fa6c752fe098e4a1c P 1f4c45de8cc445d4b26585c6fcfd8c2c [term 4 FOLLOWER]: Raft consensus is shut down!
I20260709 14:49:00.770198  9151 tablet_replica.cc:333] T 7cadf0b59bbb483b8eeb15646dd1fddb P 1f4c45de8cc445d4b26585c6fcfd8c2c: stopping tablet replica
I20260709 14:49:00.770643  9151 raft_consensus.cc:2243] T 7cadf0b59bbb483b8eeb15646dd1fddb P 1f4c45de8cc445d4b26585c6fcfd8c2c [term 3 FOLLOWER]: Raft consensus shutting down.
I20260709 14:49:00.770985  9151 raft_consensus.cc:2272] T 7cadf0b59bbb483b8eeb15646dd1fddb P 1f4c45de8cc445d4b26585c6fcfd8c2c [term 3 FOLLOWER]: Raft consensus is shut down!
I20260709 14:49:00.772866  9151 tablet_replica.cc:333] T 421a6f8bf40a44259134cc2a2702cfac P 1f4c45de8cc445d4b26585c6fcfd8c2c: stopping tablet replica
I20260709 14:49:00.773291  9151 raft_consensus.cc:2243] T 421a6f8bf40a44259134cc2a2702cfac P 1f4c45de8cc445d4b26585c6fcfd8c2c [term 2 FOLLOWER]: Raft consensus shutting down.
I20260709 14:49:00.773645  9151 raft_consensus.cc:2272] T 421a6f8bf40a44259134cc2a2702cfac P 1f4c45de8cc445d4b26585c6fcfd8c2c [term 2 FOLLOWER]: Raft consensus is shut down!
I20260709 14:49:00.775045  9151 tablet_replica.cc:333] T fcbc90b5e56c4008abfd6459a13ea15f P 1f4c45de8cc445d4b26585c6fcfd8c2c: stopping tablet replica
I20260709 14:49:00.775496  9151 raft_consensus.cc:2243] T fcbc90b5e56c4008abfd6459a13ea15f P 1f4c45de8cc445d4b26585c6fcfd8c2c [term 3 FOLLOWER]: Raft consensus shutting down.
I20260709 14:49:00.775941  9151 raft_consensus.cc:2272] T fcbc90b5e56c4008abfd6459a13ea15f P 1f4c45de8cc445d4b26585c6fcfd8c2c [term 3 FOLLOWER]: Raft consensus is shut down!
I20260709 14:49:00.777367  9151 tablet_replica.cc:333] T 8b5782fa501c4253950aa1363f828014 P 1f4c45de8cc445d4b26585c6fcfd8c2c: stopping tablet replica
I20260709 14:49:00.777779  9151 raft_consensus.cc:2243] T 8b5782fa501c4253950aa1363f828014 P 1f4c45de8cc445d4b26585c6fcfd8c2c [term 2 FOLLOWER]: Raft consensus shutting down.
I20260709 14:49:00.778152  9151 raft_consensus.cc:2272] T 8b5782fa501c4253950aa1363f828014 P 1f4c45de8cc445d4b26585c6fcfd8c2c [term 2 FOLLOWER]: Raft consensus is shut down!
I20260709 14:49:00.779577  9151 tablet_replica.cc:333] T 1b90c691b7714e54be6c46ad0deaee16 P 1f4c45de8cc445d4b26585c6fcfd8c2c: stopping tablet replica
I20260709 14:49:00.779971  9151 raft_consensus.cc:2243] T 1b90c691b7714e54be6c46ad0deaee16 P 1f4c45de8cc445d4b26585c6fcfd8c2c [term 4 FOLLOWER]: Raft consensus shutting down.
I20260709 14:49:00.780321  9151 raft_consensus.cc:2272] T 1b90c691b7714e54be6c46ad0deaee16 P 1f4c45de8cc445d4b26585c6fcfd8c2c [term 4 FOLLOWER]: Raft consensus is shut down!
W20260709 14:49:01.489404  9953 debug-util.cc:398] Leaking SignalData structure 0x7b0800057de0 after lost signal to thread 9154
W20260709 14:49:01.490131  9953 debug-util.cc:398] Leaking SignalData structure 0x7b08001de080 after lost signal to thread 9715
W20260709 14:49:01.804774  9151 thread.cc:527] Waited for 1000ms trying to join with diag-logger (tid 9953)
W20260709 14:49:02.805182  9151 thread.cc:527] Waited for 2000ms trying to join with diag-logger (tid 9953)
I20260709 14:49:03.362095  9151 tablet_server.cc:196] TabletServer@127.8.239.195:0 shutdown complete.
I20260709 14:49:03.379838  9151 master.cc:562] Master@127.8.239.254:33039 shutting down...
I20260709 14:49:03.397122  9151 raft_consensus.cc:2243] T 00000000000000000000000000000000 P 4b23df1fde2c4136a914bd20880349fe [term 1 LEADER]: Raft consensus shutting down.
I20260709 14:49:03.397586  9151 raft_consensus.cc:2272] T 00000000000000000000000000000000 P 4b23df1fde2c4136a914bd20880349fe [term 1 FOLLOWER]: Raft consensus is shut down!
I20260709 14:49:03.397854  9151 tablet_replica.cc:333] T 00000000000000000000000000000000 P 4b23df1fde2c4136a914bd20880349fe: stopping tablet replica
I20260709 14:49:03.416002  9151 master.cc:584] Master@127.8.239.254:33039 shutdown complete.
1f4c45de8cc445d4b26585c6fcfd8c2c  1
8184a9131c334e0abc463928491f0c5b  5
f543519909d24d80bc08c56acdee0fbc  4
[       OK ] LeaderRebalancerTest.FunctionalTestForNotDivided (12838 ms)
[ RUN      ] LeaderRebalancerTest.AddTserver
I20260709 14:49:03.450493  9151 internal_mini_cluster.cc:156] Creating distributed mini masters. Addrs: 127.8.239.254:36839
I20260709 14:49:03.451562  9151 file_cache.cc:504] Constructed file cache file cache with capacity 419430
W20260709 14:49:03.456846 10143 instance_detector.cc:116] could not retrieve AWS instance metadata: Network error: curl error: HTTP response code said error: The requested URL returned error: 404
W20260709 14:49:03.456863 10144 instance_detector.cc:116] could not retrieve Azure instance metadata: Network error: curl error: HTTP response code said error: The requested URL returned error: 404
W20260709 14:49:03.457180 10146 instance_detector.cc:116] could not retrieve OpenStack instance metadata: Network error: curl error: HTTP response code said error: The requested URL returned error: 404
I20260709 14:49:03.458840  9151 server_base.cc:1061] running on GCE node
I20260709 14:49:03.459594  9151 hybrid_clock.cc:584] initializing the hybrid clock with 'system_unsync' time source
W20260709 14:49:03.459766  9151 system_unsync_time.cc:38] NTP support is disabled. Clock error bounds will not be accurate. This configuration is not suitable for distributed clusters.
I20260709 14:49:03.459877  9151 hybrid_clock.cc:648] HybridClock initialized: now 1783608543459866 us; error 0 us; skew 500 ppm
I20260709 14:49:03.460315  9151 server_base.cc:861] Flag tcmalloc_max_total_thread_cache_bytes is not working since tcmalloc is not enabled.
I20260709 14:49:03.462404  9151 webserver.cc:533] Webserver started at http://127.8.239.254:35031/ using document root <none> and password file <none>
I20260709 14:49:03.462816  9151 fs_manager.cc:362] Metadata directory not provided
I20260709 14:49:03.462968  9151 fs_manager.cc:368] Using write-ahead log directory (fs_wal_dir) as metadata directory
I20260709 14:49:03.463168  9151 server_base.cc:909] This appears to be a new deployment of Kudu; creating new FS layout
I20260709 14:49:03.464294  9151 fs_manager.cc:1068] Generated new instance metadata in path /tmp/dist-test-taskt4o83I/test-tmp/auto_leader_rebalancer-test.0.LeaderRebalancerTest.AddTserver.1783608518012840-9151-0/minicluster-data/master-0-root/instance:
uuid: "4d7beba1be8b4b65b89e4ba6b30b3273"
format_stamp: "Formatted at 2026-07-09 14:49:03 on dist-test-slave-67mx"
I20260709 14:49:03.468181  9151 fs_manager.cc:696] Time spent creating directory manager: real 0.003s	user 0.004s	sys 0.000s
I20260709 14:49:03.471146 10151 log_block_manager.cc:4127] Time spent loading block containers with low live blocks: real 0.000s	user 0.000s	sys 0.000s
I20260709 14:49:03.471809  9151 fs_manager.cc:730] Time spent opening block manager: real 0.002s	user 0.002s	sys 0.000s
I20260709 14:49:03.472038  9151 fs_manager.cc:647] Opened local filesystem: /tmp/dist-test-taskt4o83I/test-tmp/auto_leader_rebalancer-test.0.LeaderRebalancerTest.AddTserver.1783608518012840-9151-0/minicluster-data/master-0-root
uuid: "4d7beba1be8b4b65b89e4ba6b30b3273"
format_stamp: "Formatted at 2026-07-09 14:49:03 on dist-test-slave-67mx"
I20260709 14:49:03.472263  9151 fs_report.cc:389] FS layout report
--------------------
wal directory: /tmp/dist-test-taskt4o83I/test-tmp/auto_leader_rebalancer-test.0.LeaderRebalancerTest.AddTserver.1783608518012840-9151-0/minicluster-data/master-0-root
metadata directory: /tmp/dist-test-taskt4o83I/test-tmp/auto_leader_rebalancer-test.0.LeaderRebalancerTest.AddTserver.1783608518012840-9151-0/minicluster-data/master-0-root
1 data directories: /tmp/dist-test-taskt4o83I/test-tmp/auto_leader_rebalancer-test.0.LeaderRebalancerTest.AddTserver.1783608518012840-9151-0/minicluster-data/master-0-root/data
Total live blocks: 0
Total live bytes: 0
Total live bytes (after alignment): 0
Total number of LBM containers: 0 (0 full)
Did not check for missing blocks
Did not check for orphaned blocks
Total full LBM containers with extra space: 0 (0 repaired)
Total full LBM container extra space in bytes: 0 (0 repaired)
Total incomplete LBM containers: 0 (0 repaired)
Total LBM partial records: 0 (0 repaired)
Total corrupted LBM metadata records in RocksDB: 0 (0 repaired)
