I20260709 14:49:01.038272  1333 data_dirs.cc:400] Could only allocate 1 dirs of requested 3 for tablet 0c9ca33b9137457b9ff5ea53fde80e0a. 1 dirs total, 0 dirs full, 0 dirs failed
I20260709 14:49:01.039621  1255 tablet_service.cc:1511] Processing CreateTablet for tablet 0ea331978d6a4b3ebf9166b93af3b193 (DEFAULT_TABLE table=test-workload [id=0b0942864a484cafb3966a2e04573248]), partition=RANGE (key) PARTITION 837154621 <= VALUES < 873552648
I20260709 14:49:01.040956  1255 data_dirs.cc:400] Could only allocate 1 dirs of requested 3 for tablet 0ea331978d6a4b3ebf9166b93af3b193. 1 dirs total, 0 dirs full, 0 dirs failed
I20260709 14:49:01.044523  1392 leader_election.cc:290] T cba394c62c8e4c6787ae0b3118159df2 P 13a8d49dc98f4623ad808450cc3f8338 [CANDIDATE]: Term 1 pre-election: Requested pre-vote from peers 2ea63b1ab38e4be5a3ebf83149aff958 (127.31.199.130:43059), caaf5c54db54400eabe81edb8ead5510 (127.31.199.131:34047)
I20260709 14:49:01.051491  1334 tablet_service.cc:1511] Processing CreateTablet for tablet 59f5553135854648aff52f240e984a56 (DEFAULT_TABLE table=test-workload [id=0b0942864a484cafb3966a2e04573248]), partition=RANGE (key) PARTITION 691562513 <= VALUES < 727960540
I20260709 14:49:01.053061  1334 data_dirs.cc:400] Could only allocate 1 dirs of requested 3 for tablet 59f5553135854648aff52f240e984a56. 1 dirs total, 0 dirs full, 0 dirs failed
I20260709 14:49:01.055516  1326 tablet_service.cc:1511] Processing CreateTablet for tablet 0ea331978d6a4b3ebf9166b93af3b193 (DEFAULT_TABLE table=test-workload [id=0b0942864a484cafb3966a2e04573248]), partition=RANGE (key) PARTITION 837154621 <= VALUES < 873552648
I20260709 14:49:01.062561  1326 data_dirs.cc:400] Could only allocate 1 dirs of requested 3 for tablet 0ea331978d6a4b3ebf9166b93af3b193. 1 dirs total, 0 dirs full, 0 dirs failed
I20260709 14:49:01.062770  1370 heartbeater.cc:499] Master 127.31.199.190:35109 was elected leader, sending a full tablet report...
I20260709 14:49:01.063053  1254 tablet_service.cc:1511] Processing CreateTablet for tablet 835e1f911732417da37e7daf62cf334c (DEFAULT_TABLE table=test-workload [id=0b0942864a484cafb3966a2e04573248]), partition=RANGE (key) PARTITION 727960540 <= VALUES < 764358567
I20260709 14:49:01.065999  1389 ts_tablet_manager.cc:1434] T cba394c62c8e4c6787ae0b3118159df2 P caaf5c54db54400eabe81edb8ead5510: Time spent starting tablet: real 0.071s	user 0.011s	sys 0.020s
I20260709 14:49:01.067507  1389 tablet_bootstrap.cc:492] T 95f6d2223cee4d3fafc5658a9073f727 P caaf5c54db54400eabe81edb8ead5510: Bootstrap starting.
I20260709 14:49:01.072917  1254 data_dirs.cc:400] Could only allocate 1 dirs of requested 3 for tablet 835e1f911732417da37e7daf62cf334c. 1 dirs total, 0 dirs full, 0 dirs failed
I20260709 14:49:01.078009  1389 tablet_bootstrap.cc:654] T 95f6d2223cee4d3fafc5658a9073f727 P caaf5c54db54400eabe81edb8ead5510: Neither blocks nor log segments found. Creating new log.
I20260709 14:49:01.095715  1385 ts_tablet_manager.cc:1434] T cba394c62c8e4c6787ae0b3118159df2 P 13a8d49dc98f4623ad808450cc3f8338: Time spent starting tablet: real 0.226s	user 0.012s	sys 0.015s
I20260709 14:49:01.096951  1385 tablet_bootstrap.cc:492] T 6828ea07b1a94db2a5d31ad702918e59 P 13a8d49dc98f4623ad808450cc3f8338: Bootstrap starting.
I20260709 14:49:01.102278  1253 tablet_service.cc:1511] Processing CreateTablet for tablet 233e734462624c179284dc981ff3d312 (DEFAULT_TABLE table=test-workload [id=0b0942864a484cafb3966a2e04573248]), partition=RANGE (key) PARTITION 873552648 <= VALUES < 909950675
I20260709 14:49:01.114738  1253 data_dirs.cc:400] Could only allocate 1 dirs of requested 3 for tablet 233e734462624c179284dc981ff3d312. 1 dirs total, 0 dirs full, 0 dirs failed
I20260709 14:49:01.114274  1335 tablet_service.cc:1511] Processing CreateTablet for tablet 233e734462624c179284dc981ff3d312 (DEFAULT_TABLE table=test-workload [id=0b0942864a484cafb3966a2e04573248]), partition=RANGE (key) PARTITION 873552648 <= VALUES < 909950675
I20260709 14:49:01.116173  1335 data_dirs.cc:400] Could only allocate 1 dirs of requested 3 for tablet 233e734462624c179284dc981ff3d312. 1 dirs total, 0 dirs full, 0 dirs failed
I20260709 14:49:01.142186  1252 tablet_service.cc:1511] Processing CreateTablet for tablet b4eb5854d56847baaf2af45488129ad8 (DEFAULT_TABLE table=test-workload [id=0b0942864a484cafb3966a2e04573248]), partition=RANGE (key) PARTITION 909950675 <= VALUES < 946348702
I20260709 14:49:01.145625  1252 data_dirs.cc:400] Could only allocate 1 dirs of requested 3 for tablet b4eb5854d56847baaf2af45488129ad8. 1 dirs total, 0 dirs full, 0 dirs failed
I20260709 14:49:01.146322  1327 tablet_service.cc:1511] Processing CreateTablet for tablet b4eb5854d56847baaf2af45488129ad8 (DEFAULT_TABLE table=test-workload [id=0b0942864a484cafb3966a2e04573248]), partition=RANGE (key) PARTITION 909950675 <= VALUES < 946348702
I20260709 14:49:01.143988  1385 tablet_bootstrap.cc:654] T 6828ea07b1a94db2a5d31ad702918e59 P 13a8d49dc98f4623ad808450cc3f8338: Neither blocks nor log segments found. Creating new log.
I20260709 14:49:01.149580  1345 tablet_service.cc:1917] Received RequestConsensusVote() RPC: tablet_id: "cba394c62c8e4c6787ae0b3118159df2" candidate_uuid: "13a8d49dc98f4623ad808450cc3f8338" candidate_term: 1 candidate_status { last_received { term: 0 index: 0 } } ignore_live_leader: false dest_uuid: "caaf5c54db54400eabe81edb8ead5510" is_pre_election: true
I20260709 14:49:01.155068  1345 raft_consensus.cc:2468] T cba394c62c8e4c6787ae0b3118159df2 P caaf5c54db54400eabe81edb8ead5510 [term 0 FOLLOWER]: Leader pre-election vote request: Granting yes vote for candidate 13a8d49dc98f4623ad808450cc3f8338 in term 0.
I20260709 14:49:01.157065  1327 data_dirs.cc:400] Could only allocate 1 dirs of requested 3 for tablet b4eb5854d56847baaf2af45488129ad8. 1 dirs total, 0 dirs full, 0 dirs failed
I20260709 14:49:01.157442  1159 leader_election.cc:304] T cba394c62c8e4c6787ae0b3118159df2 P 13a8d49dc98f4623ad808450cc3f8338 [CANDIDATE]: Term 1 pre-election: Election decided. Result: candidate won. Election summary: received 2 responses out of 3 voters: 2 yes votes; 0 no votes. yes voters: 13a8d49dc98f4623ad808450cc3f8338, caaf5c54db54400eabe81edb8ead5510; no voters: 
I20260709 14:49:01.158439  1392 raft_consensus.cc:2804] T cba394c62c8e4c6787ae0b3118159df2 P 13a8d49dc98f4623ad808450cc3f8338 [term 0 FOLLOWER]: Leader pre-election won for term 1
I20260709 14:49:01.158865  1392 raft_consensus.cc:493] T cba394c62c8e4c6787ae0b3118159df2 P 13a8d49dc98f4623ad808450cc3f8338 [term 0 FOLLOWER]: Starting leader election (no leader contacted us within the election timeout)
I20260709 14:49:01.159222  1392 raft_consensus.cc:3060] T cba394c62c8e4c6787ae0b3118159df2 P 13a8d49dc98f4623ad808450cc3f8338 [term 0 FOLLOWER]: Advancing to term 1
I20260709 14:49:01.163148  1386 tablet_bootstrap.cc:492] T 6828ea07b1a94db2a5d31ad702918e59 P 2ea63b1ab38e4be5a3ebf83149aff958: No bootstrap required, opened a new log
I20260709 14:49:01.163558  1389 tablet_bootstrap.cc:492] T 95f6d2223cee4d3fafc5658a9073f727 P caaf5c54db54400eabe81edb8ead5510: No bootstrap required, opened a new log
I20260709 14:49:01.163766  1386 ts_tablet_manager.cc:1403] T 6828ea07b1a94db2a5d31ad702918e59 P 2ea63b1ab38e4be5a3ebf83149aff958: Time spent bootstrapping tablet: real 0.245s	user 0.018s	sys 0.041s
I20260709 14:49:01.164106  1389 ts_tablet_manager.cc:1403] T 95f6d2223cee4d3fafc5658a9073f727 P caaf5c54db54400eabe81edb8ead5510: Time spent bootstrapping tablet: real 0.097s	user 0.016s	sys 0.008s
I20260709 14:49:01.168634  1389 raft_consensus.cc:359] T 95f6d2223cee4d3fafc5658a9073f727 P caaf5c54db54400eabe81edb8ead5510 [term 0 FOLLOWER]: Replica starting. Triggering 0 pending ops. Active config: opid_index: -1 OBSOLETE_local: false peers { permanent_uuid: "13a8d49dc98f4623ad808450cc3f8338" member_type: VOTER last_known_addr { host: "127.31.199.129" port: 33243 } } peers { permanent_uuid: "2ea63b1ab38e4be5a3ebf83149aff958" member_type: VOTER last_known_addr { host: "127.31.199.130" port: 43059 } } peers { permanent_uuid: "caaf5c54db54400eabe81edb8ead5510" member_type: VOTER last_known_addr { host: "127.31.199.131" port: 34047 } }
I20260709 14:49:01.169404  1389 raft_consensus.cc:385] T 95f6d2223cee4d3fafc5658a9073f727 P caaf5c54db54400eabe81edb8ead5510 [term 0 FOLLOWER]: Consensus starting up: Expiring failure detector timer to make a prompt election more likely
I20260709 14:49:01.169173  1257 tablet_service.cc:1511] Processing CreateTablet for tablet 52ea77b6498240f3b36d8b3a8ece5a04 (DEFAULT_TABLE table=test-workload [id=0b0942864a484cafb3966a2e04573248]), partition=RANGE (key) PARTITION 946348702 <= VALUES < 982746729
I20260709 14:49:01.169746  1389 raft_consensus.cc:740] T 95f6d2223cee4d3fafc5658a9073f727 P caaf5c54db54400eabe81edb8ead5510 [term 0 FOLLOWER]: Becoming Follower/Learner. State: Replica: caaf5c54db54400eabe81edb8ead5510, State: Initialized, Role: FOLLOWER
I20260709 14:49:01.171000  1257 data_dirs.cc:400] Could only allocate 1 dirs of requested 3 for tablet 52ea77b6498240f3b36d8b3a8ece5a04. 1 dirs total, 0 dirs full, 0 dirs failed
I20260709 14:49:01.170605  1389 consensus_queue.cc:260] T 95f6d2223cee4d3fafc5658a9073f727 P caaf5c54db54400eabe81edb8ead5510 [NON_LEADER]: Queue going to NON_LEADER mode. State: All replicated index: 0, Majority replicated index: 0, Committed index: 0, Last appended: 0.0, Last appended by leader: 0, Current term: 0, Majority size: -1, State: 0, Mode: NON_LEADER, active raft config: opid_index: -1 OBSOLETE_local: false peers { permanent_uuid: "13a8d49dc98f4623ad808450cc3f8338" member_type: VOTER last_known_addr { host: "127.31.199.129" port: 33243 } } peers { permanent_uuid: "2ea63b1ab38e4be5a3ebf83149aff958" member_type: VOTER last_known_addr { host: "127.31.199.130" port: 43059 } } peers { permanent_uuid: "caaf5c54db54400eabe81edb8ead5510" member_type: VOTER last_known_addr { host: "127.31.199.131" port: 34047 } }
I20260709 14:49:01.174154  1184 tablet_service.cc:1511] Processing CreateTablet for tablet 233e734462624c179284dc981ff3d312 (DEFAULT_TABLE table=test-workload [id=0b0942864a484cafb3966a2e04573248]), partition=RANGE (key) PARTITION 873552648 <= VALUES < 909950675
I20260709 14:49:01.175638  1184 data_dirs.cc:400] Could only allocate 1 dirs of requested 3 for tablet 233e734462624c179284dc981ff3d312. 1 dirs total, 0 dirs full, 0 dirs failed
I20260709 14:49:01.176692  1177 tablet_service.cc:1511] Processing CreateTablet for tablet 0ea331978d6a4b3ebf9166b93af3b193 (DEFAULT_TABLE table=test-workload [id=0b0942864a484cafb3966a2e04573248]), partition=RANGE (key) PARTITION 837154621 <= VALUES < 873552648
I20260709 14:49:01.178021  1177 data_dirs.cc:400] Could only allocate 1 dirs of requested 3 for tablet 0ea331978d6a4b3ebf9166b93af3b193. 1 dirs total, 0 dirs full, 0 dirs failed
I20260709 14:49:01.181123  1386 raft_consensus.cc:359] T 6828ea07b1a94db2a5d31ad702918e59 P 2ea63b1ab38e4be5a3ebf83149aff958 [term 0 FOLLOWER]: Replica starting. Triggering 0 pending ops. Active config: opid_index: -1 OBSOLETE_local: false peers { permanent_uuid: "13a8d49dc98f4623ad808450cc3f8338" member_type: VOTER last_known_addr { host: "127.31.199.129" port: 33243 } } peers { permanent_uuid: "2ea63b1ab38e4be5a3ebf83149aff958" member_type: VOTER last_known_addr { host: "127.31.199.130" port: 43059 } } peers { permanent_uuid: "caaf5c54db54400eabe81edb8ead5510" member_type: VOTER last_known_addr { host: "127.31.199.131" port: 34047 } }
I20260709 14:49:01.182035  1181 tablet_service.cc:1511] Processing CreateTablet for tablet b4eb5854d56847baaf2af45488129ad8 (DEFAULT_TABLE table=test-workload [id=0b0942864a484cafb3966a2e04573248]), partition=RANGE (key) PARTITION 909950675 <= VALUES < 946348702
I20260709 14:49:01.182554  1386 raft_consensus.cc:385] T 6828ea07b1a94db2a5d31ad702918e59 P 2ea63b1ab38e4be5a3ebf83149aff958 [term 0 FOLLOWER]: Consensus starting up: Expiring failure detector timer to make a prompt election more likely
I20260709 14:49:01.182824  1271 tablet_service.cc:1917] Received RequestConsensusVote() RPC: tablet_id: "cba394c62c8e4c6787ae0b3118159df2" candidate_uuid: "13a8d49dc98f4623ad808450cc3f8338" candidate_term: 1 candidate_status { last_received { term: 0 index: 0 } } ignore_live_leader: false dest_uuid: "2ea63b1ab38e4be5a3ebf83149aff958" is_pre_election: true
I20260709 14:49:01.182992  1386 raft_consensus.cc:740] T 6828ea07b1a94db2a5d31ad702918e59 P 2ea63b1ab38e4be5a3ebf83149aff958 [term 0 FOLLOWER]: Becoming Follower/Learner. State: Replica: 2ea63b1ab38e4be5a3ebf83149aff958, State: Initialized, Role: FOLLOWER
I20260709 14:49:01.183430  1181 data_dirs.cc:400] Could only allocate 1 dirs of requested 3 for tablet b4eb5854d56847baaf2af45488129ad8. 1 dirs total, 0 dirs full, 0 dirs failed
I20260709 14:49:01.184108  1386 consensus_queue.cc:260] T 6828ea07b1a94db2a5d31ad702918e59 P 2ea63b1ab38e4be5a3ebf83149aff958 [NON_LEADER]: Queue going to NON_LEADER mode. State: All replicated index: 0, Majority replicated index: 0, Committed index: 0, Last appended: 0.0, Last appended by leader: 0, Current term: 0, Majority size: -1, State: 0, Mode: NON_LEADER, active raft config: opid_index: -1 OBSOLETE_local: false peers { permanent_uuid: "13a8d49dc98f4623ad808450cc3f8338" member_type: VOTER last_known_addr { host: "127.31.199.129" port: 33243 } } peers { permanent_uuid: "2ea63b1ab38e4be5a3ebf83149aff958" member_type: VOTER last_known_addr { host: "127.31.199.130" port: 43059 } } peers { permanent_uuid: "caaf5c54db54400eabe81edb8ead5510" member_type: VOTER last_known_addr { host: "127.31.199.131" port: 34047 } }
I20260709 14:49:01.184935  1389 ts_tablet_manager.cc:1434] T 95f6d2223cee4d3fafc5658a9073f727 P caaf5c54db54400eabe81edb8ead5510: Time spent starting tablet: real 0.020s	user 0.010s	sys 0.000s
I20260709 14:49:01.185930  1389 tablet_bootstrap.cc:492] T cd4a92d1ed36455f84257e6c993a957f P caaf5c54db54400eabe81edb8ead5510: Bootstrap starting.
I20260709 14:49:01.189641  1182 tablet_service.cc:1511] Processing CreateTablet for tablet 52ea77b6498240f3b36d8b3a8ece5a04 (DEFAULT_TABLE table=test-workload [id=0b0942864a484cafb3966a2e04573248]), partition=RANGE (key) PARTITION 946348702 <= VALUES < 982746729
I20260709 14:49:01.191061  1182 data_dirs.cc:400] Could only allocate 1 dirs of requested 3 for tablet 52ea77b6498240f3b36d8b3a8ece5a04. 1 dirs total, 0 dirs full, 0 dirs failed
I20260709 14:49:01.191154  1386 ts_tablet_manager.cc:1434] T 6828ea07b1a94db2a5d31ad702918e59 P 2ea63b1ab38e4be5a3ebf83149aff958: Time spent starting tablet: real 0.027s	user 0.009s	sys 0.000s
W20260709 14:49:01.192975  1162 leader_election.cc:343] T cba394c62c8e4c6787ae0b3118159df2 P 13a8d49dc98f4623ad808450cc3f8338 [CANDIDATE]: Term 1 pre-election: Tablet error from VoteRequest() call to peer 2ea63b1ab38e4be5a3ebf83149aff958 (127.31.199.130:43059): Illegal state: must be running to vote when last-logged opid is not known
I20260709 14:49:01.193656  1178 tablet_service.cc:1511] Processing CreateTablet for tablet 0c9ca33b9137457b9ff5ea53fde80e0a (DEFAULT_TABLE table=test-workload [id=0b0942864a484cafb3966a2e04573248]), partition=RANGE (key) PARTITION 800756594 <= VALUES < 837154621
I20260709 14:49:01.195760  1386 tablet_bootstrap.cc:492] T 95f6d2223cee4d3fafc5658a9073f727 P 2ea63b1ab38e4be5a3ebf83149aff958: Bootstrap starting.
I20260709 14:49:01.196211  1178 data_dirs.cc:400] Could only allocate 1 dirs of requested 3 for tablet 0c9ca33b9137457b9ff5ea53fde80e0a. 1 dirs total, 0 dirs full, 0 dirs failed
I20260709 14:49:01.203986  1389 tablet_bootstrap.cc:654] T cd4a92d1ed36455f84257e6c993a957f P caaf5c54db54400eabe81edb8ead5510: Neither blocks nor log segments found. Creating new log.
I20260709 14:49:01.187984  1392 raft_consensus.cc:515] T cba394c62c8e4c6787ae0b3118159df2 P 13a8d49dc98f4623ad808450cc3f8338 [term 1 FOLLOWER]: Starting leader election with config: opid_index: -1 OBSOLETE_local: false peers { permanent_uuid: "13a8d49dc98f4623ad808450cc3f8338" member_type: VOTER last_known_addr { host: "127.31.199.129" port: 33243 } } peers { permanent_uuid: "2ea63b1ab38e4be5a3ebf83149aff958" member_type: VOTER last_known_addr { host: "127.31.199.130" port: 43059 } } peers { permanent_uuid: "caaf5c54db54400eabe81edb8ead5510" member_type: VOTER last_known_addr { host: "127.31.199.131" port: 34047 } }
I20260709 14:49:01.213706  1333 tablet_service.cc:1511] Processing CreateTablet for tablet 52ea77b6498240f3b36d8b3a8ece5a04 (DEFAULT_TABLE table=test-workload [id=0b0942864a484cafb3966a2e04573248]), partition=RANGE (key) PARTITION 946348702 <= VALUES < 982746729
I20260709 14:49:01.215348  1333 data_dirs.cc:400] Could only allocate 1 dirs of requested 3 for tablet 52ea77b6498240f3b36d8b3a8ece5a04. 1 dirs total, 0 dirs full, 0 dirs failed
I20260709 14:49:01.218374  1385 tablet_bootstrap.cc:492] T 6828ea07b1a94db2a5d31ad702918e59 P 13a8d49dc98f4623ad808450cc3f8338: No bootstrap required, opened a new log
I20260709 14:49:01.218971  1385 ts_tablet_manager.cc:1403] T 6828ea07b1a94db2a5d31ad702918e59 P 13a8d49dc98f4623ad808450cc3f8338: Time spent bootstrapping tablet: real 0.122s	user 0.012s	sys 0.000s
I20260709 14:49:01.220788  1386 tablet_bootstrap.cc:654] T 95f6d2223cee4d3fafc5658a9073f727 P 2ea63b1ab38e4be5a3ebf83149aff958: Neither blocks nor log segments found. Creating new log.
I20260709 14:49:01.225955  1271 tablet_service.cc:1917] Received RequestConsensusVote() RPC: tablet_id: "cba394c62c8e4c6787ae0b3118159df2" candidate_uuid: "13a8d49dc98f4623ad808450cc3f8338" candidate_term: 1 candidate_status { last_received { term: 0 index: 0 } } ignore_live_leader: false dest_uuid: "2ea63b1ab38e4be5a3ebf83149aff958"
W20260709 14:49:01.228259  1162 leader_election.cc:343] T cba394c62c8e4c6787ae0b3118159df2 P 13a8d49dc98f4623ad808450cc3f8338 [CANDIDATE]: Term 1 election: Tablet error from VoteRequest() call to peer 2ea63b1ab38e4be5a3ebf83149aff958 (127.31.199.130:43059): Illegal state: must be running to vote when last-logged opid is not known
I20260709 14:49:01.230667  1385 raft_consensus.cc:359] T 6828ea07b1a94db2a5d31ad702918e59 P 13a8d49dc98f4623ad808450cc3f8338 [term 0 FOLLOWER]: Replica starting. Triggering 0 pending ops. Active config: opid_index: -1 OBSOLETE_local: false peers { permanent_uuid: "13a8d49dc98f4623ad808450cc3f8338" member_type: VOTER last_known_addr { host: "127.31.199.129" port: 33243 } } peers { permanent_uuid: "2ea63b1ab38e4be5a3ebf83149aff958" member_type: VOTER last_known_addr { host: "127.31.199.130" port: 43059 } } peers { permanent_uuid: "caaf5c54db54400eabe81edb8ead5510" member_type: VOTER last_known_addr { host: "127.31.199.131" port: 34047 } }
I20260709 14:49:01.231104  1345 tablet_service.cc:1917] Received RequestConsensusVote() RPC: tablet_id: "cba394c62c8e4c6787ae0b3118159df2" candidate_uuid: "13a8d49dc98f4623ad808450cc3f8338" candidate_term: 1 candidate_status { last_received { term: 0 index: 0 } } ignore_live_leader: false dest_uuid: "caaf5c54db54400eabe81edb8ead5510"
I20260709 14:49:01.231906  1345 raft_consensus.cc:3060] T cba394c62c8e4c6787ae0b3118159df2 P caaf5c54db54400eabe81edb8ead5510 [term 0 FOLLOWER]: Advancing to term 1
I20260709 14:49:01.225463  1392 leader_election.cc:290] T cba394c62c8e4c6787ae0b3118159df2 P 13a8d49dc98f4623ad808450cc3f8338 [CANDIDATE]: Term 1 election: Requested vote from peers 2ea63b1ab38e4be5a3ebf83149aff958 (127.31.199.130:43059), caaf5c54db54400eabe81edb8ead5510 (127.31.199.131:34047)
I20260709 14:49:01.257020  1390 raft_consensus.cc:493] T 89ffa9a985334d74be2104387137eabc P 2ea63b1ab38e4be5a3ebf83149aff958 [term 0 FOLLOWER]: Starting pre-election (no leader contacted us within the election timeout)
I20260709 14:49:01.257606  1390 raft_consensus.cc:515] T 89ffa9a985334d74be2104387137eabc P 2ea63b1ab38e4be5a3ebf83149aff958 [term 0 FOLLOWER]: Starting pre-election with config: opid_index: -1 OBSOLETE_local: false peers { permanent_uuid: "13a8d49dc98f4623ad808450cc3f8338" member_type: VOTER last_known_addr { host: "127.31.199.129" port: 33243 } } peers { permanent_uuid: "2ea63b1ab38e4be5a3ebf83149aff958" member_type: VOTER last_known_addr { host: "127.31.199.130" port: 43059 } } peers { permanent_uuid: "caaf5c54db54400eabe81edb8ead5510" member_type: VOTER last_known_addr { host: "127.31.199.131" port: 34047 } }
I20260709 14:49:01.231536  1385 raft_consensus.cc:385] T 6828ea07b1a94db2a5d31ad702918e59 P 13a8d49dc98f4623ad808450cc3f8338 [term 0 FOLLOWER]: Consensus starting up: Expiring failure detector timer to make a prompt election more likely
I20260709 14:49:01.260690  1385 raft_consensus.cc:740] T 6828ea07b1a94db2a5d31ad702918e59 P 13a8d49dc98f4623ad808450cc3f8338 [term 0 FOLLOWER]: Becoming Follower/Learner. State: Replica: 13a8d49dc98f4623ad808450cc3f8338, State: Initialized, Role: FOLLOWER
I20260709 14:49:01.260223  1326 tablet_service.cc:1511] Processing CreateTablet for tablet 71a84d0fb6ce44ff99db8d3d0748e200 (DEFAULT_TABLE table=test-workload [id=0b0942864a484cafb3966a2e04573248]), partition=RANGE (key) PARTITION 982746729 <= VALUES < 1019144756
I20260709 14:49:01.272598  1326 data_dirs.cc:400] Could only allocate 1 dirs of requested 3 for tablet 71a84d0fb6ce44ff99db8d3d0748e200. 1 dirs total, 0 dirs full, 0 dirs failed
I20260709 14:49:01.275920  1390 leader_election.cc:290] T 89ffa9a985334d74be2104387137eabc P 2ea63b1ab38e4be5a3ebf83149aff958 [CANDIDATE]: Term 1 pre-election: Requested pre-vote from peers 13a8d49dc98f4623ad808450cc3f8338 (127.31.199.129:33243), caaf5c54db54400eabe81edb8ead5510 (127.31.199.131:34047)
I20260709 14:49:01.264700  1257 tablet_service.cc:1511] Processing CreateTablet for tablet 71a84d0fb6ce44ff99db8d3d0748e200 (DEFAULT_TABLE table=test-workload [id=0b0942864a484cafb3966a2e04573248]), partition=RANGE (key) PARTITION 982746729 <= VALUES < 1019144756
I20260709 14:49:01.286715  1177 tablet_service.cc:1511] Processing CreateTablet for tablet 71a84d0fb6ce44ff99db8d3d0748e200 (DEFAULT_TABLE table=test-workload [id=0b0942864a484cafb3966a2e04573248]), partition=RANGE (key) PARTITION 982746729 <= VALUES < 1019144756
I20260709 14:49:01.287621  1258 tablet_service.cc:1511] Processing CreateTablet for tablet 5b70673b25484d45beaae3bba5487490 (DEFAULT_TABLE table=test-workload [id=0b0942864a484cafb3966a2e04573248]), partition=RANGE (key) PARTITION 1019144756 <= VALUES < 1055542783
I20260709 14:49:01.287531  1385 consensus_queue.cc:260] T 6828ea07b1a94db2a5d31ad702918e59 P 13a8d49dc98f4623ad808450cc3f8338 [NON_LEADER]: Queue going to NON_LEADER mode. State: All replicated index: 0, Majority replicated index: 0, Committed index: 0, Last appended: 0.0, Last appended by leader: 0, Current term: 0, Majority size: -1, State: 0, Mode: NON_LEADER, active raft config: opid_index: -1 OBSOLETE_local: false peers { permanent_uuid: "13a8d49dc98f4623ad808450cc3f8338" member_type: VOTER last_known_addr { host: "127.31.199.129" port: 33243 } } peers { permanent_uuid: "2ea63b1ab38e4be5a3ebf83149aff958" member_type: VOTER last_known_addr { host: "127.31.199.130" port: 43059 } } peers { permanent_uuid: "caaf5c54db54400eabe81edb8ead5510" member_type: VOTER last_known_addr { host: "127.31.199.131" port: 34047 } }
I20260709 14:49:01.289795  1385 ts_tablet_manager.cc:1434] T 6828ea07b1a94db2a5d31ad702918e59 P 13a8d49dc98f4623ad808450cc3f8338: Time spent starting tablet: real 0.070s	user 0.009s	sys 0.000s
I20260709 14:49:01.290797  1385 tablet_bootstrap.cc:492] T 8abb58fda7e3470cab6968b3d9cd46be P 13a8d49dc98f4623ad808450cc3f8338: Bootstrap starting.
I20260709 14:49:01.291620  1257 data_dirs.cc:400] Could only allocate 1 dirs of requested 3 for tablet 71a84d0fb6ce44ff99db8d3d0748e200. 1 dirs total, 0 dirs full, 0 dirs failed
I20260709 14:49:01.291515  1327 tablet_service.cc:1511] Processing CreateTablet for tablet 5b70673b25484d45beaae3bba5487490 (DEFAULT_TABLE table=test-workload [id=0b0942864a484cafb3966a2e04573248]), partition=RANGE (key) PARTITION 1019144756 <= VALUES < 1055542783
I20260709 14:49:01.293190  1327 data_dirs.cc:400] Could only allocate 1 dirs of requested 3 for tablet 5b70673b25484d45beaae3bba5487490. 1 dirs total, 0 dirs full, 0 dirs failed
I20260709 14:49:01.297866  1258 data_dirs.cc:400] Could only allocate 1 dirs of requested 3 for tablet 5b70673b25484d45beaae3bba5487490. 1 dirs total, 0 dirs full, 0 dirs failed
I20260709 14:49:01.299823  1345 raft_consensus.cc:2468] T cba394c62c8e4c6787ae0b3118159df2 P caaf5c54db54400eabe81edb8ead5510 [term 1 FOLLOWER]: Leader election vote request: Granting yes vote for candidate 13a8d49dc98f4623ad808450cc3f8338 in term 1.
I20260709 14:49:01.288127  1177 data_dirs.cc:400] Could only allocate 1 dirs of requested 3 for tablet 71a84d0fb6ce44ff99db8d3d0748e200. 1 dirs total, 0 dirs full, 0 dirs failed
I20260709 14:49:01.311708  1159 leader_election.cc:304] T cba394c62c8e4c6787ae0b3118159df2 P 13a8d49dc98f4623ad808450cc3f8338 [CANDIDATE]: Term 1 election: Election decided. Result: candidate won. Election summary: received 3 responses out of 3 voters: 2 yes votes; 1 no votes. yes voters: 13a8d49dc98f4623ad808450cc3f8338, caaf5c54db54400eabe81edb8ead5510; no voters: 2ea63b1ab38e4be5a3ebf83149aff958
I20260709 14:49:01.313213  1392 raft_consensus.cc:2804] T cba394c62c8e4c6787ae0b3118159df2 P 13a8d49dc98f4623ad808450cc3f8338 [term 1 FOLLOWER]: Leader election won for term 1
I20260709 14:49:01.326678  1178 tablet_service.cc:1511] Processing CreateTablet for tablet 5b70673b25484d45beaae3bba5487490 (DEFAULT_TABLE table=test-workload [id=0b0942864a484cafb3966a2e04573248]), partition=RANGE (key) PARTITION 1019144756 <= VALUES < 1055542783
I20260709 14:49:01.334463  1178 data_dirs.cc:400] Could only allocate 1 dirs of requested 3 for tablet 5b70673b25484d45beaae3bba5487490. 1 dirs total, 0 dirs full, 0 dirs failed
I20260709 14:49:01.337383  1389 tablet_bootstrap.cc:492] T cd4a92d1ed36455f84257e6c993a957f P caaf5c54db54400eabe81edb8ead5510: No bootstrap required, opened a new log
I20260709 14:49:01.337925  1389 ts_tablet_manager.cc:1403] T cd4a92d1ed36455f84257e6c993a957f P caaf5c54db54400eabe81edb8ead5510: Time spent bootstrapping tablet: real 0.152s	user 0.006s	sys 0.024s
I20260709 14:49:01.342585  1386 tablet_bootstrap.cc:492] T 95f6d2223cee4d3fafc5658a9073f727 P 2ea63b1ab38e4be5a3ebf83149aff958: No bootstrap required, opened a new log
I20260709 14:49:01.343313  1386 ts_tablet_manager.cc:1403] T 95f6d2223cee4d3fafc5658a9073f727 P 2ea63b1ab38e4be5a3ebf83149aff958: Time spent bootstrapping tablet: real 0.148s	user 0.019s	sys 0.038s
I20260709 14:49:01.344798  1392 raft_consensus.cc:697] T cba394c62c8e4c6787ae0b3118159df2 P 13a8d49dc98f4623ad808450cc3f8338 [term 1 LEADER]: Becoming Leader. State: Replica: 13a8d49dc98f4623ad808450cc3f8338, State: Running, Role: LEADER
I20260709 14:49:01.352803  1392 consensus_queue.cc:237] T cba394c62c8e4c6787ae0b3118159df2 P 13a8d49dc98f4623ad808450cc3f8338 [LEADER]: Queue going to LEADER mode. State: All replicated index: 0, Majority replicated index: 0, Committed index: 0, Last appended: 0.0, Last appended by leader: 0, Current term: 1, Majority size: 2, State: 0, Mode: LEADER, active raft config: opid_index: -1 OBSOLETE_local: false peers { permanent_uuid: "13a8d49dc98f4623ad808450cc3f8338" member_type: VOTER last_known_addr { host: "127.31.199.129" port: 33243 } } peers { permanent_uuid: "2ea63b1ab38e4be5a3ebf83149aff958" member_type: VOTER last_known_addr { host: "127.31.199.130" port: 43059 } } peers { permanent_uuid: "caaf5c54db54400eabe81edb8ead5510" member_type: VOTER last_known_addr { host: "127.31.199.131" port: 34047 } }
I20260709 14:49:01.354651  1386 raft_consensus.cc:359] T 95f6d2223cee4d3fafc5658a9073f727 P 2ea63b1ab38e4be5a3ebf83149aff958 [term 0 FOLLOWER]: Replica starting. Triggering 0 pending ops. Active config: opid_index: -1 OBSOLETE_local: false peers { permanent_uuid: "13a8d49dc98f4623ad808450cc3f8338" member_type: VOTER last_known_addr { host: "127.31.199.129" port: 33243 } } peers { permanent_uuid: "2ea63b1ab38e4be5a3ebf83149aff958" member_type: VOTER last_known_addr { host: "127.31.199.130" port: 43059 } } peers { permanent_uuid: "caaf5c54db54400eabe81edb8ead5510" member_type: VOTER last_known_addr { host: "127.31.199.131" port: 34047 } }
I20260709 14:49:01.355372  1386 raft_consensus.cc:385] T 95f6d2223cee4d3fafc5658a9073f727 P 2ea63b1ab38e4be5a3ebf83149aff958 [term 0 FOLLOWER]: Consensus starting up: Expiring failure detector timer to make a prompt election more likely
I20260709 14:49:01.355633  1386 raft_consensus.cc:740] T 95f6d2223cee4d3fafc5658a9073f727 P 2ea63b1ab38e4be5a3ebf83149aff958 [term 0 FOLLOWER]: Becoming Follower/Learner. State: Replica: 2ea63b1ab38e4be5a3ebf83149aff958, State: Initialized, Role: FOLLOWER
I20260709 14:49:01.357152  1386 consensus_queue.cc:260] T 95f6d2223cee4d3fafc5658a9073f727 P 2ea63b1ab38e4be5a3ebf83149aff958 [NON_LEADER]: Queue going to NON_LEADER mode. State: All replicated index: 0, Majority replicated index: 0, Committed index: 0, Last appended: 0.0, Last appended by leader: 0, Current term: 0, Majority size: -1, State: 0, Mode: NON_LEADER, active raft config: opid_index: -1 OBSOLETE_local: false peers { permanent_uuid: "13a8d49dc98f4623ad808450cc3f8338" member_type: VOTER last_known_addr { host: "127.31.199.129" port: 33243 } } peers { permanent_uuid: "2ea63b1ab38e4be5a3ebf83149aff958" member_type: VOTER last_known_addr { host: "127.31.199.130" port: 43059 } } peers { permanent_uuid: "caaf5c54db54400eabe81edb8ead5510" member_type: VOTER last_known_addr { host: "127.31.199.131" port: 34047 } }
I20260709 14:49:01.359311  1389 raft_consensus.cc:359] T cd4a92d1ed36455f84257e6c993a957f P caaf5c54db54400eabe81edb8ead5510 [term 0 FOLLOWER]: Replica starting. Triggering 0 pending ops. Active config: opid_index: -1 OBSOLETE_local: false peers { permanent_uuid: "13a8d49dc98f4623ad808450cc3f8338" member_type: VOTER last_known_addr { host: "127.31.199.129" port: 33243 } } peers { permanent_uuid: "2ea63b1ab38e4be5a3ebf83149aff958" member_type: VOTER last_known_addr { host: "127.31.199.130" port: 43059 } } peers { permanent_uuid: "caaf5c54db54400eabe81edb8ead5510" member_type: VOTER last_known_addr { host: "127.31.199.131" port: 34047 } }
I20260709 14:49:01.360076  1389 raft_consensus.cc:385] T cd4a92d1ed36455f84257e6c993a957f P caaf5c54db54400eabe81edb8ead5510 [term 0 FOLLOWER]: Consensus starting up: Expiring failure detector timer to make a prompt election more likely
I20260709 14:49:01.361349  1386 ts_tablet_manager.cc:1434] T 95f6d2223cee4d3fafc5658a9073f727 P 2ea63b1ab38e4be5a3ebf83149aff958: Time spent starting tablet: real 0.018s	user 0.010s	sys 0.000s
I20260709 14:49:01.361783  1393 raft_consensus.cc:493] T 95f6d2223cee4d3fafc5658a9073f727 P caaf5c54db54400eabe81edb8ead5510 [term 0 FOLLOWER]: Starting pre-election (no leader contacted us within the election timeout)
I20260709 14:49:01.362315  1386 tablet_bootstrap.cc:492] T d637b0b64949431fbb03a70e01d2f375 P 2ea63b1ab38e4be5a3ebf83149aff958: Bootstrap starting.
I20260709 14:49:01.362295  1393 raft_consensus.cc:515] T 95f6d2223cee4d3fafc5658a9073f727 P caaf5c54db54400eabe81edb8ead5510 [term 0 FOLLOWER]: Starting pre-election with config: opid_index: -1 OBSOLETE_local: false peers { permanent_uuid: "13a8d49dc98f4623ad808450cc3f8338" member_type: VOTER last_known_addr { host: "127.31.199.129" port: 33243 } } peers { permanent_uuid: "2ea63b1ab38e4be5a3ebf83149aff958" member_type: VOTER last_known_addr { host: "127.31.199.130" port: 43059 } } peers { permanent_uuid: "caaf5c54db54400eabe81edb8ead5510" member_type: VOTER last_known_addr { host: "127.31.199.131" port: 34047 } }
I20260709 14:49:01.360394  1389 raft_consensus.cc:740] T cd4a92d1ed36455f84257e6c993a957f P caaf5c54db54400eabe81edb8ead5510 [term 0 FOLLOWER]: Becoming Follower/Learner. State: Replica: caaf5c54db54400eabe81edb8ead5510, State: Initialized, Role: FOLLOWER
I20260709 14:49:01.374109  1326 tablet_service.cc:1511] Processing CreateTablet for tablet f2cd6aa5a60845c5aadb7e161dce2cc1 (DEFAULT_TABLE table=test-workload [id=0b0942864a484cafb3966a2e04573248]), partition=RANGE (key) PARTITION 1055542783 <= VALUES < 1091940810
I20260709 14:49:01.375133  1254 tablet_service.cc:1511] Processing CreateTablet for tablet 6b4b99aadf9f4723b70dead3b139df46 (DEFAULT_TABLE table=test-workload [id=0b0942864a484cafb3966a2e04573248]), partition=RANGE (key) PARTITION 1091940810 <= VALUES < 1128338837
I20260709 14:49:01.382577  1254 data_dirs.cc:400] Could only allocate 1 dirs of requested 3 for tablet 6b4b99aadf9f4723b70dead3b139df46. 1 dirs total, 0 dirs full, 0 dirs failed
I20260709 14:49:01.381297  1389 consensus_queue.cc:260] T cd4a92d1ed36455f84257e6c993a957f P caaf5c54db54400eabe81edb8ead5510 [NON_LEADER]: Queue going to NON_LEADER mode. State: All replicated index: 0, Majority replicated index: 0, Committed index: 0, Last appended: 0.0, Last appended by leader: 0, Current term: 0, Majority size: -1, State: 0, Mode: NON_LEADER, active raft config: opid_index: -1 OBSOLETE_local: false peers { permanent_uuid: "13a8d49dc98f4623ad808450cc3f8338" member_type: VOTER last_known_addr { host: "127.31.199.129" port: 33243 } } peers { permanent_uuid: "2ea63b1ab38e4be5a3ebf83149aff958" member_type: VOTER last_known_addr { host: "127.31.199.130" port: 43059 } } peers { permanent_uuid: "caaf5c54db54400eabe81edb8ead5510" member_type: VOTER last_known_addr { host: "127.31.199.131" port: 34047 } }
I20260709 14:49:01.386792  1385 tablet_bootstrap.cc:654] T 8abb58fda7e3470cab6968b3d9cd46be P 13a8d49dc98f4623ad808450cc3f8338: Neither blocks nor log segments found. Creating new log.
I20260709 14:49:01.388887  1393 leader_election.cc:290] T 95f6d2223cee4d3fafc5658a9073f727 P caaf5c54db54400eabe81edb8ead5510 [CANDIDATE]: Term 1 pre-election: Requested pre-vote from peers 13a8d49dc98f4623ad808450cc3f8338 (127.31.199.129:33243), 2ea63b1ab38e4be5a3ebf83149aff958 (127.31.199.130:43059)
I20260709 14:49:01.361132  1252 tablet_service.cc:1511] Processing CreateTablet for tablet f2cd6aa5a60845c5aadb7e161dce2cc1 (DEFAULT_TABLE table=test-workload [id=0b0942864a484cafb3966a2e04573248]), partition=RANGE (key) PARTITION 1055542783 <= VALUES < 1091940810
I20260709 14:49:01.395215  1327 tablet_service.cc:1511] Processing CreateTablet for tablet 6b4b99aadf9f4723b70dead3b139df46 (DEFAULT_TABLE table=test-workload [id=0b0942864a484cafb3966a2e04573248]), partition=RANGE (key) PARTITION 1091940810 <= VALUES < 1128338837
I20260709 14:49:01.375643  1326 data_dirs.cc:400] Could only allocate 1 dirs of requested 3 for tablet f2cd6aa5a60845c5aadb7e161dce2cc1. 1 dirs total, 0 dirs full, 0 dirs failed
I20260709 14:49:01.409482  1327 data_dirs.cc:400] Could only allocate 1 dirs of requested 3 for tablet 6b4b99aadf9f4723b70dead3b139df46. 1 dirs total, 0 dirs full, 0 dirs failed
I20260709 14:49:01.415293  1345 tablet_service.cc:1917] Received RequestConsensusVote() RPC: tablet_id: "89ffa9a985334d74be2104387137eabc" candidate_uuid: "2ea63b1ab38e4be5a3ebf83149aff958" candidate_term: 1 candidate_status { last_received { term: 0 index: 0 } } ignore_live_leader: false dest_uuid: "caaf5c54db54400eabe81edb8ead5510" is_pre_election: true
I20260709 14:49:01.417912  1252 data_dirs.cc:400] Could only allocate 1 dirs of requested 3 for tablet f2cd6aa5a60845c5aadb7e161dce2cc1. 1 dirs total, 0 dirs full, 0 dirs failed
I20260709 14:49:01.418792  1253 tablet_service.cc:1511] Processing CreateTablet for tablet c9ce0628df524384ac507c577f702726 (DEFAULT_TABLE table=test-workload [id=0b0942864a484cafb3966a2e04573248]), partition=RANGE (key) PARTITION 1128338837 <= VALUES < 1164736864
I20260709 14:49:01.420138  1253 data_dirs.cc:400] Could only allocate 1 dirs of requested 3 for tablet c9ce0628df524384ac507c577f702726. 1 dirs total, 0 dirs full, 0 dirs failed
I20260709 14:49:01.424453  1334 tablet_service.cc:1511] Processing CreateTablet for tablet c9ce0628df524384ac507c577f702726 (DEFAULT_TABLE table=test-workload [id=0b0942864a484cafb3966a2e04573248]), partition=RANGE (key) PARTITION 1128338837 <= VALUES < 1164736864
I20260709 14:49:01.425942  1334 data_dirs.cc:400] Could only allocate 1 dirs of requested 3 for tablet c9ce0628df524384ac507c577f702726. 1 dirs total, 0 dirs full, 0 dirs failed
I20260709 14:49:01.429211  1390 raft_consensus.cc:493] T 95f6d2223cee4d3fafc5658a9073f727 P 2ea63b1ab38e4be5a3ebf83149aff958 [term 0 FOLLOWER]: Starting pre-election (no leader contacted us within the election timeout)
I20260709 14:49:01.429733  1390 raft_consensus.cc:515] T 95f6d2223cee4d3fafc5658a9073f727 P 2ea63b1ab38e4be5a3ebf83149aff958 [term 0 FOLLOWER]: Starting pre-election with config: opid_index: -1 OBSOLETE_local: false peers { permanent_uuid: "13a8d49dc98f4623ad808450cc3f8338" member_type: VOTER last_known_addr { host: "127.31.199.129" port: 33243 } } peers { permanent_uuid: "2ea63b1ab38e4be5a3ebf83149aff958" member_type: VOTER last_known_addr { host: "127.31.199.130" port: 43059 } } peers { permanent_uuid: "caaf5c54db54400eabe81edb8ead5510" member_type: VOTER last_known_addr { host: "127.31.199.131" port: 34047 } }
I20260709 14:49:01.430053  1181 tablet_service.cc:1511] Processing CreateTablet for tablet c9ce0628df524384ac507c577f702726 (DEFAULT_TABLE table=test-workload [id=0b0942864a484cafb3966a2e04573248]), partition=RANGE (key) PARTITION 1128338837 <= VALUES < 1164736864
I20260709 14:49:01.431422  1181 data_dirs.cc:400] Could only allocate 1 dirs of requested 3 for tablet c9ce0628df524384ac507c577f702726. 1 dirs total, 0 dirs full, 0 dirs failed
I20260709 14:49:01.432128  1390 leader_election.cc:290] T 95f6d2223cee4d3fafc5658a9073f727 P 2ea63b1ab38e4be5a3ebf83149aff958 [CANDIDATE]: Term 1 pre-election: Requested pre-vote from peers 13a8d49dc98f4623ad808450cc3f8338 (127.31.199.129:33243), caaf5c54db54400eabe81edb8ead5510 (127.31.199.131:34047)
I20260709 14:49:01.431984  1184 tablet_service.cc:1511] Processing CreateTablet for tablet 6b4b99aadf9f4723b70dead3b139df46 (DEFAULT_TABLE table=test-workload [id=0b0942864a484cafb3966a2e04573248]), partition=RANGE (key) PARTITION 1091940810 <= VALUES < 1128338837
I20260709 14:49:01.433307  1184 data_dirs.cc:400] Could only allocate 1 dirs of requested 3 for tablet 6b4b99aadf9f4723b70dead3b139df46. 1 dirs total, 0 dirs full, 0 dirs failed
I20260709 14:49:01.444912  1392 raft_consensus.cc:493] T 6828ea07b1a94db2a5d31ad702918e59 P 13a8d49dc98f4623ad808450cc3f8338 [term 0 FOLLOWER]: Starting pre-election (no leader contacted us within the election timeout)
I20260709 14:49:01.445469  1392 raft_consensus.cc:515] T 6828ea07b1a94db2a5d31ad702918e59 P 13a8d49dc98f4623ad808450cc3f8338 [term 0 FOLLOWER]: Starting pre-election with config: opid_index: -1 OBSOLETE_local: false peers { permanent_uuid: "13a8d49dc98f4623ad808450cc3f8338" member_type: VOTER last_known_addr { host: "127.31.199.129" port: 33243 } } peers { permanent_uuid: "2ea63b1ab38e4be5a3ebf83149aff958" member_type: VOTER last_known_addr { host: "127.31.199.130" port: 43059 } } peers { permanent_uuid: "caaf5c54db54400eabe81edb8ead5510" member_type: VOTER last_known_addr { host: "127.31.199.131" port: 34047 } }
I20260709 14:49:01.452988  1345 tablet_service.cc:1917] Received RequestConsensusVote() RPC: tablet_id: "95f6d2223cee4d3fafc5658a9073f727" candidate_uuid: "2ea63b1ab38e4be5a3ebf83149aff958" candidate_term: 1 candidate_status { last_received { term: 0 index: 0 } } ignore_live_leader: false dest_uuid: "caaf5c54db54400eabe81edb8ead5510" is_pre_election: true
I20260709 14:49:01.453732  1345 raft_consensus.cc:2468] T 95f6d2223cee4d3fafc5658a9073f727 P caaf5c54db54400eabe81edb8ead5510 [term 0 FOLLOWER]: Leader pre-election vote request: Granting yes vote for candidate 2ea63b1ab38e4be5a3ebf83149aff958 in term 0.
I20260709 14:49:01.454118  1392 leader_election.cc:290] T 6828ea07b1a94db2a5d31ad702918e59 P 13a8d49dc98f4623ad808450cc3f8338 [CANDIDATE]: Term 1 pre-election: Requested pre-vote from peers 2ea63b1ab38e4be5a3ebf83149aff958 (127.31.199.130:43059), caaf5c54db54400eabe81edb8ead5510 (127.31.199.131:34047)
I20260709 14:49:01.454504  1091 catalog_manager.cc:5697] T cba394c62c8e4c6787ae0b3118159df2 P 13a8d49dc98f4623ad808450cc3f8338 reported cstate change: term changed from 0 to 1, leader changed from <none> to 13a8d49dc98f4623ad808450cc3f8338 (127.31.199.129). New cstate: current_term: 1 leader_uuid: "13a8d49dc98f4623ad808450cc3f8338" committed_config { opid_index: -1 OBSOLETE_local: false peers { permanent_uuid: "13a8d49dc98f4623ad808450cc3f8338" member_type: VOTER last_known_addr { host: "127.31.199.129" port: 33243 } health_report { overall_health: HEALTHY } } peers { permanent_uuid: "2ea63b1ab38e4be5a3ebf83149aff958" member_type: VOTER last_known_addr { host: "127.31.199.130" port: 43059 } health_report { overall_health: UNKNOWN } } peers { permanent_uuid: "caaf5c54db54400eabe81edb8ead5510" member_type: VOTER last_known_addr { host: "127.31.199.131" port: 34047 } health_report { overall_health: UNKNOWN } } }
I20260709 14:49:01.455962  1182 tablet_service.cc:1511] Processing CreateTablet for tablet a3634fb570054de68d3a75dc5df1edf6 (DEFAULT_TABLE table=test-workload [id=0b0942864a484cafb3966a2e04573248]), partition=RANGE (key) PARTITION 1164736864 <= VALUES < 1201134891
I20260709 14:49:01.459590  1182 data_dirs.cc:400] Could only allocate 1 dirs of requested 3 for tablet a3634fb570054de68d3a75dc5df1edf6. 1 dirs total, 0 dirs full, 0 dirs failed
I20260709 14:49:01.461668  1257 tablet_service.cc:1511] Processing CreateTablet for tablet a3634fb570054de68d3a75dc5df1edf6 (DEFAULT_TABLE table=test-workload [id=0b0942864a484cafb3966a2e04573248]), partition=RANGE (key) PARTITION 1164736864 <= VALUES < 1201134891
I20260709 14:49:01.463075  1257 data_dirs.cc:400] Could only allocate 1 dirs of requested 3 for tablet a3634fb570054de68d3a75dc5df1edf6. 1 dirs total, 0 dirs full, 0 dirs failed
I20260709 14:49:01.463445  1335 tablet_service.cc:1511] Processing CreateTablet for tablet a3634fb570054de68d3a75dc5df1edf6 (DEFAULT_TABLE table=test-workload [id=0b0942864a484cafb3966a2e04573248]), partition=RANGE (key) PARTITION 1164736864 <= VALUES < 1201134891
I20260709 14:49:01.464084  1345 tablet_service.cc:1917] Received RequestConsensusVote() RPC: tablet_id: "6828ea07b1a94db2a5d31ad702918e59" candidate_uuid: "13a8d49dc98f4623ad808450cc3f8338" candidate_term: 1 candidate_status { last_received { term: 0 index: 0 } } ignore_live_leader: false dest_uuid: "caaf5c54db54400eabe81edb8ead5510" is_pre_election: true
I20260709 14:49:01.464740  1335 data_dirs.cc:400] Could only allocate 1 dirs of requested 3 for tablet a3634fb570054de68d3a75dc5df1edf6. 1 dirs total, 0 dirs full, 0 dirs failed
I20260709 14:49:01.466007  1261 tablet_service.cc:1511] Processing CreateTablet for tablet a38b69f1ad3e4037acf493dc4be071c8 (DEFAULT_TABLE table=test-workload [id=0b0942864a484cafb3966a2e04573248]), partition=RANGE (key) PARTITION 1201134891 <= VALUES < 1237532918
I20260709 14:49:01.467290  1261 data_dirs.cc:400] Could only allocate 1 dirs of requested 3 for tablet a38b69f1ad3e4037acf493dc4be071c8. 1 dirs total, 0 dirs full, 0 dirs failed
I20260709 14:49:01.469533  1186 tablet_service.cc:1511] Processing CreateTablet for tablet a38b69f1ad3e4037acf493dc4be071c8 (DEFAULT_TABLE table=test-workload [id=0b0942864a484cafb3966a2e04573248]), partition=RANGE (key) PARTITION 1201134891 <= VALUES < 1237532918
I20260709 14:49:01.470919  1186 data_dirs.cc:400] Could only allocate 1 dirs of requested 3 for tablet a38b69f1ad3e4037acf493dc4be071c8. 1 dirs total, 0 dirs full, 0 dirs failed
I20260709 14:49:01.464094  1271 tablet_service.cc:1917] Received RequestConsensusVote() RPC: tablet_id: "6828ea07b1a94db2a5d31ad702918e59" candidate_uuid: "13a8d49dc98f4623ad808450cc3f8338" candidate_term: 1 candidate_status { last_received { term: 0 index: 0 } } ignore_live_leader: false dest_uuid: "2ea63b1ab38e4be5a3ebf83149aff958" is_pre_election: true
I20260709 14:49:01.473204  1271 raft_consensus.cc:2468] T 6828ea07b1a94db2a5d31ad702918e59 P 2ea63b1ab38e4be5a3ebf83149aff958 [term 0 FOLLOWER]: Leader pre-election vote request: Granting yes vote for candidate 13a8d49dc98f4623ad808450cc3f8338 in term 0.
I20260709 14:49:01.474601  1386 tablet_bootstrap.cc:654] T d637b0b64949431fbb03a70e01d2f375 P 2ea63b1ab38e4be5a3ebf83149aff958: Neither blocks nor log segments found. Creating new log.
I20260709 14:49:01.474468  1162 leader_election.cc:304] T 6828ea07b1a94db2a5d31ad702918e59 P 13a8d49dc98f4623ad808450cc3f8338 [CANDIDATE]: Term 1 pre-election: Election decided. Result: candidate won. Election summary: received 2 responses out of 3 voters: 2 yes votes; 0 no votes. yes voters: 13a8d49dc98f4623ad808450cc3f8338, 2ea63b1ab38e4be5a3ebf83149aff958; no voters: 
W20260709 14:49:01.475122  1159 leader_election.cc:343] T 6828ea07b1a94db2a5d31ad702918e59 P 13a8d49dc98f4623ad808450cc3f8338 [CANDIDATE]: Term 1 pre-election: Tablet error from VoteRequest() call to peer caaf5c54db54400eabe81edb8ead5510 (127.31.199.131:34047): Illegal state: must be running to vote when last-logged opid is not known
I20260709 14:49:01.475431  1392 raft_consensus.cc:2804] T 6828ea07b1a94db2a5d31ad702918e59 P 13a8d49dc98f4623ad808450cc3f8338 [term 0 FOLLOWER]: Leader pre-election won for term 1
I20260709 14:49:01.475930  1392 raft_consensus.cc:493] T 6828ea07b1a94db2a5d31ad702918e59 P 13a8d49dc98f4623ad808450cc3f8338 [term 0 FOLLOWER]: Starting leader election (no leader contacted us within the election timeout)
I20260709 14:49:01.476382  1392 raft_consensus.cc:3060] T 6828ea07b1a94db2a5d31ad702918e59 P 13a8d49dc98f4623ad808450cc3f8338 [term 0 FOLLOWER]: Advancing to term 1
I20260709 14:49:01.476480  1177 tablet_service.cc:1511] Processing CreateTablet for tablet f2cd6aa5a60845c5aadb7e161dce2cc1 (DEFAULT_TABLE table=test-workload [id=0b0942864a484cafb3966a2e04573248]), partition=RANGE (key) PARTITION 1055542783 <= VALUES < 1091940810
I20260709 14:49:01.478256  1177 data_dirs.cc:400] Could only allocate 1 dirs of requested 3 for tablet f2cd6aa5a60845c5aadb7e161dce2cc1. 1 dirs total, 0 dirs full, 0 dirs failed
W20260709 14:49:01.480615  1234 leader_election.cc:343] T 89ffa9a985334d74be2104387137eabc P 2ea63b1ab38e4be5a3ebf83149aff958 [CANDIDATE]: Term 1 pre-election: Tablet error from VoteRequest() call to peer caaf5c54db54400eabe81edb8ead5510 (127.31.199.131:34047): Illegal state: must be running to vote when last-logged opid is not known
I20260709 14:49:01.481618  1234 leader_election.cc:304] T 95f6d2223cee4d3fafc5658a9073f727 P 2ea63b1ab38e4be5a3ebf83149aff958 [CANDIDATE]: Term 1 pre-election: Election decided. Result: candidate won. Election summary: received 2 responses out of 3 voters: 2 yes votes; 0 no votes. yes voters: 2ea63b1ab38e4be5a3ebf83149aff958, caaf5c54db54400eabe81edb8ead5510; no voters: 
I20260709 14:49:01.482426  1390 raft_consensus.cc:2804] T 95f6d2223cee4d3fafc5658a9073f727 P 2ea63b1ab38e4be5a3ebf83149aff958 [term 0 FOLLOWER]: Leader pre-election won for term 1
I20260709 14:49:01.482810  1390 raft_consensus.cc:493] T 95f6d2223cee4d3fafc5658a9073f727 P 2ea63b1ab38e4be5a3ebf83149aff958 [term 0 FOLLOWER]: Starting leader election (no leader contacted us within the election timeout)
I20260709 14:49:01.486166  1390 raft_consensus.cc:3060] T 95f6d2223cee4d3fafc5658a9073f727 P 2ea63b1ab38e4be5a3ebf83149aff958 [term 0 FOLLOWER]: Advancing to term 1
I20260709 14:49:01.489014  1332 tablet_service.cc:1511] Processing CreateTablet for tablet a38b69f1ad3e4037acf493dc4be071c8 (DEFAULT_TABLE table=test-workload [id=0b0942864a484cafb3966a2e04573248]), partition=RANGE (key) PARTITION 1201134891 <= VALUES < 1237532918
I20260709 14:49:01.490374  1332 data_dirs.cc:400] Could only allocate 1 dirs of requested 3 for tablet a38b69f1ad3e4037acf493dc4be071c8. 1 dirs total, 0 dirs full, 0 dirs failed
I20260709 14:49:01.490034  1179 tablet_service.cc:1511] Processing CreateTablet for tablet 96ab0a8f206b40b1aac57c0cf7fa76a8 (DEFAULT_TABLE table=test-workload [id=0b0942864a484cafb3966a2e04573248]), partition=RANGE (key) PARTITION 1237532918 <= VALUES < 1273930945
I20260709 14:49:01.491328  1179 data_dirs.cc:400] Could only allocate 1 dirs of requested 3 for tablet 96ab0a8f206b40b1aac57c0cf7fa76a8. 1 dirs total, 0 dirs full, 0 dirs failed
I20260709 14:49:01.506717  1390 raft_consensus.cc:515] T 95f6d2223cee4d3fafc5658a9073f727 P 2ea63b1ab38e4be5a3ebf83149aff958 [term 1 FOLLOWER]: Starting leader election with config: opid_index: -1 OBSOLETE_local: false peers { permanent_uuid: "13a8d49dc98f4623ad808450cc3f8338" member_type: VOTER last_known_addr { host: "127.31.199.129" port: 33243 } } peers { permanent_uuid: "2ea63b1ab38e4be5a3ebf83149aff958" member_type: VOTER last_known_addr { host: "127.31.199.130" port: 43059 } } peers { permanent_uuid: "caaf5c54db54400eabe81edb8ead5510" member_type: VOTER last_known_addr { host: "127.31.199.131" port: 34047 } }
I20260709 14:49:01.509876  1196 tablet_service.cc:1917] Received RequestConsensusVote() RPC: tablet_id: "95f6d2223cee4d3fafc5658a9073f727" candidate_uuid: "caaf5c54db54400eabe81edb8ead5510" candidate_term: 1 candidate_status { last_received { term: 0 index: 0 } } ignore_live_leader: false dest_uuid: "13a8d49dc98f4623ad808450cc3f8338" is_pre_election: true
I20260709 14:49:01.512002  1389 ts_tablet_manager.cc:1434] T cd4a92d1ed36455f84257e6c993a957f P caaf5c54db54400eabe81edb8ead5510: Time spent starting tablet: real 0.174s	user 0.013s	sys 0.023s
I20260709 14:49:01.515820  1392 raft_consensus.cc:515] T 6828ea07b1a94db2a5d31ad702918e59 P 13a8d49dc98f4623ad808450cc3f8338 [term 1 FOLLOWER]: Starting leader election with config: opid_index: -1 OBSOLETE_local: false peers { permanent_uuid: "13a8d49dc98f4623ad808450cc3f8338" member_type: VOTER last_known_addr { host: "127.31.199.129" port: 33243 } } peers { permanent_uuid: "2ea63b1ab38e4be5a3ebf83149aff958" member_type: VOTER last_known_addr { host: "127.31.199.130" port: 43059 } } peers { permanent_uuid: "caaf5c54db54400eabe81edb8ead5510" member_type: VOTER last_known_addr { host: "127.31.199.131" port: 34047 } }
