I20260709 14:48:39.186105  7055 catalog_manager.cc:5697] T b5e2a82af05b49c5ab949fa33bd31c49 P a0e08d9b941e49018a2301a04e971c72 reported cstate change: term changed from 2 to 3, leader changed from 95477bcd65234a34ac317f86f888ed89 (127.6.220.65) to a0e08d9b941e49018a2301a04e971c72 (127.6.220.67). New cstate: current_term: 3 leader_uuid: "a0e08d9b941e49018a2301a04e971c72" committed_config { opid_index: -1 OBSOLETE_local: false peers { permanent_uuid: "95477bcd65234a34ac317f86f888ed89" member_type: VOTER last_known_addr { host: "127.6.220.65" port: 42691 } health_report { overall_health: UNKNOWN } } peers { permanent_uuid: "159e487f5a6c46969d79dd3655f8bb58" member_type: VOTER last_known_addr { host: "127.6.220.66" port: 39159 } health_report { overall_health: UNKNOWN } } peers { permanent_uuid: "a0e08d9b941e49018a2301a04e971c72" member_type: VOTER last_known_addr { host: "127.6.220.67" port: 33839 } health_report { overall_health: HEALTHY } } }
I20260709 14:48:39.221818  7438 raft_consensus.cc:993] T 77f764c8c47248d5b60e00da96f8f54e P 159e487f5a6c46969d79dd3655f8bb58: : Instructing follower a0e08d9b941e49018a2301a04e971c72 to start an election
I20260709 14:48:39.222182  7449 raft_consensus.cc:1081] T 77f764c8c47248d5b60e00da96f8f54e P 159e487f5a6c46969d79dd3655f8bb58 [term 2 LEADER]: Signalling peer a0e08d9b941e49018a2301a04e971c72 to start an election
I20260709 14:48:39.223443  7308 tablet_service.cc:2044] Received Run Leader Election RPC: tablet_id: "77f764c8c47248d5b60e00da96f8f54e"
dest_uuid: "a0e08d9b941e49018a2301a04e971c72"
 from {username='slave'} at 127.0.0.1:52112
I20260709 14:48:39.223866  7308 raft_consensus.cc:493] T 77f764c8c47248d5b60e00da96f8f54e P a0e08d9b941e49018a2301a04e971c72 [term 2 FOLLOWER]: Starting forced leader election (received explicit request)
I20260709 14:48:39.224154  7308 raft_consensus.cc:3060] T 77f764c8c47248d5b60e00da96f8f54e P a0e08d9b941e49018a2301a04e971c72 [term 2 FOLLOWER]: Advancing to term 3
I20260709 14:48:39.228266  7308 raft_consensus.cc:515] T 77f764c8c47248d5b60e00da96f8f54e P a0e08d9b941e49018a2301a04e971c72 [term 3 FOLLOWER]: Starting forced leader election with config: opid_index: -1 OBSOLETE_local: false peers { permanent_uuid: "95477bcd65234a34ac317f86f888ed89" member_type: VOTER last_known_addr { host: "127.6.220.65" port: 42691 } } peers { permanent_uuid: "159e487f5a6c46969d79dd3655f8bb58" member_type: VOTER last_known_addr { host: "127.6.220.66" port: 39159 } } peers { permanent_uuid: "a0e08d9b941e49018a2301a04e971c72" member_type: VOTER last_known_addr { host: "127.6.220.67" port: 33839 } }
I20260709 14:48:39.229843  7308 leader_election.cc:290] T 77f764c8c47248d5b60e00da96f8f54e P a0e08d9b941e49018a2301a04e971c72 [CANDIDATE]: Term 3 election: Requested vote from peers 95477bcd65234a34ac317f86f888ed89 (127.6.220.65:42691), 159e487f5a6c46969d79dd3655f8bb58 (127.6.220.66:39159)
I20260709 14:48:39.230520  7159 tablet_service.cc:1917] Received RequestConsensusVote() RPC: tablet_id: "77f764c8c47248d5b60e00da96f8f54e" candidate_uuid: "a0e08d9b941e49018a2301a04e971c72" candidate_term: 3 candidate_status { last_received { term: 2 index: 2 } } ignore_live_leader: true dest_uuid: "95477bcd65234a34ac317f86f888ed89"
I20260709 14:48:39.230816  7232 tablet_service.cc:1917] Received RequestConsensusVote() RPC: tablet_id: "77f764c8c47248d5b60e00da96f8f54e" candidate_uuid: "a0e08d9b941e49018a2301a04e971c72" candidate_term: 3 candidate_status { last_received { term: 2 index: 2 } } ignore_live_leader: true dest_uuid: "159e487f5a6c46969d79dd3655f8bb58"
I20260709 14:48:39.230989  7159 raft_consensus.cc:3060] T 77f764c8c47248d5b60e00da96f8f54e P 95477bcd65234a34ac317f86f888ed89 [term 2 FOLLOWER]: Advancing to term 3
I20260709 14:48:39.231287  7232 raft_consensus.cc:3055] T 77f764c8c47248d5b60e00da96f8f54e P 159e487f5a6c46969d79dd3655f8bb58 [term 2 LEADER]: Stepping down as leader of term 2
I20260709 14:48:39.231530  7232 raft_consensus.cc:740] T 77f764c8c47248d5b60e00da96f8f54e P 159e487f5a6c46969d79dd3655f8bb58 [term 2 LEADER]: Becoming Follower/Learner. State: Replica: 159e487f5a6c46969d79dd3655f8bb58, State: Running, Role: LEADER
I20260709 14:48:39.232087  7232 consensus_queue.cc:260] T 77f764c8c47248d5b60e00da96f8f54e P 159e487f5a6c46969d79dd3655f8bb58 [NON_LEADER]: Queue going to NON_LEADER mode. State: All replicated index: 0, Majority replicated index: 2, Committed index: 2, Last appended: 2.2, Last appended by leader: 2, Current term: 2, Majority size: -1, State: 0, Mode: NON_LEADER, active raft config: opid_index: -1 OBSOLETE_local: false peers { permanent_uuid: "95477bcd65234a34ac317f86f888ed89" member_type: VOTER last_known_addr { host: "127.6.220.65" port: 42691 } } peers { permanent_uuid: "159e487f5a6c46969d79dd3655f8bb58" member_type: VOTER last_known_addr { host: "127.6.220.66" port: 39159 } } peers { permanent_uuid: "a0e08d9b941e49018a2301a04e971c72" member_type: VOTER last_known_addr { host: "127.6.220.67" port: 33839 } }
I20260709 14:48:39.232889  7232 raft_consensus.cc:3060] T 77f764c8c47248d5b60e00da96f8f54e P 159e487f5a6c46969d79dd3655f8bb58 [term 2 FOLLOWER]: Advancing to term 3
I20260709 14:48:39.235268  7159 raft_consensus.cc:2468] T 77f764c8c47248d5b60e00da96f8f54e P 95477bcd65234a34ac317f86f888ed89 [term 3 FOLLOWER]: Leader election vote request: Granting yes vote for candidate a0e08d9b941e49018a2301a04e971c72 in term 3.
I20260709 14:48:39.236140  7272 leader_election.cc:304] T 77f764c8c47248d5b60e00da96f8f54e P a0e08d9b941e49018a2301a04e971c72 [CANDIDATE]: Term 3 election: Election decided. Result: candidate won. Election summary: received 2 responses out of 3 voters: 2 yes votes; 0 no votes. yes voters: 95477bcd65234a34ac317f86f888ed89, a0e08d9b941e49018a2301a04e971c72; no voters: 
I20260709 14:48:39.236840  7358 raft_consensus.cc:2804] T 77f764c8c47248d5b60e00da96f8f54e P a0e08d9b941e49018a2301a04e971c72 [term 3 FOLLOWER]: Leader election won for term 3
I20260709 14:48:39.237243  7358 raft_consensus.cc:697] T 77f764c8c47248d5b60e00da96f8f54e P a0e08d9b941e49018a2301a04e971c72 [term 3 LEADER]: Becoming Leader. State: Replica: a0e08d9b941e49018a2301a04e971c72, State: Running, Role: LEADER
I20260709 14:48:39.237515  7232 raft_consensus.cc:2468] T 77f764c8c47248d5b60e00da96f8f54e P 159e487f5a6c46969d79dd3655f8bb58 [term 3 FOLLOWER]: Leader election vote request: Granting yes vote for candidate a0e08d9b941e49018a2301a04e971c72 in term 3.
I20260709 14:48:39.237890  7358 consensus_queue.cc:237] T 77f764c8c47248d5b60e00da96f8f54e P a0e08d9b941e49018a2301a04e971c72 [LEADER]: Queue going to LEADER mode. State: All replicated index: 0, Majority replicated index: 2, Committed index: 2, Last appended: 2.2, Last appended by leader: 2, Current term: 3, Majority size: 2, State: 0, Mode: LEADER, active raft config: opid_index: -1 OBSOLETE_local: false peers { permanent_uuid: "95477bcd65234a34ac317f86f888ed89" member_type: VOTER last_known_addr { host: "127.6.220.65" port: 42691 } } peers { permanent_uuid: "159e487f5a6c46969d79dd3655f8bb58" member_type: VOTER last_known_addr { host: "127.6.220.66" port: 39159 } } peers { permanent_uuid: "a0e08d9b941e49018a2301a04e971c72" member_type: VOTER last_known_addr { host: "127.6.220.67" port: 33839 } }
I20260709 14:48:39.244294  7055 catalog_manager.cc:5697] T 77f764c8c47248d5b60e00da96f8f54e P a0e08d9b941e49018a2301a04e971c72 reported cstate change: term changed from 2 to 3, leader changed from 159e487f5a6c46969d79dd3655f8bb58 (127.6.220.66) to a0e08d9b941e49018a2301a04e971c72 (127.6.220.67). New cstate: current_term: 3 leader_uuid: "a0e08d9b941e49018a2301a04e971c72" committed_config { opid_index: -1 OBSOLETE_local: false peers { permanent_uuid: "95477bcd65234a34ac317f86f888ed89" member_type: VOTER last_known_addr { host: "127.6.220.65" port: 42691 } health_report { overall_health: UNKNOWN } } peers { permanent_uuid: "159e487f5a6c46969d79dd3655f8bb58" member_type: VOTER last_known_addr { host: "127.6.220.66" port: 39159 } health_report { overall_health: UNKNOWN } } peers { permanent_uuid: "a0e08d9b941e49018a2301a04e971c72" member_type: VOTER last_known_addr { host: "127.6.220.67" port: 33839 } health_report { overall_health: HEALTHY } } }
I20260709 14:48:39.564275  7232 raft_consensus.cc:1275] T b5e2a82af05b49c5ab949fa33bd31c49 P 159e487f5a6c46969d79dd3655f8bb58 [term 3 FOLLOWER]: Refusing update from remote peer a0e08d9b941e49018a2301a04e971c72: Log matching property violated. Preceding OpId in replica: term: 2 index: 2. Preceding OpId from leader: term: 3 index: 3. (index mismatch)
I20260709 14:48:39.565277  7358 consensus_queue.cc:1048] T b5e2a82af05b49c5ab949fa33bd31c49 P a0e08d9b941e49018a2301a04e971c72 [LEADER]: Connected to new peer: Peer: permanent_uuid: "159e487f5a6c46969d79dd3655f8bb58" member_type: VOTER last_known_addr { host: "127.6.220.66" port: 39159 }, Status: LMP_MISMATCH, Last received: 0.0, Next index: 3, Last known committed idx: 2, Time since last communication: 0.000s
I20260709 14:48:39.575539  7159 raft_consensus.cc:1275] T b5e2a82af05b49c5ab949fa33bd31c49 P 95477bcd65234a34ac317f86f888ed89 [term 3 FOLLOWER]: Refusing update from remote peer a0e08d9b941e49018a2301a04e971c72: Log matching property violated. Preceding OpId in replica: term: 2 index: 2. Preceding OpId from leader: term: 3 index: 3. (index mismatch)
I20260709 14:48:39.577024  7358 consensus_queue.cc:1048] T b5e2a82af05b49c5ab949fa33bd31c49 P a0e08d9b941e49018a2301a04e971c72 [LEADER]: Connected to new peer: Peer: permanent_uuid: "95477bcd65234a34ac317f86f888ed89" member_type: VOTER last_known_addr { host: "127.6.220.65" port: 42691 }, Status: LMP_MISMATCH, Last received: 0.0, Next index: 3, Last known committed idx: 2, Time since last communication: 0.000s
I20260709 14:48:39.795805  7159 raft_consensus.cc:1275] T 77f764c8c47248d5b60e00da96f8f54e P 95477bcd65234a34ac317f86f888ed89 [term 3 FOLLOWER]: Refusing update from remote peer a0e08d9b941e49018a2301a04e971c72: Log matching property violated. Preceding OpId in replica: term: 2 index: 2. Preceding OpId from leader: term: 3 index: 3. (index mismatch)
I20260709 14:48:39.796911  7453 consensus_queue.cc:1048] T 77f764c8c47248d5b60e00da96f8f54e P a0e08d9b941e49018a2301a04e971c72 [LEADER]: Connected to new peer: Peer: permanent_uuid: "95477bcd65234a34ac317f86f888ed89" member_type: VOTER last_known_addr { host: "127.6.220.65" port: 42691 }, Status: LMP_MISMATCH, Last received: 0.0, Next index: 3, Last known committed idx: 2, Time since last communication: 0.000s
I20260709 14:48:39.803967  7232 raft_consensus.cc:1275] T 77f764c8c47248d5b60e00da96f8f54e P 159e487f5a6c46969d79dd3655f8bb58 [term 3 FOLLOWER]: Refusing update from remote peer a0e08d9b941e49018a2301a04e971c72: Log matching property violated. Preceding OpId in replica: term: 2 index: 2. Preceding OpId from leader: term: 3 index: 3. (index mismatch)
I20260709 14:48:39.805342  7443 consensus_queue.cc:1048] T 77f764c8c47248d5b60e00da96f8f54e P a0e08d9b941e49018a2301a04e971c72 [LEADER]: Connected to new peer: Peer: permanent_uuid: "159e487f5a6c46969d79dd3655f8bb58" member_type: VOTER last_known_addr { host: "127.6.220.66" port: 39159 }, Status: LMP_MISMATCH, Last received: 0.0, Next index: 3, Last known committed idx: 2, Time since last communication: 0.000s
I20260709 14:48:40.052382  7025 auto_leader_rebalancer.cc:141] leader rebalance for table test-workload
I20260709 14:48:40.061014  7159 tablet_service.cc:2072] Received LeaderStepDown RPC: tablet_id: "b063952eab924756b3d72ad1b3848861"
dest_uuid: "95477bcd65234a34ac317f86f888ed89"
mode: GRACEFUL
new_leader_uuid: "159e487f5a6c46969d79dd3655f8bb58"
 from {username='slave'} at 127.0.0.1:40772
I20260709 14:48:40.061486  7159 raft_consensus.cc:606] T b063952eab924756b3d72ad1b3848861 P 95477bcd65234a34ac317f86f888ed89 [term 2 LEADER]: Received request to transfer leadership to TS 159e487f5a6c46969d79dd3655f8bb58
I20260709 14:48:40.065496  7159 tablet_service.cc:2072] Received LeaderStepDown RPC: tablet_id: "e77a76427e6543d1b390b487514c235e"
dest_uuid: "95477bcd65234a34ac317f86f888ed89"
mode: GRACEFUL
new_leader_uuid: "159e487f5a6c46969d79dd3655f8bb58"
 from {username='slave'} at 127.0.0.1:40772
I20260709 14:48:40.065917  7159 raft_consensus.cc:606] T e77a76427e6543d1b390b487514c235e P 95477bcd65234a34ac317f86f888ed89 [term 2 LEADER]: Received request to transfer leadership to TS 159e487f5a6c46969d79dd3655f8bb58
I20260709 14:48:40.069080  7442 raft_consensus.cc:993] T e77a76427e6543d1b390b487514c235e P 95477bcd65234a34ac317f86f888ed89: : Instructing follower 159e487f5a6c46969d79dd3655f8bb58 to start an election
I20260709 14:48:40.069448  7457 raft_consensus.cc:1081] T e77a76427e6543d1b390b487514c235e P 95477bcd65234a34ac317f86f888ed89 [term 2 LEADER]: Signalling peer 159e487f5a6c46969d79dd3655f8bb58 to start an election
I20260709 14:48:40.070169  7308 tablet_service.cc:2072] Received LeaderStepDown RPC: tablet_id: "b5e2a82af05b49c5ab949fa33bd31c49"
dest_uuid: "a0e08d9b941e49018a2301a04e971c72"
mode: GRACEFUL
new_leader_uuid: "159e487f5a6c46969d79dd3655f8bb58"
 from {username='slave'} at 127.0.0.1:52126
I20260709 14:48:40.070616  7308 raft_consensus.cc:606] T b5e2a82af05b49c5ab949fa33bd31c49 P a0e08d9b941e49018a2301a04e971c72 [term 3 LEADER]: Received request to transfer leadership to TS 159e487f5a6c46969d79dd3655f8bb58
I20260709 14:48:40.070904  7232 tablet_service.cc:2044] Received Run Leader Election RPC: tablet_id: "e77a76427e6543d1b390b487514c235e"
dest_uuid: "159e487f5a6c46969d79dd3655f8bb58"
 from {username='slave'} at 127.0.0.1:46304
I20260709 14:48:40.071388  7232 raft_consensus.cc:493] T e77a76427e6543d1b390b487514c235e P 159e487f5a6c46969d79dd3655f8bb58 [term 2 FOLLOWER]: Starting forced leader election (received explicit request)
I20260709 14:48:40.071645  7232 raft_consensus.cc:3060] T e77a76427e6543d1b390b487514c235e P 159e487f5a6c46969d79dd3655f8bb58 [term 2 FOLLOWER]: Advancing to term 3
I20260709 14:48:40.074818  7159 tablet_service.cc:2072] Received LeaderStepDown RPC: tablet_id: "78ba985b3e3f42148c9ab1259bff3866"
dest_uuid: "95477bcd65234a34ac317f86f888ed89"
mode: GRACEFUL
new_leader_uuid: "159e487f5a6c46969d79dd3655f8bb58"
 from {username='slave'} at 127.0.0.1:40772
I20260709 14:48:40.075263  7159 raft_consensus.cc:606] T 78ba985b3e3f42148c9ab1259bff3866 P 95477bcd65234a34ac317f86f888ed89 [term 2 LEADER]: Received request to transfer leadership to TS 159e487f5a6c46969d79dd3655f8bb58
I20260709 14:48:40.076277  7232 raft_consensus.cc:515] T e77a76427e6543d1b390b487514c235e P 159e487f5a6c46969d79dd3655f8bb58 [term 3 FOLLOWER]: Starting forced leader election with config: opid_index: -1 OBSOLETE_local: false peers { permanent_uuid: "95477bcd65234a34ac317f86f888ed89" member_type: VOTER last_known_addr { host: "127.6.220.65" port: 42691 } } peers { permanent_uuid: "159e487f5a6c46969d79dd3655f8bb58" member_type: VOTER last_known_addr { host: "127.6.220.66" port: 39159 } } peers { permanent_uuid: "a0e08d9b941e49018a2301a04e971c72" member_type: VOTER last_known_addr { host: "127.6.220.67" port: 33839 } }
I20260709 14:48:40.077915  7232 leader_election.cc:290] T e77a76427e6543d1b390b487514c235e P 159e487f5a6c46969d79dd3655f8bb58 [CANDIDATE]: Term 3 election: Requested vote from peers 95477bcd65234a34ac317f86f888ed89 (127.6.220.65:42691), a0e08d9b941e49018a2301a04e971c72 (127.6.220.67:33839)
I20260709 14:48:40.078940  7308 tablet_service.cc:1917] Received RequestConsensusVote() RPC: tablet_id: "e77a76427e6543d1b390b487514c235e" candidate_uuid: "159e487f5a6c46969d79dd3655f8bb58" candidate_term: 3 candidate_status { last_received { term: 2 index: 2 } } ignore_live_leader: true dest_uuid: "a0e08d9b941e49018a2301a04e971c72"
I20260709 14:48:40.079485  7308 raft_consensus.cc:3060] T e77a76427e6543d1b390b487514c235e P a0e08d9b941e49018a2301a04e971c72 [term 2 FOLLOWER]: Advancing to term 3
I20260709 14:48:40.079571  7159 tablet_service.cc:1917] Received RequestConsensusVote() RPC: tablet_id: "e77a76427e6543d1b390b487514c235e" candidate_uuid: "159e487f5a6c46969d79dd3655f8bb58" candidate_term: 3 candidate_status { last_received { term: 2 index: 2 } } ignore_live_leader: true dest_uuid: "95477bcd65234a34ac317f86f888ed89"
I20260709 14:48:40.080102  7159 raft_consensus.cc:3055] T e77a76427e6543d1b390b487514c235e P 95477bcd65234a34ac317f86f888ed89 [term 2 LEADER]: Stepping down as leader of term 2
I20260709 14:48:40.080439  7159 raft_consensus.cc:740] T e77a76427e6543d1b390b487514c235e P 95477bcd65234a34ac317f86f888ed89 [term 2 LEADER]: Becoming Follower/Learner. State: Replica: 95477bcd65234a34ac317f86f888ed89, State: Running, Role: LEADER
I20260709 14:48:40.081213  7159 consensus_queue.cc:260] T e77a76427e6543d1b390b487514c235e P 95477bcd65234a34ac317f86f888ed89 [NON_LEADER]: Queue going to NON_LEADER mode. State: All replicated index: 0, Majority replicated index: 2, Committed index: 2, Last appended: 2.2, Last appended by leader: 2, Current term: 2, Majority size: -1, State: 0, Mode: NON_LEADER, active raft config: opid_index: -1 OBSOLETE_local: false peers { permanent_uuid: "95477bcd65234a34ac317f86f888ed89" member_type: VOTER last_known_addr { host: "127.6.220.65" port: 42691 } } peers { permanent_uuid: "159e487f5a6c46969d79dd3655f8bb58" member_type: VOTER last_known_addr { host: "127.6.220.66" port: 39159 } } peers { permanent_uuid: "a0e08d9b941e49018a2301a04e971c72" member_type: VOTER last_known_addr { host: "127.6.220.67" port: 33839 } }
I20260709 14:48:40.082355  7159 raft_consensus.cc:3060] T e77a76427e6543d1b390b487514c235e P 95477bcd65234a34ac317f86f888ed89 [term 2 FOLLOWER]: Advancing to term 3
I20260709 14:48:40.084064  7309 tablet_service.cc:2072] Received LeaderStepDown RPC: tablet_id: "77f764c8c47248d5b60e00da96f8f54e"
dest_uuid: "a0e08d9b941e49018a2301a04e971c72"
mode: GRACEFUL
new_leader_uuid: "159e487f5a6c46969d79dd3655f8bb58"
 from {username='slave'} at 127.0.0.1:52126
I20260709 14:48:40.084506  7309 raft_consensus.cc:606] T 77f764c8c47248d5b60e00da96f8f54e P a0e08d9b941e49018a2301a04e971c72 [term 3 LEADER]: Received request to transfer leadership to TS 159e487f5a6c46969d79dd3655f8bb58
I20260709 14:48:40.085625  7308 raft_consensus.cc:2468] T e77a76427e6543d1b390b487514c235e P a0e08d9b941e49018a2301a04e971c72 [term 3 FOLLOWER]: Leader election vote request: Granting yes vote for candidate 159e487f5a6c46969d79dd3655f8bb58 in term 3.
I20260709 14:48:40.086764  7199 leader_election.cc:304] T e77a76427e6543d1b390b487514c235e P 159e487f5a6c46969d79dd3655f8bb58 [CANDIDATE]: Term 3 election: Election decided. Result: candidate won. Election summary: received 2 responses out of 3 voters: 2 yes votes; 0 no votes. yes voters: 159e487f5a6c46969d79dd3655f8bb58, a0e08d9b941e49018a2301a04e971c72; no voters: 
I20260709 14:48:40.087541  7449 raft_consensus.cc:2804] T e77a76427e6543d1b390b487514c235e P 159e487f5a6c46969d79dd3655f8bb58 [term 3 FOLLOWER]: Leader election won for term 3
I20260709 14:48:40.088549  7449 raft_consensus.cc:697] T e77a76427e6543d1b390b487514c235e P 159e487f5a6c46969d79dd3655f8bb58 [term 3 LEADER]: Becoming Leader. State: Replica: 159e487f5a6c46969d79dd3655f8bb58, State: Running, Role: LEADER
I20260709 14:48:40.088546  7159 raft_consensus.cc:2468] T e77a76427e6543d1b390b487514c235e P 95477bcd65234a34ac317f86f888ed89 [term 3 FOLLOWER]: Leader election vote request: Granting yes vote for candidate 159e487f5a6c46969d79dd3655f8bb58 in term 3.
I20260709 14:48:40.089496  7449 consensus_queue.cc:237] T e77a76427e6543d1b390b487514c235e P 159e487f5a6c46969d79dd3655f8bb58 [LEADER]: Queue going to LEADER mode. State: All replicated index: 0, Majority replicated index: 2, Committed index: 2, Last appended: 2.2, Last appended by leader: 2, Current term: 3, Majority size: 2, State: 0, Mode: LEADER, active raft config: opid_index: -1 OBSOLETE_local: false peers { permanent_uuid: "95477bcd65234a34ac317f86f888ed89" member_type: VOTER last_known_addr { host: "127.6.220.65" port: 42691 } } peers { permanent_uuid: "159e487f5a6c46969d79dd3655f8bb58" member_type: VOTER last_known_addr { host: "127.6.220.66" port: 39159 } } peers { permanent_uuid: "a0e08d9b941e49018a2301a04e971c72" member_type: VOTER last_known_addr { host: "127.6.220.67" port: 33839 } }
I20260709 14:48:40.095008  7056 catalog_manager.cc:5697] T e77a76427e6543d1b390b487514c235e P 159e487f5a6c46969d79dd3655f8bb58 reported cstate change: term changed from 2 to 3, leader changed from 95477bcd65234a34ac317f86f888ed89 (127.6.220.65) to 159e487f5a6c46969d79dd3655f8bb58 (127.6.220.66). New cstate: current_term: 3 leader_uuid: "159e487f5a6c46969d79dd3655f8bb58" committed_config { opid_index: -1 OBSOLETE_local: false peers { permanent_uuid: "95477bcd65234a34ac317f86f888ed89" member_type: VOTER last_known_addr { host: "127.6.220.65" port: 42691 } health_report { overall_health: UNKNOWN } } peers { permanent_uuid: "159e487f5a6c46969d79dd3655f8bb58" member_type: VOTER last_known_addr { host: "127.6.220.66" port: 39159 } health_report { overall_health: HEALTHY } } peers { permanent_uuid: "a0e08d9b941e49018a2301a04e971c72" member_type: VOTER last_known_addr { host: "127.6.220.67" port: 33839 } health_report { overall_health: UNKNOWN } } }
I20260709 14:48:40.101076  7443 raft_consensus.cc:993] T b5e2a82af05b49c5ab949fa33bd31c49 P a0e08d9b941e49018a2301a04e971c72: : Instructing follower 159e487f5a6c46969d79dd3655f8bb58 to start an election
I20260709 14:48:40.101446  7358 raft_consensus.cc:1081] T b5e2a82af05b49c5ab949fa33bd31c49 P a0e08d9b941e49018a2301a04e971c72 [term 3 LEADER]: Signalling peer 159e487f5a6c46969d79dd3655f8bb58 to start an election
I20260709 14:48:40.102783  7232 tablet_service.cc:2044] Received Run Leader Election RPC: tablet_id: "b5e2a82af05b49c5ab949fa33bd31c49"
dest_uuid: "159e487f5a6c46969d79dd3655f8bb58"
 from {username='slave'} at 127.0.0.1:46306
I20260709 14:48:40.103242  7232 raft_consensus.cc:493] T b5e2a82af05b49c5ab949fa33bd31c49 P 159e487f5a6c46969d79dd3655f8bb58 [term 3 FOLLOWER]: Starting forced leader election (received explicit request)
I20260709 14:48:40.103511  7232 raft_consensus.cc:3060] T b5e2a82af05b49c5ab949fa33bd31c49 P 159e487f5a6c46969d79dd3655f8bb58 [term 3 FOLLOWER]: Advancing to term 4
I20260709 14:48:40.107265  7232 raft_consensus.cc:515] T b5e2a82af05b49c5ab949fa33bd31c49 P 159e487f5a6c46969d79dd3655f8bb58 [term 4 FOLLOWER]: Starting forced leader election with config: opid_index: -1 OBSOLETE_local: false peers { permanent_uuid: "95477bcd65234a34ac317f86f888ed89" member_type: VOTER last_known_addr { host: "127.6.220.65" port: 42691 } } peers { permanent_uuid: "159e487f5a6c46969d79dd3655f8bb58" member_type: VOTER last_known_addr { host: "127.6.220.66" port: 39159 } } peers { permanent_uuid: "a0e08d9b941e49018a2301a04e971c72" member_type: VOTER last_known_addr { host: "127.6.220.67" port: 33839 } }
I20260709 14:48:40.108930  7232 leader_election.cc:290] T b5e2a82af05b49c5ab949fa33bd31c49 P 159e487f5a6c46969d79dd3655f8bb58 [CANDIDATE]: Term 4 election: Requested vote from peers 95477bcd65234a34ac317f86f888ed89 (127.6.220.65:42691), a0e08d9b941e49018a2301a04e971c72 (127.6.220.67:33839)
I20260709 14:48:40.109162  7159 tablet_service.cc:1917] Received RequestConsensusVote() RPC: tablet_id: "b5e2a82af05b49c5ab949fa33bd31c49" candidate_uuid: "159e487f5a6c46969d79dd3655f8bb58" candidate_term: 4 candidate_status { last_received { term: 3 index: 3 } } ignore_live_leader: true dest_uuid: "95477bcd65234a34ac317f86f888ed89"
I20260709 14:48:40.109490  7308 tablet_service.cc:1917] Received RequestConsensusVote() RPC: tablet_id: "b5e2a82af05b49c5ab949fa33bd31c49" candidate_uuid: "159e487f5a6c46969d79dd3655f8bb58" candidate_term: 4 candidate_status { last_received { term: 3 index: 3 } } ignore_live_leader: true dest_uuid: "a0e08d9b941e49018a2301a04e971c72"
I20260709 14:48:40.109620  7159 raft_consensus.cc:3060] T b5e2a82af05b49c5ab949fa33bd31c49 P 95477bcd65234a34ac317f86f888ed89 [term 3 FOLLOWER]: Advancing to term 4
I20260709 14:48:40.110013  7308 raft_consensus.cc:3055] T b5e2a82af05b49c5ab949fa33bd31c49 P a0e08d9b941e49018a2301a04e971c72 [term 3 LEADER]: Stepping down as leader of term 3
I20260709 14:48:40.110323  7308 raft_consensus.cc:740] T b5e2a82af05b49c5ab949fa33bd31c49 P a0e08d9b941e49018a2301a04e971c72 [term 3 LEADER]: Becoming Follower/Learner. State: Replica: a0e08d9b941e49018a2301a04e971c72, State: Running, Role: LEADER
I20260709 14:48:40.110893  7308 consensus_queue.cc:260] T b5e2a82af05b49c5ab949fa33bd31c49 P a0e08d9b941e49018a2301a04e971c72 [NON_LEADER]: Queue going to NON_LEADER mode. State: All replicated index: 0, Majority replicated index: 3, Committed index: 3, Last appended: 3.3, Last appended by leader: 3, Current term: 3, Majority size: -1, State: 0, Mode: NON_LEADER, active raft config: opid_index: -1 OBSOLETE_local: false peers { permanent_uuid: "95477bcd65234a34ac317f86f888ed89" member_type: VOTER last_known_addr { host: "127.6.220.65" port: 42691 } } peers { permanent_uuid: "159e487f5a6c46969d79dd3655f8bb58" member_type: VOTER last_known_addr { host: "127.6.220.66" port: 39159 } } peers { permanent_uuid: "a0e08d9b941e49018a2301a04e971c72" member_type: VOTER last_known_addr { host: "127.6.220.67" port: 33839 } }
I20260709 14:48:40.111713  7308 raft_consensus.cc:3060] T b5e2a82af05b49c5ab949fa33bd31c49 P a0e08d9b941e49018a2301a04e971c72 [term 3 FOLLOWER]: Advancing to term 4
I20260709 14:48:40.113883  7159 raft_consensus.cc:2468] T b5e2a82af05b49c5ab949fa33bd31c49 P 95477bcd65234a34ac317f86f888ed89 [term 4 FOLLOWER]: Leader election vote request: Granting yes vote for candidate 159e487f5a6c46969d79dd3655f8bb58 in term 4.
I20260709 14:48:40.114686  7198 leader_election.cc:304] T b5e2a82af05b49c5ab949fa33bd31c49 P 159e487f5a6c46969d79dd3655f8bb58 [CANDIDATE]: Term 4 election: Election decided. Result: candidate won. Election summary: received 2 responses out of 3 voters: 2 yes votes; 0 no votes. yes voters: 159e487f5a6c46969d79dd3655f8bb58, 95477bcd65234a34ac317f86f888ed89; no voters: 
I20260709 14:48:40.115263  7449 raft_consensus.cc:2804] T b5e2a82af05b49c5ab949fa33bd31c49 P 159e487f5a6c46969d79dd3655f8bb58 [term 4 FOLLOWER]: Leader election won for term 4
I20260709 14:48:40.115705  7449 raft_consensus.cc:697] T b5e2a82af05b49c5ab949fa33bd31c49 P 159e487f5a6c46969d79dd3655f8bb58 [term 4 LEADER]: Becoming Leader. State: Replica: 159e487f5a6c46969d79dd3655f8bb58, State: Running, Role: LEADER
I20260709 14:48:40.115835  7308 raft_consensus.cc:2468] T b5e2a82af05b49c5ab949fa33bd31c49 P a0e08d9b941e49018a2301a04e971c72 [term 4 FOLLOWER]: Leader election vote request: Granting yes vote for candidate 159e487f5a6c46969d79dd3655f8bb58 in term 4.
I20260709 14:48:40.116470  7449 consensus_queue.cc:237] T b5e2a82af05b49c5ab949fa33bd31c49 P 159e487f5a6c46969d79dd3655f8bb58 [LEADER]: Queue going to LEADER mode. State: All replicated index: 0, Majority replicated index: 3, Committed index: 3, Last appended: 3.3, Last appended by leader: 3, Current term: 4, Majority size: 2, State: 0, Mode: LEADER, active raft config: opid_index: -1 OBSOLETE_local: false peers { permanent_uuid: "95477bcd65234a34ac317f86f888ed89" member_type: VOTER last_known_addr { host: "127.6.220.65" port: 42691 } } peers { permanent_uuid: "159e487f5a6c46969d79dd3655f8bb58" member_type: VOTER last_known_addr { host: "127.6.220.66" port: 39159 } } peers { permanent_uuid: "a0e08d9b941e49018a2301a04e971c72" member_type: VOTER last_known_addr { host: "127.6.220.67" port: 33839 } }
I20260709 14:48:40.121737  7056 catalog_manager.cc:5697] T b5e2a82af05b49c5ab949fa33bd31c49 P 159e487f5a6c46969d79dd3655f8bb58 reported cstate change: term changed from 3 to 4, leader changed from a0e08d9b941e49018a2301a04e971c72 (127.6.220.67) to 159e487f5a6c46969d79dd3655f8bb58 (127.6.220.66). New cstate: current_term: 4 leader_uuid: "159e487f5a6c46969d79dd3655f8bb58" committed_config { opid_index: -1 OBSOLETE_local: false peers { permanent_uuid: "95477bcd65234a34ac317f86f888ed89" member_type: VOTER last_known_addr { host: "127.6.220.65" port: 42691 } health_report { overall_health: UNKNOWN } } peers { permanent_uuid: "159e487f5a6c46969d79dd3655f8bb58" member_type: VOTER last_known_addr { host: "127.6.220.66" port: 39159 } health_report { overall_health: HEALTHY } } peers { permanent_uuid: "a0e08d9b941e49018a2301a04e971c72" member_type: VOTER last_known_addr { host: "127.6.220.67" port: 33839 } health_report { overall_health: UNKNOWN } } }
I20260709 14:48:40.168046  7442 raft_consensus.cc:993] T b063952eab924756b3d72ad1b3848861 P 95477bcd65234a34ac317f86f888ed89: : Instructing follower 159e487f5a6c46969d79dd3655f8bb58 to start an election
I20260709 14:48:40.168407  7457 raft_consensus.cc:1081] T b063952eab924756b3d72ad1b3848861 P 95477bcd65234a34ac317f86f888ed89 [term 2 LEADER]: Signalling peer 159e487f5a6c46969d79dd3655f8bb58 to start an election
I20260709 14:48:40.169659  7232 tablet_service.cc:2044] Received Run Leader Election RPC: tablet_id: "b063952eab924756b3d72ad1b3848861"
dest_uuid: "159e487f5a6c46969d79dd3655f8bb58"
 from {username='slave'} at 127.0.0.1:46304
I20260709 14:48:40.170073  7232 raft_consensus.cc:493] T b063952eab924756b3d72ad1b3848861 P 159e487f5a6c46969d79dd3655f8bb58 [term 2 FOLLOWER]: Starting forced leader election (received explicit request)
I20260709 14:48:40.170372  7232 raft_consensus.cc:3060] T b063952eab924756b3d72ad1b3848861 P 159e487f5a6c46969d79dd3655f8bb58 [term 2 FOLLOWER]: Advancing to term 3
I20260709 14:48:40.173959  7232 raft_consensus.cc:515] T b063952eab924756b3d72ad1b3848861 P 159e487f5a6c46969d79dd3655f8bb58 [term 3 FOLLOWER]: Starting forced leader election with config: opid_index: -1 OBSOLETE_local: false peers { permanent_uuid: "95477bcd65234a34ac317f86f888ed89" member_type: VOTER last_known_addr { host: "127.6.220.65" port: 42691 } } peers { permanent_uuid: "159e487f5a6c46969d79dd3655f8bb58" member_type: VOTER last_known_addr { host: "127.6.220.66" port: 39159 } } peers { permanent_uuid: "a0e08d9b941e49018a2301a04e971c72" member_type: VOTER last_known_addr { host: "127.6.220.67" port: 33839 } }
I20260709 14:48:40.175207  7232 leader_election.cc:290] T b063952eab924756b3d72ad1b3848861 P 159e487f5a6c46969d79dd3655f8bb58 [CANDIDATE]: Term 3 election: Requested vote from peers 95477bcd65234a34ac317f86f888ed89 (127.6.220.65:42691), a0e08d9b941e49018a2301a04e971c72 (127.6.220.67:33839)
I20260709 14:48:40.175860  7159 tablet_service.cc:1917] Received RequestConsensusVote() RPC: tablet_id: "b063952eab924756b3d72ad1b3848861" candidate_uuid: "159e487f5a6c46969d79dd3655f8bb58" candidate_term: 3 candidate_status { last_received { term: 2 index: 2 } } ignore_live_leader: true dest_uuid: "95477bcd65234a34ac317f86f888ed89"
I20260709 14:48:40.176177  7308 tablet_service.cc:1917] Received RequestConsensusVote() RPC: tablet_id: "b063952eab924756b3d72ad1b3848861" candidate_uuid: "159e487f5a6c46969d79dd3655f8bb58" candidate_term: 3 candidate_status { last_received { term: 2 index: 2 } } ignore_live_leader: true dest_uuid: "a0e08d9b941e49018a2301a04e971c72"
I20260709 14:48:40.176472  7159 raft_consensus.cc:3055] T b063952eab924756b3d72ad1b3848861 P 95477bcd65234a34ac317f86f888ed89 [term 2 LEADER]: Stepping down as leader of term 2
I20260709 14:48:40.176725  7308 raft_consensus.cc:3060] T b063952eab924756b3d72ad1b3848861 P a0e08d9b941e49018a2301a04e971c72 [term 2 FOLLOWER]: Advancing to term 3
I20260709 14:48:40.176810  7159 raft_consensus.cc:740] T b063952eab924756b3d72ad1b3848861 P 95477bcd65234a34ac317f86f888ed89 [term 2 LEADER]: Becoming Follower/Learner. State: Replica: 95477bcd65234a34ac317f86f888ed89, State: Running, Role: LEADER
I20260709 14:48:40.177631  7159 consensus_queue.cc:260] T b063952eab924756b3d72ad1b3848861 P 95477bcd65234a34ac317f86f888ed89 [NON_LEADER]: Queue going to NON_LEADER mode. State: All replicated index: 0, Majority replicated index: 2, Committed index: 2, Last appended: 2.2, Last appended by leader: 2, Current term: 2, Majority size: -1, State: 0, Mode: NON_LEADER, active raft config: opid_index: -1 OBSOLETE_local: false peers { permanent_uuid: "95477bcd65234a34ac317f86f888ed89" member_type: VOTER last_known_addr { host: "127.6.220.65" port: 42691 } } peers { permanent_uuid: "159e487f5a6c46969d79dd3655f8bb58" member_type: VOTER last_known_addr { host: "127.6.220.66" port: 39159 } } peers { permanent_uuid: "a0e08d9b941e49018a2301a04e971c72" member_type: VOTER last_known_addr { host: "127.6.220.67" port: 33839 } }
I20260709 14:48:40.178757  7159 raft_consensus.cc:3060] T b063952eab924756b3d72ad1b3848861 P 95477bcd65234a34ac317f86f888ed89 [term 2 FOLLOWER]: Advancing to term 3
I20260709 14:48:40.182847  7308 raft_consensus.cc:2468] T b063952eab924756b3d72ad1b3848861 P a0e08d9b941e49018a2301a04e971c72 [term 3 FOLLOWER]: Leader election vote request: Granting yes vote for candidate 159e487f5a6c46969d79dd3655f8bb58 in term 3.
I20260709 14:48:40.183822  7199 leader_election.cc:304] T b063952eab924756b3d72ad1b3848861 P 159e487f5a6c46969d79dd3655f8bb58 [CANDIDATE]: Term 3 election: Election decided. Result: candidate won. Election summary: received 2 responses out of 3 voters: 2 yes votes; 0 no votes. yes voters: 159e487f5a6c46969d79dd3655f8bb58, a0e08d9b941e49018a2301a04e971c72; no voters: 
I20260709 14:48:40.184413  7449 raft_consensus.cc:2804] T b063952eab924756b3d72ad1b3848861 P 159e487f5a6c46969d79dd3655f8bb58 [term 3 FOLLOWER]: Leader election won for term 3
I20260709 14:48:40.184516  7159 raft_consensus.cc:2468] T b063952eab924756b3d72ad1b3848861 P 95477bcd65234a34ac317f86f888ed89 [term 3 FOLLOWER]: Leader election vote request: Granting yes vote for candidate 159e487f5a6c46969d79dd3655f8bb58 in term 3.
I20260709 14:48:40.184824  7449 raft_consensus.cc:697] T b063952eab924756b3d72ad1b3848861 P 159e487f5a6c46969d79dd3655f8bb58 [term 3 LEADER]: Becoming Leader. State: Replica: 159e487f5a6c46969d79dd3655f8bb58, State: Running, Role: LEADER
I20260709 14:48:40.185626  7449 consensus_queue.cc:237] T b063952eab924756b3d72ad1b3848861 P 159e487f5a6c46969d79dd3655f8bb58 [LEADER]: Queue going to LEADER mode. State: All replicated index: 0, Majority replicated index: 2, Committed index: 2, Last appended: 2.2, Last appended by leader: 2, Current term: 3, Majority size: 2, State: 0, Mode: LEADER, active raft config: opid_index: -1 OBSOLETE_local: false peers { permanent_uuid: "95477bcd65234a34ac317f86f888ed89" member_type: VOTER last_known_addr { host: "127.6.220.65" port: 42691 } } peers { permanent_uuid: "159e487f5a6c46969d79dd3655f8bb58" member_type: VOTER last_known_addr { host: "127.6.220.66" port: 39159 } } peers { permanent_uuid: "a0e08d9b941e49018a2301a04e971c72" member_type: VOTER last_known_addr { host: "127.6.220.67" port: 33839 } }
I20260709 14:48:40.191708  7056 catalog_manager.cc:5697] T b063952eab924756b3d72ad1b3848861 P 159e487f5a6c46969d79dd3655f8bb58 reported cstate change: term changed from 2 to 3, leader changed from 95477bcd65234a34ac317f86f888ed89 (127.6.220.65) to 159e487f5a6c46969d79dd3655f8bb58 (127.6.220.66). New cstate: current_term: 3 leader_uuid: "159e487f5a6c46969d79dd3655f8bb58" committed_config { opid_index: -1 OBSOLETE_local: false peers { permanent_uuid: "95477bcd65234a34ac317f86f888ed89" member_type: VOTER last_known_addr { host: "127.6.220.65" port: 42691 } health_report { overall_health: UNKNOWN } } peers { permanent_uuid: "159e487f5a6c46969d79dd3655f8bb58" member_type: VOTER last_known_addr { host: "127.6.220.66" port: 39159 } health_report { overall_health: HEALTHY } } peers { permanent_uuid: "a0e08d9b941e49018a2301a04e971c72" member_type: VOTER last_known_addr { host: "127.6.220.67" port: 33839 } health_report { overall_health: UNKNOWN } } }
I20260709 14:48:40.334506  7443 raft_consensus.cc:993] T 77f764c8c47248d5b60e00da96f8f54e P a0e08d9b941e49018a2301a04e971c72: : Instructing follower 159e487f5a6c46969d79dd3655f8bb58 to start an election
I20260709 14:48:40.334903  7443 raft_consensus.cc:1081] T 77f764c8c47248d5b60e00da96f8f54e P a0e08d9b941e49018a2301a04e971c72 [term 3 LEADER]: Signalling peer 159e487f5a6c46969d79dd3655f8bb58 to start an election
I20260709 14:48:40.336143  7232 tablet_service.cc:2044] Received Run Leader Election RPC: tablet_id: "77f764c8c47248d5b60e00da96f8f54e"
dest_uuid: "159e487f5a6c46969d79dd3655f8bb58"
 from {username='slave'} at 127.0.0.1:46306
I20260709 14:48:40.336530  7232 raft_consensus.cc:493] T 77f764c8c47248d5b60e00da96f8f54e P 159e487f5a6c46969d79dd3655f8bb58 [term 3 FOLLOWER]: Starting forced leader election (received explicit request)
I20260709 14:48:40.336762  7232 raft_consensus.cc:3060] T 77f764c8c47248d5b60e00da96f8f54e P 159e487f5a6c46969d79dd3655f8bb58 [term 3 FOLLOWER]: Advancing to term 4
I20260709 14:48:40.340390  7232 raft_consensus.cc:515] T 77f764c8c47248d5b60e00da96f8f54e P 159e487f5a6c46969d79dd3655f8bb58 [term 4 FOLLOWER]: Starting forced leader election with config: opid_index: -1 OBSOLETE_local: false peers { permanent_uuid: "95477bcd65234a34ac317f86f888ed89" member_type: VOTER last_known_addr { host: "127.6.220.65" port: 42691 } } peers { permanent_uuid: "159e487f5a6c46969d79dd3655f8bb58" member_type: VOTER last_known_addr { host: "127.6.220.66" port: 39159 } } peers { permanent_uuid: "a0e08d9b941e49018a2301a04e971c72" member_type: VOTER last_known_addr { host: "127.6.220.67" port: 33839 } }
I20260709 14:48:40.341742  7232 leader_election.cc:290] T 77f764c8c47248d5b60e00da96f8f54e P 159e487f5a6c46969d79dd3655f8bb58 [CANDIDATE]: Term 4 election: Requested vote from peers 95477bcd65234a34ac317f86f888ed89 (127.6.220.65:42691), a0e08d9b941e49018a2301a04e971c72 (127.6.220.67:33839)
I20260709 14:48:40.342365  7159 tablet_service.cc:1917] Received RequestConsensusVote() RPC: tablet_id: "77f764c8c47248d5b60e00da96f8f54e" candidate_uuid: "159e487f5a6c46969d79dd3655f8bb58" candidate_term: 4 candidate_status { last_received { term: 3 index: 3 } } ignore_live_leader: true dest_uuid: "95477bcd65234a34ac317f86f888ed89"
I20260709 14:48:40.342619  7308 tablet_service.cc:1917] Received RequestConsensusVote() RPC: tablet_id: "77f764c8c47248d5b60e00da96f8f54e" candidate_uuid: "159e487f5a6c46969d79dd3655f8bb58" candidate_term: 4 candidate_status { last_received { term: 3 index: 3 } } ignore_live_leader: true dest_uuid: "a0e08d9b941e49018a2301a04e971c72"
I20260709 14:48:40.342809  7159 raft_consensus.cc:3060] T 77f764c8c47248d5b60e00da96f8f54e P 95477bcd65234a34ac317f86f888ed89 [term 3 FOLLOWER]: Advancing to term 4
I20260709 14:48:40.343088  7308 raft_consensus.cc:3055] T 77f764c8c47248d5b60e00da96f8f54e P a0e08d9b941e49018a2301a04e971c72 [term 3 LEADER]: Stepping down as leader of term 3
I20260709 14:48:40.343335  7308 raft_consensus.cc:740] T 77f764c8c47248d5b60e00da96f8f54e P a0e08d9b941e49018a2301a04e971c72 [term 3 LEADER]: Becoming Follower/Learner. State: Replica: a0e08d9b941e49018a2301a04e971c72, State: Running, Role: LEADER
I20260709 14:48:40.343925  7308 consensus_queue.cc:260] T 77f764c8c47248d5b60e00da96f8f54e P a0e08d9b941e49018a2301a04e971c72 [NON_LEADER]: Queue going to NON_LEADER mode. State: All replicated index: 0, Majority replicated index: 3, Committed index: 3, Last appended: 3.3, Last appended by leader: 3, Current term: 3, Majority size: -1, State: 0, Mode: NON_LEADER, active raft config: opid_index: -1 OBSOLETE_local: false peers { permanent_uuid: "95477bcd65234a34ac317f86f888ed89" member_type: VOTER last_known_addr { host: "127.6.220.65" port: 42691 } } peers { permanent_uuid: "159e487f5a6c46969d79dd3655f8bb58" member_type: VOTER last_known_addr { host: "127.6.220.66" port: 39159 } } peers { permanent_uuid: "a0e08d9b941e49018a2301a04e971c72" member_type: VOTER last_known_addr { host: "127.6.220.67" port: 33839 } }
I20260709 14:48:40.344732  7308 raft_consensus.cc:3060] T 77f764c8c47248d5b60e00da96f8f54e P a0e08d9b941e49018a2301a04e971c72 [term 3 FOLLOWER]: Advancing to term 4
I20260709 14:48:40.346886  7159 raft_consensus.cc:2468] T 77f764c8c47248d5b60e00da96f8f54e P 95477bcd65234a34ac317f86f888ed89 [term 4 FOLLOWER]: Leader election vote request: Granting yes vote for candidate 159e487f5a6c46969d79dd3655f8bb58 in term 4.
I20260709 14:48:40.347736  7198 leader_election.cc:304] T 77f764c8c47248d5b60e00da96f8f54e P 159e487f5a6c46969d79dd3655f8bb58 [CANDIDATE]: Term 4 election: Election decided. Result: candidate won. Election summary: received 2 responses out of 3 voters: 2 yes votes; 0 no votes. yes voters: 159e487f5a6c46969d79dd3655f8bb58, 95477bcd65234a34ac317f86f888ed89; no voters: 
I20260709 14:48:40.348361  7449 raft_consensus.cc:2804] T 77f764c8c47248d5b60e00da96f8f54e P 159e487f5a6c46969d79dd3655f8bb58 [term 4 FOLLOWER]: Leader election won for term 4
I20260709 14:48:40.348438  7308 raft_consensus.cc:2468] T 77f764c8c47248d5b60e00da96f8f54e P a0e08d9b941e49018a2301a04e971c72 [term 4 FOLLOWER]: Leader election vote request: Granting yes vote for candidate 159e487f5a6c46969d79dd3655f8bb58 in term 4.
I20260709 14:48:40.348732  7449 raft_consensus.cc:697] T 77f764c8c47248d5b60e00da96f8f54e P 159e487f5a6c46969d79dd3655f8bb58 [term 4 LEADER]: Becoming Leader. State: Replica: 159e487f5a6c46969d79dd3655f8bb58, State: Running, Role: LEADER
I20260709 14:48:40.349483  7449 consensus_queue.cc:237] T 77f764c8c47248d5b60e00da96f8f54e P 159e487f5a6c46969d79dd3655f8bb58 [LEADER]: Queue going to LEADER mode. State: All replicated index: 0, Majority replicated index: 3, Committed index: 3, Last appended: 3.3, Last appended by leader: 3, Current term: 4, Majority size: 2, State: 0, Mode: LEADER, active raft config: opid_index: -1 OBSOLETE_local: false peers { permanent_uuid: "95477bcd65234a34ac317f86f888ed89" member_type: VOTER last_known_addr { host: "127.6.220.65" port: 42691 } } peers { permanent_uuid: "159e487f5a6c46969d79dd3655f8bb58" member_type: VOTER last_known_addr { host: "127.6.220.66" port: 39159 } } peers { permanent_uuid: "a0e08d9b941e49018a2301a04e971c72" member_type: VOTER last_known_addr { host: "127.6.220.67" port: 33839 } }
I20260709 14:48:40.354792  7056 catalog_manager.cc:5697] T 77f764c8c47248d5b60e00da96f8f54e P 159e487f5a6c46969d79dd3655f8bb58 reported cstate change: term changed from 3 to 4, leader changed from a0e08d9b941e49018a2301a04e971c72 (127.6.220.67) to 159e487f5a6c46969d79dd3655f8bb58 (127.6.220.66). New cstate: current_term: 4 leader_uuid: "159e487f5a6c46969d79dd3655f8bb58" committed_config { opid_index: -1 OBSOLETE_local: false peers { permanent_uuid: "95477bcd65234a34ac317f86f888ed89" member_type: VOTER last_known_addr { host: "127.6.220.65" port: 42691 } health_report { overall_health: UNKNOWN } } peers { permanent_uuid: "159e487f5a6c46969d79dd3655f8bb58" member_type: VOTER last_known_addr { host: "127.6.220.66" port: 39159 } health_report { overall_health: HEALTHY } } peers { permanent_uuid: "a0e08d9b941e49018a2301a04e971c72" member_type: VOTER last_known_addr { host: "127.6.220.67" port: 33839 } health_report { overall_health: UNKNOWN } } }
I20260709 14:48:40.410661  7442 raft_consensus.cc:993] T 78ba985b3e3f42148c9ab1259bff3866 P 95477bcd65234a34ac317f86f888ed89: : Instructing follower 159e487f5a6c46969d79dd3655f8bb58 to start an election
I20260709 14:48:40.411063  7457 raft_consensus.cc:1081] T 78ba985b3e3f42148c9ab1259bff3866 P 95477bcd65234a34ac317f86f888ed89 [term 2 LEADER]: Signalling peer 159e487f5a6c46969d79dd3655f8bb58 to start an election
I20260709 14:48:40.412258  7232 tablet_service.cc:2044] Received Run Leader Election RPC: tablet_id: "78ba985b3e3f42148c9ab1259bff3866"
dest_uuid: "159e487f5a6c46969d79dd3655f8bb58"
 from {username='slave'} at 127.0.0.1:46304
I20260709 14:48:40.412670  7232 raft_consensus.cc:493] T 78ba985b3e3f42148c9ab1259bff3866 P 159e487f5a6c46969d79dd3655f8bb58 [term 2 FOLLOWER]: Starting forced leader election (received explicit request)
I20260709 14:48:40.412935  7232 raft_consensus.cc:3060] T 78ba985b3e3f42148c9ab1259bff3866 P 159e487f5a6c46969d79dd3655f8bb58 [term 2 FOLLOWER]: Advancing to term 3
I20260709 14:48:40.416460  7232 raft_consensus.cc:515] T 78ba985b3e3f42148c9ab1259bff3866 P 159e487f5a6c46969d79dd3655f8bb58 [term 3 FOLLOWER]: Starting forced leader election with config: opid_index: -1 OBSOLETE_local: false peers { permanent_uuid: "95477bcd65234a34ac317f86f888ed89" member_type: VOTER last_known_addr { host: "127.6.220.65" port: 42691 } } peers { permanent_uuid: "159e487f5a6c46969d79dd3655f8bb58" member_type: VOTER last_known_addr { host: "127.6.220.66" port: 39159 } } peers { permanent_uuid: "a0e08d9b941e49018a2301a04e971c72" member_type: VOTER last_known_addr { host: "127.6.220.67" port: 33839 } }
I20260709 14:48:40.417820  7232 leader_election.cc:290] T 78ba985b3e3f42148c9ab1259bff3866 P 159e487f5a6c46969d79dd3655f8bb58 [CANDIDATE]: Term 3 election: Requested vote from peers 95477bcd65234a34ac317f86f888ed89 (127.6.220.65:42691), a0e08d9b941e49018a2301a04e971c72 (127.6.220.67:33839)
I20260709 14:48:40.418489  7159 tablet_service.cc:1917] Received RequestConsensusVote() RPC: tablet_id: "78ba985b3e3f42148c9ab1259bff3866" candidate_uuid: "159e487f5a6c46969d79dd3655f8bb58" candidate_term: 3 candidate_status { last_received { term: 2 index: 2 } } ignore_live_leader: true dest_uuid: "95477bcd65234a34ac317f86f888ed89"
I20260709 14:48:40.418767  7308 tablet_service.cc:1917] Received RequestConsensusVote() RPC: tablet_id: "78ba985b3e3f42148c9ab1259bff3866" candidate_uuid: "159e487f5a6c46969d79dd3655f8bb58" candidate_term: 3 candidate_status { last_received { term: 2 index: 2 } } ignore_live_leader: true dest_uuid: "a0e08d9b941e49018a2301a04e971c72"
I20260709 14:48:40.418941  7159 raft_consensus.cc:3055] T 78ba985b3e3f42148c9ab1259bff3866 P 95477bcd65234a34ac317f86f888ed89 [term 2 LEADER]: Stepping down as leader of term 2
I20260709 14:48:40.419198  7308 raft_consensus.cc:3060] T 78ba985b3e3f42148c9ab1259bff3866 P a0e08d9b941e49018a2301a04e971c72 [term 2 FOLLOWER]: Advancing to term 3
I20260709 14:48:40.419222  7159 raft_consensus.cc:740] T 78ba985b3e3f42148c9ab1259bff3866 P 95477bcd65234a34ac317f86f888ed89 [term 2 LEADER]: Becoming Follower/Learner. State: Replica: 95477bcd65234a34ac317f86f888ed89, State: Running, Role: LEADER
I20260709 14:48:40.419924  7159 consensus_queue.cc:260] T 78ba985b3e3f42148c9ab1259bff3866 P 95477bcd65234a34ac317f86f888ed89 [NON_LEADER]: Queue going to NON_LEADER mode. State: All replicated index: 0, Majority replicated index: 2, Committed index: 2, Last appended: 2.2, Last appended by leader: 2, Current term: 2, Majority size: -1, State: 0, Mode: NON_LEADER, active raft config: opid_index: -1 OBSOLETE_local: false peers { permanent_uuid: "95477bcd65234a34ac317f86f888ed89" member_type: VOTER last_known_addr { host: "127.6.220.65" port: 42691 } } peers { permanent_uuid: "159e487f5a6c46969d79dd3655f8bb58" member_type: VOTER last_known_addr { host: "127.6.220.66" port: 39159 } } peers { permanent_uuid: "a0e08d9b941e49018a2301a04e971c72" member_type: VOTER last_known_addr { host: "127.6.220.67" port: 33839 } }
I20260709 14:48:40.420734  7159 raft_consensus.cc:3060] T 78ba985b3e3f42148c9ab1259bff3866 P 95477bcd65234a34ac317f86f888ed89 [term 2 FOLLOWER]: Advancing to term 3
I20260709 14:48:40.422924  7308 raft_consensus.cc:2468] T 78ba985b3e3f42148c9ab1259bff3866 P a0e08d9b941e49018a2301a04e971c72 [term 3 FOLLOWER]: Leader election vote request: Granting yes vote for candidate 159e487f5a6c46969d79dd3655f8bb58 in term 3.
I20260709 14:48:40.423666  7199 leader_election.cc:304] T 78ba985b3e3f42148c9ab1259bff3866 P 159e487f5a6c46969d79dd3655f8bb58 [CANDIDATE]: Term 3 election: Election decided. Result: candidate won. Election summary: received 2 responses out of 3 voters: 2 yes votes; 0 no votes. yes voters: 159e487f5a6c46969d79dd3655f8bb58, a0e08d9b941e49018a2301a04e971c72; no voters: 
I20260709 14:48:40.424276  7449 raft_consensus.cc:2804] T 78ba985b3e3f42148c9ab1259bff3866 P 159e487f5a6c46969d79dd3655f8bb58 [term 3 FOLLOWER]: Leader election won for term 3
I20260709 14:48:40.424731  7449 raft_consensus.cc:697] T 78ba985b3e3f42148c9ab1259bff3866 P 159e487f5a6c46969d79dd3655f8bb58 [term 3 LEADER]: Becoming Leader. State: Replica: 159e487f5a6c46969d79dd3655f8bb58, State: Running, Role: LEADER
I20260709 14:48:40.425172  7159 raft_consensus.cc:2468] T 78ba985b3e3f42148c9ab1259bff3866 P 95477bcd65234a34ac317f86f888ed89 [term 3 FOLLOWER]: Leader election vote request: Granting yes vote for candidate 159e487f5a6c46969d79dd3655f8bb58 in term 3.
I20260709 14:48:40.425508  7449 consensus_queue.cc:237] T 78ba985b3e3f42148c9ab1259bff3866 P 159e487f5a6c46969d79dd3655f8bb58 [LEADER]: Queue going to LEADER mode. State: All replicated index: 0, Majority replicated index: 2, Committed index: 2, Last appended: 2.2, Last appended by leader: 2, Current term: 3, Majority size: 2, State: 0, Mode: LEADER, active raft config: opid_index: -1 OBSOLETE_local: false peers { permanent_uuid: "95477bcd65234a34ac317f86f888ed89" member_type: VOTER last_known_addr { host: "127.6.220.65" port: 42691 } } peers { permanent_uuid: "159e487f5a6c46969d79dd3655f8bb58" member_type: VOTER last_known_addr { host: "127.6.220.66" port: 39159 } } peers { permanent_uuid: "a0e08d9b941e49018a2301a04e971c72" member_type: VOTER last_known_addr { host: "127.6.220.67" port: 33839 } }
