I20260709 14:48:54.948768 10070 raft_consensus.cc:2243] T 5e04907e14cf43e2ba66e5b4b63876ba P fe1d11d150b54c8490d30f0ede0f2e0f [term 2 FOLLOWER]: Raft consensus shutting down.
I20260709 14:48:54.949124 10070 raft_consensus.cc:2272] T 5e04907e14cf43e2ba66e5b4b63876ba P fe1d11d150b54c8490d30f0ede0f2e0f [term 2 FOLLOWER]: Raft consensus is shut down!
I20260709 14:48:54.974330 10070 tablet_server.cc:196] TabletServer@127.9.213.131:0 shutdown complete.
I20260709 14:48:54.990629 10070 master.cc:562] Master@127.9.213.190:38555 shutting down...
I20260709 14:48:55.006675 10070 raft_consensus.cc:2243] T 00000000000000000000000000000000 P cec4a4c573c74617ae9673be4d8678dc [term 1 LEADER]: Raft consensus shutting down.
I20260709 14:48:55.007150 10070 raft_consensus.cc:2272] T 00000000000000000000000000000000 P cec4a4c573c74617ae9673be4d8678dc [term 1 FOLLOWER]: Raft consensus is shut down!
I20260709 14:48:55.007448 10070 tablet_replica.cc:333] T 00000000000000000000000000000000 P cec4a4c573c74617ae9673be4d8678dc: stopping tablet replica
I20260709 14:48:55.025059 10070 master.cc:584] Master@127.9.213.190:38555 shutdown complete.
c6f91d71611443d6a9e858e12976a84b  4
d933e13d43ca4ec28cded9405bff073f  5
fe1d11d150b54c8490d30f0ede0f2e0f  1
[       OK ] LeaderRebalancerTest.FunctionalTestForNotDivided (10189 ms)
[ RUN      ] LeaderRebalancerTest.AddTserver
I20260709 14:48:55.059254 10070 internal_mini_cluster.cc:156] Creating distributed mini masters. Addrs: 127.9.213.190:39345
I20260709 14:48:55.060320 10070 file_cache.cc:504] Constructed file cache file cache with capacity 419430
W20260709 14:48:55.065409 11039 instance_detector.cc:116] could not retrieve AWS instance metadata: Network error: curl error: HTTP response code said error: The requested URL returned error: 404
W20260709 14:48:55.065814 11040 instance_detector.cc:116] could not retrieve Azure instance metadata: Network error: curl error: HTTP response code said error: The requested URL returned error: 404
I20260709 14:48:55.067173 10070 server_base.cc:1061] running on GCE node
W20260709 14:48:55.067283 11042 instance_detector.cc:116] could not retrieve OpenStack instance metadata: Network error: curl error: HTTP response code said error: The requested URL returned error: 404
I20260709 14:48:55.068073 10070 hybrid_clock.cc:584] initializing the hybrid clock with 'system_unsync' time source
W20260709 14:48:55.068248 10070 system_unsync_time.cc:38] NTP support is disabled. Clock error bounds will not be accurate. This configuration is not suitable for distributed clusters.
I20260709 14:48:55.068416 10070 hybrid_clock.cc:648] HybridClock initialized: now 1783608535068400 us; error 0 us; skew 500 ppm
I20260709 14:48:55.068914 10070 server_base.cc:861] Flag tcmalloc_max_total_thread_cache_bytes is not working since tcmalloc is not enabled.
I20260709 14:48:55.071077 10070 webserver.cc:533] Webserver started at http://127.9.213.190:36833/ using document root <none> and password file <none>
I20260709 14:48:55.071503 10070 fs_manager.cc:362] Metadata directory not provided
I20260709 14:48:55.071686 10070 fs_manager.cc:368] Using write-ahead log directory (fs_wal_dir) as metadata directory
I20260709 14:48:55.071942 10070 server_base.cc:909] This appears to be a new deployment of Kudu; creating new FS layout
I20260709 14:48:55.072942 10070 fs_manager.cc:1068] Generated new instance metadata in path /tmp/dist-test-taskl_PjGG/test-tmp/auto_leader_rebalancer-test.0.LeaderRebalancerTest.AddTserver.1783608512665606-10070-0/minicluster-data/master-0-root/instance:
uuid: "07093ac1bb164b12a4f10d6db56d6867"
format_stamp: "Formatted at 2026-07-09 14:48:55 on dist-test-slave-xnkg"
I20260709 14:48:55.076865 10070 fs_manager.cc:696] Time spent creating directory manager: real 0.003s	user 0.005s	sys 0.000s
I20260709 14:48:55.080088 11047 log_block_manager.cc:4127] Time spent loading block containers with low live blocks: real 0.000s	user 0.000s	sys 0.000s
I20260709 14:48:55.080696 10070 fs_manager.cc:730] Time spent opening block manager: real 0.002s	user 0.000s	sys 0.002s
I20260709 14:48:55.080945 10070 fs_manager.cc:647] Opened local filesystem: /tmp/dist-test-taskl_PjGG/test-tmp/auto_leader_rebalancer-test.0.LeaderRebalancerTest.AddTserver.1783608512665606-10070-0/minicluster-data/master-0-root
uuid: "07093ac1bb164b12a4f10d6db56d6867"
format_stamp: "Formatted at 2026-07-09 14:48:55 on dist-test-slave-xnkg"
I20260709 14:48:55.081187 10070 fs_report.cc:389] FS layout report
--------------------
wal directory: /tmp/dist-test-taskl_PjGG/test-tmp/auto_leader_rebalancer-test.0.LeaderRebalancerTest.AddTserver.1783608512665606-10070-0/minicluster-data/master-0-root
metadata directory: /tmp/dist-test-taskl_PjGG/test-tmp/auto_leader_rebalancer-test.0.LeaderRebalancerTest.AddTserver.1783608512665606-10070-0/minicluster-data/master-0-root
1 data directories: /tmp/dist-test-taskl_PjGG/test-tmp/auto_leader_rebalancer-test.0.LeaderRebalancerTest.AddTserver.1783608512665606-10070-0/minicluster-data/master-0-root/data
Total live blocks: 0
Total live bytes: 0
Total live bytes (after alignment): 0
Total number of LBM containers: 0 (0 full)
Did not check for missing blocks
Did not check for orphaned blocks
Total full LBM containers with extra space: 0 (0 repaired)
Total full LBM container extra space in bytes: 0 (0 repaired)
Total incomplete LBM containers: 0 (0 repaired)
Total LBM partial records: 0 (0 repaired)
Total corrupted LBM metadata records in RocksDB: 0 (0 repaired)
I20260709 14:48:55.093668 10070 rpc_server.cc:225] running with OpenSSL 1.1.1  11 Sep 2018
I20260709 14:48:55.094797 10070 kserver.cc:163] Server-wide thread pool size limit: 3276
I20260709 14:48:55.129068 10070 rpc_server.cc:307] RPC server started. Bound to: 127.9.213.190:39345
I20260709 14:48:55.129143 11098 acceptor_pool.cc:272] collecting diagnostics on the listening RPC socket 127.9.213.190:39345 every 8 connection(s)
I20260709 14:48:55.132578 11099 data_dirs.cc:400] Could only allocate 1 dirs of requested 3 for tablet 00000000000000000000000000000000. 1 dirs total, 0 dirs full, 0 dirs failed
I20260709 14:48:55.141274 11099 tablet_bootstrap.cc:492] T 00000000000000000000000000000000 P 07093ac1bb164b12a4f10d6db56d6867: Bootstrap starting.
I20260709 14:48:55.145428 11099 tablet_bootstrap.cc:654] T 00000000000000000000000000000000 P 07093ac1bb164b12a4f10d6db56d6867: Neither blocks nor log segments found. Creating new log.
I20260709 14:48:55.149062 11099 tablet_bootstrap.cc:492] T 00000000000000000000000000000000 P 07093ac1bb164b12a4f10d6db56d6867: No bootstrap required, opened a new log
I20260709 14:48:55.150982 11099 raft_consensus.cc:359] T 00000000000000000000000000000000 P 07093ac1bb164b12a4f10d6db56d6867 [term 0 FOLLOWER]: Replica starting. Triggering 0 pending ops. Active config: opid_index: -1 OBSOLETE_local: true peers { permanent_uuid: "07093ac1bb164b12a4f10d6db56d6867" member_type: VOTER }
I20260709 14:48:55.151343 11099 raft_consensus.cc:385] T 00000000000000000000000000000000 P 07093ac1bb164b12a4f10d6db56d6867 [term 0 FOLLOWER]: Consensus starting up: Expiring failure detector timer to make a prompt election more likely
I20260709 14:48:55.151512 11099 raft_consensus.cc:740] T 00000000000000000000000000000000 P 07093ac1bb164b12a4f10d6db56d6867 [term 0 FOLLOWER]: Becoming Follower/Learner. State: Replica: 07093ac1bb164b12a4f10d6db56d6867, State: Initialized, Role: FOLLOWER
I20260709 14:48:55.152024 11099 consensus_queue.cc:260] T 00000000000000000000000000000000 P 07093ac1bb164b12a4f10d6db56d6867 [NON_LEADER]: Queue going to NON_LEADER mode. State: All replicated index: 0, Majority replicated index: 0, Committed index: 0, Last appended: 0.0, Last appended by leader: 0, Current term: 0, Majority size: -1, State: 0, Mode: NON_LEADER, active raft config: opid_index: -1 OBSOLETE_local: true peers { permanent_uuid: "07093ac1bb164b12a4f10d6db56d6867" member_type: VOTER }
I20260709 14:48:55.152422 11099 raft_consensus.cc:399] T 00000000000000000000000000000000 P 07093ac1bb164b12a4f10d6db56d6867 [term 0 FOLLOWER]: Only one voter in the Raft config. Triggering election immediately
I20260709 14:48:55.152603 11099 raft_consensus.cc:493] T 00000000000000000000000000000000 P 07093ac1bb164b12a4f10d6db56d6867 [term 0 FOLLOWER]: Starting leader election (initial election of a single-replica configuration)
I20260709 14:48:55.152801 11099 raft_consensus.cc:3060] T 00000000000000000000000000000000 P 07093ac1bb164b12a4f10d6db56d6867 [term 0 FOLLOWER]: Advancing to term 1
I20260709 14:48:55.156486 11099 raft_consensus.cc:515] T 00000000000000000000000000000000 P 07093ac1bb164b12a4f10d6db56d6867 [term 1 FOLLOWER]: Starting leader election with config: opid_index: -1 OBSOLETE_local: true peers { permanent_uuid: "07093ac1bb164b12a4f10d6db56d6867" member_type: VOTER }
I20260709 14:48:55.156908 11099 leader_election.cc:304] T 00000000000000000000000000000000 P 07093ac1bb164b12a4f10d6db56d6867 [CANDIDATE]: Term 1 election: Election decided. Result: candidate won. Election summary: received 1 responses out of 1 voters: 1 yes votes; 0 no votes. yes voters: 07093ac1bb164b12a4f10d6db56d6867; no voters: 
I20260709 14:48:55.157856 11099 leader_election.cc:290] T 00000000000000000000000000000000 P 07093ac1bb164b12a4f10d6db56d6867 [CANDIDATE]: Term 1 election: Requested vote from peers 
I20260709 14:48:55.158218 11102 raft_consensus.cc:2804] T 00000000000000000000000000000000 P 07093ac1bb164b12a4f10d6db56d6867 [term 1 FOLLOWER]: Leader election won for term 1
I20260709 14:48:55.159497 11102 raft_consensus.cc:697] T 00000000000000000000000000000000 P 07093ac1bb164b12a4f10d6db56d6867 [term 1 LEADER]: Becoming Leader. State: Replica: 07093ac1bb164b12a4f10d6db56d6867, State: Running, Role: LEADER
I20260709 14:48:55.160113 11102 consensus_queue.cc:237] T 00000000000000000000000000000000 P 07093ac1bb164b12a4f10d6db56d6867 [LEADER]: Queue going to LEADER mode. State: All replicated index: 0, Majority replicated index: 0, Committed index: 0, Last appended: 0.0, Last appended by leader: 0, Current term: 1, Majority size: 1, State: 0, Mode: LEADER, active raft config: opid_index: -1 OBSOLETE_local: true peers { permanent_uuid: "07093ac1bb164b12a4f10d6db56d6867" member_type: VOTER }
I20260709 14:48:55.160441 11099 sys_catalog.cc:565] T 00000000000000000000000000000000 P 07093ac1bb164b12a4f10d6db56d6867 [sys.catalog]: configured and running, proceeding with master startup.
I20260709 14:48:55.162891 11104 sys_catalog.cc:455] T 00000000000000000000000000000000 P 07093ac1bb164b12a4f10d6db56d6867 [sys.catalog]: SysCatalogTable state changed. Reason: New leader 07093ac1bb164b12a4f10d6db56d6867. Latest consensus state: current_term: 1 leader_uuid: "07093ac1bb164b12a4f10d6db56d6867" committed_config { opid_index: -1 OBSOLETE_local: true peers { permanent_uuid: "07093ac1bb164b12a4f10d6db56d6867" member_type: VOTER } }
I20260709 14:48:55.162928 11103 sys_catalog.cc:455] T 00000000000000000000000000000000 P 07093ac1bb164b12a4f10d6db56d6867 [sys.catalog]: SysCatalogTable state changed. Reason: RaftConsensus started. Latest consensus state: current_term: 1 leader_uuid: "07093ac1bb164b12a4f10d6db56d6867" committed_config { opid_index: -1 OBSOLETE_local: true peers { permanent_uuid: "07093ac1bb164b12a4f10d6db56d6867" member_type: VOTER } }
I20260709 14:48:55.163496 11104 sys_catalog.cc:458] T 00000000000000000000000000000000 P 07093ac1bb164b12a4f10d6db56d6867 [sys.catalog]: This master's current role is: LEADER
I20260709 14:48:55.163722 11103 sys_catalog.cc:458] T 00000000000000000000000000000000 P 07093ac1bb164b12a4f10d6db56d6867 [sys.catalog]: This master's current role is: LEADER
I20260709 14:48:55.167476 11108 catalog_manager.cc:1511] Loading table and tablet metadata into memory...
I20260709 14:48:55.173305 11108 catalog_manager.cc:1520] Initializing Kudu cluster ID...
I20260709 14:48:55.174220 10070 internal_mini_cluster.cc:184] Waiting to initialize catalog manager on master 0
I20260709 14:48:55.181205 11108 catalog_manager.cc:1383] Generated new cluster ID: 25afd988b0264231b2657f6e141628c3
I20260709 14:48:55.181459 11108 catalog_manager.cc:1531] Initializing Kudu internal certificate authority...
I20260709 14:48:55.197631 11108 catalog_manager.cc:1406] Generated new certificate authority record
I20260709 14:48:55.198763 11108 catalog_manager.cc:1540] Loading token signing keys...
I20260709 14:48:55.220925 11108 catalog_manager.cc:6070] T 00000000000000000000000000000000 P 07093ac1bb164b12a4f10d6db56d6867: Generated new TSK 0
I20260709 14:48:55.221496 11108 catalog_manager.cc:1550] Initializing in-progress tserver states...
I20260709 14:48:55.240376 10070 file_cache.cc:504] Constructed file cache file cache with capacity 419430
W20260709 14:48:55.245581 11120 instance_detector.cc:116] could not retrieve AWS instance metadata: Network error: curl error: HTTP response code said error: The requested URL returned error: 404
W20260709 14:48:55.246574 11121 instance_detector.cc:116] could not retrieve Azure instance metadata: Network error: curl error: HTTP response code said error: The requested URL returned error: 404
W20260709 14:48:55.249547 11123 instance_detector.cc:116] could not retrieve OpenStack instance metadata: Network error: curl error: HTTP response code said error: The requested URL returned error: 404
I20260709 14:48:55.249588 10070 server_base.cc:1061] running on GCE node
I20260709 14:48:55.251241 10070 hybrid_clock.cc:584] initializing the hybrid clock with 'system_unsync' time source
W20260709 14:48:55.251415 10070 system_unsync_time.cc:38] NTP support is disabled. Clock error bounds will not be accurate. This configuration is not suitable for distributed clusters.
I20260709 14:48:55.251582 10070 hybrid_clock.cc:648] HybridClock initialized: now 1783608535251563 us; error 0 us; skew 500 ppm
I20260709 14:48:55.252110 10070 server_base.cc:861] Flag tcmalloc_max_total_thread_cache_bytes is not working since tcmalloc is not enabled.
I20260709 14:48:55.254158 10070 webserver.cc:533] Webserver started at http://127.9.213.129:43313/ using document root <none> and password file <none>
I20260709 14:48:55.254577 10070 fs_manager.cc:362] Metadata directory not provided
I20260709 14:48:55.254752 10070 fs_manager.cc:368] Using write-ahead log directory (fs_wal_dir) as metadata directory
I20260709 14:48:55.254987 10070 server_base.cc:909] This appears to be a new deployment of Kudu; creating new FS layout
I20260709 14:48:55.255929 10070 fs_manager.cc:1068] Generated new instance metadata in path /tmp/dist-test-taskl_PjGG/test-tmp/auto_leader_rebalancer-test.0.LeaderRebalancerTest.AddTserver.1783608512665606-10070-0/minicluster-data/ts-0-root/instance:
uuid: "64c9faa7a9f8496bb808a9337122dd36"
format_stamp: "Formatted at 2026-07-09 14:48:55 on dist-test-slave-xnkg"
I20260709 14:48:55.259968 10070 fs_manager.cc:696] Time spent creating directory manager: real 0.004s	user 0.005s	sys 0.000s
I20260709 14:48:55.262895 11128 log_block_manager.cc:4127] Time spent loading block containers with low live blocks: real 0.000s	user 0.000s	sys 0.000s
I20260709 14:48:55.263506 10070 fs_manager.cc:730] Time spent opening block manager: real 0.002s	user 0.003s	sys 0.000s
I20260709 14:48:55.263765 10070 fs_manager.cc:647] Opened local filesystem: /tmp/dist-test-taskl_PjGG/test-tmp/auto_leader_rebalancer-test.0.LeaderRebalancerTest.AddTserver.1783608512665606-10070-0/minicluster-data/ts-0-root
uuid: "64c9faa7a9f8496bb808a9337122dd36"
format_stamp: "Formatted at 2026-07-09 14:48:55 on dist-test-slave-xnkg"
I20260709 14:48:55.264010 10070 fs_report.cc:389] FS layout report
--------------------
wal directory: /tmp/dist-test-taskl_PjGG/test-tmp/auto_leader_rebalancer-test.0.LeaderRebalancerTest.AddTserver.1783608512665606-10070-0/minicluster-data/ts-0-root
metadata directory: /tmp/dist-test-taskl_PjGG/test-tmp/auto_leader_rebalancer-test.0.LeaderRebalancerTest.AddTserver.1783608512665606-10070-0/minicluster-data/ts-0-root
1 data directories: /tmp/dist-test-taskl_PjGG/test-tmp/auto_leader_rebalancer-test.0.LeaderRebalancerTest.AddTserver.1783608512665606-10070-0/minicluster-data/ts-0-root/data
Total live blocks: 0
Total live bytes: 0
Total live bytes (after alignment): 0
Total number of LBM containers: 0 (0 full)
Did not check for missing blocks
Did not check for orphaned blocks
Total full LBM containers with extra space: 0 (0 repaired)
Total full LBM container extra space in bytes: 0 (0 repaired)
Total incomplete LBM containers: 0 (0 repaired)
Total LBM partial records: 0 (0 repaired)
Total corrupted LBM metadata records in RocksDB: 0 (0 repaired)
I20260709 14:48:55.274842 10070 rpc_server.cc:225] running with OpenSSL 1.1.1  11 Sep 2018
I20260709 14:48:55.275936 10070 kserver.cc:163] Server-wide thread pool size limit: 3276
I20260709 14:48:55.277228 10070 txn_system_client.cc:432] TxnSystemClient initialization is disabled...
I20260709 14:48:55.279327 10070 ts_tablet_manager.cc:585] Loaded tablet metadata (0 total tablets, 0 live tablets)
I20260709 14:48:55.279505 10070 ts_tablet_manager.cc:531] Time spent load tablet metadata: real 0.000s	user 0.000s	sys 0.000s
I20260709 14:48:55.279723 10070 ts_tablet_manager.cc:616] Registered 0 tablets
I20260709 14:48:55.279881 10070 ts_tablet_manager.cc:595] Time spent register tablets: real 0.000s	user 0.000s	sys 0.000s
I20260709 14:48:55.315579 10070 rpc_server.cc:307] RPC server started. Bound to: 127.9.213.129:35253
I20260709 14:48:55.315649 11190 acceptor_pool.cc:272] collecting diagnostics on the listening RPC socket 127.9.213.129:35253 every 8 connection(s)
I20260709 14:48:55.320027 10070 file_cache.cc:504] Constructed file cache file cache with capacity 419430
W20260709 14:48:55.326610 11195 instance_detector.cc:116] could not retrieve AWS instance metadata: Network error: curl error: HTTP response code said error: The requested URL returned error: 404
W20260709 14:48:55.328384 11196 instance_detector.cc:116] could not retrieve Azure instance metadata: Network error: curl error: HTTP response code said error: The requested URL returned error: 404
W20260709 14:48:55.330399 11198 instance_detector.cc:116] could not retrieve OpenStack instance metadata: Network error: curl error: HTTP response code said error: The requested URL returned error: 404
I20260709 14:48:55.331247 10070 server_base.cc:1061] running on GCE node
I20260709 14:48:55.331473 11191 heartbeater.cc:344] Connected to a master server at 127.9.213.190:39345
I20260709 14:48:55.331851 11191 heartbeater.cc:461] Registering TS with master...
I20260709 14:48:55.332064 10070 hybrid_clock.cc:584] initializing the hybrid clock with 'system_unsync' time source
W20260709 14:48:55.332275 10070 system_unsync_time.cc:38] NTP support is disabled. Clock error bounds will not be accurate. This configuration is not suitable for distributed clusters.
I20260709 14:48:55.332420 10070 hybrid_clock.cc:648] HybridClock initialized: now 1783608535332403 us; error 0 us; skew 500 ppm
I20260709 14:48:55.332505 11191 heartbeater.cc:507] Master 127.9.213.190:39345 requested a full tablet report, sending...
I20260709 14:48:55.332955 10070 server_base.cc:861] Flag tcmalloc_max_total_thread_cache_bytes is not working since tcmalloc is not enabled.
I20260709 14:48:55.334401 11064 ts_manager.cc:194] Registered new tserver with Master: 64c9faa7a9f8496bb808a9337122dd36 (127.9.213.129:35253)
I20260709 14:48:55.335403 10070 webserver.cc:533] Webserver started at http://127.9.213.130:36687/ using document root <none> and password file <none>
I20260709 14:48:55.335852 10070 fs_manager.cc:362] Metadata directory not provided
I20260709 14:48:55.336021 10070 fs_manager.cc:368] Using write-ahead log directory (fs_wal_dir) as metadata directory
I20260709 14:48:55.336242 10070 server_base.cc:909] This appears to be a new deployment of Kudu; creating new FS layout
I20260709 14:48:55.336195 11064 master_service.cc:502] Signed X509 certificate for tserver {username='slave'} at 127.0.0.1:35440
I20260709 14:48:55.337396 10070 fs_manager.cc:1068] Generated new instance metadata in path /tmp/dist-test-taskl_PjGG/test-tmp/auto_leader_rebalancer-test.0.LeaderRebalancerTest.AddTserver.1783608512665606-10070-0/minicluster-data/ts-1-root/instance:
uuid: "db5ac6731e1446f4872c6ddd07979f08"
format_stamp: "Formatted at 2026-07-09 14:48:55 on dist-test-slave-xnkg"
I20260709 14:48:55.341331 10070 fs_manager.cc:696] Time spent creating directory manager: real 0.003s	user 0.005s	sys 0.000s
I20260709 14:48:55.344199 11203 log_block_manager.cc:4127] Time spent loading block containers with low live blocks: real 0.000s	user 0.000s	sys 0.000s
I20260709 14:48:55.344998 10070 fs_manager.cc:730] Time spent opening block manager: real 0.002s	user 0.002s	sys 0.000s
I20260709 14:48:55.345314 10070 fs_manager.cc:647] Opened local filesystem: /tmp/dist-test-taskl_PjGG/test-tmp/auto_leader_rebalancer-test.0.LeaderRebalancerTest.AddTserver.1783608512665606-10070-0/minicluster-data/ts-1-root
uuid: "db5ac6731e1446f4872c6ddd07979f08"
format_stamp: "Formatted at 2026-07-09 14:48:55 on dist-test-slave-xnkg"
I20260709 14:48:55.345543 10070 fs_report.cc:389] FS layout report
--------------------
wal directory: /tmp/dist-test-taskl_PjGG/test-tmp/auto_leader_rebalancer-test.0.LeaderRebalancerTest.AddTserver.1783608512665606-10070-0/minicluster-data/ts-1-root
metadata directory: /tmp/dist-test-taskl_PjGG/test-tmp/auto_leader_rebalancer-test.0.LeaderRebalancerTest.AddTserver.1783608512665606-10070-0/minicluster-data/ts-1-root
1 data directories: /tmp/dist-test-taskl_PjGG/test-tmp/auto_leader_rebalancer-test.0.LeaderRebalancerTest.AddTserver.1783608512665606-10070-0/minicluster-data/ts-1-root/data
Total live blocks: 0
Total live bytes: 0
Total live bytes (after alignment): 0
Total number of LBM containers: 0 (0 full)
Did not check for missing blocks
Did not check for orphaned blocks
Total full LBM containers with extra space: 0 (0 repaired)
Total full LBM container extra space in bytes: 0 (0 repaired)
Total incomplete LBM containers: 0 (0 repaired)
Total LBM partial records: 0 (0 repaired)
Total corrupted LBM metadata records in RocksDB: 0 (0 repaired)
I20260709 14:48:55.359102 10070 rpc_server.cc:225] running with OpenSSL 1.1.1  11 Sep 2018
I20260709 14:48:55.360184 10070 kserver.cc:163] Server-wide thread pool size limit: 3276
I20260709 14:48:55.361447 10070 txn_system_client.cc:432] TxnSystemClient initialization is disabled...
I20260709 14:48:55.363536 10070 ts_tablet_manager.cc:585] Loaded tablet metadata (0 total tablets, 0 live tablets)
I20260709 14:48:55.363716 10070 ts_tablet_manager.cc:531] Time spent load tablet metadata: real 0.000s	user 0.000s	sys 0.000s
I20260709 14:48:55.363925 10070 ts_tablet_manager.cc:616] Registered 0 tablets
I20260709 14:48:55.364068 10070 ts_tablet_manager.cc:595] Time spent register tablets: real 0.000s	user 0.000s	sys 0.000s
I20260709 14:48:55.399425 10070 rpc_server.cc:307] RPC server started. Bound to: 127.9.213.130:34733
I20260709 14:48:55.399514 11265 acceptor_pool.cc:272] collecting diagnostics on the listening RPC socket 127.9.213.130:34733 every 8 connection(s)
I20260709 14:48:55.403684 10070 file_cache.cc:504] Constructed file cache file cache with capacity 419430
W20260709 14:48:55.409874 11269 instance_detector.cc:116] could not retrieve AWS instance metadata: Network error: curl error: HTTP response code said error: The requested URL returned error: 404
W20260709 14:48:55.411767 11270 instance_detector.cc:116] could not retrieve Azure instance metadata: Network error: curl error: HTTP response code said error: The requested URL returned error: 404
W20260709 14:48:55.414170 11272 instance_detector.cc:116] could not retrieve OpenStack instance metadata: Network error: curl error: HTTP response code said error: The requested URL returned error: 404
I20260709 14:48:55.414603 11266 heartbeater.cc:344] Connected to a master server at 127.9.213.190:39345
I20260709 14:48:55.414779 10070 server_base.cc:1061] running on GCE node
I20260709 14:48:55.415046 11266 heartbeater.cc:461] Registering TS with master...
I20260709 14:48:55.415580 10070 hybrid_clock.cc:584] initializing the hybrid clock with 'system_unsync' time source
W20260709 14:48:55.415793 10070 system_unsync_time.cc:38] NTP support is disabled. Clock error bounds will not be accurate. This configuration is not suitable for distributed clusters.
I20260709 14:48:55.415750 11266 heartbeater.cc:507] Master 127.9.213.190:39345 requested a full tablet report, sending...
I20260709 14:48:55.416065 10070 hybrid_clock.cc:648] HybridClock initialized: now 1783608535416046 us; error 0 us; skew 500 ppm
I20260709 14:48:55.416599 10070 server_base.cc:861] Flag tcmalloc_max_total_thread_cache_bytes is not working since tcmalloc is not enabled.
I20260709 14:48:55.417807 11064 ts_manager.cc:194] Registered new tserver with Master: db5ac6731e1446f4872c6ddd07979f08 (127.9.213.130:34733)
I20260709 14:48:55.419108 10070 webserver.cc:533] Webserver started at http://127.9.213.131:37103/ using document root <none> and password file <none>
I20260709 14:48:55.419514 11064 master_service.cc:502] Signed X509 certificate for tserver {username='slave'} at 127.0.0.1:35446
I20260709 14:48:55.419715 10070 fs_manager.cc:362] Metadata directory not provided
I20260709 14:48:55.419962 10070 fs_manager.cc:368] Using write-ahead log directory (fs_wal_dir) as metadata directory
I20260709 14:48:55.420254 10070 server_base.cc:909] This appears to be a new deployment of Kudu; creating new FS layout
I20260709 14:48:55.421572 10070 fs_manager.cc:1068] Generated new instance metadata in path /tmp/dist-test-taskl_PjGG/test-tmp/auto_leader_rebalancer-test.0.LeaderRebalancerTest.AddTserver.1783608512665606-10070-0/minicluster-data/ts-2-root/instance:
uuid: "97e5b5ab900f4385a62634647effff6b"
format_stamp: "Formatted at 2026-07-09 14:48:55 on dist-test-slave-xnkg"
I20260709 14:48:55.425495 10070 fs_manager.cc:696] Time spent creating directory manager: real 0.003s	user 0.003s	sys 0.000s
I20260709 14:48:55.428369 11277 log_block_manager.cc:4127] Time spent loading block containers with low live blocks: real 0.000s	user 0.000s	sys 0.000s
I20260709 14:48:55.428996 10070 fs_manager.cc:730] Time spent opening block manager: real 0.002s	user 0.002s	sys 0.000s
I20260709 14:48:55.429240 10070 fs_manager.cc:647] Opened local filesystem: /tmp/dist-test-taskl_PjGG/test-tmp/auto_leader_rebalancer-test.0.LeaderRebalancerTest.AddTserver.1783608512665606-10070-0/minicluster-data/ts-2-root
uuid: "97e5b5ab900f4385a62634647effff6b"
format_stamp: "Formatted at 2026-07-09 14:48:55 on dist-test-slave-xnkg"
I20260709 14:48:55.429481 10070 fs_report.cc:389] FS layout report
--------------------
wal directory: /tmp/dist-test-taskl_PjGG/test-tmp/auto_leader_rebalancer-test.0.LeaderRebalancerTest.AddTserver.1783608512665606-10070-0/minicluster-data/ts-2-root
metadata directory: /tmp/dist-test-taskl_PjGG/test-tmp/auto_leader_rebalancer-test.0.LeaderRebalancerTest.AddTserver.1783608512665606-10070-0/minicluster-data/ts-2-root
1 data directories: /tmp/dist-test-taskl_PjGG/test-tmp/auto_leader_rebalancer-test.0.LeaderRebalancerTest.AddTserver.1783608512665606-10070-0/minicluster-data/ts-2-root/data
Total live blocks: 0
Total live bytes: 0
Total live bytes (after alignment): 0
Total number of LBM containers: 0 (0 full)
Did not check for missing blocks
Did not check for orphaned blocks
Total full LBM containers with extra space: 0 (0 repaired)
Total full LBM container extra space in bytes: 0 (0 repaired)
Total incomplete LBM containers: 0 (0 repaired)
Total LBM partial records: 0 (0 repaired)
Total corrupted LBM metadata records in RocksDB: 0 (0 repaired)
I20260709 14:48:55.440348 10070 rpc_server.cc:225] running with OpenSSL 1.1.1  11 Sep 2018
I20260709 14:48:55.441365 10070 kserver.cc:163] Server-wide thread pool size limit: 3276
I20260709 14:48:55.442682 10070 txn_system_client.cc:432] TxnSystemClient initialization is disabled...
I20260709 14:48:55.444628 10070 ts_tablet_manager.cc:585] Loaded tablet metadata (0 total tablets, 0 live tablets)
I20260709 14:48:55.444808 10070 ts_tablet_manager.cc:531] Time spent load tablet metadata: real 0.000s	user 0.000s	sys 0.000s
I20260709 14:48:55.445013 10070 ts_tablet_manager.cc:616] Registered 0 tablets
I20260709 14:48:55.445159 10070 ts_tablet_manager.cc:595] Time spent register tablets: real 0.000s	user 0.000s	sys 0.000s
I20260709 14:48:55.481017 10070 rpc_server.cc:307] RPC server started. Bound to: 127.9.213.131:44887
I20260709 14:48:55.481115 11339 acceptor_pool.cc:272] collecting diagnostics on the listening RPC socket 127.9.213.131:44887 every 8 connection(s)
I20260709 14:48:55.497011 11340 heartbeater.cc:344] Connected to a master server at 127.9.213.190:39345
I20260709 14:48:55.497318 11340 heartbeater.cc:461] Registering TS with master...
I20260709 14:48:55.497990 11340 heartbeater.cc:507] Master 127.9.213.190:39345 requested a full tablet report, sending...
I20260709 14:48:55.499706 11064 ts_manager.cc:194] Registered new tserver with Master: 97e5b5ab900f4385a62634647effff6b (127.9.213.131:44887)
I20260709 14:48:55.500236 10070 internal_mini_cluster.cc:371] 3 TS(s) registered with all masters after 0.016297651s
I20260709 14:48:55.501258 11064 master_service.cc:502] Signed X509 certificate for tserver {username='slave'} at 127.0.0.1:35454
I20260709 14:48:55.523851 11064 catalog_manager.cc:2283] Servicing CreateTable request from {username='slave'} at 127.0.0.1:35460:
name: "test-workload"
schema {
  columns {
    name: "key"
    type: INT32
    is_key: true
    is_nullable: false
    encoding: AUTO_ENCODING
    compression: DEFAULT_COMPRESSION
    cfile_block_size: 0
    immutable: false
  }
  columns {
    name: "int_val"
    type: INT32
    is_key: false
    is_nullable: false
    encoding: AUTO_ENCODING
    compression: DEFAULT_COMPRESSION
    cfile_block_size: 0
    immutable: false
  }
  columns {
    name: "string_val"
    type: STRING
    is_key: false
    is_nullable: true
    encoding: AUTO_ENCODING
    compression: DEFAULT_COMPRESSION
    cfile_block_size: 0
    immutable: false
  }
}
num_replicas: 3
split_rows_range_bounds {
  rows: "\004\001\000\313c+\002\004\001\000\226\307V\004\004\001\000a+\202\006\004\001\000,\217\255\010\004\001\000\367\362\330\n\004\001\000\302V\004\r\004\001\000\215\272/\017\004\001\000X\036[\021\004\001\000#\202\206\023\004\001\000\356\345\261\025\004\001\000\271I\335\027\004\001\000\204\255\010\032\004\001\000O\0214\034\004\001\000\032u_\036\004\001\000\345\330\212 \004\001\000\260<\266\"\004\001\000{\240\341$\004\001\000F\004\r\'\004\001\000\021h8)\004\001\000\334\313c+\004\001\000\247/\217-\004\001\000r\223\272/\004\001\000=\367\3451\004\001\000\010[\0214\004\001\000\323\276<6\004\001\000\236\"h8\004\001\000i\206\223:\004\001\0004\352\276<\004\001\000\377M\352>\004\001\000\312\261\025A\004\001\000\225\025AC\004\001\000`ylE\004\001\000+\335\227G\004\001\000\366@\303I\004\001\000\301\244\356K\004\001\000\214\010\032N\004\001\000WlEP\004\001\000\"\320pR\004\001\000\3553\234T\004\001\000\270\227\307V\004\001\000\203\373\362X\004\001\000N_\036[\004\001\000\031\303I]\004\001\000\344&u_\004\001\000\257\212\240a\004\001\000z\356\313c\004\001\000ER\367e\004\001\000\020\266\"h\004\001\000\333\031Nj\004\001\000\246}yl\004\001\000q\341\244n\004\001\000<E\320p\004\001\000\007\251\373r\004\001\000\322\014\'u\004\001\000\235pRw\004\001\000h\324}y\004\001\00038\251{\004\001\000\376\233\324}""\004\001\000\313c+\002\004\001\000\226\307V\004\004\001\000a+\202\006\004\001\000,\217\255\010\004\001\000\367\362\330\n\004\001\000\302V\004\r\004\001\000\215\272/\017\004\001\000X\036[\021\004\001\000#\202\206\023\004\001\000\356\345\261\025\004\001\000\271I\335\027\004\001\000\204\255\010\032\004\001\000O\0214\034\004\001\000\032u_\036\004\001\000\345\330\212 \004\001\000\260<\266\"\004\001\000{\240\341$\004\001\000F\004\r\'\004\001\000\021h8)\004\001\000\334\313c+\004\001\000\247/\217-\004\001\000r\223\272/\004\001\000=\367\3451\004\001\000\010[\0214\004\001\000\323\276<6\004\001\000\236\"h8\004\001\000i\206\223:\004\001\0004\352\276<\004\001\000\377M\352>\004\001\000\312\261\025A\004\001\000\225\025AC\004\001\000`ylE\004\001\000+\335\227G\004\001\000\366@\303I\004\001\000\301\244\356K\004\001\000\214\010\032N\004\001\000WlEP\004\001\000\"\320pR\004\001\000\3553\234T\004\001\000\270\227\307V\004\001\000\203\373\362X\004\001\000N_\036[\004\001\000\031\303I]\004\001\000\344&u_\004\001\000\257\212\240a\004\001\000z\356\313c\004\001\000ER\367e\004\001\000\020\266\"h\004\001\000\333\031Nj\004\001\000\246}yl\004\001\000q\341\244n\004\001\000<E\320p\004\001\000\007\251\373r\004\001\000\322\014\'u\004\001\000\235pRw\004\001\000h\324}y\004\001\00038\251{\004\001\000\376\233\324}"
  indirect_data: """"
}
partition_schema {
  range_schema {
    columns {
      name: "key"
    }
  }
}
W20260709 14:48:55.529409 11064 catalog_manager.cc:7077] The number of live tablet servers is not enough to re-replicate a tablet replica of the newly created table test-workload in case of a server failure: 4 tablet servers would be needed, 3 are available. Consider bringing up more tablet servers.
I20260709 14:48:55.714221 11305 tablet_service.cc:1511] Processing CreateTablet for tablet 700d5a8ccdad4eb49a64d244e182ab16 (DEFAULT_TABLE table=test-workload [id=0dd9790577c245f399efe7869e84d871]), partition=RANGE (key) PARTITION VALUES < 36398027
I20260709 14:48:55.715595 11305 data_dirs.cc:400] Could only allocate 1 dirs of requested 3 for tablet 700d5a8ccdad4eb49a64d244e182ab16. 1 dirs total, 0 dirs full, 0 dirs failed
I20260709 14:48:55.715322 11304 tablet_service.cc:1511] Processing CreateTablet for tablet b126fad9893a4235aecf99587081f158 (DEFAULT_TABLE table=test-workload [id=0dd9790577c245f399efe7869e84d871]), partition=RANGE (key) PARTITION 36398027 <= VALUES < 72796054
I20260709 14:48:55.716553 11304 data_dirs.cc:400] Could only allocate 1 dirs of requested 3 for tablet b126fad9893a4235aecf99587081f158. 1 dirs total, 0 dirs full, 0 dirs failed
I20260709 14:48:55.719152 11303 tablet_service.cc:1511] Processing CreateTablet for tablet 72c9e1f052d445508e6296e1ffef7984 (DEFAULT_TABLE table=test-workload [id=0dd9790577c245f399efe7869e84d871]), partition=RANGE (key) PARTITION 72796054 <= VALUES < 109194081
I20260709 14:48:55.720403 11303 data_dirs.cc:400] Could only allocate 1 dirs of requested 3 for tablet 72c9e1f052d445508e6296e1ffef7984. 1 dirs total, 0 dirs full, 0 dirs failed
I20260709 14:48:55.722299 11302 tablet_service.cc:1511] Processing CreateTablet for tablet a1ae813894714373adbe3491e2b81418 (DEFAULT_TABLE table=test-workload [id=0dd9790577c245f399efe7869e84d871]), partition=RANGE (key) PARTITION 109194081 <= VALUES < 145592108
I20260709 14:48:55.723500 11302 data_dirs.cc:400] Could only allocate 1 dirs of requested 3 for tablet a1ae813894714373adbe3491e2b81418. 1 dirs total, 0 dirs full, 0 dirs failed
I20260709 14:48:55.730137 11301 tablet_service.cc:1511] Processing CreateTablet for tablet 9b01e0ca376f4749b1ecb4621fecedfa (DEFAULT_TABLE table=test-workload [id=0dd9790577c245f399efe7869e84d871]), partition=RANGE (key) PARTITION 145592108 <= VALUES < 181990135
I20260709 14:48:55.731366 11301 data_dirs.cc:400] Could only allocate 1 dirs of requested 3 for tablet 9b01e0ca376f4749b1ecb4621fecedfa. 1 dirs total, 0 dirs full, 0 dirs failed
I20260709 14:48:55.733822 11156 tablet_service.cc:1511] Processing CreateTablet for tablet 700d5a8ccdad4eb49a64d244e182ab16 (DEFAULT_TABLE table=test-workload [id=0dd9790577c245f399efe7869e84d871]), partition=RANGE (key) PARTITION VALUES < 36398027
I20260709 14:48:55.735049 11156 data_dirs.cc:400] Could only allocate 1 dirs of requested 3 for tablet 700d5a8ccdad4eb49a64d244e182ab16. 1 dirs total, 0 dirs full, 0 dirs failed
I20260709 14:48:55.736853 11155 tablet_service.cc:1511] Processing CreateTablet for tablet b126fad9893a4235aecf99587081f158 (DEFAULT_TABLE table=test-workload [id=0dd9790577c245f399efe7869e84d871]), partition=RANGE (key) PARTITION 36398027 <= VALUES < 72796054
I20260709 14:48:55.738016 11155 data_dirs.cc:400] Could only allocate 1 dirs of requested 3 for tablet b126fad9893a4235aecf99587081f158. 1 dirs total, 0 dirs full, 0 dirs failed
I20260709 14:48:55.751557 11148 tablet_service.cc:1511] Processing CreateTablet for tablet c1eaf372a62f42e793dbda3868c94dab (DEFAULT_TABLE table=test-workload [id=0dd9790577c245f399efe7869e84d871]), partition=RANGE (key) PARTITION 291184216 <= VALUES < 327582243
I20260709 14:48:55.752912 11148 data_dirs.cc:400] Could only allocate 1 dirs of requested 3 for tablet c1eaf372a62f42e793dbda3868c94dab. 1 dirs total, 0 dirs full, 0 dirs failed
I20260709 14:48:55.739120 11154 tablet_service.cc:1511] Processing CreateTablet for tablet 72c9e1f052d445508e6296e1ffef7984 (DEFAULT_TABLE table=test-workload [id=0dd9790577c245f399efe7869e84d871]), partition=RANGE (key) PARTITION 72796054 <= VALUES < 109194081
I20260709 14:48:55.755450 11154 data_dirs.cc:400] Could only allocate 1 dirs of requested 3 for tablet 72c9e1f052d445508e6296e1ffef7984. 1 dirs total, 0 dirs full, 0 dirs failed
I20260709 14:48:55.740202 11153 tablet_service.cc:1511] Processing CreateTablet for tablet a1ae813894714373adbe3491e2b81418 (DEFAULT_TABLE table=test-workload [id=0dd9790577c245f399efe7869e84d871]), partition=RANGE (key) PARTITION 109194081 <= VALUES < 145592108
I20260709 14:48:55.745494 11300 tablet_service.cc:1511] Processing CreateTablet for tablet 18741a46f9034e5a90f5731ed52eed13 (DEFAULT_TABLE table=test-workload [id=0dd9790577c245f399efe7869e84d871]), partition=RANGE (key) PARTITION 181990135 <= VALUES < 218388162
I20260709 14:48:55.768106 11300 data_dirs.cc:400] Could only allocate 1 dirs of requested 3 for tablet 18741a46f9034e5a90f5731ed52eed13. 1 dirs total, 0 dirs full, 0 dirs failed
I20260709 14:48:55.768445 11228 tablet_service.cc:1511] Processing CreateTablet for tablet a1ae813894714373adbe3491e2b81418 (DEFAULT_TABLE table=test-workload [id=0dd9790577c245f399efe7869e84d871]), partition=RANGE (key) PARTITION 109194081 <= VALUES < 145592108
I20260709 14:48:55.769122 11226 tablet_service.cc:1511] Processing CreateTablet for tablet 18741a46f9034e5a90f5731ed52eed13 (DEFAULT_TABLE table=test-workload [id=0dd9790577c245f399efe7869e84d871]), partition=RANGE (key) PARTITION 181990135 <= VALUES < 218388162
I20260709 14:48:55.769687 11228 data_dirs.cc:400] Could only allocate 1 dirs of requested 3 for tablet a1ae813894714373adbe3491e2b81418. 1 dirs total, 0 dirs full, 0 dirs failed
I20260709 14:48:55.770365 11226 data_dirs.cc:400] Could only allocate 1 dirs of requested 3 for tablet 18741a46f9034e5a90f5731ed52eed13. 1 dirs total, 0 dirs full, 0 dirs failed
I20260709 14:48:55.771534 11230 tablet_service.cc:1511] Processing CreateTablet for tablet b126fad9893a4235aecf99587081f158 (DEFAULT_TABLE table=test-workload [id=0dd9790577c245f399efe7869e84d871]), partition=RANGE (key) PARTITION 36398027 <= VALUES < 72796054
I20260709 14:48:55.771646 11227 tablet_service.cc:1511] Processing CreateTablet for tablet 9b01e0ca376f4749b1ecb4621fecedfa (DEFAULT_TABLE table=test-workload [id=0dd9790577c245f399efe7869e84d871]), partition=RANGE (key) PARTITION 145592108 <= VALUES < 181990135
I20260709 14:48:55.772800 11230 data_dirs.cc:400] Could only allocate 1 dirs of requested 3 for tablet b126fad9893a4235aecf99587081f158. 1 dirs total, 0 dirs full, 0 dirs failed
I20260709 14:48:55.742347 11151 tablet_service.cc:1511] Processing CreateTablet for tablet 18741a46f9034e5a90f5731ed52eed13 (DEFAULT_TABLE table=test-workload [id=0dd9790577c245f399efe7869e84d871]), partition=RANGE (key) PARTITION 181990135 <= VALUES < 218388162
I20260709 14:48:55.775190 11227 data_dirs.cc:400] Could only allocate 1 dirs of requested 3 for tablet 9b01e0ca376f4749b1ecb4621fecedfa. 1 dirs total, 0 dirs full, 0 dirs failed
I20260709 14:48:55.747817 11149 tablet_service.cc:1511] Processing CreateTablet for tablet b711748a89ad42069cfbe158a093a1e7 (DEFAULT_TABLE table=test-workload [id=0dd9790577c245f399efe7869e84d871]), partition=RANGE (key) PARTITION 254786189 <= VALUES < 291184216
I20260709 14:48:55.741276 11152 tablet_service.cc:1511] Processing CreateTablet for tablet 9b01e0ca376f4749b1ecb4621fecedfa (DEFAULT_TABLE table=test-workload [id=0dd9790577c245f399efe7869e84d871]), partition=RANGE (key) PARTITION 145592108 <= VALUES < 181990135
I20260709 14:48:55.776289 11224 tablet_service.cc:1511] Processing CreateTablet for tablet b711748a89ad42069cfbe158a093a1e7 (DEFAULT_TABLE table=test-workload [id=0dd9790577c245f399efe7869e84d871]), partition=RANGE (key) PARTITION 254786189 <= VALUES < 291184216
I20260709 14:48:55.743428 11150 tablet_service.cc:1511] Processing CreateTablet for tablet c093c64b3a0d48fe934203e14c8d7562 (DEFAULT_TABLE table=test-workload [id=0dd9790577c245f399efe7869e84d871]), partition=RANGE (key) PARTITION 218388162 <= VALUES < 254786189
I20260709 14:48:55.777495 11224 data_dirs.cc:400] Could only allocate 1 dirs of requested 3 for tablet b711748a89ad42069cfbe158a093a1e7. 1 dirs total, 0 dirs full, 0 dirs failed
I20260709 14:48:55.757920 11147 tablet_service.cc:1511] Processing CreateTablet for tablet cab8aac10acf4352bbdcd9d9076a34c8 (DEFAULT_TABLE table=test-workload [id=0dd9790577c245f399efe7869e84d871]), partition=RANGE (key) PARTITION 327582243 <= VALUES < 363980270
I20260709 14:48:55.746704 11299 tablet_service.cc:1511] Processing CreateTablet for tablet c093c64b3a0d48fe934203e14c8d7562 (DEFAULT_TABLE table=test-workload [id=0dd9790577c245f399efe7869e84d871]), partition=RANGE (key) PARTITION 218388162 <= VALUES < 254786189
I20260709 14:48:55.779398 11223 tablet_service.cc:1511] Processing CreateTablet for tablet c1eaf372a62f42e793dbda3868c94dab (DEFAULT_TABLE table=test-workload [id=0dd9790577c245f399efe7869e84d871]), partition=RANGE (key) PARTITION 291184216 <= VALUES < 327582243
I20260709 14:48:55.779898 11299 data_dirs.cc:400] Could only allocate 1 dirs of requested 3 for tablet c093c64b3a0d48fe934203e14c8d7562. 1 dirs total, 0 dirs full, 0 dirs failed
I20260709 14:48:55.770329 11231 tablet_service.cc:1511] Processing CreateTablet for tablet 700d5a8ccdad4eb49a64d244e182ab16 (DEFAULT_TABLE table=test-workload [id=0dd9790577c245f399efe7869e84d871]), partition=RANGE (key) PARTITION VALUES < 36398027
I20260709 14:48:55.782338 11231 data_dirs.cc:400] Could only allocate 1 dirs of requested 3 for tablet 700d5a8ccdad4eb49a64d244e182ab16. 1 dirs total, 0 dirs full, 0 dirs failed
I20260709 14:48:55.782871 11151 data_dirs.cc:400] Could only allocate 1 dirs of requested 3 for tablet 18741a46f9034e5a90f5731ed52eed13. 1 dirs total, 0 dirs full, 0 dirs failed
I20260709 14:48:55.786332 11223 data_dirs.cc:400] Could only allocate 1 dirs of requested 3 for tablet c1eaf372a62f42e793dbda3868c94dab. 1 dirs total, 0 dirs full, 0 dirs failed
I20260709 14:48:55.787318 11229 tablet_service.cc:1511] Processing CreateTablet for tablet 72c9e1f052d445508e6296e1ffef7984 (DEFAULT_TABLE table=test-workload [id=0dd9790577c245f399efe7869e84d871]), partition=RANGE (key) PARTITION 72796054 <= VALUES < 109194081
I20260709 14:48:55.788141 11153 data_dirs.cc:400] Could only allocate 1 dirs of requested 3 for tablet a1ae813894714373adbe3491e2b81418. 1 dirs total, 0 dirs full, 0 dirs failed
I20260709 14:48:55.789412 11229 data_dirs.cc:400] Could only allocate 1 dirs of requested 3 for tablet 72c9e1f052d445508e6296e1ffef7984. 1 dirs total, 0 dirs full, 0 dirs failed
I20260709 14:48:55.790328 11152 data_dirs.cc:400] Could only allocate 1 dirs of requested 3 for tablet 9b01e0ca376f4749b1ecb4621fecedfa. 1 dirs total, 0 dirs full, 0 dirs failed
I20260709 14:48:55.790012 11222 tablet_service.cc:1511] Processing CreateTablet for tablet cab8aac10acf4352bbdcd9d9076a34c8 (DEFAULT_TABLE table=test-workload [id=0dd9790577c245f399efe7869e84d871]), partition=RANGE (key) PARTITION 327582243 <= VALUES < 363980270
I20260709 14:48:55.791260 11222 data_dirs.cc:400] Could only allocate 1 dirs of requested 3 for tablet cab8aac10acf4352bbdcd9d9076a34c8. 1 dirs total, 0 dirs full, 0 dirs failed
I20260709 14:48:55.791606 11150 data_dirs.cc:400] Could only allocate 1 dirs of requested 3 for tablet c093c64b3a0d48fe934203e14c8d7562. 1 dirs total, 0 dirs full, 0 dirs failed
I20260709 14:48:55.792225 11147 data_dirs.cc:400] Could only allocate 1 dirs of requested 3 for tablet cab8aac10acf4352bbdcd9d9076a34c8. 1 dirs total, 0 dirs full, 0 dirs failed
I20260709 14:48:55.793833 11304 tablet_service.cc:1511] Processing CreateTablet for tablet b711748a89ad42069cfbe158a093a1e7 (DEFAULT_TABLE table=test-workload [id=0dd9790577c245f399efe7869e84d871]), partition=RANGE (key) PARTITION 254786189 <= VALUES < 291184216
I20260709 14:48:55.775204 11225 tablet_service.cc:1511] Processing CreateTablet for tablet c093c64b3a0d48fe934203e14c8d7562 (DEFAULT_TABLE table=test-workload [id=0dd9790577c245f399efe7869e84d871]), partition=RANGE (key) PARTITION 218388162 <= VALUES < 254786189
I20260709 14:48:55.794697 11298 tablet_service.cc:1511] Processing CreateTablet for tablet cab8aac10acf4352bbdcd9d9076a34c8 (DEFAULT_TABLE table=test-workload [id=0dd9790577c245f399efe7869e84d871]), partition=RANGE (key) PARTITION 327582243 <= VALUES < 363980270
I20260709 14:48:55.795032 11304 data_dirs.cc:400] Could only allocate 1 dirs of requested 3 for tablet b711748a89ad42069cfbe158a093a1e7. 1 dirs total, 0 dirs full, 0 dirs failed
I20260709 14:48:55.794966 11297 tablet_service.cc:1511] Processing CreateTablet for tablet 97dab29222c741668a6c9538d138ed6f (DEFAULT_TABLE table=test-workload [id=0dd9790577c245f399efe7869e84d871]), partition=RANGE (key) PARTITION 363980270 <= VALUES < 400378297
I20260709 14:48:55.795161 11225 data_dirs.cc:400] Could only allocate 1 dirs of requested 3 for tablet c093c64b3a0d48fe934203e14c8d7562. 1 dirs total, 0 dirs full, 0 dirs failed
I20260709 14:48:55.796588 11302 tablet_service.cc:1511] Processing CreateTablet for tablet c1eaf372a62f42e793dbda3868c94dab (DEFAULT_TABLE table=test-workload [id=0dd9790577c245f399efe7869e84d871]), partition=RANGE (key) PARTITION 291184216 <= VALUES < 327582243
I20260709 14:48:55.797703 11302 data_dirs.cc:400] Could only allocate 1 dirs of requested 3 for tablet c1eaf372a62f42e793dbda3868c94dab. 1 dirs total, 0 dirs full, 0 dirs failed
I20260709 14:48:55.799958 11297 data_dirs.cc:400] Could only allocate 1 dirs of requested 3 for tablet 97dab29222c741668a6c9538d138ed6f. 1 dirs total, 0 dirs full, 0 dirs failed
I20260709 14:48:55.802343 11298 data_dirs.cc:400] Could only allocate 1 dirs of requested 3 for tablet cab8aac10acf4352bbdcd9d9076a34c8. 1 dirs total, 0 dirs full, 0 dirs failed
I20260709 14:48:55.802310 11149 data_dirs.cc:400] Could only allocate 1 dirs of requested 3 for tablet b711748a89ad42069cfbe158a093a1e7. 1 dirs total, 0 dirs full, 0 dirs failed
I20260709 14:48:55.822222 11354 tablet_bootstrap.cc:492] T 700d5a8ccdad4eb49a64d244e182ab16 P 97e5b5ab900f4385a62634647effff6b: Bootstrap starting.
I20260709 14:48:55.851867 11296 tablet_service.cc:1511] Processing CreateTablet for tablet 18a72640020a4d289b89e93b7a6bc954 (DEFAULT_TABLE table=test-workload [id=0dd9790577c245f399efe7869e84d871]), partition=RANGE (key) PARTITION 400378297 <= VALUES < 436776324
I20260709 14:48:55.853168 11296 data_dirs.cc:400] Could only allocate 1 dirs of requested 3 for tablet 18a72640020a4d289b89e93b7a6bc954. 1 dirs total, 0 dirs full, 0 dirs failed
I20260709 14:48:55.875823 11225 tablet_service.cc:1511] Processing CreateTablet for tablet 18a72640020a4d289b89e93b7a6bc954 (DEFAULT_TABLE table=test-workload [id=0dd9790577c245f399efe7869e84d871]), partition=RANGE (key) PARTITION 400378297 <= VALUES < 436776324
I20260709 14:48:55.877056 11225 data_dirs.cc:400] Could only allocate 1 dirs of requested 3 for tablet 18a72640020a4d289b89e93b7a6bc954. 1 dirs total, 0 dirs full, 0 dirs failed
I20260709 14:48:55.883137 11228 tablet_service.cc:1511] Processing CreateTablet for tablet e8ab982e6ae64c10a8bf0e4b91d02bd3 (DEFAULT_TABLE table=test-workload [id=0dd9790577c245f399efe7869e84d871]), partition=RANGE (key) PARTITION 436776324 <= VALUES < 473174351
I20260709 14:48:55.884361 11228 data_dirs.cc:400] Could only allocate 1 dirs of requested 3 for tablet e8ab982e6ae64c10a8bf0e4b91d02bd3. 1 dirs total, 0 dirs full, 0 dirs failed
I20260709 14:48:55.886314 11355 tablet_bootstrap.cc:492] T 9b01e0ca376f4749b1ecb4621fecedfa P db5ac6731e1446f4872c6ddd07979f08: Bootstrap starting.
I20260709 14:48:55.886921 11224 tablet_service.cc:1511] Processing CreateTablet for tablet 97dab29222c741668a6c9538d138ed6f (DEFAULT_TABLE table=test-workload [id=0dd9790577c245f399efe7869e84d871]), partition=RANGE (key) PARTITION 363980270 <= VALUES < 400378297
I20260709 14:48:55.888104 11224 data_dirs.cc:400] Could only allocate 1 dirs of requested 3 for tablet 97dab29222c741668a6c9538d138ed6f. 1 dirs total, 0 dirs full, 0 dirs failed
I20260709 14:48:55.896715 11303 tablet_service.cc:1511] Processing CreateTablet for tablet 03ad1242c38542d782b2782979aeeb7e (DEFAULT_TABLE table=test-workload [id=0dd9790577c245f399efe7869e84d871]), partition=RANGE (key) PARTITION 545970405 <= VALUES < 582368432
I20260709 14:48:55.897359 11354 tablet_bootstrap.cc:654] T 700d5a8ccdad4eb49a64d244e182ab16 P 97e5b5ab900f4385a62634647effff6b: Neither blocks nor log segments found. Creating new log.
I20260709 14:48:55.897929 11303 data_dirs.cc:400] Could only allocate 1 dirs of requested 3 for tablet 03ad1242c38542d782b2782979aeeb7e. 1 dirs total, 0 dirs full, 0 dirs failed
I20260709 14:48:55.899008 11301 tablet_service.cc:1511] Processing CreateTablet for tablet e8ab982e6ae64c10a8bf0e4b91d02bd3 (DEFAULT_TABLE table=test-workload [id=0dd9790577c245f399efe7869e84d871]), partition=RANGE (key) PARTITION 436776324 <= VALUES < 473174351
I20260709 14:48:55.900247 11301 data_dirs.cc:400] Could only allocate 1 dirs of requested 3 for tablet e8ab982e6ae64c10a8bf0e4b91d02bd3. 1 dirs total, 0 dirs full, 0 dirs failed
