I20260709 14:48:34.198685 10030 consensus_queue.cc:237] T e03472e4e4044a4d9a4e3bb1ec958cf0 P eed39850baa24b7aaeca7b0a0592c73f [LEADER]: Queue going to LEADER mode. State: All replicated index: 0, Majority replicated index: 0, Committed index: 0, Last appended: 0.0, Last appended by leader: 0, Current term: 1, Majority size: 2, State: 0, Mode: LEADER, active raft config: opid_index: -1 OBSOLETE_local: false peers { permanent_uuid: "23d002edb3164b64a7119b8517bb54f4" member_type: VOTER last_known_addr { host: "127.9.116.131" port: 40543 } } peers { permanent_uuid: "eed39850baa24b7aaeca7b0a0592c73f" member_type: VOTER last_known_addr { host: "127.9.116.130" port: 44899 } } peers { permanent_uuid: "a7cbdca902b641b480f8071eea8b4f94" member_type: VOTER last_known_addr { host: "127.9.116.129" port: 39083 } }
I20260709 14:48:34.208421 10013 raft_consensus.cc:493] T eae88808d6df4d6fab8298abc6ad2c4b P 23d002edb3164b64a7119b8517bb54f4 [term 0 FOLLOWER]: Starting pre-election (no leader contacted us within the election timeout)
I20260709 14:48:34.209007 10013 raft_consensus.cc:515] T eae88808d6df4d6fab8298abc6ad2c4b P 23d002edb3164b64a7119b8517bb54f4 [term 0 FOLLOWER]: Starting pre-election with config: opid_index: -1 OBSOLETE_local: false peers { permanent_uuid: "a7cbdca902b641b480f8071eea8b4f94" member_type: VOTER last_known_addr { host: "127.9.116.129" port: 39083 } } peers { permanent_uuid: "eed39850baa24b7aaeca7b0a0592c73f" member_type: VOTER last_known_addr { host: "127.9.116.130" port: 44899 } } peers { permanent_uuid: "23d002edb3164b64a7119b8517bb54f4" member_type: VOTER last_known_addr { host: "127.9.116.131" port: 40543 } }
I20260709 14:48:34.211700 10013 leader_election.cc:290] T eae88808d6df4d6fab8298abc6ad2c4b P 23d002edb3164b64a7119b8517bb54f4 [CANDIDATE]: Term 1 pre-election: Requested pre-vote from peers a7cbdca902b641b480f8071eea8b4f94 (127.9.116.129:39083), eed39850baa24b7aaeca7b0a0592c73f (127.9.116.130:44899)
I20260709 14:48:34.216241 10009 ts_tablet_manager.cc:1434] T eae88808d6df4d6fab8298abc6ad2c4b P 23d002edb3164b64a7119b8517bb54f4: Time spent starting tablet: real 0.026s	user 0.004s	sys 0.003s
I20260709 14:48:34.217458 10009 tablet_bootstrap.cc:492] T c9ec4ddd4c824f21a5d31e892df1a51b P 23d002edb3164b64a7119b8517bb54f4: Bootstrap starting.
I20260709 14:48:34.239202 10009 tablet_bootstrap.cc:654] T c9ec4ddd4c824f21a5d31e892df1a51b P 23d002edb3164b64a7119b8517bb54f4: Neither blocks nor log segments found. Creating new log.
I20260709 14:48:34.255978 10018 raft_consensus.cc:493] T 1782e4daa67b468988351a8783260fb7 P a7cbdca902b641b480f8071eea8b4f94 [term 0 FOLLOWER]: Starting pre-election (no leader contacted us within the election timeout)
I20260709 14:48:34.256558 10018 raft_consensus.cc:515] T 1782e4daa67b468988351a8783260fb7 P a7cbdca902b641b480f8071eea8b4f94 [term 0 FOLLOWER]: Starting pre-election with config: opid_index: -1 OBSOLETE_local: false peers { permanent_uuid: "a7cbdca902b641b480f8071eea8b4f94" member_type: VOTER last_known_addr { host: "127.9.116.129" port: 39083 } } peers { permanent_uuid: "eed39850baa24b7aaeca7b0a0592c73f" member_type: VOTER last_known_addr { host: "127.9.116.130" port: 44899 } } peers { permanent_uuid: "23d002edb3164b64a7119b8517bb54f4" member_type: VOTER last_known_addr { host: "127.9.116.131" port: 40543 } }
I20260709 14:48:34.258559 10018 leader_election.cc:290] T 1782e4daa67b468988351a8783260fb7 P a7cbdca902b641b480f8071eea8b4f94 [CANDIDATE]: Term 1 pre-election: Requested pre-vote from peers eed39850baa24b7aaeca7b0a0592c73f (127.9.116.130:44899), 23d002edb3164b64a7119b8517bb54f4 (127.9.116.131:40543)
I20260709 14:48:34.281414 10018 raft_consensus.cc:493] T eae88808d6df4d6fab8298abc6ad2c4b P a7cbdca902b641b480f8071eea8b4f94 [term 0 FOLLOWER]: Starting pre-election (no leader contacted us within the election timeout)
I20260709 14:48:34.281953 10018 raft_consensus.cc:515] T eae88808d6df4d6fab8298abc6ad2c4b P a7cbdca902b641b480f8071eea8b4f94 [term 0 FOLLOWER]: Starting pre-election with config: opid_index: -1 OBSOLETE_local: false peers { permanent_uuid: "a7cbdca902b641b480f8071eea8b4f94" member_type: VOTER last_known_addr { host: "127.9.116.129" port: 39083 } } peers { permanent_uuid: "eed39850baa24b7aaeca7b0a0592c73f" member_type: VOTER last_known_addr { host: "127.9.116.130" port: 44899 } } peers { permanent_uuid: "23d002edb3164b64a7119b8517bb54f4" member_type: VOTER last_known_addr { host: "127.9.116.131" port: 40543 } }
I20260709 14:48:34.283986 10018 leader_election.cc:290] T eae88808d6df4d6fab8298abc6ad2c4b P a7cbdca902b641b480f8071eea8b4f94 [CANDIDATE]: Term 1 pre-election: Requested pre-vote from peers eed39850baa24b7aaeca7b0a0592c73f (127.9.116.130:44899), 23d002edb3164b64a7119b8517bb54f4 (127.9.116.131:40543)
I20260709 14:48:34.315241 10013 raft_consensus.cc:493] T 0cec2b94134e48dcb76de5511bc6dcf5 P 23d002edb3164b64a7119b8517bb54f4 [term 0 FOLLOWER]: Starting pre-election (no leader contacted us within the election timeout)
I20260709 14:48:34.315789 10013 raft_consensus.cc:515] T 0cec2b94134e48dcb76de5511bc6dcf5 P 23d002edb3164b64a7119b8517bb54f4 [term 0 FOLLOWER]: Starting pre-election with config: opid_index: -1 OBSOLETE_local: false peers { permanent_uuid: "a7cbdca902b641b480f8071eea8b4f94" member_type: VOTER last_known_addr { host: "127.9.116.129" port: 39083 } } peers { permanent_uuid: "eed39850baa24b7aaeca7b0a0592c73f" member_type: VOTER last_known_addr { host: "127.9.116.130" port: 44899 } } peers { permanent_uuid: "23d002edb3164b64a7119b8517bb54f4" member_type: VOTER last_known_addr { host: "127.9.116.131" port: 40543 } }
I20260709 14:48:34.318032 10013 leader_election.cc:290] T 0cec2b94134e48dcb76de5511bc6dcf5 P 23d002edb3164b64a7119b8517bb54f4 [CANDIDATE]: Term 1 pre-election: Requested pre-vote from peers a7cbdca902b641b480f8071eea8b4f94 (127.9.116.129:39083), eed39850baa24b7aaeca7b0a0592c73f (127.9.116.130:44899)
I20260709 14:48:34.331384 10009 tablet_bootstrap.cc:492] T c9ec4ddd4c824f21a5d31e892df1a51b P 23d002edb3164b64a7119b8517bb54f4: No bootstrap required, opened a new log
I20260709 14:48:34.331959 10009 ts_tablet_manager.cc:1403] T c9ec4ddd4c824f21a5d31e892df1a51b P 23d002edb3164b64a7119b8517bb54f4: Time spent bootstrapping tablet: real 0.115s	user 0.022s	sys 0.024s
I20260709 14:48:34.335235 10009 raft_consensus.cc:359] T c9ec4ddd4c824f21a5d31e892df1a51b P 23d002edb3164b64a7119b8517bb54f4 [term 0 FOLLOWER]: Replica starting. Triggering 0 pending ops. Active config: opid_index: -1 OBSOLETE_local: false peers { permanent_uuid: "a7cbdca902b641b480f8071eea8b4f94" member_type: VOTER last_known_addr { host: "127.9.116.129" port: 39083 } } peers { permanent_uuid: "eed39850baa24b7aaeca7b0a0592c73f" member_type: VOTER last_known_addr { host: "127.9.116.130" port: 44899 } } peers { permanent_uuid: "23d002edb3164b64a7119b8517bb54f4" member_type: VOTER last_known_addr { host: "127.9.116.131" port: 40543 } }
I20260709 14:48:34.336088 10009 raft_consensus.cc:385] T c9ec4ddd4c824f21a5d31e892df1a51b P 23d002edb3164b64a7119b8517bb54f4 [term 0 FOLLOWER]: Consensus starting up: Expiring failure detector timer to make a prompt election more likely
I20260709 14:48:34.336439 10009 raft_consensus.cc:740] T c9ec4ddd4c824f21a5d31e892df1a51b P 23d002edb3164b64a7119b8517bb54f4 [term 0 FOLLOWER]: Becoming Follower/Learner. State: Replica: 23d002edb3164b64a7119b8517bb54f4, State: Initialized, Role: FOLLOWER
I20260709 14:48:34.337399 10009 consensus_queue.cc:260] T c9ec4ddd4c824f21a5d31e892df1a51b P 23d002edb3164b64a7119b8517bb54f4 [NON_LEADER]: Queue going to NON_LEADER mode. State: All replicated index: 0, Majority replicated index: 0, Committed index: 0, Last appended: 0.0, Last appended by leader: 0, Current term: 0, Majority size: -1, State: 0, Mode: NON_LEADER, active raft config: opid_index: -1 OBSOLETE_local: false peers { permanent_uuid: "a7cbdca902b641b480f8071eea8b4f94" member_type: VOTER last_known_addr { host: "127.9.116.129" port: 39083 } } peers { permanent_uuid: "eed39850baa24b7aaeca7b0a0592c73f" member_type: VOTER last_known_addr { host: "127.9.116.130" port: 44899 } } peers { permanent_uuid: "23d002edb3164b64a7119b8517bb54f4" member_type: VOTER last_known_addr { host: "127.9.116.131" port: 40543 } }
I20260709 14:48:34.342032 10009 ts_tablet_manager.cc:1434] T c9ec4ddd4c824f21a5d31e892df1a51b P 23d002edb3164b64a7119b8517bb54f4: Time spent starting tablet: real 0.010s	user 0.007s	sys 0.000s
I20260709 14:48:34.343091 10009 tablet_bootstrap.cc:492] T 3439fda642e64695a77a3b86f0bd314a P 23d002edb3164b64a7119b8517bb54f4: Bootstrap starting.
I20260709 14:48:34.355437  9817 tablet_service.cc:1917] Received RequestConsensusVote() RPC: tablet_id: "eae88808d6df4d6fab8298abc6ad2c4b" candidate_uuid: "23d002edb3164b64a7119b8517bb54f4" candidate_term: 1 candidate_status { last_received { term: 0 index: 0 } } ignore_live_leader: false dest_uuid: "a7cbdca902b641b480f8071eea8b4f94" is_pre_election: true
I20260709 14:48:34.357400 10010 tablet_bootstrap.cc:492] T 0e9364d8c38444f68effeb83cfc18444 P eed39850baa24b7aaeca7b0a0592c73f: No bootstrap required, opened a new log
I20260709 14:48:34.357648  9817 raft_consensus.cc:2468] T eae88808d6df4d6fab8298abc6ad2c4b P a7cbdca902b641b480f8071eea8b4f94 [term 0 FOLLOWER]: Leader pre-election vote request: Granting yes vote for candidate 23d002edb3164b64a7119b8517bb54f4 in term 0.
I20260709 14:48:34.357863 10010 ts_tablet_manager.cc:1403] T 0e9364d8c38444f68effeb83cfc18444 P eed39850baa24b7aaeca7b0a0592c73f: Time spent bootstrapping tablet: real 0.182s	user 0.080s	sys 0.092s
I20260709 14:48:34.356221  9816 tablet_service.cc:1917] Received RequestConsensusVote() RPC: tablet_id: "0cec2b94134e48dcb76de5511bc6dcf5" candidate_uuid: "23d002edb3164b64a7119b8517bb54f4" candidate_term: 1 candidate_status { last_received { term: 0 index: 0 } } ignore_live_leader: false dest_uuid: "a7cbdca902b641b480f8071eea8b4f94" is_pre_election: true
I20260709 14:48:34.359285  9891 tablet_service.cc:1917] Received RequestConsensusVote() RPC: tablet_id: "1782e4daa67b468988351a8783260fb7" candidate_uuid: "a7cbdca902b641b480f8071eea8b4f94" candidate_term: 1 candidate_status { last_received { term: 0 index: 0 } } ignore_live_leader: false dest_uuid: "eed39850baa24b7aaeca7b0a0592c73f" is_pre_election: true
I20260709 14:48:34.359549  9930 leader_election.cc:304] T eae88808d6df4d6fab8298abc6ad2c4b P 23d002edb3164b64a7119b8517bb54f4 [CANDIDATE]: Term 1 pre-election: Election decided. Result: candidate won. Election summary: received 2 responses out of 3 voters: 2 yes votes; 0 no votes. yes voters: 23d002edb3164b64a7119b8517bb54f4, a7cbdca902b641b480f8071eea8b4f94; no voters: 
I20260709 14:48:34.358561  9816 raft_consensus.cc:2468] T 0cec2b94134e48dcb76de5511bc6dcf5 P a7cbdca902b641b480f8071eea8b4f94 [term 0 FOLLOWER]: Leader pre-election vote request: Granting yes vote for candidate 23d002edb3164b64a7119b8517bb54f4 in term 0.
I20260709 14:48:34.360679 10013 raft_consensus.cc:2804] T eae88808d6df4d6fab8298abc6ad2c4b P 23d002edb3164b64a7119b8517bb54f4 [term 0 FOLLOWER]: Leader pre-election won for term 1
I20260709 14:48:34.361079 10013 raft_consensus.cc:493] T eae88808d6df4d6fab8298abc6ad2c4b P 23d002edb3164b64a7119b8517bb54f4 [term 0 FOLLOWER]: Starting leader election (no leader contacted us within the election timeout)
I20260709 14:48:34.361423 10013 raft_consensus.cc:3060] T eae88808d6df4d6fab8298abc6ad2c4b P 23d002edb3164b64a7119b8517bb54f4 [term 0 FOLLOWER]: Advancing to term 1
I20260709 14:48:34.362111  9930 leader_election.cc:304] T 0cec2b94134e48dcb76de5511bc6dcf5 P 23d002edb3164b64a7119b8517bb54f4 [CANDIDATE]: Term 1 pre-election: Election decided. Result: candidate won. Election summary: received 2 responses out of 3 voters: 2 yes votes; 0 no votes. yes voters: 23d002edb3164b64a7119b8517bb54f4, a7cbdca902b641b480f8071eea8b4f94; no voters: 
I20260709 14:48:34.362597  9891 tablet_service.cc:1917] Received RequestConsensusVote() RPC: tablet_id: "eae88808d6df4d6fab8298abc6ad2c4b" candidate_uuid: "a7cbdca902b641b480f8071eea8b4f94" candidate_term: 1 candidate_status { last_received { term: 0 index: 0 } } ignore_live_leader: false dest_uuid: "eed39850baa24b7aaeca7b0a0592c73f" is_pre_election: true
I20260709 14:48:34.362010  9892 tablet_service.cc:1917] Received RequestConsensusVote() RPC: tablet_id: "0e9364d8c38444f68effeb83cfc18444" candidate_uuid: "a7cbdca902b641b480f8071eea8b4f94" candidate_term: 1 candidate_status { last_received { term: 0 index: 0 } } ignore_live_leader: false dest_uuid: "eed39850baa24b7aaeca7b0a0592c73f" is_pre_election: true
W20260709 14:48:34.366999  9781 leader_election.cc:343] T 1782e4daa67b468988351a8783260fb7 P a7cbdca902b641b480f8071eea8b4f94 [CANDIDATE]: Term 1 pre-election: Tablet error from VoteRequest() call to peer eed39850baa24b7aaeca7b0a0592c73f (127.9.116.130:44899): Illegal state: must be running to vote when last-logged opid is not known
W20260709 14:48:34.367638  9781 leader_election.cc:343] T eae88808d6df4d6fab8298abc6ad2c4b P a7cbdca902b641b480f8071eea8b4f94 [CANDIDATE]: Term 1 pre-election: Tablet error from VoteRequest() call to peer eed39850baa24b7aaeca7b0a0592c73f (127.9.116.130:44899): Illegal state: must be running to vote when last-logged opid is not known
W20260709 14:48:34.369079  9781 leader_election.cc:343] T 0e9364d8c38444f68effeb83cfc18444 P a7cbdca902b641b480f8071eea8b4f94 [CANDIDATE]: Term 1 pre-election: Tablet error from VoteRequest() call to peer eed39850baa24b7aaeca7b0a0592c73f (127.9.116.130:44899): Illegal state: must be running to vote when last-logged opid is not known
I20260709 14:48:34.370702 10012 tablet_bootstrap.cc:492] T 3439fda642e64695a77a3b86f0bd314a P a7cbdca902b641b480f8071eea8b4f94: No bootstrap required, opened a new log
I20260709 14:48:34.372925 10012 ts_tablet_manager.cc:1403] T 3439fda642e64695a77a3b86f0bd314a P a7cbdca902b641b480f8071eea8b4f94: Time spent bootstrapping tablet: real 0.188s	user 0.063s	sys 0.073s
I20260709 14:48:34.370549 10013 raft_consensus.cc:515] T eae88808d6df4d6fab8298abc6ad2c4b P 23d002edb3164b64a7119b8517bb54f4 [term 1 FOLLOWER]: Starting leader election with config: opid_index: -1 OBSOLETE_local: false peers { permanent_uuid: "a7cbdca902b641b480f8071eea8b4f94" member_type: VOTER last_known_addr { host: "127.9.116.129" port: 39083 } } peers { permanent_uuid: "eed39850baa24b7aaeca7b0a0592c73f" member_type: VOTER last_known_addr { host: "127.9.116.130" port: 44899 } } peers { permanent_uuid: "23d002edb3164b64a7119b8517bb54f4" member_type: VOTER last_known_addr { host: "127.9.116.131" port: 40543 } }
I20260709 14:48:34.378670  9892 tablet_service.cc:1917] Received RequestConsensusVote() RPC: tablet_id: "eae88808d6df4d6fab8298abc6ad2c4b" candidate_uuid: "23d002edb3164b64a7119b8517bb54f4" candidate_term: 1 candidate_status { last_received { term: 0 index: 0 } } ignore_live_leader: false dest_uuid: "eed39850baa24b7aaeca7b0a0592c73f" is_pre_election: true
W20260709 14:48:34.382808  9930 leader_election.cc:343] T eae88808d6df4d6fab8298abc6ad2c4b P 23d002edb3164b64a7119b8517bb54f4 [CANDIDATE]: Term 1 pre-election: Tablet error from VoteRequest() call to peer eed39850baa24b7aaeca7b0a0592c73f (127.9.116.130:44899): Illegal state: must be running to vote when last-logged opid is not known
I20260709 14:48:34.382711  9711 catalog_manager.cc:5697] T e03472e4e4044a4d9a4e3bb1ec958cf0 P eed39850baa24b7aaeca7b0a0592c73f reported cstate change: term changed from 0 to 1, leader changed from <none> to eed39850baa24b7aaeca7b0a0592c73f (127.9.116.130). New cstate: current_term: 1 leader_uuid: "eed39850baa24b7aaeca7b0a0592c73f" committed_config { opid_index: -1 OBSOLETE_local: false peers { permanent_uuid: "23d002edb3164b64a7119b8517bb54f4" member_type: VOTER last_known_addr { host: "127.9.116.131" port: 40543 } health_report { overall_health: UNKNOWN } } peers { permanent_uuid: "eed39850baa24b7aaeca7b0a0592c73f" member_type: VOTER last_known_addr { host: "127.9.116.130" port: 44899 } health_report { overall_health: HEALTHY } } peers { permanent_uuid: "a7cbdca902b641b480f8071eea8b4f94" member_type: VOTER last_known_addr { host: "127.9.116.129" port: 39083 } health_report { overall_health: UNKNOWN } } }
I20260709 14:48:34.384580  9892 tablet_service.cc:1917] Received RequestConsensusVote() RPC: tablet_id: "0cec2b94134e48dcb76de5511bc6dcf5" candidate_uuid: "23d002edb3164b64a7119b8517bb54f4" candidate_term: 1 candidate_status { last_received { term: 0 index: 0 } } ignore_live_leader: false dest_uuid: "eed39850baa24b7aaeca7b0a0592c73f" is_pre_election: true
I20260709 14:48:34.385346  9892 raft_consensus.cc:2468] T 0cec2b94134e48dcb76de5511bc6dcf5 P eed39850baa24b7aaeca7b0a0592c73f [term 0 FOLLOWER]: Leader pre-election vote request: Granting yes vote for candidate 23d002edb3164b64a7119b8517bb54f4 in term 0.
I20260709 14:48:34.386423 10010 raft_consensus.cc:359] T 0e9364d8c38444f68effeb83cfc18444 P eed39850baa24b7aaeca7b0a0592c73f [term 0 FOLLOWER]: Replica starting. Triggering 0 pending ops. Active config: opid_index: -1 OBSOLETE_local: false peers { permanent_uuid: "a7cbdca902b641b480f8071eea8b4f94" member_type: VOTER last_known_addr { host: "127.9.116.129" port: 39083 } } peers { permanent_uuid: "eed39850baa24b7aaeca7b0a0592c73f" member_type: VOTER last_known_addr { host: "127.9.116.130" port: 44899 } } peers { permanent_uuid: "23d002edb3164b64a7119b8517bb54f4" member_type: VOTER last_known_addr { host: "127.9.116.131" port: 40543 } }
I20260709 14:48:34.387107 10010 raft_consensus.cc:385] T 0e9364d8c38444f68effeb83cfc18444 P eed39850baa24b7aaeca7b0a0592c73f [term 0 FOLLOWER]: Consensus starting up: Expiring failure detector timer to make a prompt election more likely
I20260709 14:48:34.387423 10010 raft_consensus.cc:740] T 0e9364d8c38444f68effeb83cfc18444 P eed39850baa24b7aaeca7b0a0592c73f [term 0 FOLLOWER]: Becoming Follower/Learner. State: Replica: eed39850baa24b7aaeca7b0a0592c73f, State: Initialized, Role: FOLLOWER
I20260709 14:48:34.387319 10012 raft_consensus.cc:359] T 3439fda642e64695a77a3b86f0bd314a P a7cbdca902b641b480f8071eea8b4f94 [term 0 FOLLOWER]: Replica starting. Triggering 0 pending ops. Active config: opid_index: -1 OBSOLETE_local: false peers { permanent_uuid: "a7cbdca902b641b480f8071eea8b4f94" member_type: VOTER last_known_addr { host: "127.9.116.129" port: 39083 } } peers { permanent_uuid: "eed39850baa24b7aaeca7b0a0592c73f" member_type: VOTER last_known_addr { host: "127.9.116.130" port: 44899 } } peers { permanent_uuid: "23d002edb3164b64a7119b8517bb54f4" member_type: VOTER last_known_addr { host: "127.9.116.131" port: 40543 } }
I20260709 14:48:34.388011 10012 raft_consensus.cc:385] T 3439fda642e64695a77a3b86f0bd314a P a7cbdca902b641b480f8071eea8b4f94 [term 0 FOLLOWER]: Consensus starting up: Expiring failure detector timer to make a prompt election more likely
I20260709 14:48:34.388301 10012 raft_consensus.cc:740] T 3439fda642e64695a77a3b86f0bd314a P a7cbdca902b641b480f8071eea8b4f94 [term 0 FOLLOWER]: Becoming Follower/Learner. State: Replica: a7cbdca902b641b480f8071eea8b4f94, State: Initialized, Role: FOLLOWER
I20260709 14:48:34.388172 10010 consensus_queue.cc:260] T 0e9364d8c38444f68effeb83cfc18444 P eed39850baa24b7aaeca7b0a0592c73f [NON_LEADER]: Queue going to NON_LEADER mode. State: All replicated index: 0, Majority replicated index: 0, Committed index: 0, Last appended: 0.0, Last appended by leader: 0, Current term: 0, Majority size: -1, State: 0, Mode: NON_LEADER, active raft config: opid_index: -1 OBSOLETE_local: false peers { permanent_uuid: "a7cbdca902b641b480f8071eea8b4f94" member_type: VOTER last_known_addr { host: "127.9.116.129" port: 39083 } } peers { permanent_uuid: "eed39850baa24b7aaeca7b0a0592c73f" member_type: VOTER last_known_addr { host: "127.9.116.130" port: 44899 } } peers { permanent_uuid: "23d002edb3164b64a7119b8517bb54f4" member_type: VOTER last_known_addr { host: "127.9.116.131" port: 40543 } }
I20260709 14:48:34.390115 10047 raft_consensus.cc:2804] T 0cec2b94134e48dcb76de5511bc6dcf5 P 23d002edb3164b64a7119b8517bb54f4 [term 0 FOLLOWER]: Leader pre-election won for term 1
I20260709 14:48:34.390496 10013 leader_election.cc:290] T eae88808d6df4d6fab8298abc6ad2c4b P 23d002edb3164b64a7119b8517bb54f4 [CANDIDATE]: Term 1 election: Requested vote from peers a7cbdca902b641b480f8071eea8b4f94 (127.9.116.129:39083), eed39850baa24b7aaeca7b0a0592c73f (127.9.116.130:44899)
I20260709 14:48:34.389417 10012 consensus_queue.cc:260] T 3439fda642e64695a77a3b86f0bd314a P a7cbdca902b641b480f8071eea8b4f94 [NON_LEADER]: Queue going to NON_LEADER mode. State: All replicated index: 0, Majority replicated index: 0, Committed index: 0, Last appended: 0.0, Last appended by leader: 0, Current term: 0, Majority size: -1, State: 0, Mode: NON_LEADER, active raft config: opid_index: -1 OBSOLETE_local: false peers { permanent_uuid: "a7cbdca902b641b480f8071eea8b4f94" member_type: VOTER last_known_addr { host: "127.9.116.129" port: 39083 } } peers { permanent_uuid: "eed39850baa24b7aaeca7b0a0592c73f" member_type: VOTER last_known_addr { host: "127.9.116.130" port: 44899 } } peers { permanent_uuid: "23d002edb3164b64a7119b8517bb54f4" member_type: VOTER last_known_addr { host: "127.9.116.131" port: 40543 } }
I20260709 14:48:34.390512 10047 raft_consensus.cc:493] T 0cec2b94134e48dcb76de5511bc6dcf5 P 23d002edb3164b64a7119b8517bb54f4 [term 0 FOLLOWER]: Starting leader election (no leader contacted us within the election timeout)
I20260709 14:48:34.393076 10047 raft_consensus.cc:3060] T 0cec2b94134e48dcb76de5511bc6dcf5 P 23d002edb3164b64a7119b8517bb54f4 [term 0 FOLLOWER]: Advancing to term 1
I20260709 14:48:34.393246  9965 tablet_service.cc:1917] Received RequestConsensusVote() RPC: tablet_id: "0e9364d8c38444f68effeb83cfc18444" candidate_uuid: "a7cbdca902b641b480f8071eea8b4f94" candidate_term: 1 candidate_status { last_received { term: 0 index: 0 } } ignore_live_leader: false dest_uuid: "23d002edb3164b64a7119b8517bb54f4" is_pre_election: true
I20260709 14:48:34.394861  9964 tablet_service.cc:1917] Received RequestConsensusVote() RPC: tablet_id: "eae88808d6df4d6fab8298abc6ad2c4b" candidate_uuid: "a7cbdca902b641b480f8071eea8b4f94" candidate_term: 1 candidate_status { last_received { term: 0 index: 0 } } ignore_live_leader: false dest_uuid: "23d002edb3164b64a7119b8517bb54f4" is_pre_election: true
I20260709 14:48:34.394877  9816 tablet_service.cc:1917] Received RequestConsensusVote() RPC: tablet_id: "eae88808d6df4d6fab8298abc6ad2c4b" candidate_uuid: "23d002edb3164b64a7119b8517bb54f4" candidate_term: 1 candidate_status { last_received { term: 0 index: 0 } } ignore_live_leader: false dest_uuid: "a7cbdca902b641b480f8071eea8b4f94"
I20260709 14:48:34.394877  9966 tablet_service.cc:1917] Received RequestConsensusVote() RPC: tablet_id: "1782e4daa67b468988351a8783260fb7" candidate_uuid: "a7cbdca902b641b480f8071eea8b4f94" candidate_term: 1 candidate_status { last_received { term: 0 index: 0 } } ignore_live_leader: false dest_uuid: "23d002edb3164b64a7119b8517bb54f4" is_pre_election: true
I20260709 14:48:34.395951  9816 raft_consensus.cc:3060] T eae88808d6df4d6fab8298abc6ad2c4b P a7cbdca902b641b480f8071eea8b4f94 [term 0 FOLLOWER]: Advancing to term 1
I20260709 14:48:34.396272  9964 raft_consensus.cc:2393] T eae88808d6df4d6fab8298abc6ad2c4b P 23d002edb3164b64a7119b8517bb54f4 [term 1 FOLLOWER]: Leader pre-election vote request: Denying vote to candidate a7cbdca902b641b480f8071eea8b4f94 in current term 1: Already voted for candidate 23d002edb3164b64a7119b8517bb54f4 in this term.
I20260709 14:48:34.393574 10009 tablet_bootstrap.cc:654] T 3439fda642e64695a77a3b86f0bd314a P 23d002edb3164b64a7119b8517bb54f4: Neither blocks nor log segments found. Creating new log.
W20260709 14:48:34.405143  9782 leader_election.cc:343] T 0e9364d8c38444f68effeb83cfc18444 P a7cbdca902b641b480f8071eea8b4f94 [CANDIDATE]: Term 1 pre-election: Tablet error from VoteRequest() call to peer 23d002edb3164b64a7119b8517bb54f4 (127.9.116.131:40543): Illegal state: must be running to vote when last-logged opid is not known
I20260709 14:48:34.396392  9966 raft_consensus.cc:2468] T 1782e4daa67b468988351a8783260fb7 P 23d002edb3164b64a7119b8517bb54f4 [term 0 FOLLOWER]: Leader pre-election vote request: Granting yes vote for candidate a7cbdca902b641b480f8071eea8b4f94 in term 0.
I20260709 14:48:34.406630  9782 leader_election.cc:304] T 0e9364d8c38444f68effeb83cfc18444 P a7cbdca902b641b480f8071eea8b4f94 [CANDIDATE]: Term 1 pre-election: Election decided. Result: candidate lost. Election summary: received 3 responses out of 3 voters: 1 yes votes; 2 no votes. yes voters: a7cbdca902b641b480f8071eea8b4f94; no voters: 23d002edb3164b64a7119b8517bb54f4, eed39850baa24b7aaeca7b0a0592c73f
I20260709 14:48:34.407924  9782 leader_election.cc:304] T eae88808d6df4d6fab8298abc6ad2c4b P a7cbdca902b641b480f8071eea8b4f94 [CANDIDATE]: Term 1 pre-election: Election decided. Result: candidate lost. Election summary: received 3 responses out of 3 voters: 1 yes votes; 2 no votes. yes voters: a7cbdca902b641b480f8071eea8b4f94; no voters: 23d002edb3164b64a7119b8517bb54f4, eed39850baa24b7aaeca7b0a0592c73f
I20260709 14:48:34.408921 10018 raft_consensus.cc:2749] T 0e9364d8c38444f68effeb83cfc18444 P a7cbdca902b641b480f8071eea8b4f94 [term 0 FOLLOWER]: Leader pre-election lost for term 1. Reason: could not achieve majority
I20260709 14:48:34.409330  9892 tablet_service.cc:1917] Received RequestConsensusVote() RPC: tablet_id: "eae88808d6df4d6fab8298abc6ad2c4b" candidate_uuid: "23d002edb3164b64a7119b8517bb54f4" candidate_term: 1 candidate_status { last_received { term: 0 index: 0 } } ignore_live_leader: false dest_uuid: "eed39850baa24b7aaeca7b0a0592c73f"
I20260709 14:48:34.406188 10013 raft_consensus.cc:493] T c9ec4ddd4c824f21a5d31e892df1a51b P 23d002edb3164b64a7119b8517bb54f4 [term 0 FOLLOWER]: Starting pre-election (no leader contacted us within the election timeout)
I20260709 14:48:34.410285 10013 raft_consensus.cc:515] T c9ec4ddd4c824f21a5d31e892df1a51b P 23d002edb3164b64a7119b8517bb54f4 [term 0 FOLLOWER]: Starting pre-election with config: opid_index: -1 OBSOLETE_local: false peers { permanent_uuid: "a7cbdca902b641b480f8071eea8b4f94" member_type: VOTER last_known_addr { host: "127.9.116.129" port: 39083 } } peers { permanent_uuid: "eed39850baa24b7aaeca7b0a0592c73f" member_type: VOTER last_known_addr { host: "127.9.116.130" port: 44899 } } peers { permanent_uuid: "23d002edb3164b64a7119b8517bb54f4" member_type: VOTER last_known_addr { host: "127.9.116.131" port: 40543 } }
I20260709 14:48:34.416390 10012 ts_tablet_manager.cc:1434] T 3439fda642e64695a77a3b86f0bd314a P a7cbdca902b641b480f8071eea8b4f94: Time spent starting tablet: real 0.043s	user 0.001s	sys 0.005s
W20260709 14:48:34.418205  9930 leader_election.cc:343] T eae88808d6df4d6fab8298abc6ad2c4b P 23d002edb3164b64a7119b8517bb54f4 [CANDIDATE]: Term 1 election: Tablet error from VoteRequest() call to peer eed39850baa24b7aaeca7b0a0592c73f (127.9.116.130:44899): Illegal state: must be running to vote when last-logged opid is not known
I20260709 14:48:34.418702  9817 tablet_service.cc:1917] Received RequestConsensusVote() RPC: tablet_id: "c9ec4ddd4c824f21a5d31e892df1a51b" candidate_uuid: "23d002edb3164b64a7119b8517bb54f4" candidate_term: 1 candidate_status { last_received { term: 0 index: 0 } } ignore_live_leader: false dest_uuid: "a7cbdca902b641b480f8071eea8b4f94" is_pre_election: true
I20260709 14:48:34.418835 10013 leader_election.cc:290] T c9ec4ddd4c824f21a5d31e892df1a51b P 23d002edb3164b64a7119b8517bb54f4 [CANDIDATE]: Term 1 pre-election: Requested pre-vote from peers a7cbdca902b641b480f8071eea8b4f94 (127.9.116.129:39083), eed39850baa24b7aaeca7b0a0592c73f (127.9.116.130:44899)
I20260709 14:48:34.418359 10010 ts_tablet_manager.cc:1434] T 0e9364d8c38444f68effeb83cfc18444 P eed39850baa24b7aaeca7b0a0592c73f: Time spent starting tablet: real 0.060s	user 0.011s	sys 0.001s
I20260709 14:48:34.422508  9782 leader_election.cc:304] T 1782e4daa67b468988351a8783260fb7 P a7cbdca902b641b480f8071eea8b4f94 [CANDIDATE]: Term 1 pre-election: Election decided. Result: candidate won. Election summary: received 3 responses out of 3 voters: 2 yes votes; 1 no votes. yes voters: 23d002edb3164b64a7119b8517bb54f4, a7cbdca902b641b480f8071eea8b4f94; no voters: eed39850baa24b7aaeca7b0a0592c73f
W20260709 14:48:34.423792  9930 leader_election.cc:343] T c9ec4ddd4c824f21a5d31e892df1a51b P 23d002edb3164b64a7119b8517bb54f4 [CANDIDATE]: Term 1 pre-election: Tablet error from VoteRequest() call to peer a7cbdca902b641b480f8071eea8b4f94 (127.9.116.129:39083): Illegal state: must be running to vote when last-logged opid is not known
I20260709 14:48:34.424880 10012 tablet_bootstrap.cc:492] T e03472e4e4044a4d9a4e3bb1ec958cf0 P a7cbdca902b641b480f8071eea8b4f94: Bootstrap starting.
I20260709 14:48:34.429529 10009 tablet_bootstrap.cc:492] T 3439fda642e64695a77a3b86f0bd314a P 23d002edb3164b64a7119b8517bb54f4: No bootstrap required, opened a new log
I20260709 14:48:34.429971 10009 ts_tablet_manager.cc:1403] T 3439fda642e64695a77a3b86f0bd314a P 23d002edb3164b64a7119b8517bb54f4: Time spent bootstrapping tablet: real 0.087s	user 0.014s	sys 0.004s
I20260709 14:48:34.429816  9892 tablet_service.cc:1917] Received RequestConsensusVote() RPC: tablet_id: "c9ec4ddd4c824f21a5d31e892df1a51b" candidate_uuid: "23d002edb3164b64a7119b8517bb54f4" candidate_term: 1 candidate_status { last_received { term: 0 index: 0 } } ignore_live_leader: false dest_uuid: "eed39850baa24b7aaeca7b0a0592c73f" is_pre_election: true
W20260709 14:48:34.431003  9930 leader_election.cc:343] T c9ec4ddd4c824f21a5d31e892df1a51b P 23d002edb3164b64a7119b8517bb54f4 [CANDIDATE]: Term 1 pre-election: Tablet error from VoteRequest() call to peer eed39850baa24b7aaeca7b0a0592c73f (127.9.116.130:44899): Illegal state: must be running to vote when last-logged opid is not known
I20260709 14:48:34.431612 10010 tablet_bootstrap.cc:492] T ff81addc17d746a9a7db2cc5af5f2a29 P eed39850baa24b7aaeca7b0a0592c73f: Bootstrap starting.
I20260709 14:48:34.431417  9930 leader_election.cc:304] T c9ec4ddd4c824f21a5d31e892df1a51b P 23d002edb3164b64a7119b8517bb54f4 [CANDIDATE]: Term 1 pre-election: Election decided. Result: candidate lost. Election summary: received 3 responses out of 3 voters: 1 yes votes; 2 no votes. yes voters: 23d002edb3164b64a7119b8517bb54f4; no voters: a7cbdca902b641b480f8071eea8b4f94, eed39850baa24b7aaeca7b0a0592c73f
I20260709 14:48:34.432487 10009 raft_consensus.cc:359] T 3439fda642e64695a77a3b86f0bd314a P 23d002edb3164b64a7119b8517bb54f4 [term 0 FOLLOWER]: Replica starting. Triggering 0 pending ops. Active config: opid_index: -1 OBSOLETE_local: false peers { permanent_uuid: "a7cbdca902b641b480f8071eea8b4f94" member_type: VOTER last_known_addr { host: "127.9.116.129" port: 39083 } } peers { permanent_uuid: "eed39850baa24b7aaeca7b0a0592c73f" member_type: VOTER last_known_addr { host: "127.9.116.130" port: 44899 } } peers { permanent_uuid: "23d002edb3164b64a7119b8517bb54f4" member_type: VOTER last_known_addr { host: "127.9.116.131" port: 40543 } }
I20260709 14:48:34.433327 10009 raft_consensus.cc:385] T 3439fda642e64695a77a3b86f0bd314a P 23d002edb3164b64a7119b8517bb54f4 [term 0 FOLLOWER]: Consensus starting up: Expiring failure detector timer to make a prompt election more likely
I20260709 14:48:34.433693 10009 raft_consensus.cc:740] T 3439fda642e64695a77a3b86f0bd314a P 23d002edb3164b64a7119b8517bb54f4 [term 0 FOLLOWER]: Becoming Follower/Learner. State: Replica: 23d002edb3164b64a7119b8517bb54f4, State: Initialized, Role: FOLLOWER
I20260709 14:48:34.422358  9816 raft_consensus.cc:2468] T eae88808d6df4d6fab8298abc6ad2c4b P a7cbdca902b641b480f8071eea8b4f94 [term 1 FOLLOWER]: Leader election vote request: Granting yes vote for candidate 23d002edb3164b64a7119b8517bb54f4 in term 1.
I20260709 14:48:34.434593 10018 raft_consensus.cc:2749] T eae88808d6df4d6fab8298abc6ad2c4b P a7cbdca902b641b480f8071eea8b4f94 [term 1 FOLLOWER]: Leader pre-election lost for term 1. Reason: could not achieve majority
I20260709 14:48:34.434345 10009 consensus_queue.cc:260] T 3439fda642e64695a77a3b86f0bd314a P 23d002edb3164b64a7119b8517bb54f4 [NON_LEADER]: Queue going to NON_LEADER mode. State: All replicated index: 0, Majority replicated index: 0, Committed index: 0, Last appended: 0.0, Last appended by leader: 0, Current term: 0, Majority size: -1, State: 0, Mode: NON_LEADER, active raft config: opid_index: -1 OBSOLETE_local: false peers { permanent_uuid: "a7cbdca902b641b480f8071eea8b4f94" member_type: VOTER last_known_addr { host: "127.9.116.129" port: 39083 } } peers { permanent_uuid: "eed39850baa24b7aaeca7b0a0592c73f" member_type: VOTER last_known_addr { host: "127.9.116.130" port: 44899 } } peers { permanent_uuid: "23d002edb3164b64a7119b8517bb54f4" member_type: VOTER last_known_addr { host: "127.9.116.131" port: 40543 } }
I20260709 14:48:34.437193 10018 raft_consensus.cc:2804] T 1782e4daa67b468988351a8783260fb7 P a7cbdca902b641b480f8071eea8b4f94 [term 0 FOLLOWER]: Leader pre-election won for term 1
I20260709 14:48:34.437558 10018 raft_consensus.cc:493] T 1782e4daa67b468988351a8783260fb7 P a7cbdca902b641b480f8071eea8b4f94 [term 0 FOLLOWER]: Starting leader election (no leader contacted us within the election timeout)
I20260709 14:48:34.437888 10018 raft_consensus.cc:3060] T 1782e4daa67b468988351a8783260fb7 P a7cbdca902b641b480f8071eea8b4f94 [term 0 FOLLOWER]: Advancing to term 1
I20260709 14:48:34.438642 10010 tablet_bootstrap.cc:654] T ff81addc17d746a9a7db2cc5af5f2a29 P eed39850baa24b7aaeca7b0a0592c73f: Neither blocks nor log segments found. Creating new log.
I20260709 14:48:34.441128 10013 raft_consensus.cc:2749] T c9ec4ddd4c824f21a5d31e892df1a51b P 23d002edb3164b64a7119b8517bb54f4 [term 0 FOLLOWER]: Leader pre-election lost for term 1. Reason: could not achieve majority
I20260709 14:48:34.445739  9930 leader_election.cc:304] T eae88808d6df4d6fab8298abc6ad2c4b P 23d002edb3164b64a7119b8517bb54f4 [CANDIDATE]: Term 1 election: Election decided. Result: candidate won. Election summary: received 3 responses out of 3 voters: 2 yes votes; 1 no votes. yes voters: 23d002edb3164b64a7119b8517bb54f4, a7cbdca902b641b480f8071eea8b4f94; no voters: eed39850baa24b7aaeca7b0a0592c73f
I20260709 14:48:34.447926 10013 raft_consensus.cc:2804] T eae88808d6df4d6fab8298abc6ad2c4b P 23d002edb3164b64a7119b8517bb54f4 [term 1 FOLLOWER]: Leader election won for term 1
I20260709 14:48:34.448400 10013 raft_consensus.cc:697] T eae88808d6df4d6fab8298abc6ad2c4b P 23d002edb3164b64a7119b8517bb54f4 [term 1 LEADER]: Becoming Leader. State: Replica: 23d002edb3164b64a7119b8517bb54f4, State: Running, Role: LEADER
I20260709 14:48:34.449206 10013 consensus_queue.cc:237] T eae88808d6df4d6fab8298abc6ad2c4b P 23d002edb3164b64a7119b8517bb54f4 [LEADER]: Queue going to LEADER mode. State: All replicated index: 0, Majority replicated index: 0, Committed index: 0, Last appended: 0.0, Last appended by leader: 0, Current term: 1, Majority size: 2, State: 0, Mode: LEADER, active raft config: opid_index: -1 OBSOLETE_local: false peers { permanent_uuid: "a7cbdca902b641b480f8071eea8b4f94" member_type: VOTER last_known_addr { host: "127.9.116.129" port: 39083 } } peers { permanent_uuid: "eed39850baa24b7aaeca7b0a0592c73f" member_type: VOTER last_known_addr { host: "127.9.116.130" port: 44899 } } peers { permanent_uuid: "23d002edb3164b64a7119b8517bb54f4" member_type: VOTER last_known_addr { host: "127.9.116.131" port: 40543 } }
I20260709 14:48:34.450376 10009 ts_tablet_manager.cc:1434] T 3439fda642e64695a77a3b86f0bd314a P 23d002edb3164b64a7119b8517bb54f4: Time spent starting tablet: real 0.020s	user 0.011s	sys 0.008s
I20260709 14:48:34.444455 10018 raft_consensus.cc:515] T 1782e4daa67b468988351a8783260fb7 P a7cbdca902b641b480f8071eea8b4f94 [term 1 FOLLOWER]: Starting leader election with config: opid_index: -1 OBSOLETE_local: false peers { permanent_uuid: "a7cbdca902b641b480f8071eea8b4f94" member_type: VOTER last_known_addr { host: "127.9.116.129" port: 39083 } } peers { permanent_uuid: "eed39850baa24b7aaeca7b0a0592c73f" member_type: VOTER last_known_addr { host: "127.9.116.130" port: 44899 } } peers { permanent_uuid: "23d002edb3164b64a7119b8517bb54f4" member_type: VOTER last_known_addr { host: "127.9.116.131" port: 40543 } }
I20260709 14:48:34.451295 10009 tablet_bootstrap.cc:492] T 0e9364d8c38444f68effeb83cfc18444 P 23d002edb3164b64a7119b8517bb54f4: Bootstrap starting.
I20260709 14:48:34.452296 10018 leader_election.cc:290] T 1782e4daa67b468988351a8783260fb7 P a7cbdca902b641b480f8071eea8b4f94 [CANDIDATE]: Term 1 election: Requested vote from peers eed39850baa24b7aaeca7b0a0592c73f (127.9.116.130:44899), 23d002edb3164b64a7119b8517bb54f4 (127.9.116.131:40543)
I20260709 14:48:34.453330  9892 tablet_service.cc:1917] Received RequestConsensusVote() RPC: tablet_id: "1782e4daa67b468988351a8783260fb7" candidate_uuid: "a7cbdca902b641b480f8071eea8b4f94" candidate_term: 1 candidate_status { last_received { term: 0 index: 0 } } ignore_live_leader: false dest_uuid: "eed39850baa24b7aaeca7b0a0592c73f"
I20260709 14:48:34.454205 10012 tablet_bootstrap.cc:654] T e03472e4e4044a4d9a4e3bb1ec958cf0 P a7cbdca902b641b480f8071eea8b4f94: Neither blocks nor log segments found. Creating new log.
W20260709 14:48:34.454697  9781 leader_election.cc:343] T 1782e4daa67b468988351a8783260fb7 P a7cbdca902b641b480f8071eea8b4f94 [CANDIDATE]: Term 1 election: Tablet error from VoteRequest() call to peer eed39850baa24b7aaeca7b0a0592c73f (127.9.116.130:44899): Illegal state: must be running to vote when last-logged opid is not known
I20260709 14:48:34.455768  9966 tablet_service.cc:1917] Received RequestConsensusVote() RPC: tablet_id: "1782e4daa67b468988351a8783260fb7" candidate_uuid: "a7cbdca902b641b480f8071eea8b4f94" candidate_term: 1 candidate_status { last_received { term: 0 index: 0 } } ignore_live_leader: false dest_uuid: "23d002edb3164b64a7119b8517bb54f4"
I20260709 14:48:34.456279  9966 raft_consensus.cc:3060] T 1782e4daa67b468988351a8783260fb7 P 23d002edb3164b64a7119b8517bb54f4 [term 0 FOLLOWER]: Advancing to term 1
I20260709 14:48:34.458056 10047 raft_consensus.cc:515] T 0cec2b94134e48dcb76de5511bc6dcf5 P 23d002edb3164b64a7119b8517bb54f4 [term 1 FOLLOWER]: Starting leader election with config: opid_index: -1 OBSOLETE_local: false peers { permanent_uuid: "a7cbdca902b641b480f8071eea8b4f94" member_type: VOTER last_known_addr { host: "127.9.116.129" port: 39083 } } peers { permanent_uuid: "eed39850baa24b7aaeca7b0a0592c73f" member_type: VOTER last_known_addr { host: "127.9.116.130" port: 44899 } } peers { permanent_uuid: "23d002edb3164b64a7119b8517bb54f4" member_type: VOTER last_known_addr { host: "127.9.116.131" port: 40543 } }
I20260709 14:48:34.460954  9816 tablet_service.cc:1917] Received RequestConsensusVote() RPC: tablet_id: "0cec2b94134e48dcb76de5511bc6dcf5" candidate_uuid: "23d002edb3164b64a7119b8517bb54f4" candidate_term: 1 candidate_status { last_received { term: 0 index: 0 } } ignore_live_leader: false dest_uuid: "a7cbdca902b641b480f8071eea8b4f94"
I20260709 14:48:34.461525  9816 raft_consensus.cc:3060] T 0cec2b94134e48dcb76de5511bc6dcf5 P a7cbdca902b641b480f8071eea8b4f94 [term 0 FOLLOWER]: Advancing to term 1
I20260709 14:48:34.464550  9966 raft_consensus.cc:2468] T 1782e4daa67b468988351a8783260fb7 P 23d002edb3164b64a7119b8517bb54f4 [term 1 FOLLOWER]: Leader election vote request: Granting yes vote for candidate a7cbdca902b641b480f8071eea8b4f94 in term 1.
I20260709 14:48:34.465574  9782 leader_election.cc:304] T 1782e4daa67b468988351a8783260fb7 P a7cbdca902b641b480f8071eea8b4f94 [CANDIDATE]: Term 1 election: Election decided. Result: candidate won. Election summary: received 3 responses out of 3 voters: 2 yes votes; 1 no votes. yes voters: 23d002edb3164b64a7119b8517bb54f4, a7cbdca902b641b480f8071eea8b4f94; no voters: eed39850baa24b7aaeca7b0a0592c73f
I20260709 14:48:34.467077 10018 raft_consensus.cc:2804] T 1782e4daa67b468988351a8783260fb7 P a7cbdca902b641b480f8071eea8b4f94 [term 1 FOLLOWER]: Leader election won for term 1
I20260709 14:48:34.467612 10018 raft_consensus.cc:697] T 1782e4daa67b468988351a8783260fb7 P a7cbdca902b641b480f8071eea8b4f94 [term 1 LEADER]: Becoming Leader. State: Replica: a7cbdca902b641b480f8071eea8b4f94, State: Running, Role: LEADER
I20260709 14:48:34.468477 10018 consensus_queue.cc:237] T 1782e4daa67b468988351a8783260fb7 P a7cbdca902b641b480f8071eea8b4f94 [LEADER]: Queue going to LEADER mode. State: All replicated index: 0, Majority replicated index: 0, Committed index: 0, Last appended: 0.0, Last appended by leader: 0, Current term: 1, Majority size: 2, State: 0, Mode: LEADER, active raft config: opid_index: -1 OBSOLETE_local: false peers { permanent_uuid: "a7cbdca902b641b480f8071eea8b4f94" member_type: VOTER last_known_addr { host: "127.9.116.129" port: 39083 } } peers { permanent_uuid: "eed39850baa24b7aaeca7b0a0592c73f" member_type: VOTER last_known_addr { host: "127.9.116.130" port: 44899 } } peers { permanent_uuid: "23d002edb3164b64a7119b8517bb54f4" member_type: VOTER last_known_addr { host: "127.9.116.131" port: 40543 } }
I20260709 14:48:34.470708  9892 tablet_service.cc:1917] Received RequestConsensusVote() RPC: tablet_id: "0cec2b94134e48dcb76de5511bc6dcf5" candidate_uuid: "23d002edb3164b64a7119b8517bb54f4" candidate_term: 1 candidate_status { last_received { term: 0 index: 0 } } ignore_live_leader: false dest_uuid: "eed39850baa24b7aaeca7b0a0592c73f"
I20260709 14:48:34.471334  9892 raft_consensus.cc:3060] T 0cec2b94134e48dcb76de5511bc6dcf5 P eed39850baa24b7aaeca7b0a0592c73f [term 0 FOLLOWER]: Advancing to term 1
I20260709 14:48:34.474014 10010 tablet_bootstrap.cc:492] T ff81addc17d746a9a7db2cc5af5f2a29 P eed39850baa24b7aaeca7b0a0592c73f: No bootstrap required, opened a new log
I20260709 14:48:34.474483 10010 ts_tablet_manager.cc:1403] T ff81addc17d746a9a7db2cc5af5f2a29 P eed39850baa24b7aaeca7b0a0592c73f: Time spent bootstrapping tablet: real 0.043s	user 0.005s	sys 0.008s
I20260709 14:48:34.477849 10009 tablet_bootstrap.cc:654] T 0e9364d8c38444f68effeb83cfc18444 P 23d002edb3164b64a7119b8517bb54f4: Neither blocks nor log segments found. Creating new log.
I20260709 14:48:34.477705 10010 raft_consensus.cc:359] T ff81addc17d746a9a7db2cc5af5f2a29 P eed39850baa24b7aaeca7b0a0592c73f [term 0 FOLLOWER]: Replica starting. Triggering 0 pending ops. Active config: opid_index: -1 OBSOLETE_local: false peers { permanent_uuid: "a7cbdca902b641b480f8071eea8b4f94" member_type: VOTER last_known_addr { host: "127.9.116.129" port: 39083 } } peers { permanent_uuid: "eed39850baa24b7aaeca7b0a0592c73f" member_type: VOTER last_known_addr { host: "127.9.116.130" port: 44899 } } peers { permanent_uuid: "23d002edb3164b64a7119b8517bb54f4" member_type: VOTER last_known_addr { host: "127.9.116.131" port: 40543 } }
I20260709 14:48:34.478065  9892 raft_consensus.cc:2468] T 0cec2b94134e48dcb76de5511bc6dcf5 P eed39850baa24b7aaeca7b0a0592c73f [term 1 FOLLOWER]: Leader election vote request: Granting yes vote for candidate 23d002edb3164b64a7119b8517bb54f4 in term 1.
I20260709 14:48:34.478422 10010 raft_consensus.cc:385] T ff81addc17d746a9a7db2cc5af5f2a29 P eed39850baa24b7aaeca7b0a0592c73f [term 0 FOLLOWER]: Consensus starting up: Expiring failure detector timer to make a prompt election more likely
I20260709 14:48:34.478709 10010 raft_consensus.cc:740] T ff81addc17d746a9a7db2cc5af5f2a29 P eed39850baa24b7aaeca7b0a0592c73f [term 0 FOLLOWER]: Becoming Follower/Learner. State: Replica: eed39850baa24b7aaeca7b0a0592c73f, State: Initialized, Role: FOLLOWER
I20260709 14:48:34.479198  9930 leader_election.cc:304] T 0cec2b94134e48dcb76de5511bc6dcf5 P 23d002edb3164b64a7119b8517bb54f4 [CANDIDATE]: Term 1 election: Election decided. Result: candidate won. Election summary: received 2 responses out of 3 voters: 2 yes votes; 0 no votes. yes voters: 23d002edb3164b64a7119b8517bb54f4, eed39850baa24b7aaeca7b0a0592c73f; no voters: 
I20260709 14:48:34.479508 10010 consensus_queue.cc:260] T ff81addc17d746a9a7db2cc5af5f2a29 P eed39850baa24b7aaeca7b0a0592c73f [NON_LEADER]: Queue going to NON_LEADER mode. State: All replicated index: 0, Majority replicated index: 0, Committed index: 0, Last appended: 0.0, Last appended by leader: 0, Current term: 0, Majority size: -1, State: 0, Mode: NON_LEADER, active raft config: opid_index: -1 OBSOLETE_local: false peers { permanent_uuid: "a7cbdca902b641b480f8071eea8b4f94" member_type: VOTER last_known_addr { host: "127.9.116.129" port: 39083 } } peers { permanent_uuid: "eed39850baa24b7aaeca7b0a0592c73f" member_type: VOTER last_known_addr { host: "127.9.116.130" port: 44899 } } peers { permanent_uuid: "23d002edb3164b64a7119b8517bb54f4" member_type: VOTER last_known_addr { host: "127.9.116.131" port: 40543 } }
I20260709 14:48:34.480067 10047 leader_election.cc:290] T 0cec2b94134e48dcb76de5511bc6dcf5 P 23d002edb3164b64a7119b8517bb54f4 [CANDIDATE]: Term 1 election: Requested vote from peers a7cbdca902b641b480f8071eea8b4f94 (127.9.116.129:39083), eed39850baa24b7aaeca7b0a0592c73f (127.9.116.130:44899)
I20260709 14:48:34.480077 10050 raft_consensus.cc:2804] T 0cec2b94134e48dcb76de5511bc6dcf5 P 23d002edb3164b64a7119b8517bb54f4 [term 1 FOLLOWER]: Leader election won for term 1
I20260709 14:48:34.480736 10050 raft_consensus.cc:697] T 0cec2b94134e48dcb76de5511bc6dcf5 P 23d002edb3164b64a7119b8517bb54f4 [term 1 LEADER]: Becoming Leader. State: Replica: 23d002edb3164b64a7119b8517bb54f4, State: Running, Role: LEADER
I20260709 14:48:34.480985  9816 raft_consensus.cc:2468] T 0cec2b94134e48dcb76de5511bc6dcf5 P a7cbdca902b641b480f8071eea8b4f94 [term 1 FOLLOWER]: Leader election vote request: Granting yes vote for candidate 23d002edb3164b64a7119b8517bb54f4 in term 1.
I20260709 14:48:34.481807 10050 consensus_queue.cc:237] T 0cec2b94134e48dcb76de5511bc6dcf5 P 23d002edb3164b64a7119b8517bb54f4 [LEADER]: Queue going to LEADER mode. State: All replicated index: 0, Majority replicated index: 0, Committed index: 0, Last appended: 0.0, Last appended by leader: 0, Current term: 1, Majority size: 2, State: 0, Mode: LEADER, active raft config: opid_index: -1 OBSOLETE_local: false peers { permanent_uuid: "a7cbdca902b641b480f8071eea8b4f94" member_type: VOTER last_known_addr { host: "127.9.116.129" port: 39083 } } peers { permanent_uuid: "eed39850baa24b7aaeca7b0a0592c73f" member_type: VOTER last_known_addr { host: "127.9.116.130" port: 44899 } } peers { permanent_uuid: "23d002edb3164b64a7119b8517bb54f4" member_type: VOTER last_known_addr { host: "127.9.116.131" port: 40543 } }
I20260709 14:48:34.486824 10012 tablet_bootstrap.cc:492] T e03472e4e4044a4d9a4e3bb1ec958cf0 P a7cbdca902b641b480f8071eea8b4f94: No bootstrap required, opened a new log
I20260709 14:48:34.487268 10012 ts_tablet_manager.cc:1403] T e03472e4e4044a4d9a4e3bb1ec958cf0 P a7cbdca902b641b480f8071eea8b4f94: Time spent bootstrapping tablet: real 0.063s	user 0.009s	sys 0.002s
I20260709 14:48:34.488032 10010 ts_tablet_manager.cc:1434] T ff81addc17d746a9a7db2cc5af5f2a29 P eed39850baa24b7aaeca7b0a0592c73f: Time spent starting tablet: real 0.013s	user 0.007s	sys 0.000s
I20260709 14:48:34.490044 10012 raft_consensus.cc:359] T e03472e4e4044a4d9a4e3bb1ec958cf0 P a7cbdca902b641b480f8071eea8b4f94 [term 0 FOLLOWER]: Replica starting. Triggering 0 pending ops. Active config: opid_index: -1 OBSOLETE_local: false peers { permanent_uuid: "23d002edb3164b64a7119b8517bb54f4" member_type: VOTER last_known_addr { host: "127.9.116.131" port: 40543 } } peers { permanent_uuid: "eed39850baa24b7aaeca7b0a0592c73f" member_type: VOTER last_known_addr { host: "127.9.116.130" port: 44899 } } peers { permanent_uuid: "a7cbdca902b641b480f8071eea8b4f94" member_type: VOTER last_known_addr { host: "127.9.116.129" port: 39083 } }
I20260709 14:48:34.490726 10012 raft_consensus.cc:385] T e03472e4e4044a4d9a4e3bb1ec958cf0 P a7cbdca902b641b480f8071eea8b4f94 [term 0 FOLLOWER]: Consensus starting up: Expiring failure detector timer to make a prompt election more likely
I20260709 14:48:34.491003 10012 raft_consensus.cc:740] T e03472e4e4044a4d9a4e3bb1ec958cf0 P a7cbdca902b641b480f8071eea8b4f94 [term 0 FOLLOWER]: Becoming Follower/Learner. State: Replica: a7cbdca902b641b480f8071eea8b4f94, State: Initialized, Role: FOLLOWER
I20260709 14:48:34.491714 10012 consensus_queue.cc:260] T e03472e4e4044a4d9a4e3bb1ec958cf0 P a7cbdca902b641b480f8071eea8b4f94 [NON_LEADER]: Queue going to NON_LEADER mode. State: All replicated index: 0, Majority replicated index: 0, Committed index: 0, Last appended: 0.0, Last appended by leader: 0, Current term: 0, Majority size: -1, State: 0, Mode: NON_LEADER, active raft config: opid_index: -1 OBSOLETE_local: false peers { permanent_uuid: "23d002edb3164b64a7119b8517bb54f4" member_type: VOTER last_known_addr { host: "127.9.116.131" port: 40543 } } peers { permanent_uuid: "eed39850baa24b7aaeca7b0a0592c73f" member_type: VOTER last_known_addr { host: "127.9.116.130" port: 44899 } } peers { permanent_uuid: "a7cbdca902b641b480f8071eea8b4f94" member_type: VOTER last_known_addr { host: "127.9.116.129" port: 39083 } }
I20260709 14:48:34.493389 10047 raft_consensus.cc:493] T ff81addc17d746a9a7db2cc5af5f2a29 P 23d002edb3164b64a7119b8517bb54f4 [term 0 FOLLOWER]: Starting pre-election (no leader contacted us within the election timeout)
I20260709 14:48:34.493832 10047 raft_consensus.cc:515] T ff81addc17d746a9a7db2cc5af5f2a29 P 23d002edb3164b64a7119b8517bb54f4 [term 0 FOLLOWER]: Starting pre-election with config: opid_index: -1 OBSOLETE_local: false peers { permanent_uuid: "a7cbdca902b641b480f8071eea8b4f94" member_type: VOTER last_known_addr { host: "127.9.116.129" port: 39083 } } peers { permanent_uuid: "eed39850baa24b7aaeca7b0a0592c73f" member_type: VOTER last_known_addr { host: "127.9.116.130" port: 44899 } } peers { permanent_uuid: "23d002edb3164b64a7119b8517bb54f4" member_type: VOTER last_known_addr { host: "127.9.116.131" port: 40543 } }
I20260709 14:48:34.495505 10010 tablet_bootstrap.cc:492] T 3439fda642e64695a77a3b86f0bd314a P eed39850baa24b7aaeca7b0a0592c73f: Bootstrap starting.
