I20260709 14:48:57.548336 13367 raft_consensus.cc:2804] T cf5ee8e651a14bb0af3f1c09f267ed45 P eca6bb84df92493289441dbe990d098a [term 0 FOLLOWER]: Leader pre-election won for term 1
I20260709 14:48:57.548727 13367 raft_consensus.cc:493] T cf5ee8e651a14bb0af3f1c09f267ed45 P eca6bb84df92493289441dbe990d098a [term 0 FOLLOWER]: Starting leader election (no leader contacted us within the election timeout)
I20260709 14:48:57.549060 13367 raft_consensus.cc:3060] T cf5ee8e651a14bb0af3f1c09f267ed45 P eca6bb84df92493289441dbe990d098a [term 0 FOLLOWER]: Advancing to term 1
I20260709 14:48:57.550123 13361 tablet_bootstrap.cc:492] T 4e3c63d3a3664a5d8d2ee8a9dbbd5a0c P eca6bb84df92493289441dbe990d098a: No bootstrap required, opened a new log
I20260709 14:48:57.550534 13361 ts_tablet_manager.cc:1403] T 4e3c63d3a3664a5d8d2ee8a9dbbd5a0c P eca6bb84df92493289441dbe990d098a: Time spent bootstrapping tablet: real 0.024s	user 0.006s	sys 0.008s
I20260709 14:48:57.552918 13321 tablet_service.cc:1917] Received RequestConsensusVote() RPC: tablet_id: "4e3c63d3a3664a5d8d2ee8a9dbbd5a0c" candidate_uuid: "6ac0deb958584048940ae01d09f5291f" candidate_term: 1 candidate_status { last_received { term: 0 index: 0 } } ignore_live_leader: false dest_uuid: "34af61836eec41f1944d2d8eadc1e874" is_pre_election: true
I20260709 14:48:57.545248 13247 raft_consensus.cc:2468] T cf5ee8e651a14bb0af3f1c09f267ed45 P 6ac0deb958584048940ae01d09f5291f [term 0 FOLLOWER]: Leader pre-election vote request: Granting yes vote for candidate eca6bb84df92493289441dbe990d098a in term 0.
W20260709 14:48:57.555022 13213 leader_election.cc:343] T 4e3c63d3a3664a5d8d2ee8a9dbbd5a0c P 6ac0deb958584048940ae01d09f5291f [CANDIDATE]: Term 1 pre-election: Tablet error from VoteRequest() call to peer 34af61836eec41f1944d2d8eadc1e874 (127.11.200.3:41445): Illegal state: must be running to vote when last-logged opid is not known
I20260709 14:48:57.555435 13213 leader_election.cc:304] T 4e3c63d3a3664a5d8d2ee8a9dbbd5a0c P 6ac0deb958584048940ae01d09f5291f [CANDIDATE]: Term 1 pre-election: Election decided. Result: candidate lost. Election summary: received 3 responses out of 3 voters: 1 yes votes; 2 no votes. yes voters: 6ac0deb958584048940ae01d09f5291f; no voters: 34af61836eec41f1944d2d8eadc1e874, eca6bb84df92493289441dbe990d098a
I20260709 14:48:57.556123 13431 raft_consensus.cc:2749] T 4e3c63d3a3664a5d8d2ee8a9dbbd5a0c P 6ac0deb958584048940ae01d09f5291f [term 0 FOLLOWER]: Leader pre-election lost for term 1. Reason: could not achieve majority
I20260709 14:48:57.556062 13384 consensus_queue.cc:1048] T e640d66f72e14b7db72524dd52363838 P 34af61836eec41f1944d2d8eadc1e874 [LEADER]: Connected to new peer: Peer: permanent_uuid: "eca6bb84df92493289441dbe990d098a" member_type: VOTER last_known_addr { host: "127.11.200.1" port: 33959 }, Status: LMP_MISMATCH, Last received: 0.0, Next index: 1, Last known committed idx: 0, Time since last communication: 0.000s
I20260709 14:48:57.531191 13476 leader_election.cc:290] T 4e3c63d3a3664a5d8d2ee8a9dbbd5a0c P 6ac0deb958584048940ae01d09f5291f [CANDIDATE]: Term 1 pre-election: Requested pre-vote from peers eca6bb84df92493289441dbe990d098a (127.11.200.1:33959), 34af61836eec41f1944d2d8eadc1e874 (127.11.200.3:41445)
I20260709 14:48:57.552939 13361 raft_consensus.cc:359] T 4e3c63d3a3664a5d8d2ee8a9dbbd5a0c P eca6bb84df92493289441dbe990d098a [term 0 FOLLOWER]: Replica starting. Triggering 0 pending ops. Active config: opid_index: -1 OBSOLETE_local: false peers { permanent_uuid: "eca6bb84df92493289441dbe990d098a" member_type: VOTER last_known_addr { host: "127.11.200.1" port: 33959 } } peers { permanent_uuid: "6ac0deb958584048940ae01d09f5291f" member_type: VOTER last_known_addr { host: "127.11.200.2" port: 42001 } } peers { permanent_uuid: "34af61836eec41f1944d2d8eadc1e874" member_type: VOTER last_known_addr { host: "127.11.200.3" port: 41445 } }
I20260709 14:48:57.559087 13361 raft_consensus.cc:385] T 4e3c63d3a3664a5d8d2ee8a9dbbd5a0c P eca6bb84df92493289441dbe990d098a [term 0 FOLLOWER]: Consensus starting up: Expiring failure detector timer to make a prompt election more likely
I20260709 14:48:57.559346 13361 raft_consensus.cc:740] T 4e3c63d3a3664a5d8d2ee8a9dbbd5a0c P eca6bb84df92493289441dbe990d098a [term 0 FOLLOWER]: Becoming Follower/Learner. State: Replica: eca6bb84df92493289441dbe990d098a, State: Initialized, Role: FOLLOWER
I20260709 14:48:57.560057 13361 consensus_queue.cc:260] T 4e3c63d3a3664a5d8d2ee8a9dbbd5a0c P eca6bb84df92493289441dbe990d098a [NON_LEADER]: Queue going to NON_LEADER mode. State: All replicated index: 0, Majority replicated index: 0, Committed index: 0, Last appended: 0.0, Last appended by leader: 0, Current term: 0, Majority size: -1, State: 0, Mode: NON_LEADER, active raft config: opid_index: -1 OBSOLETE_local: false peers { permanent_uuid: "eca6bb84df92493289441dbe990d098a" member_type: VOTER last_known_addr { host: "127.11.200.1" port: 33959 } } peers { permanent_uuid: "6ac0deb958584048940ae01d09f5291f" member_type: VOTER last_known_addr { host: "127.11.200.2" port: 42001 } } peers { permanent_uuid: "34af61836eec41f1944d2d8eadc1e874" member_type: VOTER last_known_addr { host: "127.11.200.3" port: 41445 } }
I20260709 14:48:57.560585 13384 raft_consensus.cc:493] T 6567fb7bbc3b43f59d14c571fe99357c P 34af61836eec41f1944d2d8eadc1e874 [term 0 FOLLOWER]: Starting pre-election (no leader contacted us within the election timeout)
I20260709 14:48:57.561326 13384 raft_consensus.cc:515] T 6567fb7bbc3b43f59d14c571fe99357c P 34af61836eec41f1944d2d8eadc1e874 [term 0 FOLLOWER]: Starting pre-election with config: opid_index: -1 OBSOLETE_local: false peers { permanent_uuid: "eca6bb84df92493289441dbe990d098a" member_type: VOTER last_known_addr { host: "127.11.200.1" port: 33959 } } peers { permanent_uuid: "6ac0deb958584048940ae01d09f5291f" member_type: VOTER last_known_addr { host: "127.11.200.2" port: 42001 } } peers { permanent_uuid: "34af61836eec41f1944d2d8eadc1e874" member_type: VOTER last_known_addr { host: "127.11.200.3" port: 41445 } }
I20260709 14:48:57.561968 13361 ts_tablet_manager.cc:1434] T 4e3c63d3a3664a5d8d2ee8a9dbbd5a0c P eca6bb84df92493289441dbe990d098a: Time spent starting tablet: real 0.011s	user 0.006s	sys 0.000s
I20260709 14:48:57.562860 13361 tablet_bootstrap.cc:492] T 319f07940d3542c3bcb01a43f176b941 P eca6bb84df92493289441dbe990d098a: Bootstrap starting.
I20260709 14:48:57.563896 13171 tablet_service.cc:1917] Received RequestConsensusVote() RPC: tablet_id: "6567fb7bbc3b43f59d14c571fe99357c" candidate_uuid: "34af61836eec41f1944d2d8eadc1e874" candidate_term: 1 candidate_status { last_received { term: 0 index: 0 } } ignore_live_leader: false dest_uuid: "eca6bb84df92493289441dbe990d098a" is_pre_election: true
I20260709 14:48:57.564487 13171 raft_consensus.cc:2468] T 6567fb7bbc3b43f59d14c571fe99357c P eca6bb84df92493289441dbe990d098a [term 0 FOLLOWER]: Leader pre-election vote request: Granting yes vote for candidate 34af61836eec41f1944d2d8eadc1e874 in term 0.
I20260709 14:48:57.564967 13247 tablet_service.cc:1917] Received RequestConsensusVote() RPC: tablet_id: "6567fb7bbc3b43f59d14c571fe99357c" candidate_uuid: "34af61836eec41f1944d2d8eadc1e874" candidate_term: 1 candidate_status { last_received { term: 0 index: 0 } } ignore_live_leader: false dest_uuid: "6ac0deb958584048940ae01d09f5291f" is_pre_election: true
I20260709 14:48:57.565582 13247 raft_consensus.cc:2468] T 6567fb7bbc3b43f59d14c571fe99357c P 6ac0deb958584048940ae01d09f5291f [term 0 FOLLOWER]: Leader pre-election vote request: Granting yes vote for candidate 34af61836eec41f1944d2d8eadc1e874 in term 0.
I20260709 14:48:57.566783 13286 leader_election.cc:304] T 6567fb7bbc3b43f59d14c571fe99357c P 34af61836eec41f1944d2d8eadc1e874 [CANDIDATE]: Term 1 pre-election: Election decided. Result: candidate won. Election summary: received 2 responses out of 3 voters: 2 yes votes; 0 no votes. yes voters: 34af61836eec41f1944d2d8eadc1e874, 6ac0deb958584048940ae01d09f5291f; no voters: 
I20260709 14:48:57.567454 13362 tablet_bootstrap.cc:492] T dfd7cfbbae6c4c8db9456c6e382e2116 P 6ac0deb958584048940ae01d09f5291f: No bootstrap required, opened a new log
I20260709 14:48:57.567560 13407 raft_consensus.cc:2804] T 6567fb7bbc3b43f59d14c571fe99357c P 34af61836eec41f1944d2d8eadc1e874 [term 0 FOLLOWER]: Leader pre-election won for term 1
I20260709 14:48:57.567931 13407 raft_consensus.cc:493] T 6567fb7bbc3b43f59d14c571fe99357c P 34af61836eec41f1944d2d8eadc1e874 [term 0 FOLLOWER]: Starting leader election (no leader contacted us within the election timeout)
I20260709 14:48:57.557869 13367 raft_consensus.cc:515] T cf5ee8e651a14bb0af3f1c09f267ed45 P eca6bb84df92493289441dbe990d098a [term 1 FOLLOWER]: Starting leader election with config: opid_index: -1 OBSOLETE_local: false peers { permanent_uuid: "eca6bb84df92493289441dbe990d098a" member_type: VOTER last_known_addr { host: "127.11.200.1" port: 33959 } } peers { permanent_uuid: "6ac0deb958584048940ae01d09f5291f" member_type: VOTER last_known_addr { host: "127.11.200.2" port: 42001 } } peers { permanent_uuid: "34af61836eec41f1944d2d8eadc1e874" member_type: VOTER last_known_addr { host: "127.11.200.3" port: 41445 } }
I20260709 14:48:57.568321 13407 raft_consensus.cc:3060] T 6567fb7bbc3b43f59d14c571fe99357c P 34af61836eec41f1944d2d8eadc1e874 [term 0 FOLLOWER]: Advancing to term 1
I20260709 14:48:57.569280 13361 tablet_bootstrap.cc:654] T 319f07940d3542c3bcb01a43f176b941 P eca6bb84df92493289441dbe990d098a: Neither blocks nor log segments found. Creating new log.
I20260709 14:48:57.569368 13363 tablet_bootstrap.cc:492] T 4e3c63d3a3664a5d8d2ee8a9dbbd5a0c P 34af61836eec41f1944d2d8eadc1e874: No bootstrap required, opened a new log
I20260709 14:48:57.569842 13363 ts_tablet_manager.cc:1403] T 4e3c63d3a3664a5d8d2ee8a9dbbd5a0c P 34af61836eec41f1944d2d8eadc1e874: Time spent bootstrapping tablet: real 0.056s	user 0.026s	sys 0.011s
I20260709 14:48:57.570803 13247 tablet_service.cc:1917] Received RequestConsensusVote() RPC: tablet_id: "cf5ee8e651a14bb0af3f1c09f267ed45" candidate_uuid: "eca6bb84df92493289441dbe990d098a" candidate_term: 1 candidate_status { last_received { term: 0 index: 0 } } ignore_live_leader: false dest_uuid: "6ac0deb958584048940ae01d09f5291f"
I20260709 14:48:57.571396 13247 raft_consensus.cc:3060] T cf5ee8e651a14bb0af3f1c09f267ed45 P 6ac0deb958584048940ae01d09f5291f [term 0 FOLLOWER]: Advancing to term 1
I20260709 14:48:57.572366 13363 raft_consensus.cc:359] T 4e3c63d3a3664a5d8d2ee8a9dbbd5a0c P 34af61836eec41f1944d2d8eadc1e874 [term 0 FOLLOWER]: Replica starting. Triggering 0 pending ops. Active config: opid_index: -1 OBSOLETE_local: false peers { permanent_uuid: "eca6bb84df92493289441dbe990d098a" member_type: VOTER last_known_addr { host: "127.11.200.1" port: 33959 } } peers { permanent_uuid: "6ac0deb958584048940ae01d09f5291f" member_type: VOTER last_known_addr { host: "127.11.200.2" port: 42001 } } peers { permanent_uuid: "34af61836eec41f1944d2d8eadc1e874" member_type: VOTER last_known_addr { host: "127.11.200.3" port: 41445 } }
I20260709 14:48:57.568009 13362 ts_tablet_manager.cc:1403] T dfd7cfbbae6c4c8db9456c6e382e2116 P 6ac0deb958584048940ae01d09f5291f: Time spent bootstrapping tablet: real 0.065s	user 0.014s	sys 0.003s
I20260709 14:48:57.575440 13362 raft_consensus.cc:359] T dfd7cfbbae6c4c8db9456c6e382e2116 P 6ac0deb958584048940ae01d09f5291f [term 0 FOLLOWER]: Replica starting. Triggering 0 pending ops. Active config: opid_index: -1 OBSOLETE_local: false peers { permanent_uuid: "eca6bb84df92493289441dbe990d098a" member_type: VOTER last_known_addr { host: "127.11.200.1" port: 33959 } } peers { permanent_uuid: "6ac0deb958584048940ae01d09f5291f" member_type: VOTER last_known_addr { host: "127.11.200.2" port: 42001 } } peers { permanent_uuid: "34af61836eec41f1944d2d8eadc1e874" member_type: VOTER last_known_addr { host: "127.11.200.3" port: 41445 } }
I20260709 14:48:57.576083 13362 raft_consensus.cc:385] T dfd7cfbbae6c4c8db9456c6e382e2116 P 6ac0deb958584048940ae01d09f5291f [term 0 FOLLOWER]: Consensus starting up: Expiring failure detector timer to make a prompt election more likely
I20260709 14:48:57.576349 13362 raft_consensus.cc:740] T dfd7cfbbae6c4c8db9456c6e382e2116 P 6ac0deb958584048940ae01d09f5291f [term 0 FOLLOWER]: Becoming Follower/Learner. State: Replica: 6ac0deb958584048940ae01d09f5291f, State: Initialized, Role: FOLLOWER
I20260709 14:48:57.577100 13362 consensus_queue.cc:260] T dfd7cfbbae6c4c8db9456c6e382e2116 P 6ac0deb958584048940ae01d09f5291f [NON_LEADER]: Queue going to NON_LEADER mode. State: All replicated index: 0, Majority replicated index: 0, Committed index: 0, Last appended: 0.0, Last appended by leader: 0, Current term: 0, Majority size: -1, State: 0, Mode: NON_LEADER, active raft config: opid_index: -1 OBSOLETE_local: false peers { permanent_uuid: "eca6bb84df92493289441dbe990d098a" member_type: VOTER last_known_addr { host: "127.11.200.1" port: 33959 } } peers { permanent_uuid: "6ac0deb958584048940ae01d09f5291f" member_type: VOTER last_known_addr { host: "127.11.200.2" port: 42001 } } peers { permanent_uuid: "34af61836eec41f1944d2d8eadc1e874" member_type: VOTER last_known_addr { host: "127.11.200.3" port: 41445 } }
I20260709 14:48:57.579102 13384 leader_election.cc:290] T 6567fb7bbc3b43f59d14c571fe99357c P 34af61836eec41f1944d2d8eadc1e874 [CANDIDATE]: Term 1 pre-election: Requested pre-vote from peers eca6bb84df92493289441dbe990d098a (127.11.200.1:33959), 6ac0deb958584048940ae01d09f5291f (127.11.200.2:42001)
I20260709 14:48:57.580397 13321 tablet_service.cc:1917] Received RequestConsensusVote() RPC: tablet_id: "cf5ee8e651a14bb0af3f1c09f267ed45" candidate_uuid: "eca6bb84df92493289441dbe990d098a" candidate_term: 1 candidate_status { last_received { term: 0 index: 0 } } ignore_live_leader: false dest_uuid: "34af61836eec41f1944d2d8eadc1e874"
I20260709 14:48:57.580927 13321 raft_consensus.cc:3060] T cf5ee8e651a14bb0af3f1c09f267ed45 P 34af61836eec41f1944d2d8eadc1e874 [term 0 FOLLOWER]: Advancing to term 1
I20260709 14:48:57.581554 13363 raft_consensus.cc:385] T 4e3c63d3a3664a5d8d2ee8a9dbbd5a0c P 34af61836eec41f1944d2d8eadc1e874 [term 0 FOLLOWER]: Consensus starting up: Expiring failure detector timer to make a prompt election more likely
I20260709 14:48:57.581852 13363 raft_consensus.cc:740] T 4e3c63d3a3664a5d8d2ee8a9dbbd5a0c P 34af61836eec41f1944d2d8eadc1e874 [term 0 FOLLOWER]: Becoming Follower/Learner. State: Replica: 34af61836eec41f1944d2d8eadc1e874, State: Initialized, Role: FOLLOWER
I20260709 14:48:57.582965 13363 consensus_queue.cc:260] T 4e3c63d3a3664a5d8d2ee8a9dbbd5a0c P 34af61836eec41f1944d2d8eadc1e874 [NON_LEADER]: Queue going to NON_LEADER mode. State: All replicated index: 0, Majority replicated index: 0, Committed index: 0, Last appended: 0.0, Last appended by leader: 0, Current term: 0, Majority size: -1, State: 0, Mode: NON_LEADER, active raft config: opid_index: -1 OBSOLETE_local: false peers { permanent_uuid: "eca6bb84df92493289441dbe990d098a" member_type: VOTER last_known_addr { host: "127.11.200.1" port: 33959 } } peers { permanent_uuid: "6ac0deb958584048940ae01d09f5291f" member_type: VOTER last_known_addr { host: "127.11.200.2" port: 42001 } } peers { permanent_uuid: "34af61836eec41f1944d2d8eadc1e874" member_type: VOTER last_known_addr { host: "127.11.200.3" port: 41445 } }
I20260709 14:48:57.584952 13363 ts_tablet_manager.cc:1434] T 4e3c63d3a3664a5d8d2ee8a9dbbd5a0c P 34af61836eec41f1944d2d8eadc1e874: Time spent starting tablet: real 0.015s	user 0.005s	sys 0.003s
I20260709 14:48:57.586709 13362 ts_tablet_manager.cc:1434] T dfd7cfbbae6c4c8db9456c6e382e2116 P 6ac0deb958584048940ae01d09f5291f: Time spent starting tablet: real 0.014s	user 0.005s	sys 0.000s
I20260709 14:48:57.587688 13362 tablet_bootstrap.cc:492] T 668635d21fd84ea5af5c66aa131902f5 P 6ac0deb958584048940ae01d09f5291f: Bootstrap starting.
I20260709 14:48:57.589763 13407 raft_consensus.cc:515] T 6567fb7bbc3b43f59d14c571fe99357c P 34af61836eec41f1944d2d8eadc1e874 [term 1 FOLLOWER]: Starting leader election with config: opid_index: -1 OBSOLETE_local: false peers { permanent_uuid: "eca6bb84df92493289441dbe990d098a" member_type: VOTER last_known_addr { host: "127.11.200.1" port: 33959 } } peers { permanent_uuid: "6ac0deb958584048940ae01d09f5291f" member_type: VOTER last_known_addr { host: "127.11.200.2" port: 42001 } } peers { permanent_uuid: "34af61836eec41f1944d2d8eadc1e874" member_type: VOTER last_known_addr { host: "127.11.200.3" port: 41445 } }
I20260709 14:48:57.592368 13171 tablet_service.cc:1917] Received RequestConsensusVote() RPC: tablet_id: "6567fb7bbc3b43f59d14c571fe99357c" candidate_uuid: "34af61836eec41f1944d2d8eadc1e874" candidate_term: 1 candidate_status { last_received { term: 0 index: 0 } } ignore_live_leader: false dest_uuid: "eca6bb84df92493289441dbe990d098a"
I20260709 14:48:57.592952 13171 raft_consensus.cc:3060] T 6567fb7bbc3b43f59d14c571fe99357c P eca6bb84df92493289441dbe990d098a [term 0 FOLLOWER]: Advancing to term 1
I20260709 14:48:57.593392 13362 tablet_bootstrap.cc:654] T 668635d21fd84ea5af5c66aa131902f5 P 6ac0deb958584048940ae01d09f5291f: Neither blocks nor log segments found. Creating new log.
I20260709 14:48:57.597980 13361 tablet_bootstrap.cc:492] T 319f07940d3542c3bcb01a43f176b941 P eca6bb84df92493289441dbe990d098a: No bootstrap required, opened a new log
I20260709 14:48:57.598428 13361 ts_tablet_manager.cc:1403] T 319f07940d3542c3bcb01a43f176b941 P eca6bb84df92493289441dbe990d098a: Time spent bootstrapping tablet: real 0.036s	user 0.012s	sys 0.020s
I20260709 14:48:57.599007 13171 raft_consensus.cc:2468] T 6567fb7bbc3b43f59d14c571fe99357c P eca6bb84df92493289441dbe990d098a [term 1 FOLLOWER]: Leader election vote request: Granting yes vote for candidate 34af61836eec41f1944d2d8eadc1e874 in term 1.
I20260709 14:48:57.599254 13245 tablet_service.cc:1917] Received RequestConsensusVote() RPC: tablet_id: "6567fb7bbc3b43f59d14c571fe99357c" candidate_uuid: "34af61836eec41f1944d2d8eadc1e874" candidate_term: 1 candidate_status { last_received { term: 0 index: 0 } } ignore_live_leader: false dest_uuid: "6ac0deb958584048940ae01d09f5291f"
I20260709 14:48:57.599826 13245 raft_consensus.cc:3060] T 6567fb7bbc3b43f59d14c571fe99357c P 6ac0deb958584048940ae01d09f5291f [term 0 FOLLOWER]: Advancing to term 1
I20260709 14:48:57.600140 13284 leader_election.cc:304] T 6567fb7bbc3b43f59d14c571fe99357c P 34af61836eec41f1944d2d8eadc1e874 [CANDIDATE]: Term 1 election: Election decided. Result: candidate won. Election summary: received 2 responses out of 3 voters: 2 yes votes; 0 no votes. yes voters: 34af61836eec41f1944d2d8eadc1e874, eca6bb84df92493289441dbe990d098a; no voters: 
I20260709 14:48:57.600982 13384 raft_consensus.cc:2804] T 6567fb7bbc3b43f59d14c571fe99357c P 34af61836eec41f1944d2d8eadc1e874 [term 1 FOLLOWER]: Leader election won for term 1
I20260709 14:48:57.600946 13321 raft_consensus.cc:2468] T cf5ee8e651a14bb0af3f1c09f267ed45 P 34af61836eec41f1944d2d8eadc1e874 [term 1 FOLLOWER]: Leader election vote request: Granting yes vote for candidate eca6bb84df92493289441dbe990d098a in term 1.
I20260709 14:48:57.601074 13367 leader_election.cc:290] T cf5ee8e651a14bb0af3f1c09f267ed45 P eca6bb84df92493289441dbe990d098a [CANDIDATE]: Term 1 election: Requested vote from peers 6ac0deb958584048940ae01d09f5291f (127.11.200.2:42001), 34af61836eec41f1944d2d8eadc1e874 (127.11.200.3:41445)
I20260709 14:48:57.602638 13138 leader_election.cc:304] T cf5ee8e651a14bb0af3f1c09f267ed45 P eca6bb84df92493289441dbe990d098a [CANDIDATE]: Term 1 election: Election decided. Result: candidate won. Election summary: received 2 responses out of 3 voters: 2 yes votes; 0 no votes. yes voters: 34af61836eec41f1944d2d8eadc1e874, eca6bb84df92493289441dbe990d098a; no voters: 
I20260709 14:48:57.602527 13247 raft_consensus.cc:2468] T cf5ee8e651a14bb0af3f1c09f267ed45 P 6ac0deb958584048940ae01d09f5291f [term 1 FOLLOWER]: Leader election vote request: Granting yes vote for candidate eca6bb84df92493289441dbe990d098a in term 1.
I20260709 14:48:57.600972 13361 raft_consensus.cc:359] T 319f07940d3542c3bcb01a43f176b941 P eca6bb84df92493289441dbe990d098a [term 0 FOLLOWER]: Replica starting. Triggering 0 pending ops. Active config: opid_index: -1 OBSOLETE_local: false peers { permanent_uuid: "eca6bb84df92493289441dbe990d098a" member_type: VOTER last_known_addr { host: "127.11.200.1" port: 33959 } } peers { permanent_uuid: "6ac0deb958584048940ae01d09f5291f" member_type: VOTER last_known_addr { host: "127.11.200.2" port: 42001 } } peers { permanent_uuid: "34af61836eec41f1944d2d8eadc1e874" member_type: VOTER last_known_addr { host: "127.11.200.3" port: 41445 } }
I20260709 14:48:57.605043 13361 raft_consensus.cc:385] T 319f07940d3542c3bcb01a43f176b941 P eca6bb84df92493289441dbe990d098a [term 0 FOLLOWER]: Consensus starting up: Expiring failure detector timer to make a prompt election more likely
I20260709 14:48:57.605193 13384 raft_consensus.cc:697] T 6567fb7bbc3b43f59d14c571fe99357c P 34af61836eec41f1944d2d8eadc1e874 [term 1 LEADER]: Becoming Leader. State: Replica: 34af61836eec41f1944d2d8eadc1e874, State: Running, Role: LEADER
I20260709 14:48:57.605388 13361 raft_consensus.cc:740] T 319f07940d3542c3bcb01a43f176b941 P eca6bb84df92493289441dbe990d098a [term 0 FOLLOWER]: Becoming Follower/Learner. State: Replica: eca6bb84df92493289441dbe990d098a, State: Initialized, Role: FOLLOWER
I20260709 14:48:57.606220 13367 raft_consensus.cc:2804] T cf5ee8e651a14bb0af3f1c09f267ed45 P eca6bb84df92493289441dbe990d098a [term 1 FOLLOWER]: Leader election won for term 1
I20260709 14:48:57.606112 13361 consensus_queue.cc:260] T 319f07940d3542c3bcb01a43f176b941 P eca6bb84df92493289441dbe990d098a [NON_LEADER]: Queue going to NON_LEADER mode. State: All replicated index: 0, Majority replicated index: 0, Committed index: 0, Last appended: 0.0, Last appended by leader: 0, Current term: 0, Majority size: -1, State: 0, Mode: NON_LEADER, active raft config: opid_index: -1 OBSOLETE_local: false peers { permanent_uuid: "eca6bb84df92493289441dbe990d098a" member_type: VOTER last_known_addr { host: "127.11.200.1" port: 33959 } } peers { permanent_uuid: "6ac0deb958584048940ae01d09f5291f" member_type: VOTER last_known_addr { host: "127.11.200.2" port: 42001 } } peers { permanent_uuid: "34af61836eec41f1944d2d8eadc1e874" member_type: VOTER last_known_addr { host: "127.11.200.3" port: 41445 } }
I20260709 14:48:57.606874 13384 consensus_queue.cc:237] T 6567fb7bbc3b43f59d14c571fe99357c P 34af61836eec41f1944d2d8eadc1e874 [LEADER]: Queue going to LEADER mode. State: All replicated index: 0, Majority replicated index: 0, Committed index: 0, Last appended: 0.0, Last appended by leader: 0, Current term: 1, Majority size: 2, State: 0, Mode: LEADER, active raft config: opid_index: -1 OBSOLETE_local: false peers { permanent_uuid: "eca6bb84df92493289441dbe990d098a" member_type: VOTER last_known_addr { host: "127.11.200.1" port: 33959 } } peers { permanent_uuid: "6ac0deb958584048940ae01d09f5291f" member_type: VOTER last_known_addr { host: "127.11.200.2" port: 42001 } } peers { permanent_uuid: "34af61836eec41f1944d2d8eadc1e874" member_type: VOTER last_known_addr { host: "127.11.200.3" port: 41445 } }
I20260709 14:48:57.608372 13245 raft_consensus.cc:2468] T 6567fb7bbc3b43f59d14c571fe99357c P 6ac0deb958584048940ae01d09f5291f [term 1 FOLLOWER]: Leader election vote request: Granting yes vote for candidate 34af61836eec41f1944d2d8eadc1e874 in term 1.
I20260709 14:48:57.608415 13367 raft_consensus.cc:697] T cf5ee8e651a14bb0af3f1c09f267ed45 P eca6bb84df92493289441dbe990d098a [term 1 LEADER]: Becoming Leader. State: Replica: eca6bb84df92493289441dbe990d098a, State: Running, Role: LEADER
I20260709 14:48:57.609972 13361 ts_tablet_manager.cc:1434] T 319f07940d3542c3bcb01a43f176b941 P eca6bb84df92493289441dbe990d098a: Time spent starting tablet: real 0.011s	user 0.007s	sys 0.000s
I20260709 14:48:57.609759 13367 consensus_queue.cc:237] T cf5ee8e651a14bb0af3f1c09f267ed45 P eca6bb84df92493289441dbe990d098a [LEADER]: Queue going to LEADER mode. State: All replicated index: 0, Majority replicated index: 0, Committed index: 0, Last appended: 0.0, Last appended by leader: 0, Current term: 1, Majority size: 2, State: 0, Mode: LEADER, active raft config: opid_index: -1 OBSOLETE_local: false peers { permanent_uuid: "eca6bb84df92493289441dbe990d098a" member_type: VOTER last_known_addr { host: "127.11.200.1" port: 33959 } } peers { permanent_uuid: "6ac0deb958584048940ae01d09f5291f" member_type: VOTER last_known_addr { host: "127.11.200.2" port: 42001 } } peers { permanent_uuid: "34af61836eec41f1944d2d8eadc1e874" member_type: VOTER last_known_addr { host: "127.11.200.3" port: 41445 } }
I20260709 14:48:57.610487 13407 leader_election.cc:290] T 6567fb7bbc3b43f59d14c571fe99357c P 34af61836eec41f1944d2d8eadc1e874 [CANDIDATE]: Term 1 election: Requested vote from peers eca6bb84df92493289441dbe990d098a (127.11.200.1:33959), 6ac0deb958584048940ae01d09f5291f (127.11.200.2:42001)
I20260709 14:48:57.611045 13361 tablet_bootstrap.cc:492] T 668635d21fd84ea5af5c66aa131902f5 P eca6bb84df92493289441dbe990d098a: Bootstrap starting.
I20260709 14:48:57.617092 13361 tablet_bootstrap.cc:654] T 668635d21fd84ea5af5c66aa131902f5 P eca6bb84df92493289441dbe990d098a: Neither blocks nor log segments found. Creating new log.
I20260709 14:48:57.622372 13476 raft_consensus.cc:493] T f0452959d39b4e9eb7e72474a2d0ec20 P 6ac0deb958584048940ae01d09f5291f [term 0 FOLLOWER]: Starting pre-election (no leader contacted us within the election timeout)
I20260709 14:48:57.622841 13476 raft_consensus.cc:515] T f0452959d39b4e9eb7e72474a2d0ec20 P 6ac0deb958584048940ae01d09f5291f [term 0 FOLLOWER]: Starting pre-election with config: opid_index: -1 OBSOLETE_local: false peers { permanent_uuid: "eca6bb84df92493289441dbe990d098a" member_type: VOTER last_known_addr { host: "127.11.200.1" port: 33959 } } peers { permanent_uuid: "6ac0deb958584048940ae01d09f5291f" member_type: VOTER last_known_addr { host: "127.11.200.2" port: 42001 } } peers { permanent_uuid: "34af61836eec41f1944d2d8eadc1e874" member_type: VOTER last_known_addr { host: "127.11.200.3" port: 41445 } }
I20260709 14:48:57.624481 13363 tablet_bootstrap.cc:492] T f80f5b06ce0d4e9aa326174189a288ad P 34af61836eec41f1944d2d8eadc1e874: Bootstrap starting.
I20260709 14:48:57.624886 13476 leader_election.cc:290] T f0452959d39b4e9eb7e72474a2d0ec20 P 6ac0deb958584048940ae01d09f5291f [CANDIDATE]: Term 1 pre-election: Requested pre-vote from peers eca6bb84df92493289441dbe990d098a (127.11.200.1:33959), 34af61836eec41f1944d2d8eadc1e874 (127.11.200.3:41445)
I20260709 14:48:57.625659 13362 tablet_bootstrap.cc:492] T 668635d21fd84ea5af5c66aa131902f5 P 6ac0deb958584048940ae01d09f5291f: No bootstrap required, opened a new log
I20260709 14:48:57.626081 13362 ts_tablet_manager.cc:1403] T 668635d21fd84ea5af5c66aa131902f5 P 6ac0deb958584048940ae01d09f5291f: Time spent bootstrapping tablet: real 0.039s	user 0.018s	sys 0.013s
I20260709 14:48:57.626762 13171 tablet_service.cc:1917] Received RequestConsensusVote() RPC: tablet_id: "f0452959d39b4e9eb7e72474a2d0ec20" candidate_uuid: "6ac0deb958584048940ae01d09f5291f" candidate_term: 1 candidate_status { last_received { term: 0 index: 0 } } ignore_live_leader: false dest_uuid: "eca6bb84df92493289441dbe990d098a" is_pre_election: true
I20260709 14:48:57.627419 13171 raft_consensus.cc:2468] T f0452959d39b4e9eb7e72474a2d0ec20 P eca6bb84df92493289441dbe990d098a [term 0 FOLLOWER]: Leader pre-election vote request: Granting yes vote for candidate 6ac0deb958584048940ae01d09f5291f in term 0.
I20260709 14:48:57.628568 13362 raft_consensus.cc:359] T 668635d21fd84ea5af5c66aa131902f5 P 6ac0deb958584048940ae01d09f5291f [term 0 FOLLOWER]: Replica starting. Triggering 0 pending ops. Active config: opid_index: -1 OBSOLETE_local: false peers { permanent_uuid: "eca6bb84df92493289441dbe990d098a" member_type: VOTER last_known_addr { host: "127.11.200.1" port: 33959 } } peers { permanent_uuid: "6ac0deb958584048940ae01d09f5291f" member_type: VOTER last_known_addr { host: "127.11.200.2" port: 42001 } } peers { permanent_uuid: "34af61836eec41f1944d2d8eadc1e874" member_type: VOTER last_known_addr { host: "127.11.200.3" port: 41445 } }
I20260709 14:48:57.628764 13210 leader_election.cc:304] T f0452959d39b4e9eb7e72474a2d0ec20 P 6ac0deb958584048940ae01d09f5291f [CANDIDATE]: Term 1 pre-election: Election decided. Result: candidate won. Election summary: received 2 responses out of 3 voters: 2 yes votes; 0 no votes. yes voters: 6ac0deb958584048940ae01d09f5291f, eca6bb84df92493289441dbe990d098a; no voters: 
I20260709 14:48:57.629246 13362 raft_consensus.cc:385] T 668635d21fd84ea5af5c66aa131902f5 P 6ac0deb958584048940ae01d09f5291f [term 0 FOLLOWER]: Consensus starting up: Expiring failure detector timer to make a prompt election more likely
I20260709 14:48:57.629525 13362 raft_consensus.cc:740] T 668635d21fd84ea5af5c66aa131902f5 P 6ac0deb958584048940ae01d09f5291f [term 0 FOLLOWER]: Becoming Follower/Learner. State: Replica: 6ac0deb958584048940ae01d09f5291f, State: Initialized, Role: FOLLOWER
I20260709 14:48:57.629637 13476 raft_consensus.cc:493] T 99459a12e96741f392ea099f77779231 P 6ac0deb958584048940ae01d09f5291f [term 0 FOLLOWER]: Starting pre-election (no leader contacted us within the election timeout)
I20260709 14:48:57.630306 13363 tablet_bootstrap.cc:654] T f80f5b06ce0d4e9aa326174189a288ad P 34af61836eec41f1944d2d8eadc1e874: Neither blocks nor log segments found. Creating new log.
I20260709 14:48:57.630147 13476 raft_consensus.cc:515] T 99459a12e96741f392ea099f77779231 P 6ac0deb958584048940ae01d09f5291f [term 0 FOLLOWER]: Starting pre-election with config: opid_index: -1 OBSOLETE_local: false peers { permanent_uuid: "eca6bb84df92493289441dbe990d098a" member_type: VOTER last_known_addr { host: "127.11.200.1" port: 33959 } } peers { permanent_uuid: "6ac0deb958584048940ae01d09f5291f" member_type: VOTER last_known_addr { host: "127.11.200.2" port: 42001 } } peers { permanent_uuid: "34af61836eec41f1944d2d8eadc1e874" member_type: VOTER last_known_addr { host: "127.11.200.3" port: 41445 } }
I20260709 14:48:57.633325 13433 raft_consensus.cc:2804] T f0452959d39b4e9eb7e72474a2d0ec20 P 6ac0deb958584048940ae01d09f5291f [term 0 FOLLOWER]: Leader pre-election won for term 1
I20260709 14:48:57.633680 13433 raft_consensus.cc:493] T f0452959d39b4e9eb7e72474a2d0ec20 P 6ac0deb958584048940ae01d09f5291f [term 0 FOLLOWER]: Starting leader election (no leader contacted us within the election timeout)
I20260709 14:48:57.633983 13433 raft_consensus.cc:3060] T f0452959d39b4e9eb7e72474a2d0ec20 P 6ac0deb958584048940ae01d09f5291f [term 0 FOLLOWER]: Advancing to term 1
I20260709 14:48:57.635574 13369 raft_consensus.cc:493] T ce786018a3af4c7e932d9c94b6d58daa P 34af61836eec41f1944d2d8eadc1e874 [term 0 FOLLOWER]: Starting pre-election (no leader contacted us within the election timeout)
I20260709 14:48:57.636019 13369 raft_consensus.cc:515] T ce786018a3af4c7e932d9c94b6d58daa P 34af61836eec41f1944d2d8eadc1e874 [term 0 FOLLOWER]: Starting pre-election with config: opid_index: -1 OBSOLETE_local: false peers { permanent_uuid: "eca6bb84df92493289441dbe990d098a" member_type: VOTER last_known_addr { host: "127.11.200.1" port: 33959 } } peers { permanent_uuid: "6ac0deb958584048940ae01d09f5291f" member_type: VOTER last_known_addr { host: "127.11.200.2" port: 42001 } } peers { permanent_uuid: "34af61836eec41f1944d2d8eadc1e874" member_type: VOTER last_known_addr { host: "127.11.200.3" port: 41445 } }
I20260709 14:48:57.637790 13369 leader_election.cc:290] T ce786018a3af4c7e932d9c94b6d58daa P 34af61836eec41f1944d2d8eadc1e874 [CANDIDATE]: Term 1 pre-election: Requested pre-vote from peers eca6bb84df92493289441dbe990d098a (127.11.200.1:33959), 6ac0deb958584048940ae01d09f5291f (127.11.200.2:42001)
I20260709 14:48:57.639070 13321 tablet_service.cc:1917] Received RequestConsensusVote() RPC: tablet_id: "f0452959d39b4e9eb7e72474a2d0ec20" candidate_uuid: "6ac0deb958584048940ae01d09f5291f" candidate_term: 1 candidate_status { last_received { term: 0 index: 0 } } ignore_live_leader: false dest_uuid: "34af61836eec41f1944d2d8eadc1e874" is_pre_election: true
I20260709 14:48:57.639202 13320 tablet_service.cc:1917] Received RequestConsensusVote() RPC: tablet_id: "99459a12e96741f392ea099f77779231" candidate_uuid: "6ac0deb958584048940ae01d09f5291f" candidate_term: 1 candidate_status { last_received { term: 0 index: 0 } } ignore_live_leader: false dest_uuid: "34af61836eec41f1944d2d8eadc1e874" is_pre_election: true
I20260709 14:48:57.639755 13320 raft_consensus.cc:2468] T 99459a12e96741f392ea099f77779231 P 34af61836eec41f1944d2d8eadc1e874 [term 0 FOLLOWER]: Leader pre-election vote request: Granting yes vote for candidate 6ac0deb958584048940ae01d09f5291f in term 0.
W20260709 14:48:57.640740 13213 leader_election.cc:343] T f0452959d39b4e9eb7e72474a2d0ec20 P 6ac0deb958584048940ae01d09f5291f [CANDIDATE]: Term 1 pre-election: Tablet error from VoteRequest() call to peer 34af61836eec41f1944d2d8eadc1e874 (127.11.200.3:41445): Illegal state: must be running to vote when last-logged opid is not known
I20260709 14:48:57.641122 13170 tablet_service.cc:1917] Received RequestConsensusVote() RPC: tablet_id: "99459a12e96741f392ea099f77779231" candidate_uuid: "6ac0deb958584048940ae01d09f5291f" candidate_term: 1 candidate_status { last_received { term: 0 index: 0 } } ignore_live_leader: false dest_uuid: "eca6bb84df92493289441dbe990d098a" is_pre_election: true
I20260709 14:48:57.641610 13213 leader_election.cc:304] T 99459a12e96741f392ea099f77779231 P 6ac0deb958584048940ae01d09f5291f [CANDIDATE]: Term 1 pre-election: Election decided. Result: candidate won. Election summary: received 2 responses out of 3 voters: 2 yes votes; 0 no votes. yes voters: 34af61836eec41f1944d2d8eadc1e874, 6ac0deb958584048940ae01d09f5291f; no voters: 
I20260709 14:48:57.641760 13170 raft_consensus.cc:2468] T 99459a12e96741f392ea099f77779231 P eca6bb84df92493289441dbe990d098a [term 0 FOLLOWER]: Leader pre-election vote request: Granting yes vote for candidate 6ac0deb958584048940ae01d09f5291f in term 0.
I20260709 14:48:57.642529 13431 raft_consensus.cc:2804] T 99459a12e96741f392ea099f77779231 P 6ac0deb958584048940ae01d09f5291f [term 0 FOLLOWER]: Leader pre-election won for term 1
I20260709 14:48:57.630156 13362 consensus_queue.cc:260] T 668635d21fd84ea5af5c66aa131902f5 P 6ac0deb958584048940ae01d09f5291f [NON_LEADER]: Queue going to NON_LEADER mode. State: All replicated index: 0, Majority replicated index: 0, Committed index: 0, Last appended: 0.0, Last appended by leader: 0, Current term: 0, Majority size: -1, State: 0, Mode: NON_LEADER, active raft config: opid_index: -1 OBSOLETE_local: false peers { permanent_uuid: "eca6bb84df92493289441dbe990d098a" member_type: VOTER last_known_addr { host: "127.11.200.1" port: 33959 } } peers { permanent_uuid: "6ac0deb958584048940ae01d09f5291f" member_type: VOTER last_known_addr { host: "127.11.200.2" port: 42001 } } peers { permanent_uuid: "34af61836eec41f1944d2d8eadc1e874" member_type: VOTER last_known_addr { host: "127.11.200.3" port: 41445 } }
I20260709 14:48:57.642972 13431 raft_consensus.cc:493] T 99459a12e96741f392ea099f77779231 P 6ac0deb958584048940ae01d09f5291f [term 0 FOLLOWER]: Starting leader election (no leader contacted us within the election timeout)
I20260709 14:48:57.643399 13431 raft_consensus.cc:3060] T 99459a12e96741f392ea099f77779231 P 6ac0deb958584048940ae01d09f5291f [term 0 FOLLOWER]: Advancing to term 1
I20260709 14:48:57.644678 13362 ts_tablet_manager.cc:1434] T 668635d21fd84ea5af5c66aa131902f5 P 6ac0deb958584048940ae01d09f5291f: Time spent starting tablet: real 0.018s	user 0.008s	sys 0.000s
I20260709 14:48:57.644893 13172 tablet_service.cc:1917] Received RequestConsensusVote() RPC: tablet_id: "ce786018a3af4c7e932d9c94b6d58daa" candidate_uuid: "34af61836eec41f1944d2d8eadc1e874" candidate_term: 1 candidate_status { last_received { term: 0 index: 0 } } ignore_live_leader: false dest_uuid: "eca6bb84df92493289441dbe990d098a" is_pre_election: true
I20260709 14:48:57.645602 13172 raft_consensus.cc:2393] T ce786018a3af4c7e932d9c94b6d58daa P eca6bb84df92493289441dbe990d098a [term 1 FOLLOWER]: Leader pre-election vote request: Denying vote to candidate 34af61836eec41f1944d2d8eadc1e874 in current term 1: Already voted for candidate 6ac0deb958584048940ae01d09f5291f in this term.
I20260709 14:48:57.645601 13362 tablet_bootstrap.cc:492] T 026c445abf7544639e4e8bc0ce3ab2f1 P 6ac0deb958584048940ae01d09f5291f: Bootstrap starting.
I20260709 14:48:57.643838 13070 catalog_manager.cc:5697] T 6567fb7bbc3b43f59d14c571fe99357c P 34af61836eec41f1944d2d8eadc1e874 reported cstate change: term changed from 0 to 1, leader changed from <none> to 34af61836eec41f1944d2d8eadc1e874 (127.11.200.3). New cstate: current_term: 1 leader_uuid: "34af61836eec41f1944d2d8eadc1e874" committed_config { opid_index: -1 OBSOLETE_local: false peers { permanent_uuid: "eca6bb84df92493289441dbe990d098a" member_type: VOTER last_known_addr { host: "127.11.200.1" port: 33959 } health_report { overall_health: UNKNOWN } } peers { permanent_uuid: "6ac0deb958584048940ae01d09f5291f" member_type: VOTER last_known_addr { host: "127.11.200.2" port: 42001 } health_report { overall_health: UNKNOWN } } peers { permanent_uuid: "34af61836eec41f1944d2d8eadc1e874" member_type: VOTER last_known_addr { host: "127.11.200.3" port: 41445 } health_report { overall_health: HEALTHY } } }
I20260709 14:48:57.653800 13361 tablet_bootstrap.cc:492] T 668635d21fd84ea5af5c66aa131902f5 P eca6bb84df92493289441dbe990d098a: No bootstrap required, opened a new log
I20260709 14:48:57.654222 13361 ts_tablet_manager.cc:1403] T 668635d21fd84ea5af5c66aa131902f5 P eca6bb84df92493289441dbe990d098a: Time spent bootstrapping tablet: real 0.043s	user 0.008s	sys 0.004s
I20260709 14:48:57.656330 13362 tablet_bootstrap.cc:654] T 026c445abf7544639e4e8bc0ce3ab2f1 P 6ac0deb958584048940ae01d09f5291f: Neither blocks nor log segments found. Creating new log.
I20260709 14:48:57.656641 13361 raft_consensus.cc:359] T 668635d21fd84ea5af5c66aa131902f5 P eca6bb84df92493289441dbe990d098a [term 0 FOLLOWER]: Replica starting. Triggering 0 pending ops. Active config: opid_index: -1 OBSOLETE_local: false peers { permanent_uuid: "eca6bb84df92493289441dbe990d098a" member_type: VOTER last_known_addr { host: "127.11.200.1" port: 33959 } } peers { permanent_uuid: "6ac0deb958584048940ae01d09f5291f" member_type: VOTER last_known_addr { host: "127.11.200.2" port: 42001 } } peers { permanent_uuid: "34af61836eec41f1944d2d8eadc1e874" member_type: VOTER last_known_addr { host: "127.11.200.3" port: 41445 } }
I20260709 14:48:57.658123 13361 raft_consensus.cc:385] T 668635d21fd84ea5af5c66aa131902f5 P eca6bb84df92493289441dbe990d098a [term 0 FOLLOWER]: Consensus starting up: Expiring failure detector timer to make a prompt election more likely
I20260709 14:48:57.658370 13361 raft_consensus.cc:740] T 668635d21fd84ea5af5c66aa131902f5 P eca6bb84df92493289441dbe990d098a [term 0 FOLLOWER]: Becoming Follower/Learner. State: Replica: eca6bb84df92493289441dbe990d098a, State: Initialized, Role: FOLLOWER
I20260709 14:48:57.659103 13361 consensus_queue.cc:260] T 668635d21fd84ea5af5c66aa131902f5 P eca6bb84df92493289441dbe990d098a [NON_LEADER]: Queue going to NON_LEADER mode. State: All replicated index: 0, Majority replicated index: 0, Committed index: 0, Last appended: 0.0, Last appended by leader: 0, Current term: 0, Majority size: -1, State: 0, Mode: NON_LEADER, active raft config: opid_index: -1 OBSOLETE_local: false peers { permanent_uuid: "eca6bb84df92493289441dbe990d098a" member_type: VOTER last_known_addr { host: "127.11.200.1" port: 33959 } } peers { permanent_uuid: "6ac0deb958584048940ae01d09f5291f" member_type: VOTER last_known_addr { host: "127.11.200.2" port: 42001 } } peers { permanent_uuid: "34af61836eec41f1944d2d8eadc1e874" member_type: VOTER last_known_addr { host: "127.11.200.3" port: 41445 } }
I20260709 14:48:57.659729 13069 catalog_manager.cc:5697] T cf5ee8e651a14bb0af3f1c09f267ed45 P eca6bb84df92493289441dbe990d098a reported cstate change: term changed from 0 to 1, leader changed from <none> to eca6bb84df92493289441dbe990d098a (127.11.200.1). New cstate: current_term: 1 leader_uuid: "eca6bb84df92493289441dbe990d098a" committed_config { opid_index: -1 OBSOLETE_local: false peers { permanent_uuid: "eca6bb84df92493289441dbe990d098a" member_type: VOTER last_known_addr { host: "127.11.200.1" port: 33959 } health_report { overall_health: HEALTHY } } peers { permanent_uuid: "6ac0deb958584048940ae01d09f5291f" member_type: VOTER last_known_addr { host: "127.11.200.2" port: 42001 } health_report { overall_health: UNKNOWN } } peers { permanent_uuid: "34af61836eec41f1944d2d8eadc1e874" member_type: VOTER last_known_addr { host: "127.11.200.3" port: 41445 } health_report { overall_health: UNKNOWN } } }
I20260709 14:48:57.661274 13361 ts_tablet_manager.cc:1434] T 668635d21fd84ea5af5c66aa131902f5 P eca6bb84df92493289441dbe990d098a: Time spent starting tablet: real 0.007s	user 0.004s	sys 0.003s
I20260709 14:48:57.662798 13361 tablet_bootstrap.cc:492] T fd55ccc109a043e4a59ca46ebf4e59bd P eca6bb84df92493289441dbe990d098a: Bootstrap starting.
I20260709 14:48:57.670272 13433 raft_consensus.cc:515] T f0452959d39b4e9eb7e72474a2d0ec20 P 6ac0deb958584048940ae01d09f5291f [term 1 FOLLOWER]: Starting leader election with config: opid_index: -1 OBSOLETE_local: false peers { permanent_uuid: "eca6bb84df92493289441dbe990d098a" member_type: VOTER last_known_addr { host: "127.11.200.1" port: 33959 } } peers { permanent_uuid: "6ac0deb958584048940ae01d09f5291f" member_type: VOTER last_known_addr { host: "127.11.200.2" port: 42001 } } peers { permanent_uuid: "34af61836eec41f1944d2d8eadc1e874" member_type: VOTER last_known_addr { host: "127.11.200.3" port: 41445 } }
I20260709 14:48:57.681144 13407 consensus_queue.cc:1048] T e640d66f72e14b7db72524dd52363838 P 34af61836eec41f1944d2d8eadc1e874 [LEADER]: Connected to new peer: Peer: permanent_uuid: "6ac0deb958584048940ae01d09f5291f" member_type: VOTER last_known_addr { host: "127.11.200.2" port: 42001 }, Status: LMP_MISMATCH, Last received: 0.0, Next index: 1, Last known committed idx: 0, Time since last communication: 0.000s
I20260709 14:48:57.682722 13433 leader_election.cc:290] T f0452959d39b4e9eb7e72474a2d0ec20 P 6ac0deb958584048940ae01d09f5291f [CANDIDATE]: Term 1 election: Requested vote from peers eca6bb84df92493289441dbe990d098a (127.11.200.1:33959), 34af61836eec41f1944d2d8eadc1e874 (127.11.200.3:41445)
I20260709 14:48:57.683218 13433 consensus_queue.cc:1048] T ce786018a3af4c7e932d9c94b6d58daa P 6ac0deb958584048940ae01d09f5291f [LEADER]: Connected to new peer: Peer: permanent_uuid: "eca6bb84df92493289441dbe990d098a" member_type: VOTER last_known_addr { host: "127.11.200.1" port: 33959 }, Status: LMP_MISMATCH, Last received: 0.0, Next index: 1, Last known committed idx: 0, Time since last communication: 0.000s
I20260709 14:48:57.664350 13431 raft_consensus.cc:515] T 99459a12e96741f392ea099f77779231 P 6ac0deb958584048940ae01d09f5291f [term 1 FOLLOWER]: Starting leader election with config: opid_index: -1 OBSOLETE_local: false peers { permanent_uuid: "eca6bb84df92493289441dbe990d098a" member_type: VOTER last_known_addr { host: "127.11.200.1" port: 33959 } } peers { permanent_uuid: "6ac0deb958584048940ae01d09f5291f" member_type: VOTER last_known_addr { host: "127.11.200.2" port: 42001 } } peers { permanent_uuid: "34af61836eec41f1944d2d8eadc1e874" member_type: VOTER last_known_addr { host: "127.11.200.3" port: 41445 } }
I20260709 14:48:57.685796 13431 leader_election.cc:290] T 99459a12e96741f392ea099f77779231 P 6ac0deb958584048940ae01d09f5291f [CANDIDATE]: Term 1 election: Requested vote from peers eca6bb84df92493289441dbe990d098a (127.11.200.1:33959), 34af61836eec41f1944d2d8eadc1e874 (127.11.200.3:41445)
I20260709 14:48:57.687294 13431 raft_consensus.cc:493] T fd55ccc109a043e4a59ca46ebf4e59bd P 6ac0deb958584048940ae01d09f5291f [term 0 FOLLOWER]: Starting pre-election (no leader contacted us within the election timeout)
I20260709 14:48:57.688045 13431 raft_consensus.cc:515] T fd55ccc109a043e4a59ca46ebf4e59bd P 6ac0deb958584048940ae01d09f5291f [term 0 FOLLOWER]: Starting pre-election with config: opid_index: -1 OBSOLETE_local: false peers { permanent_uuid: "eca6bb84df92493289441dbe990d098a" member_type: VOTER last_known_addr { host: "127.11.200.1" port: 33959 } } peers { permanent_uuid: "6ac0deb958584048940ae01d09f5291f" member_type: VOTER last_known_addr { host: "127.11.200.2" port: 42001 } } peers { permanent_uuid: "34af61836eec41f1944d2d8eadc1e874" member_type: VOTER last_known_addr { host: "127.11.200.3" port: 41445 } }
I20260709 14:48:57.673597 13477 raft_consensus.cc:493] T dfd7cfbbae6c4c8db9456c6e382e2116 P 6ac0deb958584048940ae01d09f5291f [term 0 FOLLOWER]: Starting pre-election (no leader contacted us within the election timeout)
I20260709 14:48:57.676147 13361 tablet_bootstrap.cc:654] T fd55ccc109a043e4a59ca46ebf4e59bd P eca6bb84df92493289441dbe990d098a: Neither blocks nor log segments found. Creating new log.
I20260709 14:48:57.689164 13363 tablet_bootstrap.cc:492] T f80f5b06ce0d4e9aa326174189a288ad P 34af61836eec41f1944d2d8eadc1e874: No bootstrap required, opened a new log
I20260709 14:48:57.689622 13363 ts_tablet_manager.cc:1403] T f80f5b06ce0d4e9aa326174189a288ad P 34af61836eec41f1944d2d8eadc1e874: Time spent bootstrapping tablet: real 0.065s	user 0.009s	sys 0.031s
I20260709 14:48:57.689253 13477 raft_consensus.cc:515] T dfd7cfbbae6c4c8db9456c6e382e2116 P 6ac0deb958584048940ae01d09f5291f [term 0 FOLLOWER]: Starting pre-election with config: opid_index: -1 OBSOLETE_local: false peers { permanent_uuid: "eca6bb84df92493289441dbe990d098a" member_type: VOTER last_known_addr { host: "127.11.200.1" port: 33959 } } peers { permanent_uuid: "6ac0deb958584048940ae01d09f5291f" member_type: VOTER last_known_addr { host: "127.11.200.2" port: 42001 } } peers { permanent_uuid: "34af61836eec41f1944d2d8eadc1e874" member_type: VOTER last_known_addr { host: "127.11.200.3" port: 41445 } }
I20260709 14:48:57.691177 13477 leader_election.cc:290] T dfd7cfbbae6c4c8db9456c6e382e2116 P 6ac0deb958584048940ae01d09f5291f [CANDIDATE]: Term 1 pre-election: Requested pre-vote from peers eca6bb84df92493289441dbe990d098a (127.11.200.1:33959), 34af61836eec41f1944d2d8eadc1e874 (127.11.200.3:41445)
I20260709 14:48:57.692374 13431 leader_election.cc:290] T fd55ccc109a043e4a59ca46ebf4e59bd P 6ac0deb958584048940ae01d09f5291f [CANDIDATE]: Term 1 pre-election: Requested pre-vote from peers eca6bb84df92493289441dbe990d098a (127.11.200.1:33959), 34af61836eec41f1944d2d8eadc1e874 (127.11.200.3:41445)
I20260709 14:48:57.693718 13363 raft_consensus.cc:359] T f80f5b06ce0d4e9aa326174189a288ad P 34af61836eec41f1944d2d8eadc1e874 [term 0 FOLLOWER]: Replica starting. Triggering 0 pending ops. Active config: opid_index: -1 OBSOLETE_local: false peers { permanent_uuid: "eca6bb84df92493289441dbe990d098a" member_type: VOTER last_known_addr { host: "127.11.200.1" port: 33959 } } peers { permanent_uuid: "6ac0deb958584048940ae01d09f5291f" member_type: VOTER last_known_addr { host: "127.11.200.2" port: 42001 } } peers { permanent_uuid: "34af61836eec41f1944d2d8eadc1e874" member_type: VOTER last_known_addr { host: "127.11.200.3" port: 41445 } }
I20260709 14:48:57.694010 13318 tablet_service.cc:1917] Received RequestConsensusVote() RPC: tablet_id: "fd55ccc109a043e4a59ca46ebf4e59bd" candidate_uuid: "6ac0deb958584048940ae01d09f5291f" candidate_term: 1 candidate_status { last_received { term: 0 index: 0 } } ignore_live_leader: false dest_uuid: "34af61836eec41f1944d2d8eadc1e874" is_pre_election: true
I20260709 14:48:57.694469 13363 raft_consensus.cc:385] T f80f5b06ce0d4e9aa326174189a288ad P 34af61836eec41f1944d2d8eadc1e874 [term 0 FOLLOWER]: Consensus starting up: Expiring failure detector timer to make a prompt election more likely
I20260709 14:48:57.678637 13362 tablet_bootstrap.cc:492] T 026c445abf7544639e4e8bc0ce3ab2f1 P 6ac0deb958584048940ae01d09f5291f: No bootstrap required, opened a new log
I20260709 14:48:57.680130 13247 tablet_service.cc:1917] Received RequestConsensusVote() RPC: tablet_id: "ce786018a3af4c7e932d9c94b6d58daa" candidate_uuid: "34af61836eec41f1944d2d8eadc1e874" candidate_term: 1 candidate_status { last_received { term: 0 index: 0 } } ignore_live_leader: false dest_uuid: "6ac0deb958584048940ae01d09f5291f" is_pre_election: true
I20260709 14:48:57.695180 13320 tablet_service.cc:1917] Received RequestConsensusVote() RPC: tablet_id: "f0452959d39b4e9eb7e72474a2d0ec20" candidate_uuid: "6ac0deb958584048940ae01d09f5291f" candidate_term: 1 candidate_status { last_received { term: 0 index: 0 } } ignore_live_leader: false dest_uuid: "34af61836eec41f1944d2d8eadc1e874"
I20260709 14:48:57.695212 13362 ts_tablet_manager.cc:1403] T 026c445abf7544639e4e8bc0ce3ab2f1 P 6ac0deb958584048940ae01d09f5291f: Time spent bootstrapping tablet: real 0.050s	user 0.012s	sys 0.014s
I20260709 14:48:57.693656 13319 tablet_service.cc:1917] Received RequestConsensusVote() RPC: tablet_id: "dfd7cfbbae6c4c8db9456c6e382e2116" candidate_uuid: "6ac0deb958584048940ae01d09f5291f" candidate_term: 1 candidate_status { last_received { term: 0 index: 0 } } ignore_live_leader: false dest_uuid: "34af61836eec41f1944d2d8eadc1e874" is_pre_election: true
I20260709 14:48:57.697306 13361 tablet_bootstrap.cc:492] T fd55ccc109a043e4a59ca46ebf4e59bd P eca6bb84df92493289441dbe990d098a: No bootstrap required, opened a new log
I20260709 14:48:57.697702 13361 ts_tablet_manager.cc:1403] T fd55ccc109a043e4a59ca46ebf4e59bd P eca6bb84df92493289441dbe990d098a: Time spent bootstrapping tablet: real 0.035s	user 0.010s	sys 0.002s
I20260709 14:48:57.698175 13433 consensus_queue.cc:1048] T 99dad7e24c6741bdb54e932ad0a390c4 P 6ac0deb958584048940ae01d09f5291f [LEADER]: Connected to new peer: Peer: permanent_uuid: "eca6bb84df92493289441dbe990d098a" member_type: VOTER last_known_addr { host: "127.11.200.1" port: 33959 }, Status: LMP_MISMATCH, Last received: 0.0, Next index: 1, Last known committed idx: 0, Time since last communication: 0.000s
