I20260709 14:48:59.125224 13362 consensus_queue.cc:260] T 0627d76a0fa74e9cac083ee30cb4369b P 6ac0deb958584048940ae01d09f5291f [NON_LEADER]: Queue going to NON_LEADER mode. State: All replicated index: 0, Majority replicated index: 0, Committed index: 0, Last appended: 0.0, Last appended by leader: 0, Current term: 0, Majority size: -1, State: 0, Mode: NON_LEADER, active raft config: opid_index: -1 OBSOLETE_local: false peers { permanent_uuid: "eca6bb84df92493289441dbe990d098a" member_type: VOTER last_known_addr { host: "127.11.200.1" port: 33959 } } peers { permanent_uuid: "6ac0deb958584048940ae01d09f5291f" member_type: VOTER last_known_addr { host: "127.11.200.2" port: 42001 } } peers { permanent_uuid: "34af61836eec41f1944d2d8eadc1e874" member_type: VOTER last_known_addr { host: "127.11.200.3" port: 41445 } }
I20260709 14:48:59.125880 13361 ts_tablet_manager.cc:1403] T cb6a5d21a459453ba3a2aa966f090ca8 P eca6bb84df92493289441dbe990d098a: Time spent bootstrapping tablet: real 0.022s	user 0.010s	sys 0.002s
I20260709 14:48:59.127889 13362 ts_tablet_manager.cc:1434] T 0627d76a0fa74e9cac083ee30cb4369b P 6ac0deb958584048940ae01d09f5291f: Time spent starting tablet: real 0.007s	user 0.006s	sys 0.000s
I20260709 14:48:59.128353 13361 raft_consensus.cc:359] T cb6a5d21a459453ba3a2aa966f090ca8 P eca6bb84df92493289441dbe990d098a [term 0 FOLLOWER]: Replica starting. Triggering 0 pending ops. Active config: opid_index: -1 OBSOLETE_local: false peers { permanent_uuid: "eca6bb84df92493289441dbe990d098a" member_type: VOTER last_known_addr { host: "127.11.200.1" port: 33959 } } peers { permanent_uuid: "6ac0deb958584048940ae01d09f5291f" member_type: VOTER last_known_addr { host: "127.11.200.2" port: 42001 } } peers { permanent_uuid: "34af61836eec41f1944d2d8eadc1e874" member_type: VOTER last_known_addr { host: "127.11.200.3" port: 41445 } }
I20260709 14:48:59.129017 13361 raft_consensus.cc:385] T cb6a5d21a459453ba3a2aa966f090ca8 P eca6bb84df92493289441dbe990d098a [term 0 FOLLOWER]: Consensus starting up: Expiring failure detector timer to make a prompt election more likely
I20260709 14:48:59.129309 13361 raft_consensus.cc:740] T cb6a5d21a459453ba3a2aa966f090ca8 P eca6bb84df92493289441dbe990d098a [term 0 FOLLOWER]: Becoming Follower/Learner. State: Replica: eca6bb84df92493289441dbe990d098a, State: Initialized, Role: FOLLOWER
I20260709 14:48:59.128783 13362 tablet_bootstrap.cc:492] T bd2e296df99c46f2b534d526038739d5 P 6ac0deb958584048940ae01d09f5291f: Bootstrap starting.
I20260709 14:48:59.134464 13361 consensus_queue.cc:260] T cb6a5d21a459453ba3a2aa966f090ca8 P eca6bb84df92493289441dbe990d098a [NON_LEADER]: Queue going to NON_LEADER mode. State: All replicated index: 0, Majority replicated index: 0, Committed index: 0, Last appended: 0.0, Last appended by leader: 0, Current term: 0, Majority size: -1, State: 0, Mode: NON_LEADER, active raft config: opid_index: -1 OBSOLETE_local: false peers { permanent_uuid: "eca6bb84df92493289441dbe990d098a" member_type: VOTER last_known_addr { host: "127.11.200.1" port: 33959 } } peers { permanent_uuid: "6ac0deb958584048940ae01d09f5291f" member_type: VOTER last_known_addr { host: "127.11.200.2" port: 42001 } } peers { permanent_uuid: "34af61836eec41f1944d2d8eadc1e874" member_type: VOTER last_known_addr { host: "127.11.200.3" port: 41445 } }
I20260709 14:48:59.136488 13361 ts_tablet_manager.cc:1434] T cb6a5d21a459453ba3a2aa966f090ca8 P eca6bb84df92493289441dbe990d098a: Time spent starting tablet: real 0.010s	user 0.004s	sys 0.000s
I20260709 14:48:59.137755 13361 tablet_bootstrap.cc:492] T 30c39ff036ad48f8a280d2d2b31d6f34 P eca6bb84df92493289441dbe990d098a: Bootstrap starting.
I20260709 14:48:59.142468 13286 leader_election.cc:304] T 000e80dcd1bd44f59aaed1bca0fa68a5 P 34af61836eec41f1944d2d8eadc1e874 [CANDIDATE]: Term 1 pre-election: Election decided. Result: candidate lost. Election summary: received 3 responses out of 3 voters: 1 yes votes; 2 no votes. yes voters: 34af61836eec41f1944d2d8eadc1e874; no voters: 6ac0deb958584048940ae01d09f5291f, eca6bb84df92493289441dbe990d098a
I20260709 14:48:59.142768 13363 tablet_bootstrap.cc:492] T 30c39ff036ad48f8a280d2d2b31d6f34 P 34af61836eec41f1944d2d8eadc1e874: No bootstrap required, opened a new log
I20260709 14:48:59.143193 13363 ts_tablet_manager.cc:1403] T 30c39ff036ad48f8a280d2d2b31d6f34 P 34af61836eec41f1944d2d8eadc1e874: Time spent bootstrapping tablet: real 0.059s	user 0.005s	sys 0.012s
I20260709 14:48:59.143234 13381 raft_consensus.cc:3060] T 000e80dcd1bd44f59aaed1bca0fa68a5 P 34af61836eec41f1944d2d8eadc1e874 [term 0 FOLLOWER]: Advancing to term 1
W20260709 14:48:59.143527 13286 leader_election.cc:343] T bd2e296df99c46f2b534d526038739d5 P 34af61836eec41f1944d2d8eadc1e874 [CANDIDATE]: Term 1 pre-election: Tablet error from VoteRequest() call to peer 6ac0deb958584048940ae01d09f5291f (127.11.200.2:42001): Illegal state: must be running to vote when last-logged opid is not known
I20260709 14:48:59.143965 13286 leader_election.cc:304] T bd2e296df99c46f2b534d526038739d5 P 34af61836eec41f1944d2d8eadc1e874 [CANDIDATE]: Term 1 pre-election: Election decided. Result: candidate lost. Election summary: received 3 responses out of 3 voters: 1 yes votes; 2 no votes. yes voters: 34af61836eec41f1944d2d8eadc1e874; no voters: 6ac0deb958584048940ae01d09f5291f, eca6bb84df92493289441dbe990d098a
I20260709 14:48:59.144601 13384 raft_consensus.cc:2749] T bd2e296df99c46f2b534d526038739d5 P 34af61836eec41f1944d2d8eadc1e874 [term 0 FOLLOWER]: Leader pre-election lost for term 1. Reason: could not achieve majority
I20260709 14:48:59.145741 13363 raft_consensus.cc:359] T 30c39ff036ad48f8a280d2d2b31d6f34 P 34af61836eec41f1944d2d8eadc1e874 [term 0 FOLLOWER]: Replica starting. Triggering 0 pending ops. Active config: opid_index: -1 OBSOLETE_local: false peers { permanent_uuid: "eca6bb84df92493289441dbe990d098a" member_type: VOTER last_known_addr { host: "127.11.200.1" port: 33959 } } peers { permanent_uuid: "6ac0deb958584048940ae01d09f5291f" member_type: VOTER last_known_addr { host: "127.11.200.2" port: 42001 } } peers { permanent_uuid: "34af61836eec41f1944d2d8eadc1e874" member_type: VOTER last_known_addr { host: "127.11.200.3" port: 41445 } }
I20260709 14:48:59.146380 13363 raft_consensus.cc:385] T 30c39ff036ad48f8a280d2d2b31d6f34 P 34af61836eec41f1944d2d8eadc1e874 [term 0 FOLLOWER]: Consensus starting up: Expiring failure detector timer to make a prompt election more likely
I20260709 14:48:59.146629 13363 raft_consensus.cc:740] T 30c39ff036ad48f8a280d2d2b31d6f34 P 34af61836eec41f1944d2d8eadc1e874 [term 0 FOLLOWER]: Becoming Follower/Learner. State: Replica: 34af61836eec41f1944d2d8eadc1e874, State: Initialized, Role: FOLLOWER
I20260709 14:48:59.147199 13363 consensus_queue.cc:260] T 30c39ff036ad48f8a280d2d2b31d6f34 P 34af61836eec41f1944d2d8eadc1e874 [NON_LEADER]: Queue going to NON_LEADER mode. State: All replicated index: 0, Majority replicated index: 0, Committed index: 0, Last appended: 0.0, Last appended by leader: 0, Current term: 0, Majority size: -1, State: 0, Mode: NON_LEADER, active raft config: opid_index: -1 OBSOLETE_local: false peers { permanent_uuid: "eca6bb84df92493289441dbe990d098a" member_type: VOTER last_known_addr { host: "127.11.200.1" port: 33959 } } peers { permanent_uuid: "6ac0deb958584048940ae01d09f5291f" member_type: VOTER last_known_addr { host: "127.11.200.2" port: 42001 } } peers { permanent_uuid: "34af61836eec41f1944d2d8eadc1e874" member_type: VOTER last_known_addr { host: "127.11.200.3" port: 41445 } }
I20260709 14:48:59.150251 13369 raft_consensus.cc:493] T be2aee48100c4c8cac25daf0b1ede2ae P 34af61836eec41f1944d2d8eadc1e874 [term 0 FOLLOWER]: Starting pre-election (no leader contacted us within the election timeout)
I20260709 14:48:59.150687 13369 raft_consensus.cc:515] T be2aee48100c4c8cac25daf0b1ede2ae P 34af61836eec41f1944d2d8eadc1e874 [term 0 FOLLOWER]: Starting pre-election with config: opid_index: -1 OBSOLETE_local: false peers { permanent_uuid: "eca6bb84df92493289441dbe990d098a" member_type: VOTER last_known_addr { host: "127.11.200.1" port: 33959 } } peers { permanent_uuid: "6ac0deb958584048940ae01d09f5291f" member_type: VOTER last_known_addr { host: "127.11.200.2" port: 42001 } } peers { permanent_uuid: "34af61836eec41f1944d2d8eadc1e874" member_type: VOTER last_known_addr { host: "127.11.200.3" port: 41445 } }
I20260709 14:48:59.152374 13362 tablet_bootstrap.cc:654] T bd2e296df99c46f2b534d526038739d5 P 6ac0deb958584048940ae01d09f5291f: Neither blocks nor log segments found. Creating new log.
I20260709 14:48:59.152596 13369 leader_election.cc:290] T be2aee48100c4c8cac25daf0b1ede2ae P 34af61836eec41f1944d2d8eadc1e874 [CANDIDATE]: Term 1 pre-election: Requested pre-vote from peers eca6bb84df92493289441dbe990d098a (127.11.200.1:33959), 6ac0deb958584048940ae01d09f5291f (127.11.200.2:42001)
I20260709 14:48:59.153970 13169 tablet_service.cc:1917] Received RequestConsensusVote() RPC: tablet_id: "be2aee48100c4c8cac25daf0b1ede2ae" candidate_uuid: "34af61836eec41f1944d2d8eadc1e874" candidate_term: 1 candidate_status { last_received { term: 0 index: 0 } } ignore_live_leader: false dest_uuid: "eca6bb84df92493289441dbe990d098a" is_pre_election: true
I20260709 14:48:59.156630 13363 ts_tablet_manager.cc:1434] T 30c39ff036ad48f8a280d2d2b31d6f34 P 34af61836eec41f1944d2d8eadc1e874: Time spent starting tablet: real 0.013s	user 0.007s	sys 0.001s
I20260709 14:48:59.157701 13363 tablet_bootstrap.cc:492] T a6e15cbbee1545b6a1eb4f729a527d6a P 34af61836eec41f1944d2d8eadc1e874: Bootstrap starting.
I20260709 14:48:59.158428 13407 raft_consensus.cc:493] T dfd7cfbbae6c4c8db9456c6e382e2116 P 34af61836eec41f1944d2d8eadc1e874 [term 0 FOLLOWER]: Starting pre-election (no leader contacted us within the election timeout)
I20260709 14:48:59.158852 13407 raft_consensus.cc:515] T dfd7cfbbae6c4c8db9456c6e382e2116 P 34af61836eec41f1944d2d8eadc1e874 [term 0 FOLLOWER]: Starting pre-election with config: opid_index: -1 OBSOLETE_local: false peers { permanent_uuid: "eca6bb84df92493289441dbe990d098a" member_type: VOTER last_known_addr { host: "127.11.200.1" port: 33959 } } peers { permanent_uuid: "6ac0deb958584048940ae01d09f5291f" member_type: VOTER last_known_addr { host: "127.11.200.2" port: 42001 } } peers { permanent_uuid: "34af61836eec41f1944d2d8eadc1e874" member_type: VOTER last_known_addr { host: "127.11.200.3" port: 41445 } }
I20260709 14:48:59.160763 13407 leader_election.cc:290] T dfd7cfbbae6c4c8db9456c6e382e2116 P 34af61836eec41f1944d2d8eadc1e874 [CANDIDATE]: Term 1 pre-election: Requested pre-vote from peers eca6bb84df92493289441dbe990d098a (127.11.200.1:33959), 6ac0deb958584048940ae01d09f5291f (127.11.200.2:42001)
I20260709 14:48:59.161196 13247 tablet_service.cc:1917] Received RequestConsensusVote() RPC: tablet_id: "be2aee48100c4c8cac25daf0b1ede2ae" candidate_uuid: "34af61836eec41f1944d2d8eadc1e874" candidate_term: 1 candidate_status { last_received { term: 0 index: 0 } } ignore_live_leader: false dest_uuid: "6ac0deb958584048940ae01d09f5291f" is_pre_election: true
I20260709 14:48:59.163641 13361 tablet_bootstrap.cc:654] T 30c39ff036ad48f8a280d2d2b31d6f34 P eca6bb84df92493289441dbe990d098a: Neither blocks nor log segments found. Creating new log.
I20260709 14:48:59.165138 13169 tablet_service.cc:1917] Received RequestConsensusVote() RPC: tablet_id: "dfd7cfbbae6c4c8db9456c6e382e2116" candidate_uuid: "34af61836eec41f1944d2d8eadc1e874" candidate_term: 1 candidate_status { last_received { term: 0 index: 0 } } ignore_live_leader: false dest_uuid: "eca6bb84df92493289441dbe990d098a" is_pre_election: true
I20260709 14:48:59.166095 13169 raft_consensus.cc:2468] T dfd7cfbbae6c4c8db9456c6e382e2116 P eca6bb84df92493289441dbe990d098a [term 0 FOLLOWER]: Leader pre-election vote request: Granting yes vote for candidate 34af61836eec41f1944d2d8eadc1e874 in term 0.
I20260709 14:48:59.167068 13284 leader_election.cc:304] T dfd7cfbbae6c4c8db9456c6e382e2116 P 34af61836eec41f1944d2d8eadc1e874 [CANDIDATE]: Term 1 pre-election: Election decided. Result: candidate won. Election summary: received 2 responses out of 3 voters: 2 yes votes; 0 no votes. yes voters: 34af61836eec41f1944d2d8eadc1e874, eca6bb84df92493289441dbe990d098a; no voters: 
I20260709 14:48:59.169023 13369 raft_consensus.cc:2804] T dfd7cfbbae6c4c8db9456c6e382e2116 P 34af61836eec41f1944d2d8eadc1e874 [term 0 FOLLOWER]: Leader pre-election won for term 1
I20260709 14:48:59.169387 13369 raft_consensus.cc:493] T dfd7cfbbae6c4c8db9456c6e382e2116 P 34af61836eec41f1944d2d8eadc1e874 [term 0 FOLLOWER]: Starting leader election (no leader contacted us within the election timeout)
I20260709 14:48:59.169718 13369 raft_consensus.cc:3060] T dfd7cfbbae6c4c8db9456c6e382e2116 P 34af61836eec41f1944d2d8eadc1e874 [term 0 FOLLOWER]: Advancing to term 1
I20260709 14:48:59.170614 13363 tablet_bootstrap.cc:654] T a6e15cbbee1545b6a1eb4f729a527d6a P 34af61836eec41f1944d2d8eadc1e874: Neither blocks nor log segments found. Creating new log.
I20260709 14:48:59.176401 13369 raft_consensus.cc:515] T dfd7cfbbae6c4c8db9456c6e382e2116 P 34af61836eec41f1944d2d8eadc1e874 [term 1 FOLLOWER]: Starting leader election with config: opid_index: -1 OBSOLETE_local: false peers { permanent_uuid: "eca6bb84df92493289441dbe990d098a" member_type: VOTER last_known_addr { host: "127.11.200.1" port: 33959 } } peers { permanent_uuid: "6ac0deb958584048940ae01d09f5291f" member_type: VOTER last_known_addr { host: "127.11.200.2" port: 42001 } } peers { permanent_uuid: "34af61836eec41f1944d2d8eadc1e874" member_type: VOTER last_known_addr { host: "127.11.200.3" port: 41445 } }
I20260709 14:48:59.181303 13169 tablet_service.cc:1917] Received RequestConsensusVote() RPC: tablet_id: "dfd7cfbbae6c4c8db9456c6e382e2116" candidate_uuid: "34af61836eec41f1944d2d8eadc1e874" candidate_term: 1 candidate_status { last_received { term: 0 index: 0 } } ignore_live_leader: false dest_uuid: "eca6bb84df92493289441dbe990d098a"
I20260709 14:48:59.181900 13169 raft_consensus.cc:3060] T dfd7cfbbae6c4c8db9456c6e382e2116 P eca6bb84df92493289441dbe990d098a [term 0 FOLLOWER]: Advancing to term 1
I20260709 14:48:59.182624 13286 leader_election.cc:304] T be2aee48100c4c8cac25daf0b1ede2ae P 34af61836eec41f1944d2d8eadc1e874 [CANDIDATE]: Term 1 pre-election: Election decided. Result: candidate lost. Election summary: received 3 responses out of 3 voters: 1 yes votes; 2 no votes. yes voters: 34af61836eec41f1944d2d8eadc1e874; no voters: 6ac0deb958584048940ae01d09f5291f, eca6bb84df92493289441dbe990d098a
I20260709 14:48:59.183506 13369 leader_election.cc:290] T dfd7cfbbae6c4c8db9456c6e382e2116 P 34af61836eec41f1944d2d8eadc1e874 [CANDIDATE]: Term 1 election: Requested vote from peers eca6bb84df92493289441dbe990d098a (127.11.200.1:33959), 6ac0deb958584048940ae01d09f5291f (127.11.200.2:42001)
I20260709 14:48:59.186525 13407 raft_consensus.cc:2749] T be2aee48100c4c8cac25daf0b1ede2ae P 34af61836eec41f1944d2d8eadc1e874 [term 0 FOLLOWER]: Leader pre-election lost for term 1. Reason: could not achieve majority
I20260709 14:48:59.188906 13247 tablet_service.cc:1917] Received RequestConsensusVote() RPC: tablet_id: "dfd7cfbbae6c4c8db9456c6e382e2116" candidate_uuid: "34af61836eec41f1944d2d8eadc1e874" candidate_term: 1 candidate_status { last_received { term: 0 index: 0 } } ignore_live_leader: false dest_uuid: "6ac0deb958584048940ae01d09f5291f" is_pre_election: true
I20260709 14:48:59.189683 13247 raft_consensus.cc:2468] T dfd7cfbbae6c4c8db9456c6e382e2116 P 6ac0deb958584048940ae01d09f5291f [term 0 FOLLOWER]: Leader pre-election vote request: Granting yes vote for candidate 34af61836eec41f1944d2d8eadc1e874 in term 0.
I20260709 14:48:59.191242 13247 tablet_service.cc:1917] Received RequestConsensusVote() RPC: tablet_id: "dfd7cfbbae6c4c8db9456c6e382e2116" candidate_uuid: "34af61836eec41f1944d2d8eadc1e874" candidate_term: 1 candidate_status { last_received { term: 0 index: 0 } } ignore_live_leader: false dest_uuid: "6ac0deb958584048940ae01d09f5291f"
I20260709 14:48:59.191807 13247 raft_consensus.cc:3060] T dfd7cfbbae6c4c8db9456c6e382e2116 P 6ac0deb958584048940ae01d09f5291f [term 0 FOLLOWER]: Advancing to term 1
I20260709 14:48:59.201057 13381 raft_consensus.cc:2749] T 000e80dcd1bd44f59aaed1bca0fa68a5 P 34af61836eec41f1944d2d8eadc1e874 [term 1 FOLLOWER]: Leader pre-election lost for term 1. Reason: could not achieve majority
I20260709 14:48:59.204113 13247 raft_consensus.cc:2468] T dfd7cfbbae6c4c8db9456c6e382e2116 P 6ac0deb958584048940ae01d09f5291f [term 1 FOLLOWER]: Leader election vote request: Granting yes vote for candidate 34af61836eec41f1944d2d8eadc1e874 in term 1.
I20260709 14:48:59.205001 13361 tablet_bootstrap.cc:492] T 30c39ff036ad48f8a280d2d2b31d6f34 P eca6bb84df92493289441dbe990d098a: No bootstrap required, opened a new log
I20260709 14:48:59.205447 13361 ts_tablet_manager.cc:1403] T 30c39ff036ad48f8a280d2d2b31d6f34 P eca6bb84df92493289441dbe990d098a: Time spent bootstrapping tablet: real 0.068s	user 0.014s	sys 0.022s
I20260709 14:48:59.206126 13169 raft_consensus.cc:2468] T dfd7cfbbae6c4c8db9456c6e382e2116 P eca6bb84df92493289441dbe990d098a [term 1 FOLLOWER]: Leader election vote request: Granting yes vote for candidate 34af61836eec41f1944d2d8eadc1e874 in term 1.
I20260709 14:48:59.207147 13284 leader_election.cc:304] T dfd7cfbbae6c4c8db9456c6e382e2116 P 34af61836eec41f1944d2d8eadc1e874 [CANDIDATE]: Term 1 election: Election decided. Result: candidate won. Election summary: received 2 responses out of 3 voters: 2 yes votes; 0 no votes. yes voters: 34af61836eec41f1944d2d8eadc1e874, eca6bb84df92493289441dbe990d098a; no voters: 
I20260709 14:48:59.207947 13361 raft_consensus.cc:359] T 30c39ff036ad48f8a280d2d2b31d6f34 P eca6bb84df92493289441dbe990d098a [term 0 FOLLOWER]: Replica starting. Triggering 0 pending ops. Active config: opid_index: -1 OBSOLETE_local: false peers { permanent_uuid: "eca6bb84df92493289441dbe990d098a" member_type: VOTER last_known_addr { host: "127.11.200.1" port: 33959 } } peers { permanent_uuid: "6ac0deb958584048940ae01d09f5291f" member_type: VOTER last_known_addr { host: "127.11.200.2" port: 42001 } } peers { permanent_uuid: "34af61836eec41f1944d2d8eadc1e874" member_type: VOTER last_known_addr { host: "127.11.200.3" port: 41445 } }
I20260709 14:48:59.208645 13361 raft_consensus.cc:385] T 30c39ff036ad48f8a280d2d2b31d6f34 P eca6bb84df92493289441dbe990d098a [term 0 FOLLOWER]: Consensus starting up: Expiring failure detector timer to make a prompt election more likely
I20260709 14:48:59.209065 13361 raft_consensus.cc:740] T 30c39ff036ad48f8a280d2d2b31d6f34 P eca6bb84df92493289441dbe990d098a [term 0 FOLLOWER]: Becoming Follower/Learner. State: Replica: eca6bb84df92493289441dbe990d098a, State: Initialized, Role: FOLLOWER
I20260709 14:48:59.209640 13361 consensus_queue.cc:260] T 30c39ff036ad48f8a280d2d2b31d6f34 P eca6bb84df92493289441dbe990d098a [NON_LEADER]: Queue going to NON_LEADER mode. State: All replicated index: 0, Majority replicated index: 0, Committed index: 0, Last appended: 0.0, Last appended by leader: 0, Current term: 0, Majority size: -1, State: 0, Mode: NON_LEADER, active raft config: opid_index: -1 OBSOLETE_local: false peers { permanent_uuid: "eca6bb84df92493289441dbe990d098a" member_type: VOTER last_known_addr { host: "127.11.200.1" port: 33959 } } peers { permanent_uuid: "6ac0deb958584048940ae01d09f5291f" member_type: VOTER last_known_addr { host: "127.11.200.2" port: 42001 } } peers { permanent_uuid: "34af61836eec41f1944d2d8eadc1e874" member_type: VOTER last_known_addr { host: "127.11.200.3" port: 41445 } }
I20260709 14:48:59.210052 13363 tablet_bootstrap.cc:492] T a6e15cbbee1545b6a1eb4f729a527d6a P 34af61836eec41f1944d2d8eadc1e874: No bootstrap required, opened a new log
I20260709 14:48:59.210577 13363 ts_tablet_manager.cc:1403] T a6e15cbbee1545b6a1eb4f729a527d6a P 34af61836eec41f1944d2d8eadc1e874: Time spent bootstrapping tablet: real 0.053s	user 0.010s	sys 0.000s
I20260709 14:48:59.211550 13361 ts_tablet_manager.cc:1434] T 30c39ff036ad48f8a280d2d2b31d6f34 P eca6bb84df92493289441dbe990d098a: Time spent starting tablet: real 0.006s	user 0.004s	sys 0.000s
I20260709 14:48:59.212378 13361 tablet_bootstrap.cc:492] T bd2e296df99c46f2b534d526038739d5 P eca6bb84df92493289441dbe990d098a: Bootstrap starting.
I20260709 14:48:59.212893 13363 raft_consensus.cc:359] T a6e15cbbee1545b6a1eb4f729a527d6a P 34af61836eec41f1944d2d8eadc1e874 [term 0 FOLLOWER]: Replica starting. Triggering 0 pending ops. Active config: opid_index: -1 OBSOLETE_local: false peers { permanent_uuid: "eca6bb84df92493289441dbe990d098a" member_type: VOTER last_known_addr { host: "127.11.200.1" port: 33959 } } peers { permanent_uuid: "6ac0deb958584048940ae01d09f5291f" member_type: VOTER last_known_addr { host: "127.11.200.2" port: 42001 } } peers { permanent_uuid: "34af61836eec41f1944d2d8eadc1e874" member_type: VOTER last_known_addr { host: "127.11.200.3" port: 41445 } }
I20260709 14:48:59.213506 13363 raft_consensus.cc:385] T a6e15cbbee1545b6a1eb4f729a527d6a P 34af61836eec41f1944d2d8eadc1e874 [term 0 FOLLOWER]: Consensus starting up: Expiring failure detector timer to make a prompt election more likely
I20260709 14:48:59.213739 13363 raft_consensus.cc:740] T a6e15cbbee1545b6a1eb4f729a527d6a P 34af61836eec41f1944d2d8eadc1e874 [term 0 FOLLOWER]: Becoming Follower/Learner. State: Replica: 34af61836eec41f1944d2d8eadc1e874, State: Initialized, Role: FOLLOWER
I20260709 14:48:59.217870 13369 raft_consensus.cc:2804] T dfd7cfbbae6c4c8db9456c6e382e2116 P 34af61836eec41f1944d2d8eadc1e874 [term 1 FOLLOWER]: Leader election won for term 1
I20260709 14:48:59.217725 13363 consensus_queue.cc:260] T a6e15cbbee1545b6a1eb4f729a527d6a P 34af61836eec41f1944d2d8eadc1e874 [NON_LEADER]: Queue going to NON_LEADER mode. State: All replicated index: 0, Majority replicated index: 0, Committed index: 0, Last appended: 0.0, Last appended by leader: 0, Current term: 0, Majority size: -1, State: 0, Mode: NON_LEADER, active raft config: opid_index: -1 OBSOLETE_local: false peers { permanent_uuid: "eca6bb84df92493289441dbe990d098a" member_type: VOTER last_known_addr { host: "127.11.200.1" port: 33959 } } peers { permanent_uuid: "6ac0deb958584048940ae01d09f5291f" member_type: VOTER last_known_addr { host: "127.11.200.2" port: 42001 } } peers { permanent_uuid: "34af61836eec41f1944d2d8eadc1e874" member_type: VOTER last_known_addr { host: "127.11.200.3" port: 41445 } }
I20260709 14:48:59.219726 13363 ts_tablet_manager.cc:1434] T a6e15cbbee1545b6a1eb4f729a527d6a P 34af61836eec41f1944d2d8eadc1e874: Time spent starting tablet: real 0.009s	user 0.004s	sys 0.000s
I20260709 14:48:59.220960 13431 raft_consensus.cc:493] T d87f41f3b96c4c668fe1a9cfb66ab2a3 P 6ac0deb958584048940ae01d09f5291f [term 0 FOLLOWER]: Starting pre-election (no leader contacted us within the election timeout)
I20260709 14:48:59.218456 13369 raft_consensus.cc:697] T dfd7cfbbae6c4c8db9456c6e382e2116 P 34af61836eec41f1944d2d8eadc1e874 [term 1 LEADER]: Becoming Leader. State: Replica: 34af61836eec41f1944d2d8eadc1e874, State: Running, Role: LEADER
I20260709 14:48:59.221421 13431 raft_consensus.cc:515] T d87f41f3b96c4c668fe1a9cfb66ab2a3 P 6ac0deb958584048940ae01d09f5291f [term 0 FOLLOWER]: Starting pre-election with config: opid_index: -1 OBSOLETE_local: false peers { permanent_uuid: "eca6bb84df92493289441dbe990d098a" member_type: VOTER last_known_addr { host: "127.11.200.1" port: 33959 } } peers { permanent_uuid: "6ac0deb958584048940ae01d09f5291f" member_type: VOTER last_known_addr { host: "127.11.200.2" port: 42001 } } peers { permanent_uuid: "34af61836eec41f1944d2d8eadc1e874" member_type: VOTER last_known_addr { host: "127.11.200.3" port: 41445 } }
I20260709 14:48:59.223459 13431 leader_election.cc:290] T d87f41f3b96c4c668fe1a9cfb66ab2a3 P 6ac0deb958584048940ae01d09f5291f [CANDIDATE]: Term 1 pre-election: Requested pre-vote from peers eca6bb84df92493289441dbe990d098a (127.11.200.1:33959), 34af61836eec41f1944d2d8eadc1e874 (127.11.200.3:41445)
I20260709 14:48:59.223647 13361 tablet_bootstrap.cc:654] T bd2e296df99c46f2b534d526038739d5 P eca6bb84df92493289441dbe990d098a: Neither blocks nor log segments found. Creating new log.
I20260709 14:48:59.223802 13549 raft_consensus.cc:493] T 30c39ff036ad48f8a280d2d2b31d6f34 P eca6bb84df92493289441dbe990d098a [term 0 FOLLOWER]: Starting pre-election (no leader contacted us within the election timeout)
I20260709 14:48:59.224907 13363 tablet_bootstrap.cc:492] T 0627d76a0fa74e9cac083ee30cb4369b P 34af61836eec41f1944d2d8eadc1e874: Bootstrap starting.
I20260709 14:48:59.227079 13369 consensus_queue.cc:237] T dfd7cfbbae6c4c8db9456c6e382e2116 P 34af61836eec41f1944d2d8eadc1e874 [LEADER]: Queue going to LEADER mode. State: All replicated index: 0, Majority replicated index: 0, Committed index: 0, Last appended: 0.0, Last appended by leader: 0, Current term: 1, Majority size: 2, State: 0, Mode: LEADER, active raft config: opid_index: -1 OBSOLETE_local: false peers { permanent_uuid: "eca6bb84df92493289441dbe990d098a" member_type: VOTER last_known_addr { host: "127.11.200.1" port: 33959 } } peers { permanent_uuid: "6ac0deb958584048940ae01d09f5291f" member_type: VOTER last_known_addr { host: "127.11.200.2" port: 42001 } } peers { permanent_uuid: "34af61836eec41f1944d2d8eadc1e874" member_type: VOTER last_known_addr { host: "127.11.200.3" port: 41445 } }
I20260709 14:48:59.230650 13321 tablet_service.cc:1917] Received RequestConsensusVote() RPC: tablet_id: "d87f41f3b96c4c668fe1a9cfb66ab2a3" candidate_uuid: "6ac0deb958584048940ae01d09f5291f" candidate_term: 1 candidate_status { last_received { term: 0 index: 0 } } ignore_live_leader: false dest_uuid: "34af61836eec41f1944d2d8eadc1e874" is_pre_election: true
I20260709 14:48:59.231207 13321 raft_consensus.cc:2468] T d87f41f3b96c4c668fe1a9cfb66ab2a3 P 34af61836eec41f1944d2d8eadc1e874 [term 0 FOLLOWER]: Leader pre-election vote request: Granting yes vote for candidate 6ac0deb958584048940ae01d09f5291f in term 0.
I20260709 14:48:59.232002 13362 tablet_bootstrap.cc:492] T bd2e296df99c46f2b534d526038739d5 P 6ac0deb958584048940ae01d09f5291f: No bootstrap required, opened a new log
I20260709 14:48:59.232064 13172 tablet_service.cc:1917] Received RequestConsensusVote() RPC: tablet_id: "d87f41f3b96c4c668fe1a9cfb66ab2a3" candidate_uuid: "6ac0deb958584048940ae01d09f5291f" candidate_term: 1 candidate_status { last_received { term: 0 index: 0 } } ignore_live_leader: false dest_uuid: "eca6bb84df92493289441dbe990d098a" is_pre_election: true
I20260709 14:48:59.232697 13172 raft_consensus.cc:2468] T d87f41f3b96c4c668fe1a9cfb66ab2a3 P eca6bb84df92493289441dbe990d098a [term 0 FOLLOWER]: Leader pre-election vote request: Granting yes vote for candidate 6ac0deb958584048940ae01d09f5291f in term 0.
I20260709 14:48:59.224238 13549 raft_consensus.cc:515] T 30c39ff036ad48f8a280d2d2b31d6f34 P eca6bb84df92493289441dbe990d098a [term 0 FOLLOWER]: Starting pre-election with config: opid_index: -1 OBSOLETE_local: false peers { permanent_uuid: "eca6bb84df92493289441dbe990d098a" member_type: VOTER last_known_addr { host: "127.11.200.1" port: 33959 } } peers { permanent_uuid: "6ac0deb958584048940ae01d09f5291f" member_type: VOTER last_known_addr { host: "127.11.200.2" port: 42001 } } peers { permanent_uuid: "34af61836eec41f1944d2d8eadc1e874" member_type: VOTER last_known_addr { host: "127.11.200.3" port: 41445 } }
I20260709 14:48:59.233363 13362 ts_tablet_manager.cc:1403] T bd2e296df99c46f2b534d526038739d5 P 6ac0deb958584048940ae01d09f5291f: Time spent bootstrapping tablet: real 0.105s	user 0.029s	sys 0.022s
I20260709 14:48:59.233708 13210 leader_election.cc:304] T d87f41f3b96c4c668fe1a9cfb66ab2a3 P 6ac0deb958584048940ae01d09f5291f [CANDIDATE]: Term 1 pre-election: Election decided. Result: candidate won. Election summary: received 2 responses out of 3 voters: 2 yes votes; 0 no votes. yes voters: 6ac0deb958584048940ae01d09f5291f, eca6bb84df92493289441dbe990d098a; no voters: 
I20260709 14:48:59.234432 13549 leader_election.cc:290] T 30c39ff036ad48f8a280d2d2b31d6f34 P eca6bb84df92493289441dbe990d098a [CANDIDATE]: Term 1 pre-election: Requested pre-vote from peers 6ac0deb958584048940ae01d09f5291f (127.11.200.2:42001), 34af61836eec41f1944d2d8eadc1e874 (127.11.200.3:41445)
I20260709 14:48:59.234879 13529 raft_consensus.cc:2804] T d87f41f3b96c4c668fe1a9cfb66ab2a3 P 6ac0deb958584048940ae01d09f5291f [term 0 FOLLOWER]: Leader pre-election won for term 1
I20260709 14:48:59.235237 13529 raft_consensus.cc:493] T d87f41f3b96c4c668fe1a9cfb66ab2a3 P 6ac0deb958584048940ae01d09f5291f [term 0 FOLLOWER]: Starting leader election (no leader contacted us within the election timeout)
I20260709 14:48:59.235750 13529 raft_consensus.cc:3060] T d87f41f3b96c4c668fe1a9cfb66ab2a3 P 6ac0deb958584048940ae01d09f5291f [term 0 FOLLOWER]: Advancing to term 1
I20260709 14:48:59.236766 13362 raft_consensus.cc:359] T bd2e296df99c46f2b534d526038739d5 P 6ac0deb958584048940ae01d09f5291f [term 0 FOLLOWER]: Replica starting. Triggering 0 pending ops. Active config: opid_index: -1 OBSOLETE_local: false peers { permanent_uuid: "eca6bb84df92493289441dbe990d098a" member_type: VOTER last_known_addr { host: "127.11.200.1" port: 33959 } } peers { permanent_uuid: "6ac0deb958584048940ae01d09f5291f" member_type: VOTER last_known_addr { host: "127.11.200.2" port: 42001 } } peers { permanent_uuid: "34af61836eec41f1944d2d8eadc1e874" member_type: VOTER last_known_addr { host: "127.11.200.3" port: 41445 } }
I20260709 14:48:59.237439 13362 raft_consensus.cc:385] T bd2e296df99c46f2b534d526038739d5 P 6ac0deb958584048940ae01d09f5291f [term 0 FOLLOWER]: Consensus starting up: Expiring failure detector timer to make a prompt election more likely
I20260709 14:48:59.237763 13362 raft_consensus.cc:740] T bd2e296df99c46f2b534d526038739d5 P 6ac0deb958584048940ae01d09f5291f [term 0 FOLLOWER]: Becoming Follower/Learner. State: Replica: 6ac0deb958584048940ae01d09f5291f, State: Initialized, Role: FOLLOWER
I20260709 14:48:59.237941 13244 tablet_service.cc:1917] Received RequestConsensusVote() RPC: tablet_id: "30c39ff036ad48f8a280d2d2b31d6f34" candidate_uuid: "eca6bb84df92493289441dbe990d098a" candidate_term: 1 candidate_status { last_received { term: 0 index: 0 } } ignore_live_leader: false dest_uuid: "6ac0deb958584048940ae01d09f5291f" is_pre_election: true
I20260709 14:48:59.238549 13244 raft_consensus.cc:2468] T 30c39ff036ad48f8a280d2d2b31d6f34 P 6ac0deb958584048940ae01d09f5291f [term 0 FOLLOWER]: Leader pre-election vote request: Granting yes vote for candidate eca6bb84df92493289441dbe990d098a in term 0.
I20260709 14:48:59.238502 13362 consensus_queue.cc:260] T bd2e296df99c46f2b534d526038739d5 P 6ac0deb958584048940ae01d09f5291f [NON_LEADER]: Queue going to NON_LEADER mode. State: All replicated index: 0, Majority replicated index: 0, Committed index: 0, Last appended: 0.0, Last appended by leader: 0, Current term: 0, Majority size: -1, State: 0, Mode: NON_LEADER, active raft config: opid_index: -1 OBSOLETE_local: false peers { permanent_uuid: "eca6bb84df92493289441dbe990d098a" member_type: VOTER last_known_addr { host: "127.11.200.1" port: 33959 } } peers { permanent_uuid: "6ac0deb958584048940ae01d09f5291f" member_type: VOTER last_known_addr { host: "127.11.200.2" port: 42001 } } peers { permanent_uuid: "34af61836eec41f1944d2d8eadc1e874" member_type: VOTER last_known_addr { host: "127.11.200.3" port: 41445 } }
I20260709 14:48:59.239980 13137 leader_election.cc:304] T 30c39ff036ad48f8a280d2d2b31d6f34 P eca6bb84df92493289441dbe990d098a [CANDIDATE]: Term 1 pre-election: Election decided. Result: candidate won. Election summary: received 2 responses out of 3 voters: 2 yes votes; 0 no votes. yes voters: 6ac0deb958584048940ae01d09f5291f, eca6bb84df92493289441dbe990d098a; no voters: 
I20260709 14:48:59.241149 13549 raft_consensus.cc:2804] T 30c39ff036ad48f8a280d2d2b31d6f34 P eca6bb84df92493289441dbe990d098a [term 0 FOLLOWER]: Leader pre-election won for term 1
I20260709 14:48:59.241504 13549 raft_consensus.cc:493] T 30c39ff036ad48f8a280d2d2b31d6f34 P eca6bb84df92493289441dbe990d098a [term 0 FOLLOWER]: Starting leader election (no leader contacted us within the election timeout)
I20260709 14:48:59.241617 13529 raft_consensus.cc:515] T d87f41f3b96c4c668fe1a9cfb66ab2a3 P 6ac0deb958584048940ae01d09f5291f [term 1 FOLLOWER]: Starting leader election with config: opid_index: -1 OBSOLETE_local: false peers { permanent_uuid: "eca6bb84df92493289441dbe990d098a" member_type: VOTER last_known_addr { host: "127.11.200.1" port: 33959 } } peers { permanent_uuid: "6ac0deb958584048940ae01d09f5291f" member_type: VOTER last_known_addr { host: "127.11.200.2" port: 42001 } } peers { permanent_uuid: "34af61836eec41f1944d2d8eadc1e874" member_type: VOTER last_known_addr { host: "127.11.200.3" port: 41445 } }
I20260709 14:48:59.241863 13549 raft_consensus.cc:3060] T 30c39ff036ad48f8a280d2d2b31d6f34 P eca6bb84df92493289441dbe990d098a [term 0 FOLLOWER]: Advancing to term 1
I20260709 14:48:59.260262 13591 raft_consensus.cc:493] T a6e15cbbee1545b6a1eb4f729a527d6a P 34af61836eec41f1944d2d8eadc1e874 [term 0 FOLLOWER]: Starting pre-election (no leader contacted us within the election timeout)
I20260709 14:48:59.260896 13591 raft_consensus.cc:515] T a6e15cbbee1545b6a1eb4f729a527d6a P 34af61836eec41f1944d2d8eadc1e874 [term 0 FOLLOWER]: Starting pre-election with config: opid_index: -1 OBSOLETE_local: false peers { permanent_uuid: "eca6bb84df92493289441dbe990d098a" member_type: VOTER last_known_addr { host: "127.11.200.1" port: 33959 } } peers { permanent_uuid: "6ac0deb958584048940ae01d09f5291f" member_type: VOTER last_known_addr { host: "127.11.200.2" port: 42001 } } peers { permanent_uuid: "34af61836eec41f1944d2d8eadc1e874" member_type: VOTER last_known_addr { host: "127.11.200.3" port: 41445 } }
I20260709 14:48:59.263042 13591 leader_election.cc:290] T a6e15cbbee1545b6a1eb4f729a527d6a P 34af61836eec41f1944d2d8eadc1e874 [CANDIDATE]: Term 1 pre-election: Requested pre-vote from peers eca6bb84df92493289441dbe990d098a (127.11.200.1:33959), 6ac0deb958584048940ae01d09f5291f (127.11.200.2:42001)
I20260709 14:48:59.292786 13363 tablet_bootstrap.cc:654] T 0627d76a0fa74e9cac083ee30cb4369b P 34af61836eec41f1944d2d8eadc1e874: Neither blocks nor log segments found. Creating new log.
I20260709 14:48:59.295549 13362 ts_tablet_manager.cc:1434] T bd2e296df99c46f2b534d526038739d5 P 6ac0deb958584048940ae01d09f5291f: Time spent starting tablet: real 0.062s	user 0.006s	sys 0.000s
I20260709 14:48:59.295749 13321 raft_consensus.cc:3060] T be2aee48100c4c8cac25daf0b1ede2ae P 34af61836eec41f1944d2d8eadc1e874 [term 0 FOLLOWER]: Advancing to term 1
I20260709 14:48:59.296552 13362 tablet_bootstrap.cc:492] T 1126bf8fa5d249c685963bfd12fe964f P 6ac0deb958584048940ae01d09f5291f: Bootstrap starting.
I20260709 14:48:59.297989 13433 raft_consensus.cc:493] T f7cc9ed775734ac79d74174b4e1621a8 P 6ac0deb958584048940ae01d09f5291f [term 0 FOLLOWER]: Starting pre-election (no leader contacted us within the election timeout)
I20260709 14:48:59.299968 13433 raft_consensus.cc:515] T f7cc9ed775734ac79d74174b4e1621a8 P 6ac0deb958584048940ae01d09f5291f [term 0 FOLLOWER]: Starting pre-election with config: opid_index: -1 OBSOLETE_local: false peers { permanent_uuid: "eca6bb84df92493289441dbe990d098a" member_type: VOTER last_known_addr { host: "127.11.200.1" port: 33959 } } peers { permanent_uuid: "6ac0deb958584048940ae01d09f5291f" member_type: VOTER last_known_addr { host: "127.11.200.2" port: 42001 } } peers { permanent_uuid: "34af61836eec41f1944d2d8eadc1e874" member_type: VOTER last_known_addr { host: "127.11.200.3" port: 41445 } }
I20260709 14:48:59.301807 13433 leader_election.cc:290] T f7cc9ed775734ac79d74174b4e1621a8 P 6ac0deb958584048940ae01d09f5291f [CANDIDATE]: Term 1 pre-election: Requested pre-vote from peers eca6bb84df92493289441dbe990d098a (127.11.200.1:33959), 34af61836eec41f1944d2d8eadc1e874 (127.11.200.3:41445)
I20260709 14:48:59.306520 13169 tablet_service.cc:1917] Received RequestConsensusVote() RPC: tablet_id: "f7cc9ed775734ac79d74174b4e1621a8" candidate_uuid: "6ac0deb958584048940ae01d09f5291f" candidate_term: 1 candidate_status { last_received { term: 0 index: 0 } } ignore_live_leader: false dest_uuid: "eca6bb84df92493289441dbe990d098a" is_pre_election: true
W20260709 14:48:59.308156 13138 outbound_call.cc:321] RPC callback for RPC call kudu.consensus.ConsensusService.UpdateConsensus -> {remote=127.11.200.3:41445, user_credentials={real_user=slave}} blocked reactor thread for 78410.2us
I20260709 14:48:59.313859 13244 tablet_service.cc:1917] Received RequestConsensusVote() RPC: tablet_id: "a6e15cbbee1545b6a1eb4f729a527d6a" candidate_uuid: "34af61836eec41f1944d2d8eadc1e874" candidate_term: 1 candidate_status { last_received { term: 0 index: 0 } } ignore_live_leader: false dest_uuid: "6ac0deb958584048940ae01d09f5291f" is_pre_election: true
W20260709 14:48:59.323623 13210 leader_election.cc:343] T f7cc9ed775734ac79d74174b4e1621a8 P 6ac0deb958584048940ae01d09f5291f [CANDIDATE]: Term 1 pre-election: Tablet error from VoteRequest() call to peer eca6bb84df92493289441dbe990d098a (127.11.200.1:33959): Illegal state: must be running to vote when last-logged opid is not known
W20260709 14:48:59.328925 13286 leader_election.cc:343] T a6e15cbbee1545b6a1eb4f729a527d6a P 34af61836eec41f1944d2d8eadc1e874 [CANDIDATE]: Term 1 pre-election: Tablet error from VoteRequest() call to peer 6ac0deb958584048940ae01d09f5291f (127.11.200.2:42001): Illegal state: must be running to vote when last-logged opid is not known
I20260709 14:48:59.317907 13407 raft_consensus.cc:493] T 9f41fc0e827e40f9a2ab29d9087d2882 P 34af61836eec41f1944d2d8eadc1e874 [term 0 FOLLOWER]: Starting pre-election (no leader contacted us within the election timeout)
I20260709 14:48:59.331797 13529 leader_election.cc:290] T d87f41f3b96c4c668fe1a9cfb66ab2a3 P 6ac0deb958584048940ae01d09f5291f [CANDIDATE]: Term 1 election: Requested vote from peers eca6bb84df92493289441dbe990d098a (127.11.200.1:33959), 34af61836eec41f1944d2d8eadc1e874 (127.11.200.3:41445)
I20260709 14:48:59.333134 13407 raft_consensus.cc:515] T 9f41fc0e827e40f9a2ab29d9087d2882 P 34af61836eec41f1944d2d8eadc1e874 [term 0 FOLLOWER]: Starting pre-election with config: opid_index: -1 OBSOLETE_local: false peers { permanent_uuid: "eca6bb84df92493289441dbe990d098a" member_type: VOTER last_known_addr { host: "127.11.200.1" port: 33959 } } peers { permanent_uuid: "6ac0deb958584048940ae01d09f5291f" member_type: VOTER last_known_addr { host: "127.11.200.2" port: 42001 } } peers { permanent_uuid: "34af61836eec41f1944d2d8eadc1e874" member_type: VOTER last_known_addr { host: "127.11.200.3" port: 41445 } }
I20260709 14:48:59.341289 13170 tablet_service.cc:1917] Received RequestConsensusVote() RPC: tablet_id: "a6e15cbbee1545b6a1eb4f729a527d6a" candidate_uuid: "34af61836eec41f1944d2d8eadc1e874" candidate_term: 1 candidate_status { last_received { term: 0 index: 0 } } ignore_live_leader: false dest_uuid: "eca6bb84df92493289441dbe990d098a" is_pre_election: true
I20260709 14:48:59.341956 13170 raft_consensus.cc:2468] T a6e15cbbee1545b6a1eb4f729a527d6a P eca6bb84df92493289441dbe990d098a [term 0 FOLLOWER]: Leader pre-election vote request: Granting yes vote for candidate 34af61836eec41f1944d2d8eadc1e874 in term 0.
I20260709 14:48:59.334565 13320 tablet_service.cc:1917] Received RequestConsensusVote() RPC: tablet_id: "f7cc9ed775734ac79d74174b4e1621a8" candidate_uuid: "6ac0deb958584048940ae01d09f5291f" candidate_term: 1 candidate_status { last_received { term: 0 index: 0 } } ignore_live_leader: false dest_uuid: "34af61836eec41f1944d2d8eadc1e874" is_pre_election: true
I20260709 14:48:59.349752 13318 tablet_service.cc:1917] Received RequestConsensusVote() RPC: tablet_id: "d87f41f3b96c4c668fe1a9cfb66ab2a3" candidate_uuid: "6ac0deb958584048940ae01d09f5291f" candidate_term: 1 candidate_status { last_received { term: 0 index: 0 } } ignore_live_leader: false dest_uuid: "34af61836eec41f1944d2d8eadc1e874"
I20260709 14:48:59.350375 13318 raft_consensus.cc:3060] T d87f41f3b96c4c668fe1a9cfb66ab2a3 P 34af61836eec41f1944d2d8eadc1e874 [term 0 FOLLOWER]: Advancing to term 1
I20260709 14:48:59.350546 13407 leader_election.cc:290] T 9f41fc0e827e40f9a2ab29d9087d2882 P 34af61836eec41f1944d2d8eadc1e874 [CANDIDATE]: Term 1 pre-election: Requested pre-vote from peers eca6bb84df92493289441dbe990d098a (127.11.200.1:33959), 6ac0deb958584048940ae01d09f5291f (127.11.200.2:42001)
I20260709 14:48:59.351166 13539 raft_consensus.cc:493] T cb6a5d21a459453ba3a2aa966f090ca8 P eca6bb84df92493289441dbe990d098a [term 0 FOLLOWER]: Starting pre-election (no leader contacted us within the election timeout)
I20260709 14:48:59.351658 13539 raft_consensus.cc:515] T cb6a5d21a459453ba3a2aa966f090ca8 P eca6bb84df92493289441dbe990d098a [term 0 FOLLOWER]: Starting pre-election with config: opid_index: -1 OBSOLETE_local: false peers { permanent_uuid: "eca6bb84df92493289441dbe990d098a" member_type: VOTER last_known_addr { host: "127.11.200.1" port: 33959 } } peers { permanent_uuid: "6ac0deb958584048940ae01d09f5291f" member_type: VOTER last_known_addr { host: "127.11.200.2" port: 42001 } } peers { permanent_uuid: "34af61836eec41f1944d2d8eadc1e874" member_type: VOTER last_known_addr { host: "127.11.200.3" port: 41445 } }
I20260709 14:48:59.335016 13549 raft_consensus.cc:515] T 30c39ff036ad48f8a280d2d2b31d6f34 P eca6bb84df92493289441dbe990d098a [term 1 FOLLOWER]: Starting leader election with config: opid_index: -1 OBSOLETE_local: false peers { permanent_uuid: "eca6bb84df92493289441dbe990d098a" member_type: VOTER last_known_addr { host: "127.11.200.1" port: 33959 } } peers { permanent_uuid: "6ac0deb958584048940ae01d09f5291f" member_type: VOTER last_known_addr { host: "127.11.200.2" port: 42001 } } peers { permanent_uuid: "34af61836eec41f1944d2d8eadc1e874" member_type: VOTER last_known_addr { host: "127.11.200.3" port: 41445 } }
I20260709 14:48:59.355326 13549 leader_election.cc:290] T 30c39ff036ad48f8a280d2d2b31d6f34 P eca6bb84df92493289441dbe990d098a [CANDIDATE]: Term 1 election: Requested vote from peers 6ac0deb958584048940ae01d09f5291f (127.11.200.2:42001), 34af61836eec41f1944d2d8eadc1e874 (127.11.200.3:41445)
I20260709 14:48:59.355821 13284 leader_election.cc:304] T a6e15cbbee1545b6a1eb4f729a527d6a P 34af61836eec41f1944d2d8eadc1e874 [CANDIDATE]: Term 1 pre-election: Election decided. Result: candidate won. Election summary: received 3 responses out of 3 voters: 2 yes votes; 1 no votes. yes voters: 34af61836eec41f1944d2d8eadc1e874, eca6bb84df92493289441dbe990d098a; no voters: 6ac0deb958584048940ae01d09f5291f
I20260709 14:48:59.357127 13168 tablet_service.cc:1917] Received RequestConsensusVote() RPC: tablet_id: "9f41fc0e827e40f9a2ab29d9087d2882" candidate_uuid: "34af61836eec41f1944d2d8eadc1e874" candidate_term: 1 candidate_status { last_received { term: 0 index: 0 } } ignore_live_leader: false dest_uuid: "eca6bb84df92493289441dbe990d098a" is_pre_election: true
I20260709 14:48:59.357774 13168 raft_consensus.cc:2468] T 9f41fc0e827e40f9a2ab29d9087d2882 P eca6bb84df92493289441dbe990d098a [term 0 FOLLOWER]: Leader pre-election vote request: Granting yes vote for candidate 34af61836eec41f1944d2d8eadc1e874 in term 0.
I20260709 14:48:59.362254 13384 raft_consensus.cc:2804] T a6e15cbbee1545b6a1eb4f729a527d6a P 34af61836eec41f1944d2d8eadc1e874 [term 0 FOLLOWER]: Leader pre-election won for term 1
W20260709 14:48:59.362493 13213 leader_election.cc:343] T f7cc9ed775734ac79d74174b4e1621a8 P 6ac0deb958584048940ae01d09f5291f [CANDIDATE]: Term 1 pre-election: Tablet error from VoteRequest() call to peer 34af61836eec41f1944d2d8eadc1e874 (127.11.200.3:41445): Illegal state: must be running to vote when last-logged opid is not known
I20260709 14:48:59.362689 13384 raft_consensus.cc:493] T a6e15cbbee1545b6a1eb4f729a527d6a P 34af61836eec41f1944d2d8eadc1e874 [term 0 FOLLOWER]: Starting leader election (no leader contacted us within the election timeout)
I20260709 14:48:59.362972 13213 leader_election.cc:304] T f7cc9ed775734ac79d74174b4e1621a8 P 6ac0deb958584048940ae01d09f5291f [CANDIDATE]: Term 1 pre-election: Election decided. Result: candidate lost. Election summary: received 3 responses out of 3 voters: 1 yes votes; 2 no votes. yes voters: 6ac0deb958584048940ae01d09f5291f; no voters: 34af61836eec41f1944d2d8eadc1e874, eca6bb84df92493289441dbe990d098a
I20260709 14:48:59.363675 13170 tablet_service.cc:1917] Received RequestConsensusVote() RPC: tablet_id: "d87f41f3b96c4c668fe1a9cfb66ab2a3" candidate_uuid: "6ac0deb958584048940ae01d09f5291f" candidate_term: 1 candidate_status { last_received { term: 0 index: 0 } } ignore_live_leader: false dest_uuid: "eca6bb84df92493289441dbe990d098a"
I20260709 14:48:59.364097 13630 raft_consensus.cc:2749] T f7cc9ed775734ac79d74174b4e1621a8 P 6ac0deb958584048940ae01d09f5291f [term 0 FOLLOWER]: Leader pre-election lost for term 1. Reason: could not achieve majority
I20260709 14:48:59.364225 13384 raft_consensus.cc:3060] T a6e15cbbee1545b6a1eb4f729a527d6a P 34af61836eec41f1944d2d8eadc1e874 [term 0 FOLLOWER]: Advancing to term 1
I20260709 14:48:59.363255 13320 tablet_service.cc:1917] Received RequestConsensusVote() RPC: tablet_id: "30c39ff036ad48f8a280d2d2b31d6f34" candidate_uuid: "eca6bb84df92493289441dbe990d098a" candidate_term: 1 candidate_status { last_received { term: 0 index: 0 } } ignore_live_leader: false dest_uuid: "34af61836eec41f1944d2d8eadc1e874"
I20260709 14:48:59.365303 13284 leader_election.cc:304] T 9f41fc0e827e40f9a2ab29d9087d2882 P 34af61836eec41f1944d2d8eadc1e874 [CANDIDATE]: Term 1 pre-election: Election decided. Result: candidate won. Election summary: received 2 responses out of 3 voters: 2 yes votes; 0 no votes. yes voters: 34af61836eec41f1944d2d8eadc1e874, eca6bb84df92493289441dbe990d098a; no voters: 
I20260709 14:48:59.365481 13320 raft_consensus.cc:3060] T 30c39ff036ad48f8a280d2d2b31d6f34 P 34af61836eec41f1944d2d8eadc1e874 [term 0 FOLLOWER]: Advancing to term 1
I20260709 14:48:59.364284 13170 raft_consensus.cc:3060] T d87f41f3b96c4c668fe1a9cfb66ab2a3 P eca6bb84df92493289441dbe990d098a [term 0 FOLLOWER]: Advancing to term 1
I20260709 14:48:59.378229 13244 tablet_service.cc:1917] Received RequestConsensusVote() RPC: tablet_id: "30c39ff036ad48f8a280d2d2b31d6f34" candidate_uuid: "eca6bb84df92493289441dbe990d098a" candidate_term: 1 candidate_status { last_received { term: 0 index: 0 } } ignore_live_leader: false dest_uuid: "6ac0deb958584048940ae01d09f5291f"
I20260709 14:48:59.378921 13244 raft_consensus.cc:3060] T 30c39ff036ad48f8a280d2d2b31d6f34 P 6ac0deb958584048940ae01d09f5291f [term 0 FOLLOWER]: Advancing to term 1
I20260709 14:48:59.374315 13591 raft_consensus.cc:2804] T 9f41fc0e827e40f9a2ab29d9087d2882 P 34af61836eec41f1944d2d8eadc1e874 [term 0 FOLLOWER]: Leader pre-election won for term 1
I20260709 14:48:59.388008 13442 consensus_queue.cc:1048] T 7ec16d786ba84d1f9acebc97f329c996 P 34af61836eec41f1944d2d8eadc1e874 [LEADER]: Connected to new peer: Peer: permanent_uuid: "6ac0deb958584048940ae01d09f5291f" member_type: VOTER last_known_addr { host: "127.11.200.2" port: 42001 }, Status: LMP_MISMATCH, Last received: 0.0, Next index: 1, Last known committed idx: 0, Time since last communication: 0.000s
I20260709 14:48:59.375840 13247 tablet_service.cc:1917] Received RequestConsensusVote() RPC: tablet_id: "9f41fc0e827e40f9a2ab29d9087d2882" candidate_uuid: "34af61836eec41f1944d2d8eadc1e874" candidate_term: 1 candidate_status { last_received { term: 0 index: 0 } } ignore_live_leader: false dest_uuid: "6ac0deb958584048940ae01d09f5291f" is_pre_election: true
I20260709 14:48:59.395922 13539 leader_election.cc:290] T cb6a5d21a459453ba3a2aa966f090ca8 P eca6bb84df92493289441dbe990d098a [CANDIDATE]: Term 1 pre-election: Requested pre-vote from peers 6ac0deb958584048940ae01d09f5291f (127.11.200.2:42001), 34af61836eec41f1944d2d8eadc1e874 (127.11.200.3:41445)
I20260709 14:48:59.388934 13591 raft_consensus.cc:493] T 9f41fc0e827e40f9a2ab29d9087d2882 P 34af61836eec41f1944d2d8eadc1e874 [term 0 FOLLOWER]: Starting leader election (no leader contacted us within the election timeout)
I20260709 14:48:59.389137 13317 tablet_service.cc:1917] Received RequestConsensusVote() RPC: tablet_id: "30c39ff036ad48f8a280d2d2b31d6f34" candidate_uuid: "eca6bb84df92493289441dbe990d098a" candidate_term: 1 candidate_status { last_received { term: 0 index: 0 } } ignore_live_leader: false dest_uuid: "34af61836eec41f1944d2d8eadc1e874" is_pre_election: true
I20260709 14:48:59.394966 13247 raft_consensus.cc:2468] T 9f41fc0e827e40f9a2ab29d9087d2882 P 6ac0deb958584048940ae01d09f5291f [term 0 FOLLOWER]: Leader pre-election vote request: Granting yes vote for candidate 34af61836eec41f1944d2d8eadc1e874 in term 0.
I20260709 14:48:59.401736 13246 tablet_service.cc:1917] Received RequestConsensusVote() RPC: tablet_id: "cb6a5d21a459453ba3a2aa966f090ca8" candidate_uuid: "eca6bb84df92493289441dbe990d098a" candidate_term: 1 candidate_status { last_received { term: 0 index: 0 } } ignore_live_leader: false dest_uuid: "6ac0deb958584048940ae01d09f5291f" is_pre_election: true
I20260709 14:48:59.411043 13361 tablet_bootstrap.cc:492] T bd2e296df99c46f2b534d526038739d5 P eca6bb84df92493289441dbe990d098a: No bootstrap required, opened a new log
I20260709 14:48:59.411506 13384 raft_consensus.cc:515] T a6e15cbbee1545b6a1eb4f729a527d6a P 34af61836eec41f1944d2d8eadc1e874 [term 1 FOLLOWER]: Starting leader election with config: opid_index: -1 OBSOLETE_local: false peers { permanent_uuid: "eca6bb84df92493289441dbe990d098a" member_type: VOTER last_known_addr { host: "127.11.200.1" port: 33959 } } peers { permanent_uuid: "6ac0deb958584048940ae01d09f5291f" member_type: VOTER last_known_addr { host: "127.11.200.2" port: 42001 } } peers { permanent_uuid: "34af61836eec41f1944d2d8eadc1e874" member_type: VOTER last_known_addr { host: "127.11.200.3" port: 41445 } }
I20260709 14:48:59.412078 13361 ts_tablet_manager.cc:1403] T bd2e296df99c46f2b534d526038739d5 P eca6bb84df92493289441dbe990d098a: Time spent bootstrapping tablet: real 0.200s	user 0.005s	sys 0.017s
