I20260709 14:48:56.434015  7407 ts_tablet_manager.cc:1434] T fe051a79d77a4c068a522b301d853337 P d9d3307d22d24ca88cdb8a4233a0530f: Time spent starting tablet: real 0.132s	user 0.004s	sys 0.003s
I20260709 14:48:56.434854  7407 tablet_bootstrap.cc:492] T 5fd1fbee69ab4119b951fe476140a2f4 P d9d3307d22d24ca88cdb8a4233a0530f: Bootstrap starting.
I20260709 14:48:56.437304  7406 tablet_bootstrap.cc:654] T b7d143251a75447484d109dab6a47c5c P 71f89b370c054a95a6adb10ce244cc4c: Neither blocks nor log segments found. Creating new log.
I20260709 14:48:56.437404  7113 catalog_manager.cc:5697] T abf66aec803341c38d278f7b3e3bc730 P 70177ac10f6f4c13b3c315ce5891ff4e reported cstate change: term changed from 0 to 2, leader changed from <none> to 70177ac10f6f4c13b3c315ce5891ff4e (127.5.249.67). New cstate: current_term: 2 leader_uuid: "70177ac10f6f4c13b3c315ce5891ff4e" committed_config { opid_index: -1 OBSOLETE_local: false peers { permanent_uuid: "d9d3307d22d24ca88cdb8a4233a0530f" member_type: VOTER last_known_addr { host: "127.5.249.65" port: 38103 } health_report { overall_health: UNKNOWN } } peers { permanent_uuid: "71f89b370c054a95a6adb10ce244cc4c" member_type: VOTER last_known_addr { host: "127.5.249.66" port: 41007 } health_report { overall_health: UNKNOWN } } peers { permanent_uuid: "70177ac10f6f4c13b3c315ce5891ff4e" member_type: VOTER last_known_addr { host: "127.5.249.67" port: 42595 } health_report { overall_health: HEALTHY } } }
I20260709 14:48:56.447729  7577 raft_consensus.cc:493] T 9bc2585c75ac4375bda2df9c65cd15f4 P 71f89b370c054a95a6adb10ce244cc4c [term 0 FOLLOWER]: Starting pre-election (no leader contacted us within the election timeout)
I20260709 14:48:56.448169  7577 raft_consensus.cc:515] T 9bc2585c75ac4375bda2df9c65cd15f4 P 71f89b370c054a95a6adb10ce244cc4c [term 0 FOLLOWER]: Starting pre-election with config: opid_index: -1 OBSOLETE_local: false peers { permanent_uuid: "d9d3307d22d24ca88cdb8a4233a0530f" member_type: VOTER last_known_addr { host: "127.5.249.65" port: 38103 } } peers { permanent_uuid: "71f89b370c054a95a6adb10ce244cc4c" member_type: VOTER last_known_addr { host: "127.5.249.66" port: 41007 } } peers { permanent_uuid: "70177ac10f6f4c13b3c315ce5891ff4e" member_type: VOTER last_known_addr { host: "127.5.249.67" port: 42595 } }
I20260709 14:48:56.454586  7210 tablet_service.cc:1917] Received RequestConsensusVote() RPC: tablet_id: "9bc2585c75ac4375bda2df9c65cd15f4" candidate_uuid: "71f89b370c054a95a6adb10ce244cc4c" candidate_term: 1 candidate_status { last_received { term: 0 index: 0 } } ignore_live_leader: false dest_uuid: "d9d3307d22d24ca88cdb8a4233a0530f" is_pre_election: true
I20260709 14:48:56.455180  7364 tablet_service.cc:1917] Received RequestConsensusVote() RPC: tablet_id: "9bc2585c75ac4375bda2df9c65cd15f4" candidate_uuid: "71f89b370c054a95a6adb10ce244cc4c" candidate_term: 1 candidate_status { last_received { term: 0 index: 0 } } ignore_live_leader: false dest_uuid: "70177ac10f6f4c13b3c315ce5891ff4e" is_pre_election: true
W20260709 14:48:56.455919  7257 leader_election.cc:343] T 9bc2585c75ac4375bda2df9c65cd15f4 P 71f89b370c054a95a6adb10ce244cc4c [CANDIDATE]: Term 1 pre-election: Tablet error from VoteRequest() call to peer d9d3307d22d24ca88cdb8a4233a0530f (127.5.249.65:38103): Illegal state: must be running to vote when last-logged opid is not known
I20260709 14:48:56.452263  7577 leader_election.cc:290] T 9bc2585c75ac4375bda2df9c65cd15f4 P 71f89b370c054a95a6adb10ce244cc4c [CANDIDATE]: Term 1 pre-election: Requested pre-vote from peers d9d3307d22d24ca88cdb8a4233a0530f (127.5.249.65:38103), 70177ac10f6f4c13b3c315ce5891ff4e (127.5.249.67:42595)
I20260709 14:48:56.459438  7365 tablet_service.cc:1917] Received RequestConsensusVote() RPC: tablet_id: "a82eaa8d781045f1ad6920fc609a3324" candidate_uuid: "d9d3307d22d24ca88cdb8a4233a0530f" candidate_term: 1 candidate_status { last_received { term: 0 index: 0 } } ignore_live_leader: false dest_uuid: "70177ac10f6f4c13b3c315ce5891ff4e"
I20260709 14:48:56.465418  7580 consensus_queue.cc:1048] T 924dc25f261f45609244403c146df6fe P 70177ac10f6f4c13b3c315ce5891ff4e [LEADER]: Connected to new peer: Peer: permanent_uuid: "d9d3307d22d24ca88cdb8a4233a0530f" member_type: VOTER last_known_addr { host: "127.5.249.65" port: 38103 }, Status: LMP_MISMATCH, Last received: 0.0, Next index: 1, Last known committed idx: 0, Time since last communication: 0.000s
I20260709 14:48:56.472496  7179 leader_election.cc:304] T a82eaa8d781045f1ad6920fc609a3324 P d9d3307d22d24ca88cdb8a4233a0530f [CANDIDATE]: Term 1 election: Election decided. Result: candidate won. Election summary: received 2 responses out of 3 voters: 2 yes votes; 0 no votes. yes voters: 71f89b370c054a95a6adb10ce244cc4c, d9d3307d22d24ca88cdb8a4233a0530f; no voters: 
I20260709 14:48:56.473279  7519 raft_consensus.cc:2804] T a82eaa8d781045f1ad6920fc609a3324 P d9d3307d22d24ca88cdb8a4233a0530f [term 1 FOLLOWER]: Leader election won for term 1
I20260709 14:48:56.473784  7519 raft_consensus.cc:697] T a82eaa8d781045f1ad6920fc609a3324 P d9d3307d22d24ca88cdb8a4233a0530f [term 1 LEADER]: Becoming Leader. State: Replica: d9d3307d22d24ca88cdb8a4233a0530f, State: Running, Role: LEADER
I20260709 14:48:56.474642  7519 consensus_queue.cc:237] T a82eaa8d781045f1ad6920fc609a3324 P d9d3307d22d24ca88cdb8a4233a0530f [LEADER]: Queue going to LEADER mode. State: All replicated index: 0, Majority replicated index: 0, Committed index: 0, Last appended: 0.0, Last appended by leader: 0, Current term: 1, Majority size: 2, State: 0, Mode: LEADER, active raft config: opid_index: -1 OBSOLETE_local: false peers { permanent_uuid: "d9d3307d22d24ca88cdb8a4233a0530f" member_type: VOTER last_known_addr { host: "127.5.249.65" port: 38103 } } peers { permanent_uuid: "71f89b370c054a95a6adb10ce244cc4c" member_type: VOTER last_known_addr { host: "127.5.249.66" port: 41007 } } peers { permanent_uuid: "70177ac10f6f4c13b3c315ce5891ff4e" member_type: VOTER last_known_addr { host: "127.5.249.67" port: 42595 } }
I20260709 14:48:56.481600  7407 tablet_bootstrap.cc:654] T 5fd1fbee69ab4119b951fe476140a2f4 P d9d3307d22d24ca88cdb8a4233a0530f: Neither blocks nor log segments found. Creating new log.
I20260709 14:48:56.481961  7405 tablet_bootstrap.cc:492] T a82eaa8d781045f1ad6920fc609a3324 P 70177ac10f6f4c13b3c315ce5891ff4e: No bootstrap required, opened a new log
I20260709 14:48:56.482398  7405 ts_tablet_manager.cc:1403] T a82eaa8d781045f1ad6920fc609a3324 P 70177ac10f6f4c13b3c315ce5891ff4e: Time spent bootstrapping tablet: real 0.305s	user 0.014s	sys 0.007s
W20260709 14:48:56.474314  7179 leader_election.cc:343] T a82eaa8d781045f1ad6920fc609a3324 P d9d3307d22d24ca88cdb8a4233a0530f [CANDIDATE]: Term 1 election: Tablet error from VoteRequest() call to peer 70177ac10f6f4c13b3c315ce5891ff4e (127.5.249.67:42595): Illegal state: must be running to vote when last-logged opid is not known
I20260709 14:48:56.493214  7405 raft_consensus.cc:359] T a82eaa8d781045f1ad6920fc609a3324 P 70177ac10f6f4c13b3c315ce5891ff4e [term 0 FOLLOWER]: Replica starting. Triggering 0 pending ops. Active config: opid_index: -1 OBSOLETE_local: false peers { permanent_uuid: "d9d3307d22d24ca88cdb8a4233a0530f" member_type: VOTER last_known_addr { host: "127.5.249.65" port: 38103 } } peers { permanent_uuid: "71f89b370c054a95a6adb10ce244cc4c" member_type: VOTER last_known_addr { host: "127.5.249.66" port: 41007 } } peers { permanent_uuid: "70177ac10f6f4c13b3c315ce5891ff4e" member_type: VOTER last_known_addr { host: "127.5.249.67" port: 42595 } }
I20260709 14:48:56.493891  7405 raft_consensus.cc:385] T a82eaa8d781045f1ad6920fc609a3324 P 70177ac10f6f4c13b3c315ce5891ff4e [term 0 FOLLOWER]: Consensus starting up: Expiring failure detector timer to make a prompt election more likely
I20260709 14:48:56.494166  7405 raft_consensus.cc:740] T a82eaa8d781045f1ad6920fc609a3324 P 70177ac10f6f4c13b3c315ce5891ff4e [term 0 FOLLOWER]: Becoming Follower/Learner. State: Replica: 70177ac10f6f4c13b3c315ce5891ff4e, State: Initialized, Role: FOLLOWER
W20260709 14:48:56.495457  7254 leader_election.cc:343] T 9bc2585c75ac4375bda2df9c65cd15f4 P 71f89b370c054a95a6adb10ce244cc4c [CANDIDATE]: Term 1 pre-election: Tablet error from VoteRequest() call to peer 70177ac10f6f4c13b3c315ce5891ff4e (127.5.249.67:42595): Illegal state: must be running to vote when last-logged opid is not known
I20260709 14:48:56.495893  7254 leader_election.cc:304] T 9bc2585c75ac4375bda2df9c65cd15f4 P 71f89b370c054a95a6adb10ce244cc4c [CANDIDATE]: Term 1 pre-election: Election decided. Result: candidate lost. Election summary: received 3 responses out of 3 voters: 1 yes votes; 2 no votes. yes voters: 71f89b370c054a95a6adb10ce244cc4c; no voters: 70177ac10f6f4c13b3c315ce5891ff4e, d9d3307d22d24ca88cdb8a4233a0530f
I20260709 14:48:56.497776  7405 consensus_queue.cc:260] T a82eaa8d781045f1ad6920fc609a3324 P 70177ac10f6f4c13b3c315ce5891ff4e [NON_LEADER]: Queue going to NON_LEADER mode. State: All replicated index: 0, Majority replicated index: 0, Committed index: 0, Last appended: 0.0, Last appended by leader: 0, Current term: 0, Majority size: -1, State: 0, Mode: NON_LEADER, active raft config: opid_index: -1 OBSOLETE_local: false peers { permanent_uuid: "d9d3307d22d24ca88cdb8a4233a0530f" member_type: VOTER last_known_addr { host: "127.5.249.65" port: 38103 } } peers { permanent_uuid: "71f89b370c054a95a6adb10ce244cc4c" member_type: VOTER last_known_addr { host: "127.5.249.66" port: 41007 } } peers { permanent_uuid: "70177ac10f6f4c13b3c315ce5891ff4e" member_type: VOTER last_known_addr { host: "127.5.249.67" port: 42595 } }
I20260709 14:48:56.497547  7465 raft_consensus.cc:2749] T 9bc2585c75ac4375bda2df9c65cd15f4 P 71f89b370c054a95a6adb10ce244cc4c [term 0 FOLLOWER]: Leader pre-election lost for term 1. Reason: could not achieve majority
W20260709 14:48:56.503568  7254 consensus_peers.cc:597] T 39e3bbe18c6246359ab11dba88e2deba P 71f89b370c054a95a6adb10ce244cc4c -> Peer 70177ac10f6f4c13b3c315ce5891ff4e (127.5.249.67:42595): Couldn't send request to peer 70177ac10f6f4c13b3c315ce5891ff4e. Error code: TABLET_NOT_RUNNING (12). Status: Illegal state: Tablet not RUNNING: INITIALIZED. This is attempt 1: this message will repeat every 5th retry.
I20260709 14:48:56.504487  7414 raft_consensus.cc:493] T fe051a79d77a4c068a522b301d853337 P d9d3307d22d24ca88cdb8a4233a0530f [term 0 FOLLOWER]: Starting pre-election (no leader contacted us within the election timeout)
I20260709 14:48:56.504974  7414 raft_consensus.cc:515] T fe051a79d77a4c068a522b301d853337 P d9d3307d22d24ca88cdb8a4233a0530f [term 0 FOLLOWER]: Starting pre-election with config: opid_index: -1 OBSOLETE_local: false peers { permanent_uuid: "d9d3307d22d24ca88cdb8a4233a0530f" member_type: VOTER last_known_addr { host: "127.5.249.65" port: 38103 } } peers { permanent_uuid: "71f89b370c054a95a6adb10ce244cc4c" member_type: VOTER last_known_addr { host: "127.5.249.66" port: 41007 } } peers { permanent_uuid: "70177ac10f6f4c13b3c315ce5891ff4e" member_type: VOTER last_known_addr { host: "127.5.249.67" port: 42595 } }
I20260709 14:48:56.507391  7405 ts_tablet_manager.cc:1434] T a82eaa8d781045f1ad6920fc609a3324 P 70177ac10f6f4c13b3c315ce5891ff4e: Time spent starting tablet: real 0.025s	user 0.005s	sys 0.000s
I20260709 14:48:56.507412  7111 catalog_manager.cc:5697] T 64fd8031391a4a2db171eeda318014e9 P 70177ac10f6f4c13b3c315ce5891ff4e reported cstate change: term changed from 0 to 1, leader changed from <none> to 70177ac10f6f4c13b3c315ce5891ff4e (127.5.249.67). New cstate: current_term: 1 leader_uuid: "70177ac10f6f4c13b3c315ce5891ff4e" committed_config { opid_index: -1 OBSOLETE_local: false peers { permanent_uuid: "d9d3307d22d24ca88cdb8a4233a0530f" member_type: VOTER last_known_addr { host: "127.5.249.65" port: 38103 } health_report { overall_health: UNKNOWN } } peers { permanent_uuid: "71f89b370c054a95a6adb10ce244cc4c" member_type: VOTER last_known_addr { host: "127.5.249.66" port: 41007 } health_report { overall_health: UNKNOWN } } peers { permanent_uuid: "70177ac10f6f4c13b3c315ce5891ff4e" member_type: VOTER last_known_addr { host: "127.5.249.67" port: 42595 } health_report { overall_health: HEALTHY } } }
I20260709 14:48:56.508348  7414 leader_election.cc:290] T fe051a79d77a4c068a522b301d853337 P d9d3307d22d24ca88cdb8a4233a0530f [CANDIDATE]: Term 1 pre-election: Requested pre-vote from peers 71f89b370c054a95a6adb10ce244cc4c (127.5.249.66:41007), 70177ac10f6f4c13b3c315ce5891ff4e (127.5.249.67:42595)
I20260709 14:48:56.508687  7405 tablet_bootstrap.cc:492] T fe051a79d77a4c068a522b301d853337 P 70177ac10f6f4c13b3c315ce5891ff4e: Bootstrap starting.
W20260709 14:48:56.513065  7331 consensus_peers.cc:597] T 5fd1fbee69ab4119b951fe476140a2f4 P 70177ac10f6f4c13b3c315ce5891ff4e -> Peer d9d3307d22d24ca88cdb8a4233a0530f (127.5.249.65:38103): Couldn't send request to peer d9d3307d22d24ca88cdb8a4233a0530f. Error code: TABLET_NOT_RUNNING (12). Status: Illegal state: Tablet not RUNNING: BOOTSTRAPPING. This is attempt 1: this message will repeat every 5th retry.
I20260709 14:48:56.514290  7364 tablet_service.cc:1917] Received RequestConsensusVote() RPC: tablet_id: "fe051a79d77a4c068a522b301d853337" candidate_uuid: "d9d3307d22d24ca88cdb8a4233a0530f" candidate_term: 1 candidate_status { last_received { term: 0 index: 0 } } ignore_live_leader: false dest_uuid: "70177ac10f6f4c13b3c315ce5891ff4e" is_pre_election: true
I20260709 14:48:56.516705  7287 tablet_service.cc:1917] Received RequestConsensusVote() RPC: tablet_id: "fe051a79d77a4c068a522b301d853337" candidate_uuid: "d9d3307d22d24ca88cdb8a4233a0530f" candidate_term: 1 candidate_status { last_received { term: 0 index: 0 } } ignore_live_leader: false dest_uuid: "71f89b370c054a95a6adb10ce244cc4c" is_pre_election: true
I20260709 14:48:56.517319  7287 raft_consensus.cc:2468] T fe051a79d77a4c068a522b301d853337 P 71f89b370c054a95a6adb10ce244cc4c [term 0 FOLLOWER]: Leader pre-election vote request: Granting yes vote for candidate d9d3307d22d24ca88cdb8a4233a0530f in term 0.
I20260709 14:48:56.518613  7179 leader_election.cc:304] T fe051a79d77a4c068a522b301d853337 P d9d3307d22d24ca88cdb8a4233a0530f [CANDIDATE]: Term 1 pre-election: Election decided. Result: candidate won. Election summary: received 2 responses out of 3 voters: 2 yes votes; 0 no votes. yes voters: 71f89b370c054a95a6adb10ce244cc4c, d9d3307d22d24ca88cdb8a4233a0530f; no voters: 
I20260709 14:48:56.519389  7414 raft_consensus.cc:2804] T fe051a79d77a4c068a522b301d853337 P d9d3307d22d24ca88cdb8a4233a0530f [term 0 FOLLOWER]: Leader pre-election won for term 1
I20260709 14:48:56.526006  7406 tablet_bootstrap.cc:492] T b7d143251a75447484d109dab6a47c5c P 71f89b370c054a95a6adb10ce244cc4c: No bootstrap required, opened a new log
I20260709 14:48:56.529136  7406 ts_tablet_manager.cc:1403] T b7d143251a75447484d109dab6a47c5c P 71f89b370c054a95a6adb10ce244cc4c: Time spent bootstrapping tablet: real 0.243s	user 0.019s	sys 0.006s
I20260709 14:48:56.519737  7414 raft_consensus.cc:493] T fe051a79d77a4c068a522b301d853337 P d9d3307d22d24ca88cdb8a4233a0530f [term 0 FOLLOWER]: Starting leader election (no leader contacted us within the election timeout)
I20260709 14:48:56.531495  7414 raft_consensus.cc:3060] T fe051a79d77a4c068a522b301d853337 P d9d3307d22d24ca88cdb8a4233a0530f [term 0 FOLLOWER]: Advancing to term 1
W20260709 14:48:56.533654  7179 leader_election.cc:343] T fe051a79d77a4c068a522b301d853337 P d9d3307d22d24ca88cdb8a4233a0530f [CANDIDATE]: Term 1 pre-election: Tablet error from VoteRequest() call to peer 70177ac10f6f4c13b3c315ce5891ff4e (127.5.249.67:42595): Illegal state: must be running to vote when last-logged opid is not known
I20260709 14:48:56.541419  7414 raft_consensus.cc:515] T fe051a79d77a4c068a522b301d853337 P d9d3307d22d24ca88cdb8a4233a0530f [term 1 FOLLOWER]: Starting leader election with config: opid_index: -1 OBSOLETE_local: false peers { permanent_uuid: "d9d3307d22d24ca88cdb8a4233a0530f" member_type: VOTER last_known_addr { host: "127.5.249.65" port: 38103 } } peers { permanent_uuid: "71f89b370c054a95a6adb10ce244cc4c" member_type: VOTER last_known_addr { host: "127.5.249.66" port: 41007 } } peers { permanent_uuid: "70177ac10f6f4c13b3c315ce5891ff4e" member_type: VOTER last_known_addr { host: "127.5.249.67" port: 42595 } }
I20260709 14:48:56.543519  7414 leader_election.cc:290] T fe051a79d77a4c068a522b301d853337 P d9d3307d22d24ca88cdb8a4233a0530f [CANDIDATE]: Term 1 election: Requested vote from peers 71f89b370c054a95a6adb10ce244cc4c (127.5.249.66:41007), 70177ac10f6f4c13b3c315ce5891ff4e (127.5.249.67:42595)
I20260709 14:48:56.544866  7287 tablet_service.cc:1917] Received RequestConsensusVote() RPC: tablet_id: "fe051a79d77a4c068a522b301d853337" candidate_uuid: "d9d3307d22d24ca88cdb8a4233a0530f" candidate_term: 1 candidate_status { last_received { term: 0 index: 0 } } ignore_live_leader: false dest_uuid: "71f89b370c054a95a6adb10ce244cc4c"
I20260709 14:48:56.545444  7407 tablet_bootstrap.cc:492] T 5fd1fbee69ab4119b951fe476140a2f4 P d9d3307d22d24ca88cdb8a4233a0530f: No bootstrap required, opened a new log
I20260709 14:48:56.544304  7406 raft_consensus.cc:359] T b7d143251a75447484d109dab6a47c5c P 71f89b370c054a95a6adb10ce244cc4c [term 0 FOLLOWER]: Replica starting. Triggering 0 pending ops. Active config: opid_index: -1 OBSOLETE_local: false peers { permanent_uuid: "d9d3307d22d24ca88cdb8a4233a0530f" member_type: VOTER last_known_addr { host: "127.5.249.65" port: 38103 } } peers { permanent_uuid: "71f89b370c054a95a6adb10ce244cc4c" member_type: VOTER last_known_addr { host: "127.5.249.66" port: 41007 } } peers { permanent_uuid: "70177ac10f6f4c13b3c315ce5891ff4e" member_type: VOTER last_known_addr { host: "127.5.249.67" port: 42595 } }
I20260709 14:48:56.545384  7287 raft_consensus.cc:3060] T fe051a79d77a4c068a522b301d853337 P 71f89b370c054a95a6adb10ce244cc4c [term 0 FOLLOWER]: Advancing to term 1
I20260709 14:48:56.545226  7111 catalog_manager.cc:5697] T 5d8e1cc7878241229488ca730a499767 P 71f89b370c054a95a6adb10ce244cc4c reported cstate change: term changed from 0 to 1, leader changed from <none> to 71f89b370c054a95a6adb10ce244cc4c (127.5.249.66). New cstate: current_term: 1 leader_uuid: "71f89b370c054a95a6adb10ce244cc4c" committed_config { opid_index: -1 OBSOLETE_local: false peers { permanent_uuid: "d9d3307d22d24ca88cdb8a4233a0530f" member_type: VOTER last_known_addr { host: "127.5.249.65" port: 38103 } health_report { overall_health: UNKNOWN } } peers { permanent_uuid: "71f89b370c054a95a6adb10ce244cc4c" member_type: VOTER last_known_addr { host: "127.5.249.66" port: 41007 } health_report { overall_health: HEALTHY } } peers { permanent_uuid: "70177ac10f6f4c13b3c315ce5891ff4e" member_type: VOTER last_known_addr { host: "127.5.249.67" port: 42595 } health_report { overall_health: UNKNOWN } } }
I20260709 14:48:56.548792  7406 raft_consensus.cc:385] T b7d143251a75447484d109dab6a47c5c P 71f89b370c054a95a6adb10ce244cc4c [term 0 FOLLOWER]: Consensus starting up: Expiring failure detector timer to make a prompt election more likely
I20260709 14:48:56.549098  7406 raft_consensus.cc:740] T b7d143251a75447484d109dab6a47c5c P 71f89b370c054a95a6adb10ce244cc4c [term 0 FOLLOWER]: Becoming Follower/Learner. State: Replica: 71f89b370c054a95a6adb10ce244cc4c, State: Initialized, Role: FOLLOWER
I20260709 14:48:56.549643  7406 consensus_queue.cc:260] T b7d143251a75447484d109dab6a47c5c P 71f89b370c054a95a6adb10ce244cc4c [NON_LEADER]: Queue going to NON_LEADER mode. State: All replicated index: 0, Majority replicated index: 0, Committed index: 0, Last appended: 0.0, Last appended by leader: 0, Current term: 0, Majority size: -1, State: 0, Mode: NON_LEADER, active raft config: opid_index: -1 OBSOLETE_local: false peers { permanent_uuid: "d9d3307d22d24ca88cdb8a4233a0530f" member_type: VOTER last_known_addr { host: "127.5.249.65" port: 38103 } } peers { permanent_uuid: "71f89b370c054a95a6adb10ce244cc4c" member_type: VOTER last_known_addr { host: "127.5.249.66" port: 41007 } } peers { permanent_uuid: "70177ac10f6f4c13b3c315ce5891ff4e" member_type: VOTER last_known_addr { host: "127.5.249.67" port: 42595 } }
I20260709 14:48:56.551321  7406 ts_tablet_manager.cc:1434] T b7d143251a75447484d109dab6a47c5c P 71f89b370c054a95a6adb10ce244cc4c: Time spent starting tablet: real 0.022s	user 0.006s	sys 0.000s
I20260709 14:48:56.552102  7406 tablet_bootstrap.cc:492] T 55dd0e65c7e6477bb35b11b4401e114e P 71f89b370c054a95a6adb10ce244cc4c: Bootstrap starting.
I20260709 14:48:56.546500  7407 ts_tablet_manager.cc:1403] T 5fd1fbee69ab4119b951fe476140a2f4 P d9d3307d22d24ca88cdb8a4233a0530f: Time spent bootstrapping tablet: real 0.112s	user 0.015s	sys 0.009s
I20260709 14:48:56.546698  7364 tablet_service.cc:1917] Received RequestConsensusVote() RPC: tablet_id: "fe051a79d77a4c068a522b301d853337" candidate_uuid: "d9d3307d22d24ca88cdb8a4233a0530f" candidate_term: 1 candidate_status { last_received { term: 0 index: 0 } } ignore_live_leader: false dest_uuid: "70177ac10f6f4c13b3c315ce5891ff4e"
I20260709 14:48:56.556362  7406 tablet_bootstrap.cc:654] T 55dd0e65c7e6477bb35b11b4401e114e P 71f89b370c054a95a6adb10ce244cc4c: Neither blocks nor log segments found. Creating new log.
I20260709 14:48:56.546864  7113 catalog_manager.cc:5697] T a82eaa8d781045f1ad6920fc609a3324 P d9d3307d22d24ca88cdb8a4233a0530f reported cstate change: term changed from 0 to 1, leader changed from <none> to d9d3307d22d24ca88cdb8a4233a0530f (127.5.249.65). New cstate: current_term: 1 leader_uuid: "d9d3307d22d24ca88cdb8a4233a0530f" committed_config { opid_index: -1 OBSOLETE_local: false peers { permanent_uuid: "d9d3307d22d24ca88cdb8a4233a0530f" member_type: VOTER last_known_addr { host: "127.5.249.65" port: 38103 } health_report { overall_health: HEALTHY } } peers { permanent_uuid: "71f89b370c054a95a6adb10ce244cc4c" member_type: VOTER last_known_addr { host: "127.5.249.66" port: 41007 } health_report { overall_health: UNKNOWN } } peers { permanent_uuid: "70177ac10f6f4c13b3c315ce5891ff4e" member_type: VOTER last_known_addr { host: "127.5.249.67" port: 42595 } health_report { overall_health: UNKNOWN } } }
I20260709 14:48:56.548588  7405 tablet_bootstrap.cc:654] T fe051a79d77a4c068a522b301d853337 P 70177ac10f6f4c13b3c315ce5891ff4e: Neither blocks nor log segments found. Creating new log.
W20260709 14:48:56.557121  7179 leader_election.cc:343] T fe051a79d77a4c068a522b301d853337 P d9d3307d22d24ca88cdb8a4233a0530f [CANDIDATE]: Term 1 election: Tablet error from VoteRequest() call to peer 70177ac10f6f4c13b3c315ce5891ff4e (127.5.249.67:42595): Illegal state: must be running to vote when last-logged opid is not known
I20260709 14:48:56.558086  7287 raft_consensus.cc:2468] T fe051a79d77a4c068a522b301d853337 P 71f89b370c054a95a6adb10ce244cc4c [term 1 FOLLOWER]: Leader election vote request: Granting yes vote for candidate d9d3307d22d24ca88cdb8a4233a0530f in term 1.
I20260709 14:48:56.558176  7407 raft_consensus.cc:359] T 5fd1fbee69ab4119b951fe476140a2f4 P d9d3307d22d24ca88cdb8a4233a0530f [term 0 FOLLOWER]: Replica starting. Triggering 0 pending ops. Active config: opid_index: -1 OBSOLETE_local: false peers { permanent_uuid: "d9d3307d22d24ca88cdb8a4233a0530f" member_type: VOTER last_known_addr { host: "127.5.249.65" port: 38103 } } peers { permanent_uuid: "71f89b370c054a95a6adb10ce244cc4c" member_type: VOTER last_known_addr { host: "127.5.249.66" port: 41007 } } peers { permanent_uuid: "70177ac10f6f4c13b3c315ce5891ff4e" member_type: VOTER last_known_addr { host: "127.5.249.67" port: 42595 } }
I20260709 14:48:56.559005  7407 raft_consensus.cc:385] T 5fd1fbee69ab4119b951fe476140a2f4 P d9d3307d22d24ca88cdb8a4233a0530f [term 0 FOLLOWER]: Consensus starting up: Expiring failure detector timer to make a prompt election more likely
I20260709 14:48:56.559216  7179 leader_election.cc:304] T fe051a79d77a4c068a522b301d853337 P d9d3307d22d24ca88cdb8a4233a0530f [CANDIDATE]: Term 1 election: Election decided. Result: candidate won. Election summary: received 3 responses out of 3 voters: 2 yes votes; 1 no votes. yes voters: 71f89b370c054a95a6adb10ce244cc4c, d9d3307d22d24ca88cdb8a4233a0530f; no voters: 70177ac10f6f4c13b3c315ce5891ff4e
I20260709 14:48:56.560318  7414 raft_consensus.cc:2804] T fe051a79d77a4c068a522b301d853337 P d9d3307d22d24ca88cdb8a4233a0530f [term 1 FOLLOWER]: Leader election won for term 1
I20260709 14:48:56.560791  7414 raft_consensus.cc:697] T fe051a79d77a4c068a522b301d853337 P d9d3307d22d24ca88cdb8a4233a0530f [term 1 LEADER]: Becoming Leader. State: Replica: d9d3307d22d24ca88cdb8a4233a0530f, State: Running, Role: LEADER
I20260709 14:48:56.561559  7414 consensus_queue.cc:237] T fe051a79d77a4c068a522b301d853337 P d9d3307d22d24ca88cdb8a4233a0530f [LEADER]: Queue going to LEADER mode. State: All replicated index: 0, Majority replicated index: 0, Committed index: 0, Last appended: 0.0, Last appended by leader: 0, Current term: 1, Majority size: 2, State: 0, Mode: LEADER, active raft config: opid_index: -1 OBSOLETE_local: false peers { permanent_uuid: "d9d3307d22d24ca88cdb8a4233a0530f" member_type: VOTER last_known_addr { host: "127.5.249.65" port: 38103 } } peers { permanent_uuid: "71f89b370c054a95a6adb10ce244cc4c" member_type: VOTER last_known_addr { host: "127.5.249.66" port: 41007 } } peers { permanent_uuid: "70177ac10f6f4c13b3c315ce5891ff4e" member_type: VOTER last_known_addr { host: "127.5.249.67" port: 42595 } }
I20260709 14:48:56.559370  7407 raft_consensus.cc:740] T 5fd1fbee69ab4119b951fe476140a2f4 P d9d3307d22d24ca88cdb8a4233a0530f [term 0 FOLLOWER]: Becoming Follower/Learner. State: Replica: d9d3307d22d24ca88cdb8a4233a0530f, State: Initialized, Role: FOLLOWER
I20260709 14:48:56.564968  7407 consensus_queue.cc:260] T 5fd1fbee69ab4119b951fe476140a2f4 P d9d3307d22d24ca88cdb8a4233a0530f [NON_LEADER]: Queue going to NON_LEADER mode. State: All replicated index: 0, Majority replicated index: 0, Committed index: 0, Last appended: 0.0, Last appended by leader: 0, Current term: 0, Majority size: -1, State: 0, Mode: NON_LEADER, active raft config: opid_index: -1 OBSOLETE_local: false peers { permanent_uuid: "d9d3307d22d24ca88cdb8a4233a0530f" member_type: VOTER last_known_addr { host: "127.5.249.65" port: 38103 } } peers { permanent_uuid: "71f89b370c054a95a6adb10ce244cc4c" member_type: VOTER last_known_addr { host: "127.5.249.66" port: 41007 } } peers { permanent_uuid: "70177ac10f6f4c13b3c315ce5891ff4e" member_type: VOTER last_known_addr { host: "127.5.249.67" port: 42595 } }
I20260709 14:48:56.566938  7407 ts_tablet_manager.cc:1434] T 5fd1fbee69ab4119b951fe476140a2f4 P d9d3307d22d24ca88cdb8a4233a0530f: Time spent starting tablet: real 0.011s	user 0.006s	sys 0.000s
I20260709 14:48:56.567730  7407 tablet_bootstrap.cc:492] T 64fd8031391a4a2db171eeda318014e9 P d9d3307d22d24ca88cdb8a4233a0530f: Bootstrap starting.
I20260709 14:48:56.573262  7405 tablet_bootstrap.cc:492] T fe051a79d77a4c068a522b301d853337 P 70177ac10f6f4c13b3c315ce5891ff4e: No bootstrap required, opened a new log
I20260709 14:48:56.573680  7405 ts_tablet_manager.cc:1403] T fe051a79d77a4c068a522b301d853337 P 70177ac10f6f4c13b3c315ce5891ff4e: Time spent bootstrapping tablet: real 0.065s	user 0.010s	sys 0.008s
I20260709 14:48:56.574735  7407 tablet_bootstrap.cc:654] T 64fd8031391a4a2db171eeda318014e9 P d9d3307d22d24ca88cdb8a4233a0530f: Neither blocks nor log segments found. Creating new log.
I20260709 14:48:56.576016  7405 raft_consensus.cc:359] T fe051a79d77a4c068a522b301d853337 P 70177ac10f6f4c13b3c315ce5891ff4e [term 0 FOLLOWER]: Replica starting. Triggering 0 pending ops. Active config: opid_index: -1 OBSOLETE_local: false peers { permanent_uuid: "d9d3307d22d24ca88cdb8a4233a0530f" member_type: VOTER last_known_addr { host: "127.5.249.65" port: 38103 } } peers { permanent_uuid: "71f89b370c054a95a6adb10ce244cc4c" member_type: VOTER last_known_addr { host: "127.5.249.66" port: 41007 } } peers { permanent_uuid: "70177ac10f6f4c13b3c315ce5891ff4e" member_type: VOTER last_known_addr { host: "127.5.249.67" port: 42595 } }
I20260709 14:48:56.576658  7405 raft_consensus.cc:385] T fe051a79d77a4c068a522b301d853337 P 70177ac10f6f4c13b3c315ce5891ff4e [term 0 FOLLOWER]: Consensus starting up: Expiring failure detector timer to make a prompt election more likely
I20260709 14:48:56.576896  7405 raft_consensus.cc:740] T fe051a79d77a4c068a522b301d853337 P 70177ac10f6f4c13b3c315ce5891ff4e [term 0 FOLLOWER]: Becoming Follower/Learner. State: Replica: 70177ac10f6f4c13b3c315ce5891ff4e, State: Initialized, Role: FOLLOWER
I20260709 14:48:56.579144  7406 tablet_bootstrap.cc:492] T 55dd0e65c7e6477bb35b11b4401e114e P 71f89b370c054a95a6adb10ce244cc4c: No bootstrap required, opened a new log
I20260709 14:48:56.579555  7406 ts_tablet_manager.cc:1403] T 55dd0e65c7e6477bb35b11b4401e114e P 71f89b370c054a95a6adb10ce244cc4c: Time spent bootstrapping tablet: real 0.028s	user 0.006s	sys 0.004s
I20260709 14:48:56.579970  7112 catalog_manager.cc:5697] T fe051a79d77a4c068a522b301d853337 P d9d3307d22d24ca88cdb8a4233a0530f reported cstate change: term changed from 0 to 1, leader changed from <none> to d9d3307d22d24ca88cdb8a4233a0530f (127.5.249.65). New cstate: current_term: 1 leader_uuid: "d9d3307d22d24ca88cdb8a4233a0530f" committed_config { opid_index: -1 OBSOLETE_local: false peers { permanent_uuid: "d9d3307d22d24ca88cdb8a4233a0530f" member_type: VOTER last_known_addr { host: "127.5.249.65" port: 38103 } health_report { overall_health: HEALTHY } } peers { permanent_uuid: "71f89b370c054a95a6adb10ce244cc4c" member_type: VOTER last_known_addr { host: "127.5.249.66" port: 41007 } health_report { overall_health: UNKNOWN } } peers { permanent_uuid: "70177ac10f6f4c13b3c315ce5891ff4e" member_type: VOTER last_known_addr { host: "127.5.249.67" port: 42595 } health_report { overall_health: UNKNOWN } } }
I20260709 14:48:56.581841  7405 consensus_queue.cc:260] T fe051a79d77a4c068a522b301d853337 P 70177ac10f6f4c13b3c315ce5891ff4e [NON_LEADER]: Queue going to NON_LEADER mode. State: All replicated index: 0, Majority replicated index: 0, Committed index: 0, Last appended: 0.0, Last appended by leader: 0, Current term: 0, Majority size: -1, State: 0, Mode: NON_LEADER, active raft config: opid_index: -1 OBSOLETE_local: false peers { permanent_uuid: "d9d3307d22d24ca88cdb8a4233a0530f" member_type: VOTER last_known_addr { host: "127.5.249.65" port: 38103 } } peers { permanent_uuid: "71f89b370c054a95a6adb10ce244cc4c" member_type: VOTER last_known_addr { host: "127.5.249.66" port: 41007 } } peers { permanent_uuid: "70177ac10f6f4c13b3c315ce5891ff4e" member_type: VOTER last_known_addr { host: "127.5.249.67" port: 42595 } }
I20260709 14:48:56.583920  7405 ts_tablet_manager.cc:1434] T fe051a79d77a4c068a522b301d853337 P 70177ac10f6f4c13b3c315ce5891ff4e: Time spent starting tablet: real 0.010s	user 0.006s	sys 0.000s
I20260709 14:48:56.584766  7405 tablet_bootstrap.cc:492] T 39e3bbe18c6246359ab11dba88e2deba P 70177ac10f6f4c13b3c315ce5891ff4e: Bootstrap starting.
I20260709 14:48:56.586073  7407 tablet_bootstrap.cc:492] T 64fd8031391a4a2db171eeda318014e9 P d9d3307d22d24ca88cdb8a4233a0530f: No bootstrap required, opened a new log
I20260709 14:48:56.586477  7407 ts_tablet_manager.cc:1403] T 64fd8031391a4a2db171eeda318014e9 P d9d3307d22d24ca88cdb8a4233a0530f: Time spent bootstrapping tablet: real 0.019s	user 0.008s	sys 0.006s
I20260709 14:48:56.586850  7406 raft_consensus.cc:359] T 55dd0e65c7e6477bb35b11b4401e114e P 71f89b370c054a95a6adb10ce244cc4c [term 0 FOLLOWER]: Replica starting. Triggering 0 pending ops. Active config: opid_index: -1 OBSOLETE_local: false peers { permanent_uuid: "d9d3307d22d24ca88cdb8a4233a0530f" member_type: VOTER last_known_addr { host: "127.5.249.65" port: 38103 } } peers { permanent_uuid: "71f89b370c054a95a6adb10ce244cc4c" member_type: VOTER last_known_addr { host: "127.5.249.66" port: 41007 } } peers { permanent_uuid: "70177ac10f6f4c13b3c315ce5891ff4e" member_type: VOTER last_known_addr { host: "127.5.249.67" port: 42595 } }
I20260709 14:48:56.588850  7407 raft_consensus.cc:359] T 64fd8031391a4a2db171eeda318014e9 P d9d3307d22d24ca88cdb8a4233a0530f [term 0 FOLLOWER]: Replica starting. Triggering 0 pending ops. Active config: opid_index: -1 OBSOLETE_local: false peers { permanent_uuid: "d9d3307d22d24ca88cdb8a4233a0530f" member_type: VOTER last_known_addr { host: "127.5.249.65" port: 38103 } } peers { permanent_uuid: "71f89b370c054a95a6adb10ce244cc4c" member_type: VOTER last_known_addr { host: "127.5.249.66" port: 41007 } } peers { permanent_uuid: "70177ac10f6f4c13b3c315ce5891ff4e" member_type: VOTER last_known_addr { host: "127.5.249.67" port: 42595 } }
I20260709 14:48:56.589488  7407 raft_consensus.cc:385] T 64fd8031391a4a2db171eeda318014e9 P d9d3307d22d24ca88cdb8a4233a0530f [term 0 FOLLOWER]: Consensus starting up: Expiring failure detector timer to make a prompt election more likely
I20260709 14:48:56.589741  7407 raft_consensus.cc:740] T 64fd8031391a4a2db171eeda318014e9 P d9d3307d22d24ca88cdb8a4233a0530f [term 0 FOLLOWER]: Becoming Follower/Learner. State: Replica: d9d3307d22d24ca88cdb8a4233a0530f, State: Initialized, Role: FOLLOWER
I20260709 14:48:56.591786  7405 tablet_bootstrap.cc:654] T 39e3bbe18c6246359ab11dba88e2deba P 70177ac10f6f4c13b3c315ce5891ff4e: Neither blocks nor log segments found. Creating new log.
I20260709 14:48:56.587502  7406 raft_consensus.cc:385] T 55dd0e65c7e6477bb35b11b4401e114e P 71f89b370c054a95a6adb10ce244cc4c [term 0 FOLLOWER]: Consensus starting up: Expiring failure detector timer to make a prompt election more likely
I20260709 14:48:56.594671  7406 raft_consensus.cc:740] T 55dd0e65c7e6477bb35b11b4401e114e P 71f89b370c054a95a6adb10ce244cc4c [term 0 FOLLOWER]: Becoming Follower/Learner. State: Replica: 71f89b370c054a95a6adb10ce244cc4c, State: Initialized, Role: FOLLOWER
I20260709 14:48:56.595422  7406 consensus_queue.cc:260] T 55dd0e65c7e6477bb35b11b4401e114e P 71f89b370c054a95a6adb10ce244cc4c [NON_LEADER]: Queue going to NON_LEADER mode. State: All replicated index: 0, Majority replicated index: 0, Committed index: 0, Last appended: 0.0, Last appended by leader: 0, Current term: 0, Majority size: -1, State: 0, Mode: NON_LEADER, active raft config: opid_index: -1 OBSOLETE_local: false peers { permanent_uuid: "d9d3307d22d24ca88cdb8a4233a0530f" member_type: VOTER last_known_addr { host: "127.5.249.65" port: 38103 } } peers { permanent_uuid: "71f89b370c054a95a6adb10ce244cc4c" member_type: VOTER last_known_addr { host: "127.5.249.66" port: 41007 } } peers { permanent_uuid: "70177ac10f6f4c13b3c315ce5891ff4e" member_type: VOTER last_known_addr { host: "127.5.249.67" port: 42595 } }
I20260709 14:48:56.590384  7407 consensus_queue.cc:260] T 64fd8031391a4a2db171eeda318014e9 P d9d3307d22d24ca88cdb8a4233a0530f [NON_LEADER]: Queue going to NON_LEADER mode. State: All replicated index: 0, Majority replicated index: 0, Committed index: 0, Last appended: 0.0, Last appended by leader: 0, Current term: 0, Majority size: -1, State: 0, Mode: NON_LEADER, active raft config: opid_index: -1 OBSOLETE_local: false peers { permanent_uuid: "d9d3307d22d24ca88cdb8a4233a0530f" member_type: VOTER last_known_addr { host: "127.5.249.65" port: 38103 } } peers { permanent_uuid: "71f89b370c054a95a6adb10ce244cc4c" member_type: VOTER last_known_addr { host: "127.5.249.66" port: 41007 } } peers { permanent_uuid: "70177ac10f6f4c13b3c315ce5891ff4e" member_type: VOTER last_known_addr { host: "127.5.249.67" port: 42595 } }
I20260709 14:48:56.597502  7406 ts_tablet_manager.cc:1434] T 55dd0e65c7e6477bb35b11b4401e114e P 71f89b370c054a95a6adb10ce244cc4c: Time spent starting tablet: real 0.018s	user 0.006s	sys 0.000s
I20260709 14:48:56.597815  7407 ts_tablet_manager.cc:1434] T 64fd8031391a4a2db171eeda318014e9 P d9d3307d22d24ca88cdb8a4233a0530f: Time spent starting tablet: real 0.011s	user 0.005s	sys 0.000s
I20260709 14:48:56.598549  7406 tablet_bootstrap.cc:492] T ad88a9e7f0b349b8ac0ba41e6be56718 P 71f89b370c054a95a6adb10ce244cc4c: Bootstrap starting.
I20260709 14:48:56.598670  7407 tablet_bootstrap.cc:492] T 327b6a3650db455b813ab8938add747d P d9d3307d22d24ca88cdb8a4233a0530f: Bootstrap starting.
I20260709 14:48:56.600486  7405 tablet_bootstrap.cc:492] T 39e3bbe18c6246359ab11dba88e2deba P 70177ac10f6f4c13b3c315ce5891ff4e: No bootstrap required, opened a new log
I20260709 14:48:56.600891  7405 ts_tablet_manager.cc:1403] T 39e3bbe18c6246359ab11dba88e2deba P 70177ac10f6f4c13b3c315ce5891ff4e: Time spent bootstrapping tablet: real 0.016s	user 0.007s	sys 0.001s
I20260709 14:48:56.605142  7407 tablet_bootstrap.cc:654] T 327b6a3650db455b813ab8938add747d P d9d3307d22d24ca88cdb8a4233a0530f: Neither blocks nor log segments found. Creating new log.
I20260709 14:48:56.610033  7407 tablet_bootstrap.cc:492] T 327b6a3650db455b813ab8938add747d P d9d3307d22d24ca88cdb8a4233a0530f: No bootstrap required, opened a new log
I20260709 14:48:56.610424  7406 tablet_bootstrap.cc:654] T ad88a9e7f0b349b8ac0ba41e6be56718 P 71f89b370c054a95a6adb10ce244cc4c: Neither blocks nor log segments found. Creating new log.
I20260709 14:48:56.610435  7407 ts_tablet_manager.cc:1403] T 327b6a3650db455b813ab8938add747d P d9d3307d22d24ca88cdb8a4233a0530f: Time spent bootstrapping tablet: real 0.012s	user 0.010s	sys 0.000s
I20260709 14:48:56.610783  7405 raft_consensus.cc:359] T 39e3bbe18c6246359ab11dba88e2deba P 70177ac10f6f4c13b3c315ce5891ff4e [term 0 FOLLOWER]: Replica starting. Triggering 0 pending ops. Active config: opid_index: -1 OBSOLETE_local: false peers { permanent_uuid: "d9d3307d22d24ca88cdb8a4233a0530f" member_type: VOTER last_known_addr { host: "127.5.249.65" port: 38103 } } peers { permanent_uuid: "71f89b370c054a95a6adb10ce244cc4c" member_type: VOTER last_known_addr { host: "127.5.249.66" port: 41007 } } peers { permanent_uuid: "70177ac10f6f4c13b3c315ce5891ff4e" member_type: VOTER last_known_addr { host: "127.5.249.67" port: 42595 } }
I20260709 14:48:56.611460  7405 raft_consensus.cc:385] T 39e3bbe18c6246359ab11dba88e2deba P 70177ac10f6f4c13b3c315ce5891ff4e [term 0 FOLLOWER]: Consensus starting up: Expiring failure detector timer to make a prompt election more likely
I20260709 14:48:56.611721  7405 raft_consensus.cc:740] T 39e3bbe18c6246359ab11dba88e2deba P 70177ac10f6f4c13b3c315ce5891ff4e [term 0 FOLLOWER]: Becoming Follower/Learner. State: Replica: 70177ac10f6f4c13b3c315ce5891ff4e, State: Initialized, Role: FOLLOWER
I20260709 14:48:56.612460  7405 consensus_queue.cc:260] T 39e3bbe18c6246359ab11dba88e2deba P 70177ac10f6f4c13b3c315ce5891ff4e [NON_LEADER]: Queue going to NON_LEADER mode. State: All replicated index: 0, Majority replicated index: 0, Committed index: 0, Last appended: 0.0, Last appended by leader: 0, Current term: 0, Majority size: -1, State: 0, Mode: NON_LEADER, active raft config: opid_index: -1 OBSOLETE_local: false peers { permanent_uuid: "d9d3307d22d24ca88cdb8a4233a0530f" member_type: VOTER last_known_addr { host: "127.5.249.65" port: 38103 } } peers { permanent_uuid: "71f89b370c054a95a6adb10ce244cc4c" member_type: VOTER last_known_addr { host: "127.5.249.66" port: 41007 } } peers { permanent_uuid: "70177ac10f6f4c13b3c315ce5891ff4e" member_type: VOTER last_known_addr { host: "127.5.249.67" port: 42595 } }
I20260709 14:48:56.612962  7407 raft_consensus.cc:359] T 327b6a3650db455b813ab8938add747d P d9d3307d22d24ca88cdb8a4233a0530f [term 0 FOLLOWER]: Replica starting. Triggering 0 pending ops. Active config: opid_index: -1 OBSOLETE_local: false peers { permanent_uuid: "d9d3307d22d24ca88cdb8a4233a0530f" member_type: VOTER last_known_addr { host: "127.5.249.65" port: 38103 } } peers { permanent_uuid: "71f89b370c054a95a6adb10ce244cc4c" member_type: VOTER last_known_addr { host: "127.5.249.66" port: 41007 } } peers { permanent_uuid: "70177ac10f6f4c13b3c315ce5891ff4e" member_type: VOTER last_known_addr { host: "127.5.249.67" port: 42595 } }
I20260709 14:48:56.613613  7407 raft_consensus.cc:385] T 327b6a3650db455b813ab8938add747d P d9d3307d22d24ca88cdb8a4233a0530f [term 0 FOLLOWER]: Consensus starting up: Expiring failure detector timer to make a prompt election more likely
I20260709 14:48:56.613870  7407 raft_consensus.cc:740] T 327b6a3650db455b813ab8938add747d P d9d3307d22d24ca88cdb8a4233a0530f [term 0 FOLLOWER]: Becoming Follower/Learner. State: Replica: d9d3307d22d24ca88cdb8a4233a0530f, State: Initialized, Role: FOLLOWER
I20260709 14:48:56.614583  7407 consensus_queue.cc:260] T 327b6a3650db455b813ab8938add747d P d9d3307d22d24ca88cdb8a4233a0530f [NON_LEADER]: Queue going to NON_LEADER mode. State: All replicated index: 0, Majority replicated index: 0, Committed index: 0, Last appended: 0.0, Last appended by leader: 0, Current term: 0, Majority size: -1, State: 0, Mode: NON_LEADER, active raft config: opid_index: -1 OBSOLETE_local: false peers { permanent_uuid: "d9d3307d22d24ca88cdb8a4233a0530f" member_type: VOTER last_known_addr { host: "127.5.249.65" port: 38103 } } peers { permanent_uuid: "71f89b370c054a95a6adb10ce244cc4c" member_type: VOTER last_known_addr { host: "127.5.249.66" port: 41007 } } peers { permanent_uuid: "70177ac10f6f4c13b3c315ce5891ff4e" member_type: VOTER last_known_addr { host: "127.5.249.67" port: 42595 } }
I20260709 14:48:56.620218  7406 tablet_bootstrap.cc:492] T ad88a9e7f0b349b8ac0ba41e6be56718 P 71f89b370c054a95a6adb10ce244cc4c: No bootstrap required, opened a new log
I20260709 14:48:56.622036  7406 ts_tablet_manager.cc:1403] T ad88a9e7f0b349b8ac0ba41e6be56718 P 71f89b370c054a95a6adb10ce244cc4c: Time spent bootstrapping tablet: real 0.024s	user 0.011s	sys 0.000s
I20260709 14:48:56.621606  7405 ts_tablet_manager.cc:1434] T 39e3bbe18c6246359ab11dba88e2deba P 70177ac10f6f4c13b3c315ce5891ff4e: Time spent starting tablet: real 0.020s	user 0.006s	sys 0.001s
I20260709 14:48:56.624212  7405 tablet_bootstrap.cc:492] T 29e3a921c64a473390d4218de22b5e87 P 70177ac10f6f4c13b3c315ce5891ff4e: Bootstrap starting.
I20260709 14:48:56.627262  7407 ts_tablet_manager.cc:1434] T 327b6a3650db455b813ab8938add747d P d9d3307d22d24ca88cdb8a4233a0530f: Time spent starting tablet: real 0.016s	user 0.004s	sys 0.002s
I20260709 14:48:56.628126  7407 tablet_bootstrap.cc:492] T 0bd6e1e28a684576a9a47fafae47935e P d9d3307d22d24ca88cdb8a4233a0530f: Bootstrap starting.
I20260709 14:48:56.628610  7406 raft_consensus.cc:359] T ad88a9e7f0b349b8ac0ba41e6be56718 P 71f89b370c054a95a6adb10ce244cc4c [term 0 FOLLOWER]: Replica starting. Triggering 0 pending ops. Active config: opid_index: -1 OBSOLETE_local: false peers { permanent_uuid: "d9d3307d22d24ca88cdb8a4233a0530f" member_type: VOTER last_known_addr { host: "127.5.249.65" port: 38103 } } peers { permanent_uuid: "71f89b370c054a95a6adb10ce244cc4c" member_type: VOTER last_known_addr { host: "127.5.249.66" port: 41007 } } peers { permanent_uuid: "70177ac10f6f4c13b3c315ce5891ff4e" member_type: VOTER last_known_addr { host: "127.5.249.67" port: 42595 } }
I20260709 14:48:56.629164  7406 raft_consensus.cc:385] T ad88a9e7f0b349b8ac0ba41e6be56718 P 71f89b370c054a95a6adb10ce244cc4c [term 0 FOLLOWER]: Consensus starting up: Expiring failure detector timer to make a prompt election more likely
I20260709 14:48:56.629401  7406 raft_consensus.cc:740] T ad88a9e7f0b349b8ac0ba41e6be56718 P 71f89b370c054a95a6adb10ce244cc4c [term 0 FOLLOWER]: Becoming Follower/Learner. State: Replica: 71f89b370c054a95a6adb10ce244cc4c, State: Initialized, Role: FOLLOWER
I20260709 14:48:56.630012  7406 consensus_queue.cc:260] T ad88a9e7f0b349b8ac0ba41e6be56718 P 71f89b370c054a95a6adb10ce244cc4c [NON_LEADER]: Queue going to NON_LEADER mode. State: All replicated index: 0, Majority replicated index: 0, Committed index: 0, Last appended: 0.0, Last appended by leader: 0, Current term: 0, Majority size: -1, State: 0, Mode: NON_LEADER, active raft config: opid_index: -1 OBSOLETE_local: false peers { permanent_uuid: "d9d3307d22d24ca88cdb8a4233a0530f" member_type: VOTER last_known_addr { host: "127.5.249.65" port: 38103 } } peers { permanent_uuid: "71f89b370c054a95a6adb10ce244cc4c" member_type: VOTER last_known_addr { host: "127.5.249.66" port: 41007 } } peers { permanent_uuid: "70177ac10f6f4c13b3c315ce5891ff4e" member_type: VOTER last_known_addr { host: "127.5.249.67" port: 42595 } }
I20260709 14:48:56.639717  7407 tablet_bootstrap.cc:654] T 0bd6e1e28a684576a9a47fafae47935e P d9d3307d22d24ca88cdb8a4233a0530f: Neither blocks nor log segments found. Creating new log.
I20260709 14:48:56.642220  7405 tablet_bootstrap.cc:654] T 29e3a921c64a473390d4218de22b5e87 P 70177ac10f6f4c13b3c315ce5891ff4e: Neither blocks nor log segments found. Creating new log.
I20260709 14:48:56.648911  7407 tablet_bootstrap.cc:492] T 0bd6e1e28a684576a9a47fafae47935e P d9d3307d22d24ca88cdb8a4233a0530f: No bootstrap required, opened a new log
I20260709 14:48:56.649303  7405 tablet_bootstrap.cc:492] T 29e3a921c64a473390d4218de22b5e87 P 70177ac10f6f4c13b3c315ce5891ff4e: No bootstrap required, opened a new log
I20260709 14:48:56.649719  7405 ts_tablet_manager.cc:1403] T 29e3a921c64a473390d4218de22b5e87 P 70177ac10f6f4c13b3c315ce5891ff4e: Time spent bootstrapping tablet: real 0.026s	user 0.009s	sys 0.000s
I20260709 14:48:56.649931  7407 ts_tablet_manager.cc:1403] T 0bd6e1e28a684576a9a47fafae47935e P d9d3307d22d24ca88cdb8a4233a0530f: Time spent bootstrapping tablet: real 0.022s	user 0.009s	sys 0.001s
I20260709 14:48:56.652079  7405 raft_consensus.cc:359] T 29e3a921c64a473390d4218de22b5e87 P 70177ac10f6f4c13b3c315ce5891ff4e [term 0 FOLLOWER]: Replica starting. Triggering 0 pending ops. Active config: opid_index: -1 OBSOLETE_local: false peers { permanent_uuid: "d9d3307d22d24ca88cdb8a4233a0530f" member_type: VOTER last_known_addr { host: "127.5.249.65" port: 38103 } } peers { permanent_uuid: "71f89b370c054a95a6adb10ce244cc4c" member_type: VOTER last_known_addr { host: "127.5.249.66" port: 41007 } } peers { permanent_uuid: "70177ac10f6f4c13b3c315ce5891ff4e" member_type: VOTER last_known_addr { host: "127.5.249.67" port: 42595 } }
I20260709 14:48:56.652730  7405 raft_consensus.cc:385] T 29e3a921c64a473390d4218de22b5e87 P 70177ac10f6f4c13b3c315ce5891ff4e [term 0 FOLLOWER]: Consensus starting up: Expiring failure detector timer to make a prompt election more likely
I20260709 14:48:56.652428  7407 raft_consensus.cc:359] T 0bd6e1e28a684576a9a47fafae47935e P d9d3307d22d24ca88cdb8a4233a0530f [term 0 FOLLOWER]: Replica starting. Triggering 0 pending ops. Active config: opid_index: -1 OBSOLETE_local: false peers { permanent_uuid: "d9d3307d22d24ca88cdb8a4233a0530f" member_type: VOTER last_known_addr { host: "127.5.249.65" port: 38103 } } peers { permanent_uuid: "71f89b370c054a95a6adb10ce244cc4c" member_type: VOTER last_known_addr { host: "127.5.249.66" port: 41007 } } peers { permanent_uuid: "70177ac10f6f4c13b3c315ce5891ff4e" member_type: VOTER last_known_addr { host: "127.5.249.67" port: 42595 } }
I20260709 14:48:56.653010  7405 raft_consensus.cc:740] T 29e3a921c64a473390d4218de22b5e87 P 70177ac10f6f4c13b3c315ce5891ff4e [term 0 FOLLOWER]: Becoming Follower/Learner. State: Replica: 70177ac10f6f4c13b3c315ce5891ff4e, State: Initialized, Role: FOLLOWER
I20260709 14:48:56.653307  7407 raft_consensus.cc:385] T 0bd6e1e28a684576a9a47fafae47935e P d9d3307d22d24ca88cdb8a4233a0530f [term 0 FOLLOWER]: Consensus starting up: Expiring failure detector timer to make a prompt election more likely
I20260709 14:48:56.653795  7407 raft_consensus.cc:740] T 0bd6e1e28a684576a9a47fafae47935e P d9d3307d22d24ca88cdb8a4233a0530f [term 0 FOLLOWER]: Becoming Follower/Learner. State: Replica: d9d3307d22d24ca88cdb8a4233a0530f, State: Initialized, Role: FOLLOWER
I20260709 14:48:56.653658  7405 consensus_queue.cc:260] T 29e3a921c64a473390d4218de22b5e87 P 70177ac10f6f4c13b3c315ce5891ff4e [NON_LEADER]: Queue going to NON_LEADER mode. State: All replicated index: 0, Majority replicated index: 0, Committed index: 0, Last appended: 0.0, Last appended by leader: 0, Current term: 0, Majority size: -1, State: 0, Mode: NON_LEADER, active raft config: opid_index: -1 OBSOLETE_local: false peers { permanent_uuid: "d9d3307d22d24ca88cdb8a4233a0530f" member_type: VOTER last_known_addr { host: "127.5.249.65" port: 38103 } } peers { permanent_uuid: "71f89b370c054a95a6adb10ce244cc4c" member_type: VOTER last_known_addr { host: "127.5.249.66" port: 41007 } } peers { permanent_uuid: "70177ac10f6f4c13b3c315ce5891ff4e" member_type: VOTER last_known_addr { host: "127.5.249.67" port: 42595 } }
I20260709 14:48:56.655141  7405 ts_tablet_manager.cc:1434] T 29e3a921c64a473390d4218de22b5e87 P 70177ac10f6f4c13b3c315ce5891ff4e: Time spent starting tablet: real 0.005s	user 0.006s	sys 0.000s
I20260709 14:48:56.656234  7405 tablet_bootstrap.cc:492] T 327b6a3650db455b813ab8938add747d P 70177ac10f6f4c13b3c315ce5891ff4e: Bootstrap starting.
I20260709 14:48:56.670820  7405 tablet_bootstrap.cc:654] T 327b6a3650db455b813ab8938add747d P 70177ac10f6f4c13b3c315ce5891ff4e: Neither blocks nor log segments found. Creating new log.
I20260709 14:48:56.674265  7407 consensus_queue.cc:260] T 0bd6e1e28a684576a9a47fafae47935e P d9d3307d22d24ca88cdb8a4233a0530f [NON_LEADER]: Queue going to NON_LEADER mode. State: All replicated index: 0, Majority replicated index: 0, Committed index: 0, Last appended: 0.0, Last appended by leader: 0, Current term: 0, Majority size: -1, State: 0, Mode: NON_LEADER, active raft config: opid_index: -1 OBSOLETE_local: false peers { permanent_uuid: "d9d3307d22d24ca88cdb8a4233a0530f" member_type: VOTER last_known_addr { host: "127.5.249.65" port: 38103 } } peers { permanent_uuid: "71f89b370c054a95a6adb10ce244cc4c" member_type: VOTER last_known_addr { host: "127.5.249.66" port: 41007 } } peers { permanent_uuid: "70177ac10f6f4c13b3c315ce5891ff4e" member_type: VOTER last_known_addr { host: "127.5.249.67" port: 42595 } }
I20260709 14:48:56.674803  7405 tablet_bootstrap.cc:492] T 327b6a3650db455b813ab8938add747d P 70177ac10f6f4c13b3c315ce5891ff4e: No bootstrap required, opened a new log
I20260709 14:48:56.675308  7405 ts_tablet_manager.cc:1403] T 327b6a3650db455b813ab8938add747d P 70177ac10f6f4c13b3c315ce5891ff4e: Time spent bootstrapping tablet: real 0.019s	user 0.009s	sys 0.000s
