I20260709 14:48:31.789776  6447 ts_tablet_manager.cc:1434] T e57bafad17a94a6c93acf7c3a5577e3a P d3fd4a2480dc4b6bb1703aba40595bf7: Time spent starting tablet: real 0.014s	user 0.007s	sys 0.006s
I20260709 14:48:31.794759  6445 raft_consensus.cc:385] T ecd29daf1a874e6387f65614e84bf864 P 88ec59cd03d64e5ab636f228b74f8df1 [term 0 FOLLOWER]: Consensus starting up: Expiring failure detector timer to make a prompt election more likely
I20260709 14:48:31.795123  6445 raft_consensus.cc:740] T ecd29daf1a874e6387f65614e84bf864 P 88ec59cd03d64e5ab636f228b74f8df1 [term 0 FOLLOWER]: Becoming Follower/Learner. State: Replica: 88ec59cd03d64e5ab636f228b74f8df1, State: Initialized, Role: FOLLOWER
I20260709 14:48:31.795486  6447 tablet_bootstrap.cc:492] T 30803a78a58844c9abe956135b08d4ef P d3fd4a2480dc4b6bb1703aba40595bf7: Bootstrap starting.
I20260709 14:48:31.795866  6445 consensus_queue.cc:260] T ecd29daf1a874e6387f65614e84bf864 P 88ec59cd03d64e5ab636f228b74f8df1 [NON_LEADER]: Queue going to NON_LEADER mode. State: All replicated index: 0, Majority replicated index: 0, Committed index: 0, Last appended: 0.0, Last appended by leader: 0, Current term: 0, Majority size: -1, State: 0, Mode: NON_LEADER, active raft config: opid_index: -1 OBSOLETE_local: false peers { permanent_uuid: "d56601bb6ca1451aa02a8c7c52ebba22" member_type: VOTER last_known_addr { host: "127.5.249.65" port: 36545 } } peers { permanent_uuid: "d3fd4a2480dc4b6bb1703aba40595bf7" member_type: VOTER last_known_addr { host: "127.5.249.66" port: 42557 } } peers { permanent_uuid: "88ec59cd03d64e5ab636f228b74f8df1" member_type: VOTER last_known_addr { host: "127.5.249.67" port: 35105 } }
I20260709 14:48:31.802284  6447 tablet_bootstrap.cc:654] T 30803a78a58844c9abe956135b08d4ef P d3fd4a2480dc4b6bb1703aba40595bf7: Neither blocks nor log segments found. Creating new log.
I20260709 14:48:31.791015  6352 heartbeater.cc:499] Master 127.5.249.126:42823 was elected leader, sending a full tablet report...
I20260709 14:48:31.790572  6444 tablet_bootstrap.cc:492] T ecd29daf1a874e6387f65614e84bf864 P d56601bb6ca1451aa02a8c7c52ebba22: No bootstrap required, opened a new log
I20260709 14:48:31.805559  6444 ts_tablet_manager.cc:1403] T ecd29daf1a874e6387f65614e84bf864 P d56601bb6ca1451aa02a8c7c52ebba22: Time spent bootstrapping tablet: real 0.032s	user 0.013s	sys 0.003s
I20260709 14:48:31.807299  6426 heartbeater.cc:499] Master 127.5.249.126:42823 was elected leader, sending a full tablet report...
I20260709 14:48:31.808468  6444 raft_consensus.cc:359] T ecd29daf1a874e6387f65614e84bf864 P d56601bb6ca1451aa02a8c7c52ebba22 [term 0 FOLLOWER]: Replica starting. Triggering 0 pending ops. Active config: opid_index: -1 OBSOLETE_local: false peers { permanent_uuid: "d56601bb6ca1451aa02a8c7c52ebba22" member_type: VOTER last_known_addr { host: "127.5.249.65" port: 36545 } } peers { permanent_uuid: "d3fd4a2480dc4b6bb1703aba40595bf7" member_type: VOTER last_known_addr { host: "127.5.249.66" port: 42557 } } peers { permanent_uuid: "88ec59cd03d64e5ab636f228b74f8df1" member_type: VOTER last_known_addr { host: "127.5.249.67" port: 35105 } }
I20260709 14:48:31.809199  6444 raft_consensus.cc:385] T ecd29daf1a874e6387f65614e84bf864 P d56601bb6ca1451aa02a8c7c52ebba22 [term 0 FOLLOWER]: Consensus starting up: Expiring failure detector timer to make a prompt election more likely
I20260709 14:48:31.809485  6444 raft_consensus.cc:740] T ecd29daf1a874e6387f65614e84bf864 P d56601bb6ca1451aa02a8c7c52ebba22 [term 0 FOLLOWER]: Becoming Follower/Learner. State: Replica: d56601bb6ca1451aa02a8c7c52ebba22, State: Initialized, Role: FOLLOWER
I20260709 14:48:31.810202  6444 consensus_queue.cc:260] T ecd29daf1a874e6387f65614e84bf864 P d56601bb6ca1451aa02a8c7c52ebba22 [NON_LEADER]: Queue going to NON_LEADER mode. State: All replicated index: 0, Majority replicated index: 0, Committed index: 0, Last appended: 0.0, Last appended by leader: 0, Current term: 0, Majority size: -1, State: 0, Mode: NON_LEADER, active raft config: opid_index: -1 OBSOLETE_local: false peers { permanent_uuid: "d56601bb6ca1451aa02a8c7c52ebba22" member_type: VOTER last_known_addr { host: "127.5.249.65" port: 36545 } } peers { permanent_uuid: "d3fd4a2480dc4b6bb1703aba40595bf7" member_type: VOTER last_known_addr { host: "127.5.249.66" port: 42557 } } peers { permanent_uuid: "88ec59cd03d64e5ab636f228b74f8df1" member_type: VOTER last_known_addr { host: "127.5.249.67" port: 35105 } }
I20260709 14:48:31.810958  6445 ts_tablet_manager.cc:1434] T ecd29daf1a874e6387f65614e84bf864 P 88ec59cd03d64e5ab636f228b74f8df1: Time spent starting tablet: real 0.031s	user 0.008s	sys 0.006s
W20260709 14:48:31.811677  6353 tablet.cc:2406] T e57bafad17a94a6c93acf7c3a5577e3a P d3fd4a2480dc4b6bb1703aba40595bf7: Can't schedule compaction. Clean time has not been advanced past its initial value.
I20260709 14:48:31.813024  6444 ts_tablet_manager.cc:1434] T ecd29daf1a874e6387f65614e84bf864 P d56601bb6ca1451aa02a8c7c52ebba22: Time spent starting tablet: real 0.007s	user 0.004s	sys 0.002s
I20260709 14:48:31.813867  6444 tablet_bootstrap.cc:492] T cc9622cc2c83491eb9646384ff0d2e55 P d56601bb6ca1451aa02a8c7c52ebba22: Bootstrap starting.
I20260709 14:48:31.817512  6445 tablet_bootstrap.cc:492] T e57bafad17a94a6c93acf7c3a5577e3a P 88ec59cd03d64e5ab636f228b74f8df1: Bootstrap starting.
I20260709 14:48:31.820217  6444 tablet_bootstrap.cc:654] T cc9622cc2c83491eb9646384ff0d2e55 P d56601bb6ca1451aa02a8c7c52ebba22: Neither blocks nor log segments found. Creating new log.
I20260709 14:48:31.828055  6445 tablet_bootstrap.cc:654] T e57bafad17a94a6c93acf7c3a5577e3a P 88ec59cd03d64e5ab636f228b74f8df1: Neither blocks nor log segments found. Creating new log.
I20260709 14:48:31.825063  6448 raft_consensus.cc:493] T ecd29daf1a874e6387f65614e84bf864 P d56601bb6ca1451aa02a8c7c52ebba22 [term 0 FOLLOWER]: Starting pre-election (no leader contacted us within the election timeout)
I20260709 14:48:31.829273  6448 raft_consensus.cc:515] T ecd29daf1a874e6387f65614e84bf864 P d56601bb6ca1451aa02a8c7c52ebba22 [term 0 FOLLOWER]: Starting pre-election with config: opid_index: -1 OBSOLETE_local: false peers { permanent_uuid: "d56601bb6ca1451aa02a8c7c52ebba22" member_type: VOTER last_known_addr { host: "127.5.249.65" port: 36545 } } peers { permanent_uuid: "d3fd4a2480dc4b6bb1703aba40595bf7" member_type: VOTER last_known_addr { host: "127.5.249.66" port: 42557 } } peers { permanent_uuid: "88ec59cd03d64e5ab636f228b74f8df1" member_type: VOTER last_known_addr { host: "127.5.249.67" port: 35105 } }
I20260709 14:48:31.832708  6448 leader_election.cc:290] T ecd29daf1a874e6387f65614e84bf864 P d56601bb6ca1451aa02a8c7c52ebba22 [CANDIDATE]: Term 1 pre-election: Requested pre-vote from peers d3fd4a2480dc4b6bb1703aba40595bf7 (127.5.249.66:42557), 88ec59cd03d64e5ab636f228b74f8df1 (127.5.249.67:35105)
I20260709 14:48:31.887840  6444 tablet_bootstrap.cc:492] T cc9622cc2c83491eb9646384ff0d2e55 P d56601bb6ca1451aa02a8c7c52ebba22: No bootstrap required, opened a new log
I20260709 14:48:31.889146  6444 ts_tablet_manager.cc:1403] T cc9622cc2c83491eb9646384ff0d2e55 P d56601bb6ca1451aa02a8c7c52ebba22: Time spent bootstrapping tablet: real 0.075s	user 0.022s	sys 0.012s
I20260709 14:48:31.892590  6444 raft_consensus.cc:359] T cc9622cc2c83491eb9646384ff0d2e55 P d56601bb6ca1451aa02a8c7c52ebba22 [term 0 FOLLOWER]: Replica starting. Triggering 0 pending ops. Active config: opid_index: -1 OBSOLETE_local: false peers { permanent_uuid: "d56601bb6ca1451aa02a8c7c52ebba22" member_type: VOTER last_known_addr { host: "127.5.249.65" port: 36545 } } peers { permanent_uuid: "d3fd4a2480dc4b6bb1703aba40595bf7" member_type: VOTER last_known_addr { host: "127.5.249.66" port: 42557 } } peers { permanent_uuid: "88ec59cd03d64e5ab636f228b74f8df1" member_type: VOTER last_known_addr { host: "127.5.249.67" port: 35105 } }
I20260709 14:48:31.894649  6444 raft_consensus.cc:385] T cc9622cc2c83491eb9646384ff0d2e55 P d56601bb6ca1451aa02a8c7c52ebba22 [term 0 FOLLOWER]: Consensus starting up: Expiring failure detector timer to make a prompt election more likely
I20260709 14:48:31.898165  6445 tablet_bootstrap.cc:492] T e57bafad17a94a6c93acf7c3a5577e3a P 88ec59cd03d64e5ab636f228b74f8df1: No bootstrap required, opened a new log
I20260709 14:48:31.898708  6445 ts_tablet_manager.cc:1403] T e57bafad17a94a6c93acf7c3a5577e3a P 88ec59cd03d64e5ab636f228b74f8df1: Time spent bootstrapping tablet: real 0.081s	user 0.016s	sys 0.000s
I20260709 14:48:31.895635  6444 raft_consensus.cc:740] T cc9622cc2c83491eb9646384ff0d2e55 P d56601bb6ca1451aa02a8c7c52ebba22 [term 0 FOLLOWER]: Becoming Follower/Learner. State: Replica: d56601bb6ca1451aa02a8c7c52ebba22, State: Initialized, Role: FOLLOWER
I20260709 14:48:31.901892  6444 consensus_queue.cc:260] T cc9622cc2c83491eb9646384ff0d2e55 P d56601bb6ca1451aa02a8c7c52ebba22 [NON_LEADER]: Queue going to NON_LEADER mode. State: All replicated index: 0, Majority replicated index: 0, Committed index: 0, Last appended: 0.0, Last appended by leader: 0, Current term: 0, Majority size: -1, State: 0, Mode: NON_LEADER, active raft config: opid_index: -1 OBSOLETE_local: false peers { permanent_uuid: "d56601bb6ca1451aa02a8c7c52ebba22" member_type: VOTER last_known_addr { host: "127.5.249.65" port: 36545 } } peers { permanent_uuid: "d3fd4a2480dc4b6bb1703aba40595bf7" member_type: VOTER last_known_addr { host: "127.5.249.66" port: 42557 } } peers { permanent_uuid: "88ec59cd03d64e5ab636f228b74f8df1" member_type: VOTER last_known_addr { host: "127.5.249.67" port: 35105 } }
I20260709 14:48:31.902684  6445 raft_consensus.cc:359] T e57bafad17a94a6c93acf7c3a5577e3a P 88ec59cd03d64e5ab636f228b74f8df1 [term 0 FOLLOWER]: Replica starting. Triggering 0 pending ops. Active config: opid_index: -1 OBSOLETE_local: false peers { permanent_uuid: "d56601bb6ca1451aa02a8c7c52ebba22" member_type: VOTER last_known_addr { host: "127.5.249.65" port: 36545 } } peers { permanent_uuid: "d3fd4a2480dc4b6bb1703aba40595bf7" member_type: VOTER last_known_addr { host: "127.5.249.66" port: 42557 } } peers { permanent_uuid: "88ec59cd03d64e5ab636f228b74f8df1" member_type: VOTER last_known_addr { host: "127.5.249.67" port: 35105 } }
I20260709 14:48:31.903766  6445 raft_consensus.cc:385] T e57bafad17a94a6c93acf7c3a5577e3a P 88ec59cd03d64e5ab636f228b74f8df1 [term 0 FOLLOWER]: Consensus starting up: Expiring failure detector timer to make a prompt election more likely
I20260709 14:48:31.906629  6445 raft_consensus.cc:740] T e57bafad17a94a6c93acf7c3a5577e3a P 88ec59cd03d64e5ab636f228b74f8df1 [term 0 FOLLOWER]: Becoming Follower/Learner. State: Replica: 88ec59cd03d64e5ab636f228b74f8df1, State: Initialized, Role: FOLLOWER
I20260709 14:48:31.907382  6445 consensus_queue.cc:260] T e57bafad17a94a6c93acf7c3a5577e3a P 88ec59cd03d64e5ab636f228b74f8df1 [NON_LEADER]: Queue going to NON_LEADER mode. State: All replicated index: 0, Majority replicated index: 0, Committed index: 0, Last appended: 0.0, Last appended by leader: 0, Current term: 0, Majority size: -1, State: 0, Mode: NON_LEADER, active raft config: opid_index: -1 OBSOLETE_local: false peers { permanent_uuid: "d56601bb6ca1451aa02a8c7c52ebba22" member_type: VOTER last_known_addr { host: "127.5.249.65" port: 36545 } } peers { permanent_uuid: "d3fd4a2480dc4b6bb1703aba40595bf7" member_type: VOTER last_known_addr { host: "127.5.249.66" port: 42557 } } peers { permanent_uuid: "88ec59cd03d64e5ab636f228b74f8df1" member_type: VOTER last_known_addr { host: "127.5.249.67" port: 35105 } }
I20260709 14:48:31.904326  6444 ts_tablet_manager.cc:1434] T cc9622cc2c83491eb9646384ff0d2e55 P d56601bb6ca1451aa02a8c7c52ebba22: Time spent starting tablet: real 0.014s	user 0.007s	sys 0.000s
I20260709 14:48:31.908866  6444 tablet_bootstrap.cc:492] T ddd89262eeb24d72b996ce088d44129c P d56601bb6ca1451aa02a8c7c52ebba22: Bootstrap starting.
I20260709 14:48:31.909276  6401 tablet_service.cc:1917] Received RequestConsensusVote() RPC: tablet_id: "ecd29daf1a874e6387f65614e84bf864" candidate_uuid: "d56601bb6ca1451aa02a8c7c52ebba22" candidate_term: 1 candidate_status { last_received { term: 0 index: 0 } } ignore_live_leader: false dest_uuid: "88ec59cd03d64e5ab636f228b74f8df1" is_pre_election: true
I20260709 14:48:31.910058  6401 raft_consensus.cc:2468] T ecd29daf1a874e6387f65614e84bf864 P 88ec59cd03d64e5ab636f228b74f8df1 [term 0 FOLLOWER]: Leader pre-election vote request: Granting yes vote for candidate d56601bb6ca1451aa02a8c7c52ebba22 in term 0.
I20260709 14:48:31.911700  6215 leader_election.cc:304] T ecd29daf1a874e6387f65614e84bf864 P d56601bb6ca1451aa02a8c7c52ebba22 [CANDIDATE]: Term 1 pre-election: Election decided. Result: candidate won. Election summary: received 2 responses out of 3 voters: 2 yes votes; 0 no votes. yes voters: 88ec59cd03d64e5ab636f228b74f8df1, d56601bb6ca1451aa02a8c7c52ebba22; no voters: 
I20260709 14:48:31.912487  6448 raft_consensus.cc:2804] T ecd29daf1a874e6387f65614e84bf864 P d56601bb6ca1451aa02a8c7c52ebba22 [term 0 FOLLOWER]: Leader pre-election won for term 1
I20260709 14:48:31.912779  6448 raft_consensus.cc:493] T ecd29daf1a874e6387f65614e84bf864 P d56601bb6ca1451aa02a8c7c52ebba22 [term 0 FOLLOWER]: Starting leader election (no leader contacted us within the election timeout)
I20260709 14:48:31.913033  6448 raft_consensus.cc:3060] T ecd29daf1a874e6387f65614e84bf864 P d56601bb6ca1451aa02a8c7c52ebba22 [term 0 FOLLOWER]: Advancing to term 1
I20260709 14:48:31.904903  6447 tablet_bootstrap.cc:492] T 30803a78a58844c9abe956135b08d4ef P d3fd4a2480dc4b6bb1703aba40595bf7: No bootstrap required, opened a new log
I20260709 14:48:31.915720  6447 ts_tablet_manager.cc:1403] T 30803a78a58844c9abe956135b08d4ef P d3fd4a2480dc4b6bb1703aba40595bf7: Time spent bootstrapping tablet: real 0.120s	user 0.035s	sys 0.023s
I20260709 14:48:31.917107  6327 tablet_service.cc:1917] Received RequestConsensusVote() RPC: tablet_id: "ecd29daf1a874e6387f65614e84bf864" candidate_uuid: "d56601bb6ca1451aa02a8c7c52ebba22" candidate_term: 1 candidate_status { last_received { term: 0 index: 0 } } ignore_live_leader: false dest_uuid: "d3fd4a2480dc4b6bb1703aba40595bf7" is_pre_election: true
I20260709 14:48:31.918278  6447 raft_consensus.cc:359] T 30803a78a58844c9abe956135b08d4ef P d3fd4a2480dc4b6bb1703aba40595bf7 [term 0 FOLLOWER]: Replica starting. Triggering 0 pending ops. Active config: opid_index: -1 OBSOLETE_local: false peers { permanent_uuid: "d56601bb6ca1451aa02a8c7c52ebba22" member_type: VOTER last_known_addr { host: "127.5.249.65" port: 36545 } } peers { permanent_uuid: "d3fd4a2480dc4b6bb1703aba40595bf7" member_type: VOTER last_known_addr { host: "127.5.249.66" port: 42557 } } peers { permanent_uuid: "88ec59cd03d64e5ab636f228b74f8df1" member_type: VOTER last_known_addr { host: "127.5.249.67" port: 35105 } }
I20260709 14:48:31.918654  6448 raft_consensus.cc:515] T ecd29daf1a874e6387f65614e84bf864 P d56601bb6ca1451aa02a8c7c52ebba22 [term 1 FOLLOWER]: Starting leader election with config: opid_index: -1 OBSOLETE_local: false peers { permanent_uuid: "d56601bb6ca1451aa02a8c7c52ebba22" member_type: VOTER last_known_addr { host: "127.5.249.65" port: 36545 } } peers { permanent_uuid: "d3fd4a2480dc4b6bb1703aba40595bf7" member_type: VOTER last_known_addr { host: "127.5.249.66" port: 42557 } } peers { permanent_uuid: "88ec59cd03d64e5ab636f228b74f8df1" member_type: VOTER last_known_addr { host: "127.5.249.67" port: 35105 } }
I20260709 14:48:31.919013  6447 raft_consensus.cc:385] T 30803a78a58844c9abe956135b08d4ef P d3fd4a2480dc4b6bb1703aba40595bf7 [term 0 FOLLOWER]: Consensus starting up: Expiring failure detector timer to make a prompt election more likely
W20260709 14:48:31.918980  6216 leader_election.cc:343] T ecd29daf1a874e6387f65614e84bf864 P d56601bb6ca1451aa02a8c7c52ebba22 [CANDIDATE]: Term 1 pre-election: Tablet error from VoteRequest() call to peer d3fd4a2480dc4b6bb1703aba40595bf7 (127.5.249.66:42557): Illegal state: must be running to vote when last-logged opid is not known
I20260709 14:48:31.919426  6447 raft_consensus.cc:740] T 30803a78a58844c9abe956135b08d4ef P d3fd4a2480dc4b6bb1703aba40595bf7 [term 0 FOLLOWER]: Becoming Follower/Learner. State: Replica: d3fd4a2480dc4b6bb1703aba40595bf7, State: Initialized, Role: FOLLOWER
I20260709 14:48:31.920143  6447 consensus_queue.cc:260] T 30803a78a58844c9abe956135b08d4ef P d3fd4a2480dc4b6bb1703aba40595bf7 [NON_LEADER]: Queue going to NON_LEADER mode. State: All replicated index: 0, Majority replicated index: 0, Committed index: 0, Last appended: 0.0, Last appended by leader: 0, Current term: 0, Majority size: -1, State: 0, Mode: NON_LEADER, active raft config: opid_index: -1 OBSOLETE_local: false peers { permanent_uuid: "d56601bb6ca1451aa02a8c7c52ebba22" member_type: VOTER last_known_addr { host: "127.5.249.65" port: 36545 } } peers { permanent_uuid: "d3fd4a2480dc4b6bb1703aba40595bf7" member_type: VOTER last_known_addr { host: "127.5.249.66" port: 42557 } } peers { permanent_uuid: "88ec59cd03d64e5ab636f228b74f8df1" member_type: VOTER last_known_addr { host: "127.5.249.67" port: 35105 } }
I20260709 14:48:31.920393  6448 leader_election.cc:290] T ecd29daf1a874e6387f65614e84bf864 P d56601bb6ca1451aa02a8c7c52ebba22 [CANDIDATE]: Term 1 election: Requested vote from peers d3fd4a2480dc4b6bb1703aba40595bf7 (127.5.249.66:42557), 88ec59cd03d64e5ab636f228b74f8df1 (127.5.249.67:35105)
I20260709 14:48:31.921021  6327 tablet_service.cc:1917] Received RequestConsensusVote() RPC: tablet_id: "ecd29daf1a874e6387f65614e84bf864" candidate_uuid: "d56601bb6ca1451aa02a8c7c52ebba22" candidate_term: 1 candidate_status { last_received { term: 0 index: 0 } } ignore_live_leader: false dest_uuid: "d3fd4a2480dc4b6bb1703aba40595bf7"
I20260709 14:48:31.921870  6401 tablet_service.cc:1917] Received RequestConsensusVote() RPC: tablet_id: "ecd29daf1a874e6387f65614e84bf864" candidate_uuid: "d56601bb6ca1451aa02a8c7c52ebba22" candidate_term: 1 candidate_status { last_received { term: 0 index: 0 } } ignore_live_leader: false dest_uuid: "88ec59cd03d64e5ab636f228b74f8df1"
I20260709 14:48:31.922401  6401 raft_consensus.cc:3060] T ecd29daf1a874e6387f65614e84bf864 P 88ec59cd03d64e5ab636f228b74f8df1 [term 0 FOLLOWER]: Advancing to term 1
I20260709 14:48:31.923815  6445 ts_tablet_manager.cc:1434] T e57bafad17a94a6c93acf7c3a5577e3a P 88ec59cd03d64e5ab636f228b74f8df1: Time spent starting tablet: real 0.025s	user 0.005s	sys 0.000s
I20260709 14:48:31.924780  6445 tablet_bootstrap.cc:492] T d9cd3117a53c40db9c6735b782e12030 P 88ec59cd03d64e5ab636f228b74f8df1: Bootstrap starting.
I20260709 14:48:31.927034  6447 ts_tablet_manager.cc:1434] T 30803a78a58844c9abe956135b08d4ef P d3fd4a2480dc4b6bb1703aba40595bf7: Time spent starting tablet: real 0.011s	user 0.006s	sys 0.001s
I20260709 14:48:31.928651  6447 tablet_bootstrap.cc:492] T d9cd3117a53c40db9c6735b782e12030 P d3fd4a2480dc4b6bb1703aba40595bf7: Bootstrap starting.
I20260709 14:48:31.929297  6401 raft_consensus.cc:2468] T ecd29daf1a874e6387f65614e84bf864 P 88ec59cd03d64e5ab636f228b74f8df1 [term 1 FOLLOWER]: Leader election vote request: Granting yes vote for candidate d56601bb6ca1451aa02a8c7c52ebba22 in term 1.
W20260709 14:48:31.927588  6216 leader_election.cc:343] T ecd29daf1a874e6387f65614e84bf864 P d56601bb6ca1451aa02a8c7c52ebba22 [CANDIDATE]: Term 1 election: Tablet error from VoteRequest() call to peer d3fd4a2480dc4b6bb1703aba40595bf7 (127.5.249.66:42557): Illegal state: must be running to vote when last-logged opid is not known
I20260709 14:48:31.930437  6215 leader_election.cc:304] T ecd29daf1a874e6387f65614e84bf864 P d56601bb6ca1451aa02a8c7c52ebba22 [CANDIDATE]: Term 1 election: Election decided. Result: candidate won. Election summary: received 3 responses out of 3 voters: 2 yes votes; 1 no votes. yes voters: 88ec59cd03d64e5ab636f228b74f8df1, d56601bb6ca1451aa02a8c7c52ebba22; no voters: d3fd4a2480dc4b6bb1703aba40595bf7
I20260709 14:48:31.933144  6448 raft_consensus.cc:2804] T ecd29daf1a874e6387f65614e84bf864 P d56601bb6ca1451aa02a8c7c52ebba22 [term 1 FOLLOWER]: Leader election won for term 1
I20260709 14:48:31.936295  6444 tablet_bootstrap.cc:654] T ddd89262eeb24d72b996ce088d44129c P d56601bb6ca1451aa02a8c7c52ebba22: Neither blocks nor log segments found. Creating new log.
I20260709 14:48:31.937984  6447 tablet_bootstrap.cc:654] T d9cd3117a53c40db9c6735b782e12030 P d3fd4a2480dc4b6bb1703aba40595bf7: Neither blocks nor log segments found. Creating new log.
I20260709 14:48:31.943521  6447 tablet_bootstrap.cc:492] T d9cd3117a53c40db9c6735b782e12030 P d3fd4a2480dc4b6bb1703aba40595bf7: No bootstrap required, opened a new log
I20260709 14:48:31.943977  6447 ts_tablet_manager.cc:1403] T d9cd3117a53c40db9c6735b782e12030 P d3fd4a2480dc4b6bb1703aba40595bf7: Time spent bootstrapping tablet: real 0.016s	user 0.011s	sys 0.000s
I20260709 14:48:31.944504  6445 tablet_bootstrap.cc:654] T d9cd3117a53c40db9c6735b782e12030 P 88ec59cd03d64e5ab636f228b74f8df1: Neither blocks nor log segments found. Creating new log.
I20260709 14:48:31.946861  6447 raft_consensus.cc:359] T d9cd3117a53c40db9c6735b782e12030 P d3fd4a2480dc4b6bb1703aba40595bf7 [term 0 FOLLOWER]: Replica starting. Triggering 0 pending ops. Active config: opid_index: -1 OBSOLETE_local: false peers { permanent_uuid: "d56601bb6ca1451aa02a8c7c52ebba22" member_type: VOTER last_known_addr { host: "127.5.249.65" port: 36545 } } peers { permanent_uuid: "d3fd4a2480dc4b6bb1703aba40595bf7" member_type: VOTER last_known_addr { host: "127.5.249.66" port: 42557 } } peers { permanent_uuid: "88ec59cd03d64e5ab636f228b74f8df1" member_type: VOTER last_known_addr { host: "127.5.249.67" port: 35105 } }
I20260709 14:48:31.947734  6447 raft_consensus.cc:385] T d9cd3117a53c40db9c6735b782e12030 P d3fd4a2480dc4b6bb1703aba40595bf7 [term 0 FOLLOWER]: Consensus starting up: Expiring failure detector timer to make a prompt election more likely
I20260709 14:48:31.948053  6447 raft_consensus.cc:740] T d9cd3117a53c40db9c6735b782e12030 P d3fd4a2480dc4b6bb1703aba40595bf7 [term 0 FOLLOWER]: Becoming Follower/Learner. State: Replica: d3fd4a2480dc4b6bb1703aba40595bf7, State: Initialized, Role: FOLLOWER
I20260709 14:48:31.948809  6447 consensus_queue.cc:260] T d9cd3117a53c40db9c6735b782e12030 P d3fd4a2480dc4b6bb1703aba40595bf7 [NON_LEADER]: Queue going to NON_LEADER mode. State: All replicated index: 0, Majority replicated index: 0, Committed index: 0, Last appended: 0.0, Last appended by leader: 0, Current term: 0, Majority size: -1, State: 0, Mode: NON_LEADER, active raft config: opid_index: -1 OBSOLETE_local: false peers { permanent_uuid: "d56601bb6ca1451aa02a8c7c52ebba22" member_type: VOTER last_known_addr { host: "127.5.249.65" port: 36545 } } peers { permanent_uuid: "d3fd4a2480dc4b6bb1703aba40595bf7" member_type: VOTER last_known_addr { host: "127.5.249.66" port: 42557 } } peers { permanent_uuid: "88ec59cd03d64e5ab636f228b74f8df1" member_type: VOTER last_known_addr { host: "127.5.249.67" port: 35105 } }
I20260709 14:48:31.949352  6448 raft_consensus.cc:697] T ecd29daf1a874e6387f65614e84bf864 P d56601bb6ca1451aa02a8c7c52ebba22 [term 1 LEADER]: Becoming Leader. State: Replica: d56601bb6ca1451aa02a8c7c52ebba22, State: Running, Role: LEADER
I20260709 14:48:31.951027  6447 ts_tablet_manager.cc:1434] T d9cd3117a53c40db9c6735b782e12030 P d3fd4a2480dc4b6bb1703aba40595bf7: Time spent starting tablet: real 0.007s	user 0.008s	sys 0.000s
I20260709 14:48:31.951877  6444 tablet_bootstrap.cc:492] T ddd89262eeb24d72b996ce088d44129c P d56601bb6ca1451aa02a8c7c52ebba22: No bootstrap required, opened a new log
I20260709 14:48:31.952327  6444 ts_tablet_manager.cc:1403] T ddd89262eeb24d72b996ce088d44129c P d56601bb6ca1451aa02a8c7c52ebba22: Time spent bootstrapping tablet: real 0.044s	user 0.010s	sys 0.003s
I20260709 14:48:31.952142  6448 consensus_queue.cc:237] T ecd29daf1a874e6387f65614e84bf864 P d56601bb6ca1451aa02a8c7c52ebba22 [LEADER]: Queue going to LEADER mode. State: All replicated index: 0, Majority replicated index: 0, Committed index: 0, Last appended: 0.0, Last appended by leader: 0, Current term: 1, Majority size: 2, State: 0, Mode: LEADER, active raft config: opid_index: -1 OBSOLETE_local: false peers { permanent_uuid: "d56601bb6ca1451aa02a8c7c52ebba22" member_type: VOTER last_known_addr { host: "127.5.249.65" port: 36545 } } peers { permanent_uuid: "d3fd4a2480dc4b6bb1703aba40595bf7" member_type: VOTER last_known_addr { host: "127.5.249.66" port: 42557 } } peers { permanent_uuid: "88ec59cd03d64e5ab636f228b74f8df1" member_type: VOTER last_known_addr { host: "127.5.249.67" port: 35105 } }
I20260709 14:48:31.955379  6444 raft_consensus.cc:359] T ddd89262eeb24d72b996ce088d44129c P d56601bb6ca1451aa02a8c7c52ebba22 [term 0 FOLLOWER]: Replica starting. Triggering 0 pending ops. Active config: opid_index: -1 OBSOLETE_local: false peers { permanent_uuid: "d56601bb6ca1451aa02a8c7c52ebba22" member_type: VOTER last_known_addr { host: "127.5.249.65" port: 36545 } } peers { permanent_uuid: "d3fd4a2480dc4b6bb1703aba40595bf7" member_type: VOTER last_known_addr { host: "127.5.249.66" port: 42557 } } peers { permanent_uuid: "88ec59cd03d64e5ab636f228b74f8df1" member_type: VOTER last_known_addr { host: "127.5.249.67" port: 35105 } }
I20260709 14:48:31.956053  6444 raft_consensus.cc:385] T ddd89262eeb24d72b996ce088d44129c P d56601bb6ca1451aa02a8c7c52ebba22 [term 0 FOLLOWER]: Consensus starting up: Expiring failure detector timer to make a prompt election more likely
I20260709 14:48:31.956358  6444 raft_consensus.cc:740] T ddd89262eeb24d72b996ce088d44129c P d56601bb6ca1451aa02a8c7c52ebba22 [term 0 FOLLOWER]: Becoming Follower/Learner. State: Replica: d56601bb6ca1451aa02a8c7c52ebba22, State: Initialized, Role: FOLLOWER
I20260709 14:48:31.957016  6444 consensus_queue.cc:260] T ddd89262eeb24d72b996ce088d44129c P d56601bb6ca1451aa02a8c7c52ebba22 [NON_LEADER]: Queue going to NON_LEADER mode. State: All replicated index: 0, Majority replicated index: 0, Committed index: 0, Last appended: 0.0, Last appended by leader: 0, Current term: 0, Majority size: -1, State: 0, Mode: NON_LEADER, active raft config: opid_index: -1 OBSOLETE_local: false peers { permanent_uuid: "d56601bb6ca1451aa02a8c7c52ebba22" member_type: VOTER last_known_addr { host: "127.5.249.65" port: 36545 } } peers { permanent_uuid: "d3fd4a2480dc4b6bb1703aba40595bf7" member_type: VOTER last_known_addr { host: "127.5.249.66" port: 42557 } } peers { permanent_uuid: "88ec59cd03d64e5ab636f228b74f8df1" member_type: VOTER last_known_addr { host: "127.5.249.67" port: 35105 } }
I20260709 14:48:31.959447  6444 ts_tablet_manager.cc:1434] T ddd89262eeb24d72b996ce088d44129c P d56601bb6ca1451aa02a8c7c52ebba22: Time spent starting tablet: real 0.007s	user 0.008s	sys 0.000s
I20260709 14:48:31.960383  6444 tablet_bootstrap.cc:492] T d9cd3117a53c40db9c6735b782e12030 P d56601bb6ca1451aa02a8c7c52ebba22: Bootstrap starting.
I20260709 14:48:31.962761  6447 tablet_bootstrap.cc:492] T ecd29daf1a874e6387f65614e84bf864 P d3fd4a2480dc4b6bb1703aba40595bf7: Bootstrap starting.
I20260709 14:48:31.966791  6444 tablet_bootstrap.cc:654] T d9cd3117a53c40db9c6735b782e12030 P d56601bb6ca1451aa02a8c7c52ebba22: Neither blocks nor log segments found. Creating new log.
I20260709 14:48:31.969388  6447 tablet_bootstrap.cc:654] T ecd29daf1a874e6387f65614e84bf864 P d3fd4a2480dc4b6bb1703aba40595bf7: Neither blocks nor log segments found. Creating new log.
I20260709 14:48:31.976670  6445 tablet_bootstrap.cc:492] T d9cd3117a53c40db9c6735b782e12030 P 88ec59cd03d64e5ab636f228b74f8df1: No bootstrap required, opened a new log
I20260709 14:48:31.978611  6445 ts_tablet_manager.cc:1403] T d9cd3117a53c40db9c6735b782e12030 P 88ec59cd03d64e5ab636f228b74f8df1: Time spent bootstrapping tablet: real 0.054s	user 0.015s	sys 0.006s
I20260709 14:48:31.978427  6146 catalog_manager.cc:5697] T ecd29daf1a874e6387f65614e84bf864 P d56601bb6ca1451aa02a8c7c52ebba22 reported cstate change: term changed from 0 to 1, leader changed from <none> to d56601bb6ca1451aa02a8c7c52ebba22 (127.5.249.65). New cstate: current_term: 1 leader_uuid: "d56601bb6ca1451aa02a8c7c52ebba22" committed_config { opid_index: -1 OBSOLETE_local: false peers { permanent_uuid: "d56601bb6ca1451aa02a8c7c52ebba22" member_type: VOTER last_known_addr { host: "127.5.249.65" port: 36545 } health_report { overall_health: HEALTHY } } peers { permanent_uuid: "d3fd4a2480dc4b6bb1703aba40595bf7" member_type: VOTER last_known_addr { host: "127.5.249.66" port: 42557 } health_report { overall_health: UNKNOWN } } peers { permanent_uuid: "88ec59cd03d64e5ab636f228b74f8df1" member_type: VOTER last_known_addr { host: "127.5.249.67" port: 35105 } health_report { overall_health: UNKNOWN } } }
I20260709 14:48:31.981006  6447 tablet_bootstrap.cc:492] T ecd29daf1a874e6387f65614e84bf864 P d3fd4a2480dc4b6bb1703aba40595bf7: No bootstrap required, opened a new log
I20260709 14:48:31.981478  6447 ts_tablet_manager.cc:1403] T ecd29daf1a874e6387f65614e84bf864 P d3fd4a2480dc4b6bb1703aba40595bf7: Time spent bootstrapping tablet: real 0.019s	user 0.011s	sys 0.005s
I20260709 14:48:31.981536  6445 raft_consensus.cc:359] T d9cd3117a53c40db9c6735b782e12030 P 88ec59cd03d64e5ab636f228b74f8df1 [term 0 FOLLOWER]: Replica starting. Triggering 0 pending ops. Active config: opid_index: -1 OBSOLETE_local: false peers { permanent_uuid: "d56601bb6ca1451aa02a8c7c52ebba22" member_type: VOTER last_known_addr { host: "127.5.249.65" port: 36545 } } peers { permanent_uuid: "d3fd4a2480dc4b6bb1703aba40595bf7" member_type: VOTER last_known_addr { host: "127.5.249.66" port: 42557 } } peers { permanent_uuid: "88ec59cd03d64e5ab636f228b74f8df1" member_type: VOTER last_known_addr { host: "127.5.249.67" port: 35105 } }
I20260709 14:48:31.982287  6445 raft_consensus.cc:385] T d9cd3117a53c40db9c6735b782e12030 P 88ec59cd03d64e5ab636f228b74f8df1 [term 0 FOLLOWER]: Consensus starting up: Expiring failure detector timer to make a prompt election more likely
I20260709 14:48:31.982604  6445 raft_consensus.cc:740] T d9cd3117a53c40db9c6735b782e12030 P 88ec59cd03d64e5ab636f228b74f8df1 [term 0 FOLLOWER]: Becoming Follower/Learner. State: Replica: 88ec59cd03d64e5ab636f228b74f8df1, State: Initialized, Role: FOLLOWER
I20260709 14:48:31.983364  6445 consensus_queue.cc:260] T d9cd3117a53c40db9c6735b782e12030 P 88ec59cd03d64e5ab636f228b74f8df1 [NON_LEADER]: Queue going to NON_LEADER mode. State: All replicated index: 0, Majority replicated index: 0, Committed index: 0, Last appended: 0.0, Last appended by leader: 0, Current term: 0, Majority size: -1, State: 0, Mode: NON_LEADER, active raft config: opid_index: -1 OBSOLETE_local: false peers { permanent_uuid: "d56601bb6ca1451aa02a8c7c52ebba22" member_type: VOTER last_known_addr { host: "127.5.249.65" port: 36545 } } peers { permanent_uuid: "d3fd4a2480dc4b6bb1703aba40595bf7" member_type: VOTER last_known_addr { host: "127.5.249.66" port: 42557 } } peers { permanent_uuid: "88ec59cd03d64e5ab636f228b74f8df1" member_type: VOTER last_known_addr { host: "127.5.249.67" port: 35105 } }
I20260709 14:48:31.984354  6447 raft_consensus.cc:359] T ecd29daf1a874e6387f65614e84bf864 P d3fd4a2480dc4b6bb1703aba40595bf7 [term 0 FOLLOWER]: Replica starting. Triggering 0 pending ops. Active config: opid_index: -1 OBSOLETE_local: false peers { permanent_uuid: "d56601bb6ca1451aa02a8c7c52ebba22" member_type: VOTER last_known_addr { host: "127.5.249.65" port: 36545 } } peers { permanent_uuid: "d3fd4a2480dc4b6bb1703aba40595bf7" member_type: VOTER last_known_addr { host: "127.5.249.66" port: 42557 } } peers { permanent_uuid: "88ec59cd03d64e5ab636f228b74f8df1" member_type: VOTER last_known_addr { host: "127.5.249.67" port: 35105 } }
I20260709 14:48:31.985059  6447 raft_consensus.cc:385] T ecd29daf1a874e6387f65614e84bf864 P d3fd4a2480dc4b6bb1703aba40595bf7 [term 0 FOLLOWER]: Consensus starting up: Expiring failure detector timer to make a prompt election more likely
I20260709 14:48:31.985337  6447 raft_consensus.cc:740] T ecd29daf1a874e6387f65614e84bf864 P d3fd4a2480dc4b6bb1703aba40595bf7 [term 0 FOLLOWER]: Becoming Follower/Learner. State: Replica: d3fd4a2480dc4b6bb1703aba40595bf7, State: Initialized, Role: FOLLOWER
I20260709 14:48:31.986320  6444 tablet_bootstrap.cc:492] T d9cd3117a53c40db9c6735b782e12030 P d56601bb6ca1451aa02a8c7c52ebba22: No bootstrap required, opened a new log
I20260709 14:48:31.986135  6447 consensus_queue.cc:260] T ecd29daf1a874e6387f65614e84bf864 P d3fd4a2480dc4b6bb1703aba40595bf7 [NON_LEADER]: Queue going to NON_LEADER mode. State: All replicated index: 0, Majority replicated index: 0, Committed index: 0, Last appended: 0.0, Last appended by leader: 0, Current term: 0, Majority size: -1, State: 0, Mode: NON_LEADER, active raft config: opid_index: -1 OBSOLETE_local: false peers { permanent_uuid: "d56601bb6ca1451aa02a8c7c52ebba22" member_type: VOTER last_known_addr { host: "127.5.249.65" port: 36545 } } peers { permanent_uuid: "d3fd4a2480dc4b6bb1703aba40595bf7" member_type: VOTER last_known_addr { host: "127.5.249.66" port: 42557 } } peers { permanent_uuid: "88ec59cd03d64e5ab636f228b74f8df1" member_type: VOTER last_known_addr { host: "127.5.249.67" port: 35105 } }
I20260709 14:48:31.986785  6444 ts_tablet_manager.cc:1403] T d9cd3117a53c40db9c6735b782e12030 P d56601bb6ca1451aa02a8c7c52ebba22: Time spent bootstrapping tablet: real 0.027s	user 0.008s	sys 0.004s
I20260709 14:48:31.989531  6444 raft_consensus.cc:359] T d9cd3117a53c40db9c6735b782e12030 P d56601bb6ca1451aa02a8c7c52ebba22 [term 0 FOLLOWER]: Replica starting. Triggering 0 pending ops. Active config: opid_index: -1 OBSOLETE_local: false peers { permanent_uuid: "d56601bb6ca1451aa02a8c7c52ebba22" member_type: VOTER last_known_addr { host: "127.5.249.65" port: 36545 } } peers { permanent_uuid: "d3fd4a2480dc4b6bb1703aba40595bf7" member_type: VOTER last_known_addr { host: "127.5.249.66" port: 42557 } } peers { permanent_uuid: "88ec59cd03d64e5ab636f228b74f8df1" member_type: VOTER last_known_addr { host: "127.5.249.67" port: 35105 } }
I20260709 14:48:31.990243  6444 raft_consensus.cc:385] T d9cd3117a53c40db9c6735b782e12030 P d56601bb6ca1451aa02a8c7c52ebba22 [term 0 FOLLOWER]: Consensus starting up: Expiring failure detector timer to make a prompt election more likely
I20260709 14:48:31.990559  6444 raft_consensus.cc:740] T d9cd3117a53c40db9c6735b782e12030 P d56601bb6ca1451aa02a8c7c52ebba22 [term 0 FOLLOWER]: Becoming Follower/Learner. State: Replica: d56601bb6ca1451aa02a8c7c52ebba22, State: Initialized, Role: FOLLOWER
I20260709 14:48:31.991298  6444 consensus_queue.cc:260] T d9cd3117a53c40db9c6735b782e12030 P d56601bb6ca1451aa02a8c7c52ebba22 [NON_LEADER]: Queue going to NON_LEADER mode. State: All replicated index: 0, Majority replicated index: 0, Committed index: 0, Last appended: 0.0, Last appended by leader: 0, Current term: 0, Majority size: -1, State: 0, Mode: NON_LEADER, active raft config: opid_index: -1 OBSOLETE_local: false peers { permanent_uuid: "d56601bb6ca1451aa02a8c7c52ebba22" member_type: VOTER last_known_addr { host: "127.5.249.65" port: 36545 } } peers { permanent_uuid: "d3fd4a2480dc4b6bb1703aba40595bf7" member_type: VOTER last_known_addr { host: "127.5.249.66" port: 42557 } } peers { permanent_uuid: "88ec59cd03d64e5ab636f228b74f8df1" member_type: VOTER last_known_addr { host: "127.5.249.67" port: 35105 } }
I20260709 14:48:31.992652  6453 raft_consensus.cc:493] T e57bafad17a94a6c93acf7c3a5577e3a P 88ec59cd03d64e5ab636f228b74f8df1 [term 0 FOLLOWER]: Starting pre-election (no leader contacted us within the election timeout)
I20260709 14:48:31.993134  6453 raft_consensus.cc:515] T e57bafad17a94a6c93acf7c3a5577e3a P 88ec59cd03d64e5ab636f228b74f8df1 [term 0 FOLLOWER]: Starting pre-election with config: opid_index: -1 OBSOLETE_local: false peers { permanent_uuid: "d56601bb6ca1451aa02a8c7c52ebba22" member_type: VOTER last_known_addr { host: "127.5.249.65" port: 36545 } } peers { permanent_uuid: "d3fd4a2480dc4b6bb1703aba40595bf7" member_type: VOTER last_known_addr { host: "127.5.249.66" port: 42557 } } peers { permanent_uuid: "88ec59cd03d64e5ab636f228b74f8df1" member_type: VOTER last_known_addr { host: "127.5.249.67" port: 35105 } }
I20260709 14:48:32.001701  6451 raft_consensus.cc:493] T ecd29daf1a874e6387f65614e84bf864 P d3fd4a2480dc4b6bb1703aba40595bf7 [term 0 FOLLOWER]: Starting pre-election (no leader contacted us within the election timeout)
I20260709 14:48:31.999526  6445 ts_tablet_manager.cc:1434] T d9cd3117a53c40db9c6735b782e12030 P 88ec59cd03d64e5ab636f228b74f8df1: Time spent starting tablet: real 0.021s	user 0.002s	sys 0.004s
I20260709 14:48:32.008939  6451 raft_consensus.cc:515] T ecd29daf1a874e6387f65614e84bf864 P d3fd4a2480dc4b6bb1703aba40595bf7 [term 0 FOLLOWER]: Starting pre-election with config: opid_index: -1 OBSOLETE_local: false peers { permanent_uuid: "d56601bb6ca1451aa02a8c7c52ebba22" member_type: VOTER last_known_addr { host: "127.5.249.65" port: 36545 } } peers { permanent_uuid: "d3fd4a2480dc4b6bb1703aba40595bf7" member_type: VOTER last_known_addr { host: "127.5.249.66" port: 42557 } } peers { permanent_uuid: "88ec59cd03d64e5ab636f228b74f8df1" member_type: VOTER last_known_addr { host: "127.5.249.67" port: 35105 } }
I20260709 14:48:31.995406  6447 ts_tablet_manager.cc:1434] T ecd29daf1a874e6387f65614e84bf864 P d3fd4a2480dc4b6bb1703aba40595bf7: Time spent starting tablet: real 0.010s	user 0.007s	sys 0.000s
I20260709 14:48:32.009716  6445 tablet_bootstrap.cc:492] T 30803a78a58844c9abe956135b08d4ef P 88ec59cd03d64e5ab636f228b74f8df1: Bootstrap starting.
I20260709 14:48:31.995909  6453 leader_election.cc:290] T e57bafad17a94a6c93acf7c3a5577e3a P 88ec59cd03d64e5ab636f228b74f8df1 [CANDIDATE]: Term 1 pre-election: Requested pre-vote from peers d56601bb6ca1451aa02a8c7c52ebba22 (127.5.249.65:36545), d3fd4a2480dc4b6bb1703aba40595bf7 (127.5.249.66:42557)
I20260709 14:48:32.010803  6447 tablet_bootstrap.cc:492] T cc9622cc2c83491eb9646384ff0d2e55 P d3fd4a2480dc4b6bb1703aba40595bf7: Bootstrap starting.
I20260709 14:48:32.011847  6451 leader_election.cc:290] T ecd29daf1a874e6387f65614e84bf864 P d3fd4a2480dc4b6bb1703aba40595bf7 [CANDIDATE]: Term 1 pre-election: Requested pre-vote from peers d56601bb6ca1451aa02a8c7c52ebba22 (127.5.249.65:36545), 88ec59cd03d64e5ab636f228b74f8df1 (127.5.249.67:35105)
I20260709 14:48:32.012388  6451 raft_consensus.cc:493] T d9cd3117a53c40db9c6735b782e12030 P d3fd4a2480dc4b6bb1703aba40595bf7 [term 0 FOLLOWER]: Starting pre-election (no leader contacted us within the election timeout)
I20260709 14:48:32.001277  6444 ts_tablet_manager.cc:1434] T d9cd3117a53c40db9c6735b782e12030 P d56601bb6ca1451aa02a8c7c52ebba22: Time spent starting tablet: real 0.014s	user 0.006s	sys 0.000s
I20260709 14:48:32.012862  6451 raft_consensus.cc:515] T d9cd3117a53c40db9c6735b782e12030 P d3fd4a2480dc4b6bb1703aba40595bf7 [term 0 FOLLOWER]: Starting pre-election with config: opid_index: -1 OBSOLETE_local: false peers { permanent_uuid: "d56601bb6ca1451aa02a8c7c52ebba22" member_type: VOTER last_known_addr { host: "127.5.249.65" port: 36545 } } peers { permanent_uuid: "d3fd4a2480dc4b6bb1703aba40595bf7" member_type: VOTER last_known_addr { host: "127.5.249.66" port: 42557 } } peers { permanent_uuid: "88ec59cd03d64e5ab636f228b74f8df1" member_type: VOTER last_known_addr { host: "127.5.249.67" port: 35105 } }
I20260709 14:48:32.013639  6444 tablet_bootstrap.cc:492] T 24d2de50f7b14a36af3f92184ce203d1 P d56601bb6ca1451aa02a8c7c52ebba22: Bootstrap starting.
I20260709 14:48:32.015743  6451 leader_election.cc:290] T d9cd3117a53c40db9c6735b782e12030 P d3fd4a2480dc4b6bb1703aba40595bf7 [CANDIDATE]: Term 1 pre-election: Requested pre-vote from peers d56601bb6ca1451aa02a8c7c52ebba22 (127.5.249.65:36545), 88ec59cd03d64e5ab636f228b74f8df1 (127.5.249.67:35105)
I20260709 14:48:32.019793  6471 raft_consensus.cc:493] T e57bafad17a94a6c93acf7c3a5577e3a P d3fd4a2480dc4b6bb1703aba40595bf7 [term 0 FOLLOWER]: Starting pre-election (no leader contacted us within the election timeout)
I20260709 14:48:32.020949  6471 raft_consensus.cc:515] T e57bafad17a94a6c93acf7c3a5577e3a P d3fd4a2480dc4b6bb1703aba40595bf7 [term 0 FOLLOWER]: Starting pre-election with config: opid_index: -1 OBSOLETE_local: false peers { permanent_uuid: "d56601bb6ca1451aa02a8c7c52ebba22" member_type: VOTER last_known_addr { host: "127.5.249.65" port: 36545 } } peers { permanent_uuid: "d3fd4a2480dc4b6bb1703aba40595bf7" member_type: VOTER last_known_addr { host: "127.5.249.66" port: 42557 } } peers { permanent_uuid: "88ec59cd03d64e5ab636f228b74f8df1" member_type: VOTER last_known_addr { host: "127.5.249.67" port: 35105 } }
I20260709 14:48:32.023561  6471 leader_election.cc:290] T e57bafad17a94a6c93acf7c3a5577e3a P d3fd4a2480dc4b6bb1703aba40595bf7 [CANDIDATE]: Term 1 pre-election: Requested pre-vote from peers d56601bb6ca1451aa02a8c7c52ebba22 (127.5.249.65:36545), 88ec59cd03d64e5ab636f228b74f8df1 (127.5.249.67:35105)
I20260709 14:48:32.024996  6445 tablet_bootstrap.cc:654] T 30803a78a58844c9abe956135b08d4ef P 88ec59cd03d64e5ab636f228b74f8df1: Neither blocks nor log segments found. Creating new log.
I20260709 14:48:32.028765  6447 tablet_bootstrap.cc:654] T cc9622cc2c83491eb9646384ff0d2e55 P d3fd4a2480dc4b6bb1703aba40595bf7: Neither blocks nor log segments found. Creating new log.
I20260709 14:48:32.020488  6444 tablet_bootstrap.cc:654] T 24d2de50f7b14a36af3f92184ce203d1 P d56601bb6ca1451aa02a8c7c52ebba22: Neither blocks nor log segments found. Creating new log.
I20260709 14:48:32.041281  6445 tablet_bootstrap.cc:492] T 30803a78a58844c9abe956135b08d4ef P 88ec59cd03d64e5ab636f228b74f8df1: No bootstrap required, opened a new log
I20260709 14:48:32.041832  6445 ts_tablet_manager.cc:1403] T 30803a78a58844c9abe956135b08d4ef P 88ec59cd03d64e5ab636f228b74f8df1: Time spent bootstrapping tablet: real 0.032s	user 0.014s	sys 0.000s
I20260709 14:48:32.045024  6445 raft_consensus.cc:359] T 30803a78a58844c9abe956135b08d4ef P 88ec59cd03d64e5ab636f228b74f8df1 [term 0 FOLLOWER]: Replica starting. Triggering 0 pending ops. Active config: opid_index: -1 OBSOLETE_local: false peers { permanent_uuid: "d56601bb6ca1451aa02a8c7c52ebba22" member_type: VOTER last_known_addr { host: "127.5.249.65" port: 36545 } } peers { permanent_uuid: "d3fd4a2480dc4b6bb1703aba40595bf7" member_type: VOTER last_known_addr { host: "127.5.249.66" port: 42557 } } peers { permanent_uuid: "88ec59cd03d64e5ab636f228b74f8df1" member_type: VOTER last_known_addr { host: "127.5.249.67" port: 35105 } }
I20260709 14:48:32.045830  6445 raft_consensus.cc:385] T 30803a78a58844c9abe956135b08d4ef P 88ec59cd03d64e5ab636f228b74f8df1 [term 0 FOLLOWER]: Consensus starting up: Expiring failure detector timer to make a prompt election more likely
I20260709 14:48:32.046119  6445 raft_consensus.cc:740] T 30803a78a58844c9abe956135b08d4ef P 88ec59cd03d64e5ab636f228b74f8df1 [term 0 FOLLOWER]: Becoming Follower/Learner. State: Replica: 88ec59cd03d64e5ab636f228b74f8df1, State: Initialized, Role: FOLLOWER
I20260709 14:48:32.049898  6444 tablet_bootstrap.cc:492] T 24d2de50f7b14a36af3f92184ce203d1 P d56601bb6ca1451aa02a8c7c52ebba22: No bootstrap required, opened a new log
I20260709 14:48:32.050489  6444 ts_tablet_manager.cc:1403] T 24d2de50f7b14a36af3f92184ce203d1 P d56601bb6ca1451aa02a8c7c52ebba22: Time spent bootstrapping tablet: real 0.037s	user 0.013s	sys 0.000s
I20260709 14:48:32.054250  6401 tablet_service.cc:1917] Received RequestConsensusVote() RPC: tablet_id: "ecd29daf1a874e6387f65614e84bf864" candidate_uuid: "d3fd4a2480dc4b6bb1703aba40595bf7" candidate_term: 1 candidate_status { last_received { term: 0 index: 0 } } ignore_live_leader: false dest_uuid: "88ec59cd03d64e5ab636f228b74f8df1" is_pre_election: true
I20260709 14:48:32.055249  6401 raft_consensus.cc:2393] T ecd29daf1a874e6387f65614e84bf864 P 88ec59cd03d64e5ab636f228b74f8df1 [term 1 FOLLOWER]: Leader pre-election vote request: Denying vote to candidate d3fd4a2480dc4b6bb1703aba40595bf7 in current term 1: Already voted for candidate d56601bb6ca1451aa02a8c7c52ebba22 in this term.
I20260709 14:48:32.054093  6444 raft_consensus.cc:359] T 24d2de50f7b14a36af3f92184ce203d1 P d56601bb6ca1451aa02a8c7c52ebba22 [term 0 FOLLOWER]: Replica starting. Triggering 0 pending ops. Active config: opid_index: -1 OBSOLETE_local: false peers { permanent_uuid: "d56601bb6ca1451aa02a8c7c52ebba22" member_type: VOTER last_known_addr { host: "127.5.249.65" port: 36545 } } peers { permanent_uuid: "d3fd4a2480dc4b6bb1703aba40595bf7" member_type: VOTER last_known_addr { host: "127.5.249.66" port: 42557 } } peers { permanent_uuid: "88ec59cd03d64e5ab636f228b74f8df1" member_type: VOTER last_known_addr { host: "127.5.249.67" port: 35105 } }
I20260709 14:48:32.057631  6444 raft_consensus.cc:385] T 24d2de50f7b14a36af3f92184ce203d1 P d56601bb6ca1451aa02a8c7c52ebba22 [term 0 FOLLOWER]: Consensus starting up: Expiring failure detector timer to make a prompt election more likely
I20260709 14:48:32.057963  6444 raft_consensus.cc:740] T 24d2de50f7b14a36af3f92184ce203d1 P d56601bb6ca1451aa02a8c7c52ebba22 [term 0 FOLLOWER]: Becoming Follower/Learner. State: Replica: d56601bb6ca1451aa02a8c7c52ebba22, State: Initialized, Role: FOLLOWER
I20260709 14:48:32.058477  6401 tablet_service.cc:1917] Received RequestConsensusVote() RPC: tablet_id: "d9cd3117a53c40db9c6735b782e12030" candidate_uuid: "d3fd4a2480dc4b6bb1703aba40595bf7" candidate_term: 1 candidate_status { last_received { term: 0 index: 0 } } ignore_live_leader: false dest_uuid: "88ec59cd03d64e5ab636f228b74f8df1" is_pre_election: true
I20260709 14:48:32.059137  6401 raft_consensus.cc:2468] T d9cd3117a53c40db9c6735b782e12030 P 88ec59cd03d64e5ab636f228b74f8df1 [term 0 FOLLOWER]: Leader pre-election vote request: Granting yes vote for candidate d3fd4a2480dc4b6bb1703aba40595bf7 in term 0.
I20260709 14:48:32.058813  6444 consensus_queue.cc:260] T 24d2de50f7b14a36af3f92184ce203d1 P d56601bb6ca1451aa02a8c7c52ebba22 [NON_LEADER]: Queue going to NON_LEADER mode. State: All replicated index: 0, Majority replicated index: 0, Committed index: 0, Last appended: 0.0, Last appended by leader: 0, Current term: 0, Majority size: -1, State: 0, Mode: NON_LEADER, active raft config: opid_index: -1 OBSOLETE_local: false peers { permanent_uuid: "d56601bb6ca1451aa02a8c7c52ebba22" member_type: VOTER last_known_addr { host: "127.5.249.65" port: 36545 } } peers { permanent_uuid: "d3fd4a2480dc4b6bb1703aba40595bf7" member_type: VOTER last_known_addr { host: "127.5.249.66" port: 42557 } } peers { permanent_uuid: "88ec59cd03d64e5ab636f228b74f8df1" member_type: VOTER last_known_addr { host: "127.5.249.67" port: 35105 } }
I20260709 14:48:32.060114  6445 consensus_queue.cc:260] T 30803a78a58844c9abe956135b08d4ef P 88ec59cd03d64e5ab636f228b74f8df1 [NON_LEADER]: Queue going to NON_LEADER mode. State: All replicated index: 0, Majority replicated index: 0, Committed index: 0, Last appended: 0.0, Last appended by leader: 0, Current term: 0, Majority size: -1, State: 0, Mode: NON_LEADER, active raft config: opid_index: -1 OBSOLETE_local: false peers { permanent_uuid: "d56601bb6ca1451aa02a8c7c52ebba22" member_type: VOTER last_known_addr { host: "127.5.249.65" port: 36545 } } peers { permanent_uuid: "d3fd4a2480dc4b6bb1703aba40595bf7" member_type: VOTER last_known_addr { host: "127.5.249.66" port: 42557 } } peers { permanent_uuid: "88ec59cd03d64e5ab636f228b74f8df1" member_type: VOTER last_known_addr { host: "127.5.249.67" port: 35105 } }
I20260709 14:48:32.060505  6401 tablet_service.cc:1917] Received RequestConsensusVote() RPC: tablet_id: "e57bafad17a94a6c93acf7c3a5577e3a" candidate_uuid: "d3fd4a2480dc4b6bb1703aba40595bf7" candidate_term: 1 candidate_status { last_received { term: 0 index: 0 } } ignore_live_leader: false dest_uuid: "88ec59cd03d64e5ab636f228b74f8df1" is_pre_election: true
I20260709 14:48:32.061225  6401 raft_consensus.cc:2468] T e57bafad17a94a6c93acf7c3a5577e3a P 88ec59cd03d64e5ab636f228b74f8df1 [term 0 FOLLOWER]: Leader pre-election vote request: Granting yes vote for candidate d3fd4a2480dc4b6bb1703aba40595bf7 in term 0.
I20260709 14:48:32.062747  6445 ts_tablet_manager.cc:1434] T 30803a78a58844c9abe956135b08d4ef P 88ec59cd03d64e5ab636f228b74f8df1: Time spent starting tablet: real 0.021s	user 0.009s	sys 0.000s
I20260709 14:48:32.063689  6445 tablet_bootstrap.cc:492] T 24d2de50f7b14a36af3f92184ce203d1 P 88ec59cd03d64e5ab636f228b74f8df1: Bootstrap starting.
I20260709 14:48:32.065269  6252 tablet_service.cc:1917] Received RequestConsensusVote() RPC: tablet_id: "e57bafad17a94a6c93acf7c3a5577e3a" candidate_uuid: "88ec59cd03d64e5ab636f228b74f8df1" candidate_term: 1 candidate_status { last_received { term: 0 index: 0 } } ignore_live_leader: false dest_uuid: "d56601bb6ca1451aa02a8c7c52ebba22" is_pre_election: true
W20260709 14:48:32.069020  6364 leader_election.cc:343] T e57bafad17a94a6c93acf7c3a5577e3a P 88ec59cd03d64e5ab636f228b74f8df1 [CANDIDATE]: Term 1 pre-election: Tablet error from VoteRequest() call to peer d56601bb6ca1451aa02a8c7c52ebba22 (127.5.249.65:36545): Illegal state: must be running to vote when last-logged opid is not known
I20260709 14:48:32.071792  6250 tablet_service.cc:1917] Received RequestConsensusVote() RPC: tablet_id: "d9cd3117a53c40db9c6735b782e12030" candidate_uuid: "d3fd4a2480dc4b6bb1703aba40595bf7" candidate_term: 1 candidate_status { last_received { term: 0 index: 0 } } ignore_live_leader: false dest_uuid: "d56601bb6ca1451aa02a8c7c52ebba22" is_pre_election: true
I20260709 14:48:32.073275  6251 tablet_service.cc:1917] Received RequestConsensusVote() RPC: tablet_id: "ecd29daf1a874e6387f65614e84bf864" candidate_uuid: "d3fd4a2480dc4b6bb1703aba40595bf7" candidate_term: 1 candidate_status { last_received { term: 0 index: 0 } } ignore_live_leader: false dest_uuid: "d56601bb6ca1451aa02a8c7c52ebba22" is_pre_election: true
I20260709 14:48:32.074174  6250 raft_consensus.cc:2468] T d9cd3117a53c40db9c6735b782e12030 P d56601bb6ca1451aa02a8c7c52ebba22 [term 0 FOLLOWER]: Leader pre-election vote request: Granting yes vote for candidate d3fd4a2480dc4b6bb1703aba40595bf7 in term 0.
