I20260709 14:48:44.592095  5486 consensus_queue.cc:260] T a553fc4478cb4d8fa9486c32c01bec6a P 747038df00d2470883befdb398fa894f [NON_LEADER]: Queue going to NON_LEADER mode. State: All replicated index: 0, Majority replicated index: 2, Committed index: 2, Last appended: 2.2, Last appended by leader: 2, Current term: 2, Majority size: -1, State: 0, Mode: NON_LEADER, active raft config: opid_index: -1 OBSOLETE_local: false peers { permanent_uuid: "b7d9baf2dee24baebaffac39ba7a902d" member_type: VOTER last_known_addr { host: "127.4.168.193" port: 38107 } } peers { permanent_uuid: "747038df00d2470883befdb398fa894f" member_type: VOTER last_known_addr { host: "127.4.168.194" port: 43621 } } peers { permanent_uuid: "065d3d31203845cc9d496154a95b6ac3" member_type: VOTER last_known_addr { host: "127.4.168.195" port: 35377 } }
I20260709 14:48:44.592998  5410 raft_consensus.cc:493] T 762dc637d22746d8a1631ba32e6f8f88 P b7d9baf2dee24baebaffac39ba7a902d [term 3 FOLLOWER]: Starting forced leader election (received explicit request)
I20260709 14:48:44.593343  5410 raft_consensus.cc:3060] T 762dc637d22746d8a1631ba32e6f8f88 P b7d9baf2dee24baebaffac39ba7a902d [term 3 FOLLOWER]: Advancing to term 4
I20260709 14:48:44.593465  5486 raft_consensus.cc:3060] T a553fc4478cb4d8fa9486c32c01bec6a P 747038df00d2470883befdb398fa894f [term 2 FOLLOWER]: Advancing to term 3
I20260709 14:48:44.597141  5561 raft_consensus.cc:2468] T a553fc4478cb4d8fa9486c32c01bec6a P 065d3d31203845cc9d496154a95b6ac3 [term 3 FOLLOWER]: Leader election vote request: Granting yes vote for candidate b7d9baf2dee24baebaffac39ba7a902d in term 3.
I20260709 14:48:44.598227  5486 raft_consensus.cc:2468] T a553fc4478cb4d8fa9486c32c01bec6a P 747038df00d2470883befdb398fa894f [term 3 FOLLOWER]: Leader election vote request: Granting yes vote for candidate b7d9baf2dee24baebaffac39ba7a902d in term 3.
I20260709 14:48:44.598182  5375 leader_election.cc:304] T a553fc4478cb4d8fa9486c32c01bec6a P b7d9baf2dee24baebaffac39ba7a902d [CANDIDATE]: Term 3 election: Election decided. Result: candidate won. Election summary: received 2 responses out of 3 voters: 2 yes votes; 0 no votes. yes voters: 065d3d31203845cc9d496154a95b6ac3, b7d9baf2dee24baebaffac39ba7a902d; no voters: 
I20260709 14:48:44.599071  5638 raft_consensus.cc:2804] T a553fc4478cb4d8fa9486c32c01bec6a P b7d9baf2dee24baebaffac39ba7a902d [term 3 FOLLOWER]: Leader election won for term 3
I20260709 14:48:44.599170  5410 raft_consensus.cc:515] T 762dc637d22746d8a1631ba32e6f8f88 P b7d9baf2dee24baebaffac39ba7a902d [term 4 FOLLOWER]: Starting forced leader election with config: opid_index: -1 OBSOLETE_local: false peers { permanent_uuid: "b7d9baf2dee24baebaffac39ba7a902d" member_type: VOTER last_known_addr { host: "127.4.168.193" port: 38107 } } peers { permanent_uuid: "747038df00d2470883befdb398fa894f" member_type: VOTER last_known_addr { host: "127.4.168.194" port: 43621 } } peers { permanent_uuid: "065d3d31203845cc9d496154a95b6ac3" member_type: VOTER last_known_addr { host: "127.4.168.195" port: 35377 } }
I20260709 14:48:44.599622  5638 raft_consensus.cc:697] T a553fc4478cb4d8fa9486c32c01bec6a P b7d9baf2dee24baebaffac39ba7a902d [term 3 LEADER]: Becoming Leader. State: Replica: b7d9baf2dee24baebaffac39ba7a902d, State: Running, Role: LEADER
I20260709 14:48:44.600385  5638 consensus_queue.cc:237] T a553fc4478cb4d8fa9486c32c01bec6a P b7d9baf2dee24baebaffac39ba7a902d [LEADER]: Queue going to LEADER mode. State: All replicated index: 0, Majority replicated index: 2, Committed index: 2, Last appended: 2.2, Last appended by leader: 2, Current term: 3, Majority size: 2, State: 0, Mode: LEADER, active raft config: opid_index: -1 OBSOLETE_local: false peers { permanent_uuid: "b7d9baf2dee24baebaffac39ba7a902d" member_type: VOTER last_known_addr { host: "127.4.168.193" port: 38107 } } peers { permanent_uuid: "747038df00d2470883befdb398fa894f" member_type: VOTER last_known_addr { host: "127.4.168.194" port: 43621 } } peers { permanent_uuid: "065d3d31203845cc9d496154a95b6ac3" member_type: VOTER last_known_addr { host: "127.4.168.195" port: 35377 } }
I20260709 14:48:44.601006  5410 leader_election.cc:290] T 762dc637d22746d8a1631ba32e6f8f88 P b7d9baf2dee24baebaffac39ba7a902d [CANDIDATE]: Term 4 election: Requested vote from peers 747038df00d2470883befdb398fa894f (127.4.168.194:43621), 065d3d31203845cc9d496154a95b6ac3 (127.4.168.195:35377)
I20260709 14:48:44.602131  5486 tablet_service.cc:1917] Received RequestConsensusVote() RPC: tablet_id: "762dc637d22746d8a1631ba32e6f8f88" candidate_uuid: "b7d9baf2dee24baebaffac39ba7a902d" candidate_term: 4 candidate_status { last_received { term: 3 index: 3 } } ignore_live_leader: true dest_uuid: "747038df00d2470883befdb398fa894f"
I20260709 14:48:44.602347  5561 tablet_service.cc:1917] Received RequestConsensusVote() RPC: tablet_id: "762dc637d22746d8a1631ba32e6f8f88" candidate_uuid: "b7d9baf2dee24baebaffac39ba7a902d" candidate_term: 4 candidate_status { last_received { term: 3 index: 3 } } ignore_live_leader: true dest_uuid: "065d3d31203845cc9d496154a95b6ac3"
I20260709 14:48:44.602667  5486 raft_consensus.cc:3060] T 762dc637d22746d8a1631ba32e6f8f88 P 747038df00d2470883befdb398fa894f [term 3 FOLLOWER]: Advancing to term 4
I20260709 14:48:44.602849  5561 raft_consensus.cc:3055] T 762dc637d22746d8a1631ba32e6f8f88 P 065d3d31203845cc9d496154a95b6ac3 [term 3 LEADER]: Stepping down as leader of term 3
I20260709 14:48:44.603209  5561 raft_consensus.cc:740] T 762dc637d22746d8a1631ba32e6f8f88 P 065d3d31203845cc9d496154a95b6ac3 [term 3 LEADER]: Becoming Follower/Learner. State: Replica: 065d3d31203845cc9d496154a95b6ac3, State: Running, Role: LEADER
I20260709 14:48:44.603891  5561 consensus_queue.cc:260] T 762dc637d22746d8a1631ba32e6f8f88 P 065d3d31203845cc9d496154a95b6ac3 [NON_LEADER]: Queue going to NON_LEADER mode. State: All replicated index: 0, Majority replicated index: 3, Committed index: 3, Last appended: 3.3, Last appended by leader: 3, Current term: 3, Majority size: -1, State: 0, Mode: NON_LEADER, active raft config: opid_index: -1 OBSOLETE_local: false peers { permanent_uuid: "b7d9baf2dee24baebaffac39ba7a902d" member_type: VOTER last_known_addr { host: "127.4.168.193" port: 38107 } } peers { permanent_uuid: "747038df00d2470883befdb398fa894f" member_type: VOTER last_known_addr { host: "127.4.168.194" port: 43621 } } peers { permanent_uuid: "065d3d31203845cc9d496154a95b6ac3" member_type: VOTER last_known_addr { host: "127.4.168.195" port: 35377 } }
I20260709 14:48:44.604763  5561 raft_consensus.cc:3060] T 762dc637d22746d8a1631ba32e6f8f88 P 065d3d31203845cc9d496154a95b6ac3 [term 3 FOLLOWER]: Advancing to term 4
I20260709 14:48:44.610546  5308 catalog_manager.cc:5697] T a553fc4478cb4d8fa9486c32c01bec6a P b7d9baf2dee24baebaffac39ba7a902d reported cstate change: term changed from 2 to 3, leader changed from 747038df00d2470883befdb398fa894f (127.4.168.194) to b7d9baf2dee24baebaffac39ba7a902d (127.4.168.193). New cstate: current_term: 3 leader_uuid: "b7d9baf2dee24baebaffac39ba7a902d" committed_config { opid_index: -1 OBSOLETE_local: false peers { permanent_uuid: "b7d9baf2dee24baebaffac39ba7a902d" member_type: VOTER last_known_addr { host: "127.4.168.193" port: 38107 } health_report { overall_health: HEALTHY } } peers { permanent_uuid: "747038df00d2470883befdb398fa894f" member_type: VOTER last_known_addr { host: "127.4.168.194" port: 43621 } health_report { overall_health: UNKNOWN } } peers { permanent_uuid: "065d3d31203845cc9d496154a95b6ac3" member_type: VOTER last_known_addr { host: "127.4.168.195" port: 35377 } health_report { overall_health: UNKNOWN } } }
I20260709 14:48:44.612071  5561 raft_consensus.cc:2468] T 762dc637d22746d8a1631ba32e6f8f88 P 065d3d31203845cc9d496154a95b6ac3 [term 4 FOLLOWER]: Leader election vote request: Granting yes vote for candidate b7d9baf2dee24baebaffac39ba7a902d in term 4.
I20260709 14:48:44.612001  5486 raft_consensus.cc:2468] T 762dc637d22746d8a1631ba32e6f8f88 P 747038df00d2470883befdb398fa894f [term 4 FOLLOWER]: Leader election vote request: Granting yes vote for candidate b7d9baf2dee24baebaffac39ba7a902d in term 4.
I20260709 14:48:44.613279  5375 leader_election.cc:304] T 762dc637d22746d8a1631ba32e6f8f88 P b7d9baf2dee24baebaffac39ba7a902d [CANDIDATE]: Term 4 election: Election decided. Result: candidate won. Election summary: received 2 responses out of 3 voters: 2 yes votes; 0 no votes. yes voters: 065d3d31203845cc9d496154a95b6ac3, b7d9baf2dee24baebaffac39ba7a902d; no voters: 
I20260709 14:48:44.614020  5638 raft_consensus.cc:2804] T 762dc637d22746d8a1631ba32e6f8f88 P b7d9baf2dee24baebaffac39ba7a902d [term 4 FOLLOWER]: Leader election won for term 4
I20260709 14:48:44.614477  5638 raft_consensus.cc:697] T 762dc637d22746d8a1631ba32e6f8f88 P b7d9baf2dee24baebaffac39ba7a902d [term 4 LEADER]: Becoming Leader. State: Replica: b7d9baf2dee24baebaffac39ba7a902d, State: Running, Role: LEADER
I20260709 14:48:44.615199  5638 consensus_queue.cc:237] T 762dc637d22746d8a1631ba32e6f8f88 P b7d9baf2dee24baebaffac39ba7a902d [LEADER]: Queue going to LEADER mode. State: All replicated index: 0, Majority replicated index: 3, Committed index: 3, Last appended: 3.3, Last appended by leader: 3, Current term: 4, Majority size: 2, State: 0, Mode: LEADER, active raft config: opid_index: -1 OBSOLETE_local: false peers { permanent_uuid: "b7d9baf2dee24baebaffac39ba7a902d" member_type: VOTER last_known_addr { host: "127.4.168.193" port: 38107 } } peers { permanent_uuid: "747038df00d2470883befdb398fa894f" member_type: VOTER last_known_addr { host: "127.4.168.194" port: 43621 } } peers { permanent_uuid: "065d3d31203845cc9d496154a95b6ac3" member_type: VOTER last_known_addr { host: "127.4.168.195" port: 35377 } }
I20260709 14:48:44.622612  5308 catalog_manager.cc:5697] T 762dc637d22746d8a1631ba32e6f8f88 P b7d9baf2dee24baebaffac39ba7a902d reported cstate change: term changed from 3 to 4, leader changed from 065d3d31203845cc9d496154a95b6ac3 (127.4.168.195) to b7d9baf2dee24baebaffac39ba7a902d (127.4.168.193). New cstate: current_term: 4 leader_uuid: "b7d9baf2dee24baebaffac39ba7a902d" committed_config { opid_index: -1 OBSOLETE_local: false peers { permanent_uuid: "b7d9baf2dee24baebaffac39ba7a902d" member_type: VOTER last_known_addr { host: "127.4.168.193" port: 38107 } health_report { overall_health: HEALTHY } } peers { permanent_uuid: "747038df00d2470883befdb398fa894f" member_type: VOTER last_known_addr { host: "127.4.168.194" port: 43621 } health_report { overall_health: UNKNOWN } } peers { permanent_uuid: "065d3d31203845cc9d496154a95b6ac3" member_type: VOTER last_known_addr { host: "127.4.168.195" port: 35377 } health_report { overall_health: UNKNOWN } } }
I20260709 14:48:44.700031  5723 raft_consensus.cc:993] T c9432f16a00e4061951446dec83a4504 P 065d3d31203845cc9d496154a95b6ac3: : Instructing follower b7d9baf2dee24baebaffac39ba7a902d to start an election
I20260709 14:48:44.700461  5723 raft_consensus.cc:1081] T c9432f16a00e4061951446dec83a4504 P 065d3d31203845cc9d496154a95b6ac3 [term 3 LEADER]: Signalling peer b7d9baf2dee24baebaffac39ba7a902d to start an election
I20260709 14:48:44.701889  5410 tablet_service.cc:2044] Received Run Leader Election RPC: tablet_id: "c9432f16a00e4061951446dec83a4504"
dest_uuid: "b7d9baf2dee24baebaffac39ba7a902d"
 from {username='slave'} at 127.0.0.1:44654
I20260709 14:48:44.702318  5410 raft_consensus.cc:493] T c9432f16a00e4061951446dec83a4504 P b7d9baf2dee24baebaffac39ba7a902d [term 3 FOLLOWER]: Starting forced leader election (received explicit request)
I20260709 14:48:44.702600  5410 raft_consensus.cc:3060] T c9432f16a00e4061951446dec83a4504 P b7d9baf2dee24baebaffac39ba7a902d [term 3 FOLLOWER]: Advancing to term 4
I20260709 14:48:44.707139  5410 raft_consensus.cc:515] T c9432f16a00e4061951446dec83a4504 P b7d9baf2dee24baebaffac39ba7a902d [term 4 FOLLOWER]: Starting forced leader election with config: opid_index: -1 OBSOLETE_local: false peers { permanent_uuid: "b7d9baf2dee24baebaffac39ba7a902d" member_type: VOTER last_known_addr { host: "127.4.168.193" port: 38107 } } peers { permanent_uuid: "747038df00d2470883befdb398fa894f" member_type: VOTER last_known_addr { host: "127.4.168.194" port: 43621 } } peers { permanent_uuid: "065d3d31203845cc9d496154a95b6ac3" member_type: VOTER last_known_addr { host: "127.4.168.195" port: 35377 } }
I20260709 14:48:44.708757  5410 leader_election.cc:290] T c9432f16a00e4061951446dec83a4504 P b7d9baf2dee24baebaffac39ba7a902d [CANDIDATE]: Term 4 election: Requested vote from peers 747038df00d2470883befdb398fa894f (127.4.168.194:43621), 065d3d31203845cc9d496154a95b6ac3 (127.4.168.195:35377)
I20260709 14:48:44.709461  5486 tablet_service.cc:1917] Received RequestConsensusVote() RPC: tablet_id: "c9432f16a00e4061951446dec83a4504" candidate_uuid: "b7d9baf2dee24baebaffac39ba7a902d" candidate_term: 4 candidate_status { last_received { term: 3 index: 3 } } ignore_live_leader: true dest_uuid: "747038df00d2470883befdb398fa894f"
I20260709 14:48:44.710026  5486 raft_consensus.cc:3060] T c9432f16a00e4061951446dec83a4504 P 747038df00d2470883befdb398fa894f [term 3 FOLLOWER]: Advancing to term 4
I20260709 14:48:44.710155  5561 tablet_service.cc:1917] Received RequestConsensusVote() RPC: tablet_id: "c9432f16a00e4061951446dec83a4504" candidate_uuid: "b7d9baf2dee24baebaffac39ba7a902d" candidate_term: 4 candidate_status { last_received { term: 3 index: 3 } } ignore_live_leader: true dest_uuid: "065d3d31203845cc9d496154a95b6ac3"
I20260709 14:48:44.710685  5561 raft_consensus.cc:3055] T c9432f16a00e4061951446dec83a4504 P 065d3d31203845cc9d496154a95b6ac3 [term 3 LEADER]: Stepping down as leader of term 3
I20260709 14:48:44.710933  5561 raft_consensus.cc:740] T c9432f16a00e4061951446dec83a4504 P 065d3d31203845cc9d496154a95b6ac3 [term 3 LEADER]: Becoming Follower/Learner. State: Replica: 065d3d31203845cc9d496154a95b6ac3, State: Running, Role: LEADER
I20260709 14:48:44.711534  5561 consensus_queue.cc:260] T c9432f16a00e4061951446dec83a4504 P 065d3d31203845cc9d496154a95b6ac3 [NON_LEADER]: Queue going to NON_LEADER mode. State: All replicated index: 0, Majority replicated index: 3, Committed index: 3, Last appended: 3.3, Last appended by leader: 3, Current term: 3, Majority size: -1, State: 0, Mode: NON_LEADER, active raft config: opid_index: -1 OBSOLETE_local: false peers { permanent_uuid: "b7d9baf2dee24baebaffac39ba7a902d" member_type: VOTER last_known_addr { host: "127.4.168.193" port: 38107 } } peers { permanent_uuid: "747038df00d2470883befdb398fa894f" member_type: VOTER last_known_addr { host: "127.4.168.194" port: 43621 } } peers { permanent_uuid: "065d3d31203845cc9d496154a95b6ac3" member_type: VOTER last_known_addr { host: "127.4.168.195" port: 35377 } }
I20260709 14:48:44.712304  5561 raft_consensus.cc:3060] T c9432f16a00e4061951446dec83a4504 P 065d3d31203845cc9d496154a95b6ac3 [term 3 FOLLOWER]: Advancing to term 4
I20260709 14:48:44.715097  5486 raft_consensus.cc:2468] T c9432f16a00e4061951446dec83a4504 P 747038df00d2470883befdb398fa894f [term 4 FOLLOWER]: Leader election vote request: Granting yes vote for candidate b7d9baf2dee24baebaffac39ba7a902d in term 4.
I20260709 14:48:44.716099  5375 leader_election.cc:304] T c9432f16a00e4061951446dec83a4504 P b7d9baf2dee24baebaffac39ba7a902d [CANDIDATE]: Term 4 election: Election decided. Result: candidate won. Election summary: received 2 responses out of 3 voters: 2 yes votes; 0 no votes. yes voters: 747038df00d2470883befdb398fa894f, b7d9baf2dee24baebaffac39ba7a902d; no voters: 
I20260709 14:48:44.716830  5561 raft_consensus.cc:2468] T c9432f16a00e4061951446dec83a4504 P 065d3d31203845cc9d496154a95b6ac3 [term 4 FOLLOWER]: Leader election vote request: Granting yes vote for candidate b7d9baf2dee24baebaffac39ba7a902d in term 4.
I20260709 14:48:44.716898  5638 raft_consensus.cc:2804] T c9432f16a00e4061951446dec83a4504 P b7d9baf2dee24baebaffac39ba7a902d [term 4 FOLLOWER]: Leader election won for term 4
I20260709 14:48:44.717356  5638 raft_consensus.cc:697] T c9432f16a00e4061951446dec83a4504 P b7d9baf2dee24baebaffac39ba7a902d [term 4 LEADER]: Becoming Leader. State: Replica: b7d9baf2dee24baebaffac39ba7a902d, State: Running, Role: LEADER
I20260709 14:48:44.718166  5638 consensus_queue.cc:237] T c9432f16a00e4061951446dec83a4504 P b7d9baf2dee24baebaffac39ba7a902d [LEADER]: Queue going to LEADER mode. State: All replicated index: 0, Majority replicated index: 3, Committed index: 3, Last appended: 3.3, Last appended by leader: 3, Current term: 4, Majority size: 2, State: 0, Mode: LEADER, active raft config: opid_index: -1 OBSOLETE_local: false peers { permanent_uuid: "b7d9baf2dee24baebaffac39ba7a902d" member_type: VOTER last_known_addr { host: "127.4.168.193" port: 38107 } } peers { permanent_uuid: "747038df00d2470883befdb398fa894f" member_type: VOTER last_known_addr { host: "127.4.168.194" port: 43621 } } peers { permanent_uuid: "065d3d31203845cc9d496154a95b6ac3" member_type: VOTER last_known_addr { host: "127.4.168.195" port: 35377 } }
I20260709 14:48:44.723613  5308 catalog_manager.cc:5697] T c9432f16a00e4061951446dec83a4504 P b7d9baf2dee24baebaffac39ba7a902d reported cstate change: term changed from 3 to 4, leader changed from 065d3d31203845cc9d496154a95b6ac3 (127.4.168.195) to b7d9baf2dee24baebaffac39ba7a902d (127.4.168.193). New cstate: current_term: 4 leader_uuid: "b7d9baf2dee24baebaffac39ba7a902d" committed_config { opid_index: -1 OBSOLETE_local: false peers { permanent_uuid: "b7d9baf2dee24baebaffac39ba7a902d" member_type: VOTER last_known_addr { host: "127.4.168.193" port: 38107 } health_report { overall_health: HEALTHY } } peers { permanent_uuid: "747038df00d2470883befdb398fa894f" member_type: VOTER last_known_addr { host: "127.4.168.194" port: 43621 } health_report { overall_health: UNKNOWN } } peers { permanent_uuid: "065d3d31203845cc9d496154a95b6ac3" member_type: VOTER last_known_addr { host: "127.4.168.195" port: 35377 } health_report { overall_health: UNKNOWN } } }
I20260709 14:48:44.882486  5561 raft_consensus.cc:1275] T a6c6762b3a64468b98b83996ae1168ce P 065d3d31203845cc9d496154a95b6ac3 [term 3 FOLLOWER]: Refusing update from remote peer b7d9baf2dee24baebaffac39ba7a902d: Log matching property violated. Preceding OpId in replica: term: 2 index: 2. Preceding OpId from leader: term: 3 index: 3. (index mismatch)
I20260709 14:48:44.883602  5638 consensus_queue.cc:1048] T a6c6762b3a64468b98b83996ae1168ce P b7d9baf2dee24baebaffac39ba7a902d [LEADER]: Connected to new peer: Peer: permanent_uuid: "065d3d31203845cc9d496154a95b6ac3" member_type: VOTER last_known_addr { host: "127.4.168.195" port: 35377 }, Status: LMP_MISMATCH, Last received: 0.0, Next index: 3, Last known committed idx: 2, Time since last communication: 0.000s
I20260709 14:48:44.893363  5486 raft_consensus.cc:1275] T a6c6762b3a64468b98b83996ae1168ce P 747038df00d2470883befdb398fa894f [term 3 FOLLOWER]: Refusing update from remote peer b7d9baf2dee24baebaffac39ba7a902d: Log matching property violated. Preceding OpId in replica: term: 2 index: 2. Preceding OpId from leader: term: 3 index: 3. (index mismatch)
I20260709 14:48:44.894995  5734 consensus_queue.cc:1048] T a6c6762b3a64468b98b83996ae1168ce P b7d9baf2dee24baebaffac39ba7a902d [LEADER]: Connected to new peer: Peer: permanent_uuid: "747038df00d2470883befdb398fa894f" member_type: VOTER last_known_addr { host: "127.4.168.194" port: 43621 }, Status: LMP_MISMATCH, Last received: 0.0, Next index: 3, Last known committed idx: 2, Time since last communication: 0.000s
I20260709 14:48:44.954838  5702 raft_consensus.cc:993] T 4dcf8b010ac8442891442e81f8e1c9f3 P 747038df00d2470883befdb398fa894f: : Instructing follower b7d9baf2dee24baebaffac39ba7a902d to start an election
I20260709 14:48:44.955286  5705 raft_consensus.cc:1081] T 4dcf8b010ac8442891442e81f8e1c9f3 P 747038df00d2470883befdb398fa894f [term 1 LEADER]: Signalling peer b7d9baf2dee24baebaffac39ba7a902d to start an election
I20260709 14:48:44.956761  5410 tablet_service.cc:2044] Received Run Leader Election RPC: tablet_id: "4dcf8b010ac8442891442e81f8e1c9f3"
dest_uuid: "b7d9baf2dee24baebaffac39ba7a902d"
 from {username='slave'} at 127.0.0.1:44642
I20260709 14:48:44.957191  5410 raft_consensus.cc:493] T 4dcf8b010ac8442891442e81f8e1c9f3 P b7d9baf2dee24baebaffac39ba7a902d [term 1 FOLLOWER]: Starting forced leader election (received explicit request)
I20260709 14:48:44.957484  5410 raft_consensus.cc:3060] T 4dcf8b010ac8442891442e81f8e1c9f3 P b7d9baf2dee24baebaffac39ba7a902d [term 1 FOLLOWER]: Advancing to term 2
I20260709 14:48:44.961338  5410 raft_consensus.cc:515] T 4dcf8b010ac8442891442e81f8e1c9f3 P b7d9baf2dee24baebaffac39ba7a902d [term 2 FOLLOWER]: Starting forced leader election with config: opid_index: -1 OBSOLETE_local: false peers { permanent_uuid: "b7d9baf2dee24baebaffac39ba7a902d" member_type: VOTER last_known_addr { host: "127.4.168.193" port: 38107 } } peers { permanent_uuid: "747038df00d2470883befdb398fa894f" member_type: VOTER last_known_addr { host: "127.4.168.194" port: 43621 } } peers { permanent_uuid: "065d3d31203845cc9d496154a95b6ac3" member_type: VOTER last_known_addr { host: "127.4.168.195" port: 35377 } }
I20260709 14:48:44.962754  5410 leader_election.cc:290] T 4dcf8b010ac8442891442e81f8e1c9f3 P b7d9baf2dee24baebaffac39ba7a902d [CANDIDATE]: Term 2 election: Requested vote from peers 747038df00d2470883befdb398fa894f (127.4.168.194:43621), 065d3d31203845cc9d496154a95b6ac3 (127.4.168.195:35377)
I20260709 14:48:44.963402  5485 tablet_service.cc:1917] Received RequestConsensusVote() RPC: tablet_id: "4dcf8b010ac8442891442e81f8e1c9f3" candidate_uuid: "b7d9baf2dee24baebaffac39ba7a902d" candidate_term: 2 candidate_status { last_received { term: 1 index: 1 } } ignore_live_leader: true dest_uuid: "747038df00d2470883befdb398fa894f"
I20260709 14:48:44.963878  5561 tablet_service.cc:1917] Received RequestConsensusVote() RPC: tablet_id: "4dcf8b010ac8442891442e81f8e1c9f3" candidate_uuid: "b7d9baf2dee24baebaffac39ba7a902d" candidate_term: 2 candidate_status { last_received { term: 1 index: 1 } } ignore_live_leader: true dest_uuid: "065d3d31203845cc9d496154a95b6ac3"
I20260709 14:48:44.963971  5485 raft_consensus.cc:3055] T 4dcf8b010ac8442891442e81f8e1c9f3 P 747038df00d2470883befdb398fa894f [term 1 LEADER]: Stepping down as leader of term 1
I20260709 14:48:44.964493  5561 raft_consensus.cc:3060] T 4dcf8b010ac8442891442e81f8e1c9f3 P 065d3d31203845cc9d496154a95b6ac3 [term 1 FOLLOWER]: Advancing to term 2
I20260709 14:48:44.964545  5485 raft_consensus.cc:740] T 4dcf8b010ac8442891442e81f8e1c9f3 P 747038df00d2470883befdb398fa894f [term 1 LEADER]: Becoming Follower/Learner. State: Replica: 747038df00d2470883befdb398fa894f, State: Running, Role: LEADER
I20260709 14:48:44.965448  5485 consensus_queue.cc:260] T 4dcf8b010ac8442891442e81f8e1c9f3 P 747038df00d2470883befdb398fa894f [NON_LEADER]: Queue going to NON_LEADER mode. State: All replicated index: 0, Majority replicated index: 1, Committed index: 1, Last appended: 1.1, Last appended by leader: 1, Current term: 1, Majority size: -1, State: 0, Mode: NON_LEADER, active raft config: opid_index: -1 OBSOLETE_local: false peers { permanent_uuid: "b7d9baf2dee24baebaffac39ba7a902d" member_type: VOTER last_known_addr { host: "127.4.168.193" port: 38107 } } peers { permanent_uuid: "747038df00d2470883befdb398fa894f" member_type: VOTER last_known_addr { host: "127.4.168.194" port: 43621 } } peers { permanent_uuid: "065d3d31203845cc9d496154a95b6ac3" member_type: VOTER last_known_addr { host: "127.4.168.195" port: 35377 } }
I20260709 14:48:44.966605  5485 raft_consensus.cc:3060] T 4dcf8b010ac8442891442e81f8e1c9f3 P 747038df00d2470883befdb398fa894f [term 1 FOLLOWER]: Advancing to term 2
I20260709 14:48:44.969240  5561 raft_consensus.cc:2468] T 4dcf8b010ac8442891442e81f8e1c9f3 P 065d3d31203845cc9d496154a95b6ac3 [term 2 FOLLOWER]: Leader election vote request: Granting yes vote for candidate b7d9baf2dee24baebaffac39ba7a902d in term 2.
I20260709 14:48:44.970118  5375 leader_election.cc:304] T 4dcf8b010ac8442891442e81f8e1c9f3 P b7d9baf2dee24baebaffac39ba7a902d [CANDIDATE]: Term 2 election: Election decided. Result: candidate won. Election summary: received 2 responses out of 3 voters: 2 yes votes; 0 no votes. yes voters: 065d3d31203845cc9d496154a95b6ac3, b7d9baf2dee24baebaffac39ba7a902d; no voters: 
I20260709 14:48:44.970772  5638 raft_consensus.cc:2804] T 4dcf8b010ac8442891442e81f8e1c9f3 P b7d9baf2dee24baebaffac39ba7a902d [term 2 FOLLOWER]: Leader election won for term 2
I20260709 14:48:44.971254  5638 raft_consensus.cc:697] T 4dcf8b010ac8442891442e81f8e1c9f3 P b7d9baf2dee24baebaffac39ba7a902d [term 2 LEADER]: Becoming Leader. State: Replica: b7d9baf2dee24baebaffac39ba7a902d, State: Running, Role: LEADER
I20260709 14:48:44.971642  5485 raft_consensus.cc:2468] T 4dcf8b010ac8442891442e81f8e1c9f3 P 747038df00d2470883befdb398fa894f [term 2 FOLLOWER]: Leader election vote request: Granting yes vote for candidate b7d9baf2dee24baebaffac39ba7a902d in term 2.
I20260709 14:48:44.972030  5638 consensus_queue.cc:237] T 4dcf8b010ac8442891442e81f8e1c9f3 P b7d9baf2dee24baebaffac39ba7a902d [LEADER]: Queue going to LEADER mode. State: All replicated index: 0, Majority replicated index: 1, Committed index: 1, Last appended: 1.1, Last appended by leader: 1, Current term: 2, Majority size: 2, State: 0, Mode: LEADER, active raft config: opid_index: -1 OBSOLETE_local: false peers { permanent_uuid: "b7d9baf2dee24baebaffac39ba7a902d" member_type: VOTER last_known_addr { host: "127.4.168.193" port: 38107 } } peers { permanent_uuid: "747038df00d2470883befdb398fa894f" member_type: VOTER last_known_addr { host: "127.4.168.194" port: 43621 } } peers { permanent_uuid: "065d3d31203845cc9d496154a95b6ac3" member_type: VOTER last_known_addr { host: "127.4.168.195" port: 35377 } }
I20260709 14:48:44.978400  5309 catalog_manager.cc:5697] T 4dcf8b010ac8442891442e81f8e1c9f3 P b7d9baf2dee24baebaffac39ba7a902d reported cstate change: term changed from 1 to 2, leader changed from 747038df00d2470883befdb398fa894f (127.4.168.194) to b7d9baf2dee24baebaffac39ba7a902d (127.4.168.193). New cstate: current_term: 2 leader_uuid: "b7d9baf2dee24baebaffac39ba7a902d" committed_config { opid_index: -1 OBSOLETE_local: false peers { permanent_uuid: "b7d9baf2dee24baebaffac39ba7a902d" member_type: VOTER last_known_addr { host: "127.4.168.193" port: 38107 } health_report { overall_health: HEALTHY } } peers { permanent_uuid: "747038df00d2470883befdb398fa894f" member_type: VOTER last_known_addr { host: "127.4.168.194" port: 43621 } health_report { overall_health: UNKNOWN } } peers { permanent_uuid: "065d3d31203845cc9d496154a95b6ac3" member_type: VOTER last_known_addr { host: "127.4.168.195" port: 35377 } health_report { overall_health: UNKNOWN } } }
I20260709 14:48:44.988842  5485 raft_consensus.cc:1275] T a553fc4478cb4d8fa9486c32c01bec6a P 747038df00d2470883befdb398fa894f [term 3 FOLLOWER]: Refusing update from remote peer b7d9baf2dee24baebaffac39ba7a902d: Log matching property violated. Preceding OpId in replica: term: 2 index: 2. Preceding OpId from leader: term: 3 index: 3. (index mismatch)
I20260709 14:48:44.989969  5638 consensus_queue.cc:1048] T a553fc4478cb4d8fa9486c32c01bec6a P b7d9baf2dee24baebaffac39ba7a902d [LEADER]: Connected to new peer: Peer: permanent_uuid: "747038df00d2470883befdb398fa894f" member_type: VOTER last_known_addr { host: "127.4.168.194" port: 43621 }, Status: LMP_MISMATCH, Last received: 0.0, Next index: 3, Last known committed idx: 2, Time since last communication: 0.000s
I20260709 14:48:44.999045  5561 raft_consensus.cc:1275] T a553fc4478cb4d8fa9486c32c01bec6a P 065d3d31203845cc9d496154a95b6ac3 [term 3 FOLLOWER]: Refusing update from remote peer b7d9baf2dee24baebaffac39ba7a902d: Log matching property violated. Preceding OpId in replica: term: 2 index: 2. Preceding OpId from leader: term: 3 index: 3. (index mismatch)
I20260709 14:48:45.000497  5638 consensus_queue.cc:1048] T a553fc4478cb4d8fa9486c32c01bec6a P b7d9baf2dee24baebaffac39ba7a902d [LEADER]: Connected to new peer: Peer: permanent_uuid: "065d3d31203845cc9d496154a95b6ac3" member_type: VOTER last_known_addr { host: "127.4.168.195" port: 35377 }, Status: LMP_MISMATCH, Last received: 0.0, Next index: 3, Last known committed idx: 2, Time since last communication: 0.000s
I20260709 14:48:45.076319  5561 raft_consensus.cc:1275] T 762dc637d22746d8a1631ba32e6f8f88 P 065d3d31203845cc9d496154a95b6ac3 [term 4 FOLLOWER]: Refusing update from remote peer b7d9baf2dee24baebaffac39ba7a902d: Log matching property violated. Preceding OpId in replica: term: 3 index: 3. Preceding OpId from leader: term: 4 index: 4. (index mismatch)
I20260709 14:48:45.077466  5638 consensus_queue.cc:1048] T 762dc637d22746d8a1631ba32e6f8f88 P b7d9baf2dee24baebaffac39ba7a902d [LEADER]: Connected to new peer: Peer: permanent_uuid: "065d3d31203845cc9d496154a95b6ac3" member_type: VOTER last_known_addr { host: "127.4.168.195" port: 35377 }, Status: LMP_MISMATCH, Last received: 0.0, Next index: 4, Last known committed idx: 3, Time since last communication: 0.000s
I20260709 14:48:45.085587  5485 raft_consensus.cc:1275] T 762dc637d22746d8a1631ba32e6f8f88 P 747038df00d2470883befdb398fa894f [term 4 FOLLOWER]: Refusing update from remote peer b7d9baf2dee24baebaffac39ba7a902d: Log matching property violated. Preceding OpId in replica: term: 3 index: 3. Preceding OpId from leader: term: 4 index: 4. (index mismatch)
I20260709 14:48:45.087636  5741 consensus_queue.cc:1048] T 762dc637d22746d8a1631ba32e6f8f88 P b7d9baf2dee24baebaffac39ba7a902d [LEADER]: Connected to new peer: Peer: permanent_uuid: "747038df00d2470883befdb398fa894f" member_type: VOTER last_known_addr { host: "127.4.168.194" port: 43621 }, Status: LMP_MISMATCH, Last received: 0.0, Next index: 4, Last known committed idx: 3, Time since last communication: 0.000s
I20260709 14:48:45.180202  5485 raft_consensus.cc:1275] T c9432f16a00e4061951446dec83a4504 P 747038df00d2470883befdb398fa894f [term 4 FOLLOWER]: Refusing update from remote peer b7d9baf2dee24baebaffac39ba7a902d: Log matching property violated. Preceding OpId in replica: term: 3 index: 3. Preceding OpId from leader: term: 4 index: 4. (index mismatch)
I20260709 14:48:45.181470  5725 consensus_queue.cc:1048] T c9432f16a00e4061951446dec83a4504 P b7d9baf2dee24baebaffac39ba7a902d [LEADER]: Connected to new peer: Peer: permanent_uuid: "747038df00d2470883befdb398fa894f" member_type: VOTER last_known_addr { host: "127.4.168.194" port: 43621 }, Status: LMP_MISMATCH, Last received: 0.0, Next index: 4, Last known committed idx: 3, Time since last communication: 0.000s
I20260709 14:48:45.189744  5561 raft_consensus.cc:1275] T c9432f16a00e4061951446dec83a4504 P 065d3d31203845cc9d496154a95b6ac3 [term 4 FOLLOWER]: Refusing update from remote peer b7d9baf2dee24baebaffac39ba7a902d: Log matching property violated. Preceding OpId in replica: term: 3 index: 3. Preceding OpId from leader: term: 4 index: 4. (index mismatch)
I20260709 14:48:45.192166  5734 consensus_queue.cc:1048] T c9432f16a00e4061951446dec83a4504 P b7d9baf2dee24baebaffac39ba7a902d [LEADER]: Connected to new peer: Peer: permanent_uuid: "065d3d31203845cc9d496154a95b6ac3" member_type: VOTER last_known_addr { host: "127.4.168.195" port: 35377 }, Status: LMP_MISMATCH, Last received: 0.0, Next index: 4, Last known committed idx: 3, Time since last communication: 0.000s
I20260709 14:48:45.479115  5485 raft_consensus.cc:1275] T 4dcf8b010ac8442891442e81f8e1c9f3 P 747038df00d2470883befdb398fa894f [term 2 FOLLOWER]: Refusing update from remote peer b7d9baf2dee24baebaffac39ba7a902d: Log matching property violated. Preceding OpId in replica: term: 1 index: 1. Preceding OpId from leader: term: 2 index: 2. (index mismatch)
I20260709 14:48:45.480508  5638 consensus_queue.cc:1048] T 4dcf8b010ac8442891442e81f8e1c9f3 P b7d9baf2dee24baebaffac39ba7a902d [LEADER]: Connected to new peer: Peer: permanent_uuid: "747038df00d2470883befdb398fa894f" member_type: VOTER last_known_addr { host: "127.4.168.194" port: 43621 }, Status: LMP_MISMATCH, Last received: 0.0, Next index: 2, Last known committed idx: 1, Time since last communication: 0.000s
I20260709 14:48:45.489087  5561 raft_consensus.cc:1275] T 4dcf8b010ac8442891442e81f8e1c9f3 P 065d3d31203845cc9d496154a95b6ac3 [term 2 FOLLOWER]: Refusing update from remote peer b7d9baf2dee24baebaffac39ba7a902d: Log matching property violated. Preceding OpId in replica: term: 1 index: 1. Preceding OpId from leader: term: 2 index: 2. (index mismatch)
I20260709 14:48:45.491186  5741 consensus_queue.cc:1048] T 4dcf8b010ac8442891442e81f8e1c9f3 P b7d9baf2dee24baebaffac39ba7a902d [LEADER]: Connected to new peer: Peer: permanent_uuid: "065d3d31203845cc9d496154a95b6ac3" member_type: VOTER last_known_addr { host: "127.4.168.195" port: 35377 }, Status: LMP_MISMATCH, Last received: 0.0, Next index: 2, Last known committed idx: 1, Time since last communication: 0.000s
I20260709 14:48:47.365221  4771 auto_leader_rebalancer.cc:141] leader rebalance for table test-workload
I20260709 14:48:47.373081  5410 tablet_service.cc:2072] Received LeaderStepDown RPC: tablet_id: "16a8c7862df64f1a86e95da0d51c1bd7"
dest_uuid: "b7d9baf2dee24baebaffac39ba7a902d"
mode: GRACEFUL
new_leader_uuid: "747038df00d2470883befdb398fa894f"
 from {username='slave'} at 127.0.0.1:44672
I20260709 14:48:47.373723  5410 raft_consensus.cc:606] T 16a8c7862df64f1a86e95da0d51c1bd7 P b7d9baf2dee24baebaffac39ba7a902d [term 2 LEADER]: Received request to transfer leadership to TS 747038df00d2470883befdb398fa894f
I20260709 14:48:47.376078  5410 tablet_service.cc:2072] Received LeaderStepDown RPC: tablet_id: "3a9f8414de5243e0853412f4c933762d"
dest_uuid: "b7d9baf2dee24baebaffac39ba7a902d"
mode: GRACEFUL
new_leader_uuid: "065d3d31203845cc9d496154a95b6ac3"
 from {username='slave'} at 127.0.0.1:44672
I20260709 14:48:47.376484  5410 raft_consensus.cc:606] T 3a9f8414de5243e0853412f4c933762d P b7d9baf2dee24baebaffac39ba7a902d [term 2 LEADER]: Received request to transfer leadership to TS 065d3d31203845cc9d496154a95b6ac3
I20260709 14:48:47.378486  5410 tablet_service.cc:2072] Received LeaderStepDown RPC: tablet_id: "a6c6762b3a64468b98b83996ae1168ce"
dest_uuid: "b7d9baf2dee24baebaffac39ba7a902d"
mode: GRACEFUL
new_leader_uuid: "065d3d31203845cc9d496154a95b6ac3"
 from {username='slave'} at 127.0.0.1:44672
I20260709 14:48:47.378880  5410 raft_consensus.cc:606] T a6c6762b3a64468b98b83996ae1168ce P b7d9baf2dee24baebaffac39ba7a902d [term 3 LEADER]: Received request to transfer leadership to TS 065d3d31203845cc9d496154a95b6ac3
I20260709 14:48:47.380779  5410 tablet_service.cc:2072] Received LeaderStepDown RPC: tablet_id: "c9432f16a00e4061951446dec83a4504"
dest_uuid: "b7d9baf2dee24baebaffac39ba7a902d"
mode: GRACEFUL
new_leader_uuid: "747038df00d2470883befdb398fa894f"
 from {username='slave'} at 127.0.0.1:44672
I20260709 14:48:47.381171  5410 raft_consensus.cc:606] T c9432f16a00e4061951446dec83a4504 P b7d9baf2dee24baebaffac39ba7a902d [term 4 LEADER]: Received request to transfer leadership to TS 747038df00d2470883befdb398fa894f
I20260709 14:48:47.382035  4771 auto_leader_rebalancer.cc:452] table: test-workload, leader rebalance finish, leader transfer count: 4
I20260709 14:48:47.382454  4771 auto_leader_rebalancer.cc:527] All tables' leader rebalancing finished this round
I20260709 14:48:47.487659  5734 raft_consensus.cc:993] T 16a8c7862df64f1a86e95da0d51c1bd7 P b7d9baf2dee24baebaffac39ba7a902d: : Instructing follower 747038df00d2470883befdb398fa894f to start an election
I20260709 14:48:47.488335  5748 raft_consensus.cc:1081] T 16a8c7862df64f1a86e95da0d51c1bd7 P b7d9baf2dee24baebaffac39ba7a902d [term 2 LEADER]: Signalling peer 747038df00d2470883befdb398fa894f to start an election
I20260709 14:48:47.489886  5485 tablet_service.cc:2044] Received Run Leader Election RPC: tablet_id: "16a8c7862df64f1a86e95da0d51c1bd7"
dest_uuid: "747038df00d2470883befdb398fa894f"
 from {username='slave'} at 127.0.0.1:46882
I20260709 14:48:47.490399  5485 raft_consensus.cc:493] T 16a8c7862df64f1a86e95da0d51c1bd7 P 747038df00d2470883befdb398fa894f [term 2 FOLLOWER]: Starting forced leader election (received explicit request)
I20260709 14:48:47.490737  5485 raft_consensus.cc:3060] T 16a8c7862df64f1a86e95da0d51c1bd7 P 747038df00d2470883befdb398fa894f [term 2 FOLLOWER]: Advancing to term 3
I20260709 14:48:47.496158  5485 raft_consensus.cc:515] T 16a8c7862df64f1a86e95da0d51c1bd7 P 747038df00d2470883befdb398fa894f [term 3 FOLLOWER]: Starting forced leader election with config: opid_index: -1 OBSOLETE_local: false peers { permanent_uuid: "b7d9baf2dee24baebaffac39ba7a902d" member_type: VOTER last_known_addr { host: "127.4.168.193" port: 38107 } } peers { permanent_uuid: "747038df00d2470883befdb398fa894f" member_type: VOTER last_known_addr { host: "127.4.168.194" port: 43621 } } peers { permanent_uuid: "065d3d31203845cc9d496154a95b6ac3" member_type: VOTER last_known_addr { host: "127.4.168.195" port: 35377 } }
I20260709 14:48:47.498165  5485 leader_election.cc:290] T 16a8c7862df64f1a86e95da0d51c1bd7 P 747038df00d2470883befdb398fa894f [CANDIDATE]: Term 3 election: Requested vote from peers b7d9baf2dee24baebaffac39ba7a902d (127.4.168.193:38107), 065d3d31203845cc9d496154a95b6ac3 (127.4.168.195:35377)
I20260709 14:48:47.498953  5410 tablet_service.cc:1917] Received RequestConsensusVote() RPC: tablet_id: "16a8c7862df64f1a86e95da0d51c1bd7" candidate_uuid: "747038df00d2470883befdb398fa894f" candidate_term: 3 candidate_status { last_received { term: 2 index: 2 } } ignore_live_leader: true dest_uuid: "b7d9baf2dee24baebaffac39ba7a902d"
I20260709 14:48:47.499459  5560 tablet_service.cc:1917] Received RequestConsensusVote() RPC: tablet_id: "16a8c7862df64f1a86e95da0d51c1bd7" candidate_uuid: "747038df00d2470883befdb398fa894f" candidate_term: 3 candidate_status { last_received { term: 2 index: 2 } } ignore_live_leader: true dest_uuid: "065d3d31203845cc9d496154a95b6ac3"
I20260709 14:48:47.499728  5410 raft_consensus.cc:3055] T 16a8c7862df64f1a86e95da0d51c1bd7 P b7d9baf2dee24baebaffac39ba7a902d [term 2 LEADER]: Stepping down as leader of term 2
I20260709 14:48:47.499981  5560 raft_consensus.cc:3060] T 16a8c7862df64f1a86e95da0d51c1bd7 P 065d3d31203845cc9d496154a95b6ac3 [term 2 FOLLOWER]: Advancing to term 3
I20260709 14:48:47.500054  5410 raft_consensus.cc:740] T 16a8c7862df64f1a86e95da0d51c1bd7 P b7d9baf2dee24baebaffac39ba7a902d [term 2 LEADER]: Becoming Follower/Learner. State: Replica: b7d9baf2dee24baebaffac39ba7a902d, State: Running, Role: LEADER
I20260709 14:48:47.500902  5410 consensus_queue.cc:260] T 16a8c7862df64f1a86e95da0d51c1bd7 P b7d9baf2dee24baebaffac39ba7a902d [NON_LEADER]: Queue going to NON_LEADER mode. State: All replicated index: 0, Majority replicated index: 2, Committed index: 2, Last appended: 2.2, Last appended by leader: 2, Current term: 2, Majority size: -1, State: 0, Mode: NON_LEADER, active raft config: opid_index: -1 OBSOLETE_local: false peers { permanent_uuid: "b7d9baf2dee24baebaffac39ba7a902d" member_type: VOTER last_known_addr { host: "127.4.168.193" port: 38107 } } peers { permanent_uuid: "747038df00d2470883befdb398fa894f" member_type: VOTER last_known_addr { host: "127.4.168.194" port: 43621 } } peers { permanent_uuid: "065d3d31203845cc9d496154a95b6ac3" member_type: VOTER last_known_addr { host: "127.4.168.195" port: 35377 } }
I20260709 14:48:47.502194  5410 raft_consensus.cc:3060] T 16a8c7862df64f1a86e95da0d51c1bd7 P b7d9baf2dee24baebaffac39ba7a902d [term 2 FOLLOWER]: Advancing to term 3
I20260709 14:48:47.507803  5560 raft_consensus.cc:2468] T 16a8c7862df64f1a86e95da0d51c1bd7 P 065d3d31203845cc9d496154a95b6ac3 [term 3 FOLLOWER]: Leader election vote request: Granting yes vote for candidate 747038df00d2470883befdb398fa894f in term 3.
I20260709 14:48:47.509114  5450 leader_election.cc:304] T 16a8c7862df64f1a86e95da0d51c1bd7 P 747038df00d2470883befdb398fa894f [CANDIDATE]: Term 3 election: Election decided. Result: candidate won. Election summary: received 2 responses out of 3 voters: 2 yes votes; 0 no votes. yes voters: 065d3d31203845cc9d496154a95b6ac3, 747038df00d2470883befdb398fa894f; no voters: 
I20260709 14:48:47.509513  5410 raft_consensus.cc:2468] T 16a8c7862df64f1a86e95da0d51c1bd7 P b7d9baf2dee24baebaffac39ba7a902d [term 3 FOLLOWER]: Leader election vote request: Granting yes vote for candidate 747038df00d2470883befdb398fa894f in term 3.
I20260709 14:48:47.510102  5705 raft_consensus.cc:2804] T 16a8c7862df64f1a86e95da0d51c1bd7 P 747038df00d2470883befdb398fa894f [term 3 FOLLOWER]: Leader election won for term 3
I20260709 14:48:47.511242  5705 raft_consensus.cc:697] T 16a8c7862df64f1a86e95da0d51c1bd7 P 747038df00d2470883befdb398fa894f [term 3 LEADER]: Becoming Leader. State: Replica: 747038df00d2470883befdb398fa894f, State: Running, Role: LEADER
I20260709 14:48:47.512244  5705 consensus_queue.cc:237] T 16a8c7862df64f1a86e95da0d51c1bd7 P 747038df00d2470883befdb398fa894f [LEADER]: Queue going to LEADER mode. State: All replicated index: 0, Majority replicated index: 2, Committed index: 2, Last appended: 2.2, Last appended by leader: 2, Current term: 3, Majority size: 2, State: 0, Mode: LEADER, active raft config: opid_index: -1 OBSOLETE_local: false peers { permanent_uuid: "b7d9baf2dee24baebaffac39ba7a902d" member_type: VOTER last_known_addr { host: "127.4.168.193" port: 38107 } } peers { permanent_uuid: "747038df00d2470883befdb398fa894f" member_type: VOTER last_known_addr { host: "127.4.168.194" port: 43621 } } peers { permanent_uuid: "065d3d31203845cc9d496154a95b6ac3" member_type: VOTER last_known_addr { host: "127.4.168.195" port: 35377 } }
I20260709 14:48:47.519347  5308 catalog_manager.cc:5697] T 16a8c7862df64f1a86e95da0d51c1bd7 P 747038df00d2470883befdb398fa894f reported cstate change: term changed from 2 to 3, leader changed from b7d9baf2dee24baebaffac39ba7a902d (127.4.168.193) to 747038df00d2470883befdb398fa894f (127.4.168.194). New cstate: current_term: 3 leader_uuid: "747038df00d2470883befdb398fa894f" committed_config { opid_index: -1 OBSOLETE_local: false peers { permanent_uuid: "b7d9baf2dee24baebaffac39ba7a902d" member_type: VOTER last_known_addr { host: "127.4.168.193" port: 38107 } health_report { overall_health: UNKNOWN } } peers { permanent_uuid: "747038df00d2470883befdb398fa894f" member_type: VOTER last_known_addr { host: "127.4.168.194" port: 43621 } health_report { overall_health: HEALTHY } } peers { permanent_uuid: "065d3d31203845cc9d496154a95b6ac3" member_type: VOTER last_known_addr { host: "127.4.168.195" port: 35377 } health_report { overall_health: UNKNOWN } } }
I20260709 14:48:47.680344  5734 raft_consensus.cc:993] T a6c6762b3a64468b98b83996ae1168ce P b7d9baf2dee24baebaffac39ba7a902d: : Instructing follower 065d3d31203845cc9d496154a95b6ac3 to start an election
I20260709 14:48:47.680930  5748 raft_consensus.cc:1081] T a6c6762b3a64468b98b83996ae1168ce P b7d9baf2dee24baebaffac39ba7a902d [term 3 LEADER]: Signalling peer 065d3d31203845cc9d496154a95b6ac3 to start an election
I20260709 14:48:47.682364  5560 tablet_service.cc:2044] Received Run Leader Election RPC: tablet_id: "a6c6762b3a64468b98b83996ae1168ce"
dest_uuid: "065d3d31203845cc9d496154a95b6ac3"
 from {username='slave'} at 127.0.0.1:38920
I20260709 14:48:47.682852  5560 raft_consensus.cc:493] T a6c6762b3a64468b98b83996ae1168ce P 065d3d31203845cc9d496154a95b6ac3 [term 3 FOLLOWER]: Starting forced leader election (received explicit request)
I20260709 14:48:47.683180  5560 raft_consensus.cc:3060] T a6c6762b3a64468b98b83996ae1168ce P 065d3d31203845cc9d496154a95b6ac3 [term 3 FOLLOWER]: Advancing to term 4
I20260709 14:48:47.687963  5560 raft_consensus.cc:515] T a6c6762b3a64468b98b83996ae1168ce P 065d3d31203845cc9d496154a95b6ac3 [term 4 FOLLOWER]: Starting forced leader election with config: opid_index: -1 OBSOLETE_local: false peers { permanent_uuid: "b7d9baf2dee24baebaffac39ba7a902d" member_type: VOTER last_known_addr { host: "127.4.168.193" port: 38107 } } peers { permanent_uuid: "747038df00d2470883befdb398fa894f" member_type: VOTER last_known_addr { host: "127.4.168.194" port: 43621 } } peers { permanent_uuid: "065d3d31203845cc9d496154a95b6ac3" member_type: VOTER last_known_addr { host: "127.4.168.195" port: 35377 } }
I20260709 14:48:47.689592  5560 leader_election.cc:290] T a6c6762b3a64468b98b83996ae1168ce P 065d3d31203845cc9d496154a95b6ac3 [CANDIDATE]: Term 4 election: Requested vote from peers b7d9baf2dee24baebaffac39ba7a902d (127.4.168.193:38107), 747038df00d2470883befdb398fa894f (127.4.168.194:43621)
I20260709 14:48:47.690465  5410 tablet_service.cc:1917] Received RequestConsensusVote() RPC: tablet_id: "a6c6762b3a64468b98b83996ae1168ce" candidate_uuid: "065d3d31203845cc9d496154a95b6ac3" candidate_term: 4 candidate_status { last_received { term: 3 index: 3 } } ignore_live_leader: true dest_uuid: "b7d9baf2dee24baebaffac39ba7a902d"
I20260709 14:48:47.690666  5485 tablet_service.cc:1917] Received RequestConsensusVote() RPC: tablet_id: "a6c6762b3a64468b98b83996ae1168ce" candidate_uuid: "065d3d31203845cc9d496154a95b6ac3" candidate_term: 4 candidate_status { last_received { term: 3 index: 3 } } ignore_live_leader: true dest_uuid: "747038df00d2470883befdb398fa894f"
I20260709 14:48:47.690937  5410 raft_consensus.cc:3055] T a6c6762b3a64468b98b83996ae1168ce P b7d9baf2dee24baebaffac39ba7a902d [term 3 LEADER]: Stepping down as leader of term 3
I20260709 14:48:47.691291  5410 raft_consensus.cc:740] T a6c6762b3a64468b98b83996ae1168ce P b7d9baf2dee24baebaffac39ba7a902d [term 3 LEADER]: Becoming Follower/Learner. State: Replica: b7d9baf2dee24baebaffac39ba7a902d, State: Running, Role: LEADER
I20260709 14:48:47.691323  5485 raft_consensus.cc:3060] T a6c6762b3a64468b98b83996ae1168ce P 747038df00d2470883befdb398fa894f [term 3 FOLLOWER]: Advancing to term 4
I20260709 14:48:47.692073  5410 consensus_queue.cc:260] T a6c6762b3a64468b98b83996ae1168ce P b7d9baf2dee24baebaffac39ba7a902d [NON_LEADER]: Queue going to NON_LEADER mode. State: All replicated index: 0, Majority replicated index: 3, Committed index: 3, Last appended: 3.3, Last appended by leader: 3, Current term: 3, Majority size: -1, State: 0, Mode: NON_LEADER, active raft config: opid_index: -1 OBSOLETE_local: false peers { permanent_uuid: "b7d9baf2dee24baebaffac39ba7a902d" member_type: VOTER last_known_addr { host: "127.4.168.193" port: 38107 } } peers { permanent_uuid: "747038df00d2470883befdb398fa894f" member_type: VOTER last_known_addr { host: "127.4.168.194" port: 43621 } } peers { permanent_uuid: "065d3d31203845cc9d496154a95b6ac3" member_type: VOTER last_known_addr { host: "127.4.168.195" port: 35377 } }
I20260709 14:48:47.692963  5410 raft_consensus.cc:3060] T a6c6762b3a64468b98b83996ae1168ce P b7d9baf2dee24baebaffac39ba7a902d [term 3 FOLLOWER]: Advancing to term 4
I20260709 14:48:47.696029  5485 raft_consensus.cc:2468] T a6c6762b3a64468b98b83996ae1168ce P 747038df00d2470883befdb398fa894f [term 4 FOLLOWER]: Leader election vote request: Granting yes vote for candidate 065d3d31203845cc9d496154a95b6ac3 in term 4.
I20260709 14:48:47.697250  5410 raft_consensus.cc:2468] T a6c6762b3a64468b98b83996ae1168ce P b7d9baf2dee24baebaffac39ba7a902d [term 4 FOLLOWER]: Leader election vote request: Granting yes vote for candidate 065d3d31203845cc9d496154a95b6ac3 in term 4.
I20260709 14:48:47.697311  5524 leader_election.cc:304] T a6c6762b3a64468b98b83996ae1168ce P 065d3d31203845cc9d496154a95b6ac3 [CANDIDATE]: Term 4 election: Election decided. Result: candidate won. Election summary: received 2 responses out of 3 voters: 2 yes votes; 0 no votes. yes voters: 065d3d31203845cc9d496154a95b6ac3, 747038df00d2470883befdb398fa894f; no voters: 
I20260709 14:48:47.698531  5723 raft_consensus.cc:2804] T a6c6762b3a64468b98b83996ae1168ce P 065d3d31203845cc9d496154a95b6ac3 [term 4 FOLLOWER]: Leader election won for term 4
I20260709 14:48:47.699630  5723 raft_consensus.cc:697] T a6c6762b3a64468b98b83996ae1168ce P 065d3d31203845cc9d496154a95b6ac3 [term 4 LEADER]: Becoming Leader. State: Replica: 065d3d31203845cc9d496154a95b6ac3, State: Running, Role: LEADER
I20260709 14:48:47.700467  5723 consensus_queue.cc:237] T a6c6762b3a64468b98b83996ae1168ce P 065d3d31203845cc9d496154a95b6ac3 [LEADER]: Queue going to LEADER mode. State: All replicated index: 0, Majority replicated index: 3, Committed index: 3, Last appended: 3.3, Last appended by leader: 3, Current term: 4, Majority size: 2, State: 0, Mode: LEADER, active raft config: opid_index: -1 OBSOLETE_local: false peers { permanent_uuid: "b7d9baf2dee24baebaffac39ba7a902d" member_type: VOTER last_known_addr { host: "127.4.168.193" port: 38107 } } peers { permanent_uuid: "747038df00d2470883befdb398fa894f" member_type: VOTER last_known_addr { host: "127.4.168.194" port: 43621 } } peers { permanent_uuid: "065d3d31203845cc9d496154a95b6ac3" member_type: VOTER last_known_addr { host: "127.4.168.195" port: 35377 } }
I20260709 14:48:47.706981  5308 catalog_manager.cc:5697] T a6c6762b3a64468b98b83996ae1168ce P 065d3d31203845cc9d496154a95b6ac3 reported cstate change: term changed from 3 to 4, leader changed from b7d9baf2dee24baebaffac39ba7a902d (127.4.168.193) to 065d3d31203845cc9d496154a95b6ac3 (127.4.168.195). New cstate: current_term: 4 leader_uuid: "065d3d31203845cc9d496154a95b6ac3" committed_config { opid_index: -1 OBSOLETE_local: false peers { permanent_uuid: "b7d9baf2dee24baebaffac39ba7a902d" member_type: VOTER last_known_addr { host: "127.4.168.193" port: 38107 } health_report { overall_health: UNKNOWN } } peers { permanent_uuid: "747038df00d2470883befdb398fa894f" member_type: VOTER last_known_addr { host: "127.4.168.194" port: 43621 } health_report { overall_health: UNKNOWN } } peers { permanent_uuid: "065d3d31203845cc9d496154a95b6ac3" member_type: VOTER last_known_addr { host: "127.4.168.195" port: 35377 } health_report { overall_health: HEALTHY } } }
I20260709 14:48:47.720562  5734 raft_consensus.cc:993] T c9432f16a00e4061951446dec83a4504 P b7d9baf2dee24baebaffac39ba7a902d: : Instructing follower 747038df00d2470883befdb398fa894f to start an election
