I20260709 14:48:33.554544  6576 raft_consensus.cc:515] T e4aa7c20b5d44c07a1ae6e7b5331b5dd P eb1bae3017e44cb69ebae2f489883763 [term 3 FOLLOWER]: Starting forced leader election with config: opid_index: -1 OBSOLETE_local: false peers { permanent_uuid: "8efcb77873074cd6b5ed98e0bbb30938" member_type: VOTER last_known_addr { host: "127.6.55.129" port: 42559 } } peers { permanent_uuid: "eb1bae3017e44cb69ebae2f489883763" member_type: VOTER last_known_addr { host: "127.6.55.130" port: 33963 } } peers { permanent_uuid: "1a803415e80d483198599fb49aa7edb0" member_type: VOTER last_known_addr { host: "127.6.55.131" port: 34595 } }
I20260709 14:48:33.556399  6576 leader_election.cc:290] T e4aa7c20b5d44c07a1ae6e7b5331b5dd P eb1bae3017e44cb69ebae2f489883763 [CANDIDATE]: Term 3 election: Requested vote from peers 8efcb77873074cd6b5ed98e0bbb30938 (127.6.55.129:42559), 1a803415e80d483198599fb49aa7edb0 (127.6.55.131:34595)
I20260709 14:48:33.557109  6499 tablet_service.cc:1917] Received RequestConsensusVote() RPC: tablet_id: "e4aa7c20b5d44c07a1ae6e7b5331b5dd" candidate_uuid: "eb1bae3017e44cb69ebae2f489883763" candidate_term: 3 candidate_status { last_received { term: 2 index: 2 } } ignore_live_leader: true dest_uuid: "8efcb77873074cd6b5ed98e0bbb30938"
I20260709 14:48:33.557360  6650 tablet_service.cc:1917] Received RequestConsensusVote() RPC: tablet_id: "e4aa7c20b5d44c07a1ae6e7b5331b5dd" candidate_uuid: "eb1bae3017e44cb69ebae2f489883763" candidate_term: 3 candidate_status { last_received { term: 2 index: 2 } } ignore_live_leader: true dest_uuid: "1a803415e80d483198599fb49aa7edb0"
I20260709 14:48:33.557713  6499 raft_consensus.cc:3060] T e4aa7c20b5d44c07a1ae6e7b5331b5dd P 8efcb77873074cd6b5ed98e0bbb30938 [term 2 FOLLOWER]: Advancing to term 3
I20260709 14:48:33.557901  6650 raft_consensus.cc:3055] T e4aa7c20b5d44c07a1ae6e7b5331b5dd P 1a803415e80d483198599fb49aa7edb0 [term 2 LEADER]: Stepping down as leader of term 2
I20260709 14:48:33.558246  6650 raft_consensus.cc:740] T e4aa7c20b5d44c07a1ae6e7b5331b5dd P 1a803415e80d483198599fb49aa7edb0 [term 2 LEADER]: Becoming Follower/Learner. State: Replica: 1a803415e80d483198599fb49aa7edb0, State: Running, Role: LEADER
I20260709 14:48:33.558882  6650 consensus_queue.cc:260] T e4aa7c20b5d44c07a1ae6e7b5331b5dd P 1a803415e80d483198599fb49aa7edb0 [NON_LEADER]: Queue going to NON_LEADER mode. State: All replicated index: 0, Majority replicated index: 2, Committed index: 2, Last appended: 2.2, Last appended by leader: 2, Current term: 2, Majority size: -1, State: 0, Mode: NON_LEADER, active raft config: opid_index: -1 OBSOLETE_local: false peers { permanent_uuid: "8efcb77873074cd6b5ed98e0bbb30938" member_type: VOTER last_known_addr { host: "127.6.55.129" port: 42559 } } peers { permanent_uuid: "eb1bae3017e44cb69ebae2f489883763" member_type: VOTER last_known_addr { host: "127.6.55.130" port: 33963 } } peers { permanent_uuid: "1a803415e80d483198599fb49aa7edb0" member_type: VOTER last_known_addr { host: "127.6.55.131" port: 34595 } }
I20260709 14:48:33.559705  6650 raft_consensus.cc:3060] T e4aa7c20b5d44c07a1ae6e7b5331b5dd P 1a803415e80d483198599fb49aa7edb0 [term 2 FOLLOWER]: Advancing to term 3
I20260709 14:48:33.562752  6499 raft_consensus.cc:2468] T e4aa7c20b5d44c07a1ae6e7b5331b5dd P 8efcb77873074cd6b5ed98e0bbb30938 [term 3 FOLLOWER]: Leader election vote request: Granting yes vote for candidate eb1bae3017e44cb69ebae2f489883763 in term 3.
I20260709 14:48:33.563782  6540 leader_election.cc:304] T e4aa7c20b5d44c07a1ae6e7b5331b5dd P eb1bae3017e44cb69ebae2f489883763 [CANDIDATE]: Term 3 election: Election decided. Result: candidate won. Election summary: received 2 responses out of 3 voters: 2 yes votes; 0 no votes. yes voters: 8efcb77873074cd6b5ed98e0bbb30938, eb1bae3017e44cb69ebae2f489883763; no voters: 
I20260709 14:48:33.564347  6650 raft_consensus.cc:2468] T e4aa7c20b5d44c07a1ae6e7b5331b5dd P 1a803415e80d483198599fb49aa7edb0 [term 3 FOLLOWER]: Leader election vote request: Granting yes vote for candidate eb1bae3017e44cb69ebae2f489883763 in term 3.
I20260709 14:48:33.564568  6820 raft_consensus.cc:2804] T e4aa7c20b5d44c07a1ae6e7b5331b5dd P eb1bae3017e44cb69ebae2f489883763 [term 3 FOLLOWER]: Leader election won for term 3
I20260709 14:48:33.565858  6820 raft_consensus.cc:697] T e4aa7c20b5d44c07a1ae6e7b5331b5dd P eb1bae3017e44cb69ebae2f489883763 [term 3 LEADER]: Becoming Leader. State: Replica: eb1bae3017e44cb69ebae2f489883763, State: Running, Role: LEADER
I20260709 14:48:33.566790  6820 consensus_queue.cc:237] T e4aa7c20b5d44c07a1ae6e7b5331b5dd P eb1bae3017e44cb69ebae2f489883763 [LEADER]: Queue going to LEADER mode. State: All replicated index: 0, Majority replicated index: 2, Committed index: 2, Last appended: 2.2, Last appended by leader: 2, Current term: 3, Majority size: 2, State: 0, Mode: LEADER, active raft config: opid_index: -1 OBSOLETE_local: false peers { permanent_uuid: "8efcb77873074cd6b5ed98e0bbb30938" member_type: VOTER last_known_addr { host: "127.6.55.129" port: 42559 } } peers { permanent_uuid: "eb1bae3017e44cb69ebae2f489883763" member_type: VOTER last_known_addr { host: "127.6.55.130" port: 33963 } } peers { permanent_uuid: "1a803415e80d483198599fb49aa7edb0" member_type: VOTER last_known_addr { host: "127.6.55.131" port: 34595 } }
I20260709 14:48:33.570315  6839 raft_consensus.cc:993] T ab301bb8f52445e0b02bb747430e7fc3 P 8efcb77873074cd6b5ed98e0bbb30938: : Instructing follower eb1bae3017e44cb69ebae2f489883763 to start an election
I20260709 14:48:33.570833  6816 raft_consensus.cc:1081] T ab301bb8f52445e0b02bb747430e7fc3 P 8efcb77873074cd6b5ed98e0bbb30938 [term 2 LEADER]: Signalling peer eb1bae3017e44cb69ebae2f489883763 to start an election
I20260709 14:48:33.572582  6576 tablet_service.cc:2044] Received Run Leader Election RPC: tablet_id: "ab301bb8f52445e0b02bb747430e7fc3"
dest_uuid: "eb1bae3017e44cb69ebae2f489883763"
 from {username='slave'} at 127.0.0.1:35414
I20260709 14:48:33.573058  6576 raft_consensus.cc:493] T ab301bb8f52445e0b02bb747430e7fc3 P eb1bae3017e44cb69ebae2f489883763 [term 2 FOLLOWER]: Starting forced leader election (received explicit request)
I20260709 14:48:33.573375  6576 raft_consensus.cc:3060] T ab301bb8f52445e0b02bb747430e7fc3 P eb1bae3017e44cb69ebae2f489883763 [term 2 FOLLOWER]: Advancing to term 3
I20260709 14:48:33.574468  6397 catalog_manager.cc:5697] T e4aa7c20b5d44c07a1ae6e7b5331b5dd P eb1bae3017e44cb69ebae2f489883763 reported cstate change: term changed from 2 to 3, leader changed from 1a803415e80d483198599fb49aa7edb0 (127.6.55.131) to eb1bae3017e44cb69ebae2f489883763 (127.6.55.130). New cstate: current_term: 3 leader_uuid: "eb1bae3017e44cb69ebae2f489883763" committed_config { opid_index: -1 OBSOLETE_local: false peers { permanent_uuid: "8efcb77873074cd6b5ed98e0bbb30938" member_type: VOTER last_known_addr { host: "127.6.55.129" port: 42559 } health_report { overall_health: UNKNOWN } } peers { permanent_uuid: "eb1bae3017e44cb69ebae2f489883763" member_type: VOTER last_known_addr { host: "127.6.55.130" port: 33963 } health_report { overall_health: HEALTHY } } peers { permanent_uuid: "1a803415e80d483198599fb49aa7edb0" member_type: VOTER last_known_addr { host: "127.6.55.131" port: 34595 } health_report { overall_health: UNKNOWN } } }
I20260709 14:48:33.578493  6576 raft_consensus.cc:515] T ab301bb8f52445e0b02bb747430e7fc3 P eb1bae3017e44cb69ebae2f489883763 [term 3 FOLLOWER]: Starting forced leader election with config: opid_index: -1 OBSOLETE_local: false peers { permanent_uuid: "8efcb77873074cd6b5ed98e0bbb30938" member_type: VOTER last_known_addr { host: "127.6.55.129" port: 42559 } } peers { permanent_uuid: "eb1bae3017e44cb69ebae2f489883763" member_type: VOTER last_known_addr { host: "127.6.55.130" port: 33963 } } peers { permanent_uuid: "1a803415e80d483198599fb49aa7edb0" member_type: VOTER last_known_addr { host: "127.6.55.131" port: 34595 } }
I20260709 14:48:33.581161  6576 leader_election.cc:290] T ab301bb8f52445e0b02bb747430e7fc3 P eb1bae3017e44cb69ebae2f489883763 [CANDIDATE]: Term 3 election: Requested vote from peers 8efcb77873074cd6b5ed98e0bbb30938 (127.6.55.129:42559), 1a803415e80d483198599fb49aa7edb0 (127.6.55.131:34595)
I20260709 14:48:33.581223  6499 tablet_service.cc:1917] Received RequestConsensusVote() RPC: tablet_id: "ab301bb8f52445e0b02bb747430e7fc3" candidate_uuid: "eb1bae3017e44cb69ebae2f489883763" candidate_term: 3 candidate_status { last_received { term: 2 index: 2 } } ignore_live_leader: true dest_uuid: "8efcb77873074cd6b5ed98e0bbb30938"
I20260709 14:48:33.582067  6499 raft_consensus.cc:3055] T ab301bb8f52445e0b02bb747430e7fc3 P 8efcb77873074cd6b5ed98e0bbb30938 [term 2 LEADER]: Stepping down as leader of term 2
I20260709 14:48:33.582445  6499 raft_consensus.cc:740] T ab301bb8f52445e0b02bb747430e7fc3 P 8efcb77873074cd6b5ed98e0bbb30938 [term 2 LEADER]: Becoming Follower/Learner. State: Replica: 8efcb77873074cd6b5ed98e0bbb30938, State: Running, Role: LEADER
I20260709 14:48:33.583329  6650 tablet_service.cc:1917] Received RequestConsensusVote() RPC: tablet_id: "ab301bb8f52445e0b02bb747430e7fc3" candidate_uuid: "eb1bae3017e44cb69ebae2f489883763" candidate_term: 3 candidate_status { last_received { term: 2 index: 2 } } ignore_live_leader: true dest_uuid: "1a803415e80d483198599fb49aa7edb0"
I20260709 14:48:33.583933  6650 raft_consensus.cc:3060] T ab301bb8f52445e0b02bb747430e7fc3 P 1a803415e80d483198599fb49aa7edb0 [term 2 FOLLOWER]: Advancing to term 3
I20260709 14:48:33.583408  6499 consensus_queue.cc:260] T ab301bb8f52445e0b02bb747430e7fc3 P 8efcb77873074cd6b5ed98e0bbb30938 [NON_LEADER]: Queue going to NON_LEADER mode. State: All replicated index: 0, Majority replicated index: 2, Committed index: 2, Last appended: 2.2, Last appended by leader: 2, Current term: 2, Majority size: -1, State: 0, Mode: NON_LEADER, active raft config: opid_index: -1 OBSOLETE_local: false peers { permanent_uuid: "8efcb77873074cd6b5ed98e0bbb30938" member_type: VOTER last_known_addr { host: "127.6.55.129" port: 42559 } } peers { permanent_uuid: "eb1bae3017e44cb69ebae2f489883763" member_type: VOTER last_known_addr { host: "127.6.55.130" port: 33963 } } peers { permanent_uuid: "1a803415e80d483198599fb49aa7edb0" member_type: VOTER last_known_addr { host: "127.6.55.131" port: 34595 } }
I20260709 14:48:33.585044  6499 raft_consensus.cc:3060] T ab301bb8f52445e0b02bb747430e7fc3 P 8efcb77873074cd6b5ed98e0bbb30938 [term 2 FOLLOWER]: Advancing to term 3
I20260709 14:48:33.595451  6650 raft_consensus.cc:2468] T ab301bb8f52445e0b02bb747430e7fc3 P 1a803415e80d483198599fb49aa7edb0 [term 3 FOLLOWER]: Leader election vote request: Granting yes vote for candidate eb1bae3017e44cb69ebae2f489883763 in term 3.
I20260709 14:48:33.628376  6542 leader_election.cc:304] T ab301bb8f52445e0b02bb747430e7fc3 P eb1bae3017e44cb69ebae2f489883763 [CANDIDATE]: Term 3 election: Election decided. Result: candidate won. Election summary: received 2 responses out of 3 voters: 2 yes votes; 0 no votes. yes voters: 1a803415e80d483198599fb49aa7edb0, eb1bae3017e44cb69ebae2f489883763; no voters: 
I20260709 14:48:33.630769  6820 raft_consensus.cc:2804] T ab301bb8f52445e0b02bb747430e7fc3 P eb1bae3017e44cb69ebae2f489883763 [term 3 FOLLOWER]: Leader election won for term 3
I20260709 14:48:33.631816  6499 raft_consensus.cc:2468] T ab301bb8f52445e0b02bb747430e7fc3 P 8efcb77873074cd6b5ed98e0bbb30938 [term 3 FOLLOWER]: Leader election vote request: Granting yes vote for candidate eb1bae3017e44cb69ebae2f489883763 in term 3.
I20260709 14:48:33.631793  6820 raft_consensus.cc:697] T ab301bb8f52445e0b02bb747430e7fc3 P eb1bae3017e44cb69ebae2f489883763 [term 3 LEADER]: Becoming Leader. State: Replica: eb1bae3017e44cb69ebae2f489883763, State: Running, Role: LEADER
I20260709 14:48:33.634555  6820 consensus_queue.cc:237] T ab301bb8f52445e0b02bb747430e7fc3 P eb1bae3017e44cb69ebae2f489883763 [LEADER]: Queue going to LEADER mode. State: All replicated index: 0, Majority replicated index: 2, Committed index: 2, Last appended: 2.2, Last appended by leader: 2, Current term: 3, Majority size: 2, State: 0, Mode: LEADER, active raft config: opid_index: -1 OBSOLETE_local: false peers { permanent_uuid: "8efcb77873074cd6b5ed98e0bbb30938" member_type: VOTER last_known_addr { host: "127.6.55.129" port: 42559 } } peers { permanent_uuid: "eb1bae3017e44cb69ebae2f489883763" member_type: VOTER last_known_addr { host: "127.6.55.130" port: 33963 } } peers { permanent_uuid: "1a803415e80d483198599fb49aa7edb0" member_type: VOTER last_known_addr { host: "127.6.55.131" port: 34595 } }
I20260709 14:48:33.644985  6397 catalog_manager.cc:5697] T ab301bb8f52445e0b02bb747430e7fc3 P eb1bae3017e44cb69ebae2f489883763 reported cstate change: term changed from 2 to 3, leader changed from 8efcb77873074cd6b5ed98e0bbb30938 (127.6.55.129) to eb1bae3017e44cb69ebae2f489883763 (127.6.55.130). New cstate: current_term: 3 leader_uuid: "eb1bae3017e44cb69ebae2f489883763" committed_config { opid_index: -1 OBSOLETE_local: false peers { permanent_uuid: "8efcb77873074cd6b5ed98e0bbb30938" member_type: VOTER last_known_addr { host: "127.6.55.129" port: 42559 } health_report { overall_health: UNKNOWN } } peers { permanent_uuid: "eb1bae3017e44cb69ebae2f489883763" member_type: VOTER last_known_addr { host: "127.6.55.130" port: 33963 } health_report { overall_health: HEALTHY } } peers { permanent_uuid: "1a803415e80d483198599fb49aa7edb0" member_type: VOTER last_known_addr { host: "127.6.55.131" port: 34595 } health_report { overall_health: UNKNOWN } } }
I20260709 14:48:33.665592  6832 raft_consensus.cc:993] T c46385460a8a4d6b8033f0528efdaf5d P 1a803415e80d483198599fb49aa7edb0: : Instructing follower eb1bae3017e44cb69ebae2f489883763 to start an election
I20260709 14:48:33.666199  6814 raft_consensus.cc:1081] T c46385460a8a4d6b8033f0528efdaf5d P 1a803415e80d483198599fb49aa7edb0 [term 4 LEADER]: Signalling peer eb1bae3017e44cb69ebae2f489883763 to start an election
I20260709 14:48:33.668174  6576 tablet_service.cc:2044] Received Run Leader Election RPC: tablet_id: "c46385460a8a4d6b8033f0528efdaf5d"
dest_uuid: "eb1bae3017e44cb69ebae2f489883763"
 from {username='slave'} at 127.0.0.1:35412
I20260709 14:48:33.668798  6576 raft_consensus.cc:493] T c46385460a8a4d6b8033f0528efdaf5d P eb1bae3017e44cb69ebae2f489883763 [term 4 FOLLOWER]: Starting forced leader election (received explicit request)
I20260709 14:48:33.669121  6576 raft_consensus.cc:3060] T c46385460a8a4d6b8033f0528efdaf5d P eb1bae3017e44cb69ebae2f489883763 [term 4 FOLLOWER]: Advancing to term 5
I20260709 14:48:33.674693  6576 raft_consensus.cc:515] T c46385460a8a4d6b8033f0528efdaf5d P eb1bae3017e44cb69ebae2f489883763 [term 5 FOLLOWER]: Starting forced leader election with config: opid_index: -1 OBSOLETE_local: false peers { permanent_uuid: "8efcb77873074cd6b5ed98e0bbb30938" member_type: VOTER last_known_addr { host: "127.6.55.129" port: 42559 } } peers { permanent_uuid: "eb1bae3017e44cb69ebae2f489883763" member_type: VOTER last_known_addr { host: "127.6.55.130" port: 33963 } } peers { permanent_uuid: "1a803415e80d483198599fb49aa7edb0" member_type: VOTER last_known_addr { host: "127.6.55.131" port: 34595 } }
I20260709 14:48:33.676357  6576 leader_election.cc:290] T c46385460a8a4d6b8033f0528efdaf5d P eb1bae3017e44cb69ebae2f489883763 [CANDIDATE]: Term 5 election: Requested vote from peers 8efcb77873074cd6b5ed98e0bbb30938 (127.6.55.129:42559), 1a803415e80d483198599fb49aa7edb0 (127.6.55.131:34595)
I20260709 14:48:33.677248  6499 tablet_service.cc:1917] Received RequestConsensusVote() RPC: tablet_id: "c46385460a8a4d6b8033f0528efdaf5d" candidate_uuid: "eb1bae3017e44cb69ebae2f489883763" candidate_term: 5 candidate_status { last_received { term: 4 index: 3 } } ignore_live_leader: true dest_uuid: "8efcb77873074cd6b5ed98e0bbb30938"
I20260709 14:48:33.677541  6650 tablet_service.cc:1917] Received RequestConsensusVote() RPC: tablet_id: "c46385460a8a4d6b8033f0528efdaf5d" candidate_uuid: "eb1bae3017e44cb69ebae2f489883763" candidate_term: 5 candidate_status { last_received { term: 4 index: 3 } } ignore_live_leader: true dest_uuid: "1a803415e80d483198599fb49aa7edb0"
I20260709 14:48:33.677865  6499 raft_consensus.cc:3060] T c46385460a8a4d6b8033f0528efdaf5d P 8efcb77873074cd6b5ed98e0bbb30938 [term 4 FOLLOWER]: Advancing to term 5
I20260709 14:48:33.678084  6650 raft_consensus.cc:3055] T c46385460a8a4d6b8033f0528efdaf5d P 1a803415e80d483198599fb49aa7edb0 [term 4 LEADER]: Stepping down as leader of term 4
I20260709 14:48:33.678399  6650 raft_consensus.cc:740] T c46385460a8a4d6b8033f0528efdaf5d P 1a803415e80d483198599fb49aa7edb0 [term 4 LEADER]: Becoming Follower/Learner. State: Replica: 1a803415e80d483198599fb49aa7edb0, State: Running, Role: LEADER
I20260709 14:48:33.679100  6650 consensus_queue.cc:260] T c46385460a8a4d6b8033f0528efdaf5d P 1a803415e80d483198599fb49aa7edb0 [NON_LEADER]: Queue going to NON_LEADER mode. State: All replicated index: 0, Majority replicated index: 3, Committed index: 3, Last appended: 4.3, Last appended by leader: 3, Current term: 4, Majority size: -1, State: 0, Mode: NON_LEADER, active raft config: opid_index: -1 OBSOLETE_local: false peers { permanent_uuid: "8efcb77873074cd6b5ed98e0bbb30938" member_type: VOTER last_known_addr { host: "127.6.55.129" port: 42559 } } peers { permanent_uuid: "eb1bae3017e44cb69ebae2f489883763" member_type: VOTER last_known_addr { host: "127.6.55.130" port: 33963 } } peers { permanent_uuid: "1a803415e80d483198599fb49aa7edb0" member_type: VOTER last_known_addr { host: "127.6.55.131" port: 34595 } }
I20260709 14:48:33.680012  6650 raft_consensus.cc:3060] T c46385460a8a4d6b8033f0528efdaf5d P 1a803415e80d483198599fb49aa7edb0 [term 4 FOLLOWER]: Advancing to term 5
I20260709 14:48:33.682085  6499 raft_consensus.cc:2468] T c46385460a8a4d6b8033f0528efdaf5d P 8efcb77873074cd6b5ed98e0bbb30938 [term 5 FOLLOWER]: Leader election vote request: Granting yes vote for candidate eb1bae3017e44cb69ebae2f489883763 in term 5.
I20260709 14:48:33.683099  6540 leader_election.cc:304] T c46385460a8a4d6b8033f0528efdaf5d P eb1bae3017e44cb69ebae2f489883763 [CANDIDATE]: Term 5 election: Election decided. Result: candidate won. Election summary: received 2 responses out of 3 voters: 2 yes votes; 0 no votes. yes voters: 8efcb77873074cd6b5ed98e0bbb30938, eb1bae3017e44cb69ebae2f489883763; no voters: 
I20260709 14:48:33.683777  6820 raft_consensus.cc:2804] T c46385460a8a4d6b8033f0528efdaf5d P eb1bae3017e44cb69ebae2f489883763 [term 5 FOLLOWER]: Leader election won for term 5
I20260709 14:48:33.684165  6820 raft_consensus.cc:697] T c46385460a8a4d6b8033f0528efdaf5d P eb1bae3017e44cb69ebae2f489883763 [term 5 LEADER]: Becoming Leader. State: Replica: eb1bae3017e44cb69ebae2f489883763, State: Running, Role: LEADER
I20260709 14:48:33.684988  6650 raft_consensus.cc:2468] T c46385460a8a4d6b8033f0528efdaf5d P 1a803415e80d483198599fb49aa7edb0 [term 5 FOLLOWER]: Leader election vote request: Granting yes vote for candidate eb1bae3017e44cb69ebae2f489883763 in term 5.
I20260709 14:48:33.685130  6820 consensus_queue.cc:237] T c46385460a8a4d6b8033f0528efdaf5d P eb1bae3017e44cb69ebae2f489883763 [LEADER]: Queue going to LEADER mode. State: All replicated index: 0, Majority replicated index: 3, Committed index: 3, Last appended: 4.3, Last appended by leader: 3, Current term: 5, Majority size: 2, State: 0, Mode: LEADER, active raft config: opid_index: -1 OBSOLETE_local: false peers { permanent_uuid: "8efcb77873074cd6b5ed98e0bbb30938" member_type: VOTER last_known_addr { host: "127.6.55.129" port: 42559 } } peers { permanent_uuid: "eb1bae3017e44cb69ebae2f489883763" member_type: VOTER last_known_addr { host: "127.6.55.130" port: 33963 } } peers { permanent_uuid: "1a803415e80d483198599fb49aa7edb0" member_type: VOTER last_known_addr { host: "127.6.55.131" port: 34595 } }
I20260709 14:48:33.692476  6397 catalog_manager.cc:5697] T c46385460a8a4d6b8033f0528efdaf5d P eb1bae3017e44cb69ebae2f489883763 reported cstate change: term changed from 4 to 5, leader changed from 1a803415e80d483198599fb49aa7edb0 (127.6.55.131) to eb1bae3017e44cb69ebae2f489883763 (127.6.55.130). New cstate: current_term: 5 leader_uuid: "eb1bae3017e44cb69ebae2f489883763" committed_config { opid_index: -1 OBSOLETE_local: false peers { permanent_uuid: "8efcb77873074cd6b5ed98e0bbb30938" member_type: VOTER last_known_addr { host: "127.6.55.129" port: 42559 } health_report { overall_health: UNKNOWN } } peers { permanent_uuid: "eb1bae3017e44cb69ebae2f489883763" member_type: VOTER last_known_addr { host: "127.6.55.130" port: 33963 } health_report { overall_health: HEALTHY } } peers { permanent_uuid: "1a803415e80d483198599fb49aa7edb0" member_type: VOTER last_known_addr { host: "127.6.55.131" port: 34595 } health_report { overall_health: UNKNOWN } } }
I20260709 14:48:33.885104  6839 raft_consensus.cc:993] T b4ef3af822c24b34aa00822e52d4695b P 8efcb77873074cd6b5ed98e0bbb30938: : Instructing follower eb1bae3017e44cb69ebae2f489883763 to start an election
I20260709 14:48:33.885802  6816 raft_consensus.cc:1081] T b4ef3af822c24b34aa00822e52d4695b P 8efcb77873074cd6b5ed98e0bbb30938 [term 3 LEADER]: Signalling peer eb1bae3017e44cb69ebae2f489883763 to start an election
I20260709 14:48:33.887282  6576 tablet_service.cc:2044] Received Run Leader Election RPC: tablet_id: "b4ef3af822c24b34aa00822e52d4695b"
dest_uuid: "eb1bae3017e44cb69ebae2f489883763"
 from {username='slave'} at 127.0.0.1:35414
I20260709 14:48:33.887737  6576 raft_consensus.cc:493] T b4ef3af822c24b34aa00822e52d4695b P eb1bae3017e44cb69ebae2f489883763 [term 3 FOLLOWER]: Starting forced leader election (received explicit request)
I20260709 14:48:33.888036  6576 raft_consensus.cc:3060] T b4ef3af822c24b34aa00822e52d4695b P eb1bae3017e44cb69ebae2f489883763 [term 3 FOLLOWER]: Advancing to term 4
I20260709 14:48:33.892310  6576 raft_consensus.cc:515] T b4ef3af822c24b34aa00822e52d4695b P eb1bae3017e44cb69ebae2f489883763 [term 4 FOLLOWER]: Starting forced leader election with config: opid_index: -1 OBSOLETE_local: false peers { permanent_uuid: "8efcb77873074cd6b5ed98e0bbb30938" member_type: VOTER last_known_addr { host: "127.6.55.129" port: 42559 } } peers { permanent_uuid: "eb1bae3017e44cb69ebae2f489883763" member_type: VOTER last_known_addr { host: "127.6.55.130" port: 33963 } } peers { permanent_uuid: "1a803415e80d483198599fb49aa7edb0" member_type: VOTER last_known_addr { host: "127.6.55.131" port: 34595 } }
I20260709 14:48:33.893690  6576 leader_election.cc:290] T b4ef3af822c24b34aa00822e52d4695b P eb1bae3017e44cb69ebae2f489883763 [CANDIDATE]: Term 4 election: Requested vote from peers 8efcb77873074cd6b5ed98e0bbb30938 (127.6.55.129:42559), 1a803415e80d483198599fb49aa7edb0 (127.6.55.131:34595)
I20260709 14:48:33.894604  6499 tablet_service.cc:1917] Received RequestConsensusVote() RPC: tablet_id: "b4ef3af822c24b34aa00822e52d4695b" candidate_uuid: "eb1bae3017e44cb69ebae2f489883763" candidate_term: 4 candidate_status { last_received { term: 3 index: 2 } } ignore_live_leader: true dest_uuid: "8efcb77873074cd6b5ed98e0bbb30938"
I20260709 14:48:33.894713  6650 tablet_service.cc:1917] Received RequestConsensusVote() RPC: tablet_id: "b4ef3af822c24b34aa00822e52d4695b" candidate_uuid: "eb1bae3017e44cb69ebae2f489883763" candidate_term: 4 candidate_status { last_received { term: 3 index: 2 } } ignore_live_leader: true dest_uuid: "1a803415e80d483198599fb49aa7edb0"
I20260709 14:48:33.895115  6499 raft_consensus.cc:3055] T b4ef3af822c24b34aa00822e52d4695b P 8efcb77873074cd6b5ed98e0bbb30938 [term 3 LEADER]: Stepping down as leader of term 3
I20260709 14:48:33.895282  6650 raft_consensus.cc:3060] T b4ef3af822c24b34aa00822e52d4695b P 1a803415e80d483198599fb49aa7edb0 [term 3 FOLLOWER]: Advancing to term 4
I20260709 14:48:33.895390  6499 raft_consensus.cc:740] T b4ef3af822c24b34aa00822e52d4695b P 8efcb77873074cd6b5ed98e0bbb30938 [term 3 LEADER]: Becoming Follower/Learner. State: Replica: 8efcb77873074cd6b5ed98e0bbb30938, State: Running, Role: LEADER
I20260709 14:48:33.896101  6499 consensus_queue.cc:260] T b4ef3af822c24b34aa00822e52d4695b P 8efcb77873074cd6b5ed98e0bbb30938 [NON_LEADER]: Queue going to NON_LEADER mode. State: All replicated index: 0, Majority replicated index: 2, Committed index: 2, Last appended: 3.2, Last appended by leader: 2, Current term: 3, Majority size: -1, State: 0, Mode: NON_LEADER, active raft config: opid_index: -1 OBSOLETE_local: false peers { permanent_uuid: "8efcb77873074cd6b5ed98e0bbb30938" member_type: VOTER last_known_addr { host: "127.6.55.129" port: 42559 } } peers { permanent_uuid: "eb1bae3017e44cb69ebae2f489883763" member_type: VOTER last_known_addr { host: "127.6.55.130" port: 33963 } } peers { permanent_uuid: "1a803415e80d483198599fb49aa7edb0" member_type: VOTER last_known_addr { host: "127.6.55.131" port: 34595 } }
I20260709 14:48:33.897024  6499 raft_consensus.cc:3060] T b4ef3af822c24b34aa00822e52d4695b P 8efcb77873074cd6b5ed98e0bbb30938 [term 3 FOLLOWER]: Advancing to term 4
I20260709 14:48:33.899797  6650 raft_consensus.cc:2468] T b4ef3af822c24b34aa00822e52d4695b P 1a803415e80d483198599fb49aa7edb0 [term 4 FOLLOWER]: Leader election vote request: Granting yes vote for candidate eb1bae3017e44cb69ebae2f489883763 in term 4.
I20260709 14:48:33.900786  6542 leader_election.cc:304] T b4ef3af822c24b34aa00822e52d4695b P eb1bae3017e44cb69ebae2f489883763 [CANDIDATE]: Term 4 election: Election decided. Result: candidate won. Election summary: received 2 responses out of 3 voters: 2 yes votes; 0 no votes. yes voters: 1a803415e80d483198599fb49aa7edb0, eb1bae3017e44cb69ebae2f489883763; no voters: 
I20260709 14:48:33.901223  6499 raft_consensus.cc:2468] T b4ef3af822c24b34aa00822e52d4695b P 8efcb77873074cd6b5ed98e0bbb30938 [term 4 FOLLOWER]: Leader election vote request: Granting yes vote for candidate eb1bae3017e44cb69ebae2f489883763 in term 4.
I20260709 14:48:33.901513  6820 raft_consensus.cc:2804] T b4ef3af822c24b34aa00822e52d4695b P eb1bae3017e44cb69ebae2f489883763 [term 4 FOLLOWER]: Leader election won for term 4
I20260709 14:48:33.902016  6820 raft_consensus.cc:697] T b4ef3af822c24b34aa00822e52d4695b P eb1bae3017e44cb69ebae2f489883763 [term 4 LEADER]: Becoming Leader. State: Replica: eb1bae3017e44cb69ebae2f489883763, State: Running, Role: LEADER
I20260709 14:48:33.902904  6820 consensus_queue.cc:237] T b4ef3af822c24b34aa00822e52d4695b P eb1bae3017e44cb69ebae2f489883763 [LEADER]: Queue going to LEADER mode. State: All replicated index: 0, Majority replicated index: 2, Committed index: 2, Last appended: 3.2, Last appended by leader: 2, Current term: 4, Majority size: 2, State: 0, Mode: LEADER, active raft config: opid_index: -1 OBSOLETE_local: false peers { permanent_uuid: "8efcb77873074cd6b5ed98e0bbb30938" member_type: VOTER last_known_addr { host: "127.6.55.129" port: 42559 } } peers { permanent_uuid: "eb1bae3017e44cb69ebae2f489883763" member_type: VOTER last_known_addr { host: "127.6.55.130" port: 33963 } } peers { permanent_uuid: "1a803415e80d483198599fb49aa7edb0" member_type: VOTER last_known_addr { host: "127.6.55.131" port: 34595 } }
I20260709 14:48:33.909497  6397 catalog_manager.cc:5697] T b4ef3af822c24b34aa00822e52d4695b P eb1bae3017e44cb69ebae2f489883763 reported cstate change: term changed from 3 to 4, leader changed from 8efcb77873074cd6b5ed98e0bbb30938 (127.6.55.129) to eb1bae3017e44cb69ebae2f489883763 (127.6.55.130). New cstate: current_term: 4 leader_uuid: "eb1bae3017e44cb69ebae2f489883763" committed_config { opid_index: -1 OBSOLETE_local: false peers { permanent_uuid: "8efcb77873074cd6b5ed98e0bbb30938" member_type: VOTER last_known_addr { host: "127.6.55.129" port: 42559 } health_report { overall_health: UNKNOWN } } peers { permanent_uuid: "eb1bae3017e44cb69ebae2f489883763" member_type: VOTER last_known_addr { host: "127.6.55.130" port: 33963 } health_report { overall_health: HEALTHY } } peers { permanent_uuid: "1a803415e80d483198599fb49aa7edb0" member_type: VOTER last_known_addr { host: "127.6.55.131" port: 34595 } health_report { overall_health: UNKNOWN } } }
I20260709 14:48:33.954957  6839 raft_consensus.cc:993] T 4435c623296c432f9040e0097aaee0e5 P 8efcb77873074cd6b5ed98e0bbb30938: : Instructing follower eb1bae3017e44cb69ebae2f489883763 to start an election
I20260709 14:48:33.955487  6816 raft_consensus.cc:1081] T 4435c623296c432f9040e0097aaee0e5 P 8efcb77873074cd6b5ed98e0bbb30938 [term 2 LEADER]: Signalling peer eb1bae3017e44cb69ebae2f489883763 to start an election
I20260709 14:48:33.956944  6576 tablet_service.cc:2044] Received Run Leader Election RPC: tablet_id: "4435c623296c432f9040e0097aaee0e5"
dest_uuid: "eb1bae3017e44cb69ebae2f489883763"
 from {username='slave'} at 127.0.0.1:35414
I20260709 14:48:33.957399  6576 raft_consensus.cc:493] T 4435c623296c432f9040e0097aaee0e5 P eb1bae3017e44cb69ebae2f489883763 [term 2 FOLLOWER]: Starting forced leader election (received explicit request)
I20260709 14:48:33.957751  6576 raft_consensus.cc:3060] T 4435c623296c432f9040e0097aaee0e5 P eb1bae3017e44cb69ebae2f489883763 [term 2 FOLLOWER]: Advancing to term 3
I20260709 14:48:33.958618  6650 raft_consensus.cc:1275] T e4aa7c20b5d44c07a1ae6e7b5331b5dd P 1a803415e80d483198599fb49aa7edb0 [term 3 FOLLOWER]: Refusing update from remote peer eb1bae3017e44cb69ebae2f489883763: Log matching property violated. Preceding OpId in replica: term: 2 index: 2. Preceding OpId from leader: term: 3 index: 3. (index mismatch)
I20260709 14:48:33.959817  6820 consensus_queue.cc:1048] T e4aa7c20b5d44c07a1ae6e7b5331b5dd P eb1bae3017e44cb69ebae2f489883763 [LEADER]: Connected to new peer: Peer: permanent_uuid: "1a803415e80d483198599fb49aa7edb0" member_type: VOTER last_known_addr { host: "127.6.55.131" port: 34595 }, Status: LMP_MISMATCH, Last received: 0.0, Next index: 3, Last known committed idx: 2, Time since last communication: 0.000s
I20260709 14:48:33.962320  6576 raft_consensus.cc:515] T 4435c623296c432f9040e0097aaee0e5 P eb1bae3017e44cb69ebae2f489883763 [term 3 FOLLOWER]: Starting forced leader election with config: opid_index: -1 OBSOLETE_local: false peers { permanent_uuid: "eb1bae3017e44cb69ebae2f489883763" member_type: VOTER last_known_addr { host: "127.6.55.130" port: 33963 } } peers { permanent_uuid: "8efcb77873074cd6b5ed98e0bbb30938" member_type: VOTER last_known_addr { host: "127.6.55.129" port: 42559 } } peers { permanent_uuid: "1a803415e80d483198599fb49aa7edb0" member_type: VOTER last_known_addr { host: "127.6.55.131" port: 34595 } }
I20260709 14:48:33.964464  6576 leader_election.cc:290] T 4435c623296c432f9040e0097aaee0e5 P eb1bae3017e44cb69ebae2f489883763 [CANDIDATE]: Term 3 election: Requested vote from peers 8efcb77873074cd6b5ed98e0bbb30938 (127.6.55.129:42559), 1a803415e80d483198599fb49aa7edb0 (127.6.55.131:34595)
I20260709 14:48:33.964991  6499 tablet_service.cc:1917] Received RequestConsensusVote() RPC: tablet_id: "4435c623296c432f9040e0097aaee0e5" candidate_uuid: "eb1bae3017e44cb69ebae2f489883763" candidate_term: 3 candidate_status { last_received { term: 2 index: 2 } } ignore_live_leader: true dest_uuid: "8efcb77873074cd6b5ed98e0bbb30938"
I20260709 14:48:33.965531  6499 raft_consensus.cc:3055] T 4435c623296c432f9040e0097aaee0e5 P 8efcb77873074cd6b5ed98e0bbb30938 [term 2 LEADER]: Stepping down as leader of term 2
I20260709 14:48:33.965699  6650 tablet_service.cc:1917] Received RequestConsensusVote() RPC: tablet_id: "4435c623296c432f9040e0097aaee0e5" candidate_uuid: "eb1bae3017e44cb69ebae2f489883763" candidate_term: 3 candidate_status { last_received { term: 2 index: 2 } } ignore_live_leader: true dest_uuid: "1a803415e80d483198599fb49aa7edb0"
I20260709 14:48:33.965811  6499 raft_consensus.cc:740] T 4435c623296c432f9040e0097aaee0e5 P 8efcb77873074cd6b5ed98e0bbb30938 [term 2 LEADER]: Becoming Follower/Learner. State: Replica: 8efcb77873074cd6b5ed98e0bbb30938, State: Running, Role: LEADER
I20260709 14:48:33.966948  6650 raft_consensus.cc:3060] T 4435c623296c432f9040e0097aaee0e5 P 1a803415e80d483198599fb49aa7edb0 [term 2 FOLLOWER]: Advancing to term 3
I20260709 14:48:33.966598  6499 consensus_queue.cc:260] T 4435c623296c432f9040e0097aaee0e5 P 8efcb77873074cd6b5ed98e0bbb30938 [NON_LEADER]: Queue going to NON_LEADER mode. State: All replicated index: 0, Majority replicated index: 2, Committed index: 2, Last appended: 2.2, Last appended by leader: 2, Current term: 2, Majority size: -1, State: 0, Mode: NON_LEADER, active raft config: opid_index: -1 OBSOLETE_local: false peers { permanent_uuid: "eb1bae3017e44cb69ebae2f489883763" member_type: VOTER last_known_addr { host: "127.6.55.130" port: 33963 } } peers { permanent_uuid: "8efcb77873074cd6b5ed98e0bbb30938" member_type: VOTER last_known_addr { host: "127.6.55.129" port: 42559 } } peers { permanent_uuid: "1a803415e80d483198599fb49aa7edb0" member_type: VOTER last_known_addr { host: "127.6.55.131" port: 34595 } }
I20260709 14:48:33.968017  6499 raft_consensus.cc:3060] T 4435c623296c432f9040e0097aaee0e5 P 8efcb77873074cd6b5ed98e0bbb30938 [term 2 FOLLOWER]: Advancing to term 3
I20260709 14:48:33.974184  6498 raft_consensus.cc:1275] T e4aa7c20b5d44c07a1ae6e7b5331b5dd P 8efcb77873074cd6b5ed98e0bbb30938 [term 3 FOLLOWER]: Refusing update from remote peer eb1bae3017e44cb69ebae2f489883763: Log matching property violated. Preceding OpId in replica: term: 2 index: 2. Preceding OpId from leader: term: 3 index: 3. (index mismatch)
I20260709 14:48:33.976256  6499 raft_consensus.cc:2468] T 4435c623296c432f9040e0097aaee0e5 P 8efcb77873074cd6b5ed98e0bbb30938 [term 3 FOLLOWER]: Leader election vote request: Granting yes vote for candidate eb1bae3017e44cb69ebae2f489883763 in term 3.
I20260709 14:48:33.977398  6540 leader_election.cc:304] T 4435c623296c432f9040e0097aaee0e5 P eb1bae3017e44cb69ebae2f489883763 [CANDIDATE]: Term 3 election: Election decided. Result: candidate won. Election summary: received 2 responses out of 3 voters: 2 yes votes; 0 no votes. yes voters: 8efcb77873074cd6b5ed98e0bbb30938, eb1bae3017e44cb69ebae2f489883763; no voters: 
I20260709 14:48:33.979478  6820 consensus_queue.cc:1048] T e4aa7c20b5d44c07a1ae6e7b5331b5dd P eb1bae3017e44cb69ebae2f489883763 [LEADER]: Connected to new peer: Peer: permanent_uuid: "8efcb77873074cd6b5ed98e0bbb30938" member_type: VOTER last_known_addr { host: "127.6.55.129" port: 42559 }, Status: LMP_MISMATCH, Last received: 0.0, Next index: 3, Last known committed idx: 2, Time since last communication: 0.000s
I20260709 14:48:33.980509  6838 raft_consensus.cc:2804] T 4435c623296c432f9040e0097aaee0e5 P eb1bae3017e44cb69ebae2f489883763 [term 3 FOLLOWER]: Leader election won for term 3
I20260709 14:48:33.980826  6650 raft_consensus.cc:2468] T 4435c623296c432f9040e0097aaee0e5 P 1a803415e80d483198599fb49aa7edb0 [term 3 FOLLOWER]: Leader election vote request: Granting yes vote for candidate eb1bae3017e44cb69ebae2f489883763 in term 3.
I20260709 14:48:33.981022  6838 raft_consensus.cc:697] T 4435c623296c432f9040e0097aaee0e5 P eb1bae3017e44cb69ebae2f489883763 [term 3 LEADER]: Becoming Leader. State: Replica: eb1bae3017e44cb69ebae2f489883763, State: Running, Role: LEADER
I20260709 14:48:33.982923  6838 consensus_queue.cc:237] T 4435c623296c432f9040e0097aaee0e5 P eb1bae3017e44cb69ebae2f489883763 [LEADER]: Queue going to LEADER mode. State: All replicated index: 0, Majority replicated index: 2, Committed index: 2, Last appended: 2.2, Last appended by leader: 2, Current term: 3, Majority size: 2, State: 0, Mode: LEADER, active raft config: opid_index: -1 OBSOLETE_local: false peers { permanent_uuid: "eb1bae3017e44cb69ebae2f489883763" member_type: VOTER last_known_addr { host: "127.6.55.130" port: 33963 } } peers { permanent_uuid: "8efcb77873074cd6b5ed98e0bbb30938" member_type: VOTER last_known_addr { host: "127.6.55.129" port: 42559 } } peers { permanent_uuid: "1a803415e80d483198599fb49aa7edb0" member_type: VOTER last_known_addr { host: "127.6.55.131" port: 34595 } }
I20260709 14:48:33.994215  6397 catalog_manager.cc:5697] T 4435c623296c432f9040e0097aaee0e5 P eb1bae3017e44cb69ebae2f489883763 reported cstate change: term changed from 2 to 3, leader changed from 8efcb77873074cd6b5ed98e0bbb30938 (127.6.55.129) to eb1bae3017e44cb69ebae2f489883763 (127.6.55.130). New cstate: current_term: 3 leader_uuid: "eb1bae3017e44cb69ebae2f489883763" committed_config { opid_index: -1 OBSOLETE_local: false peers { permanent_uuid: "eb1bae3017e44cb69ebae2f489883763" member_type: VOTER last_known_addr { host: "127.6.55.130" port: 33963 } health_report { overall_health: HEALTHY } } peers { permanent_uuid: "8efcb77873074cd6b5ed98e0bbb30938" member_type: VOTER last_known_addr { host: "127.6.55.129" port: 42559 } health_report { overall_health: UNKNOWN } } peers { permanent_uuid: "1a803415e80d483198599fb49aa7edb0" member_type: VOTER last_known_addr { host: "127.6.55.131" port: 34595 } health_report { overall_health: UNKNOWN } } }
I20260709 14:48:34.025671  6647 raft_consensus.cc:1275] T ab301bb8f52445e0b02bb747430e7fc3 P 1a803415e80d483198599fb49aa7edb0 [term 3 FOLLOWER]: Refusing update from remote peer eb1bae3017e44cb69ebae2f489883763: Log matching property violated. Preceding OpId in replica: term: 2 index: 2. Preceding OpId from leader: term: 3 index: 3. (index mismatch)
I20260709 14:48:34.026901  6838 consensus_queue.cc:1048] T ab301bb8f52445e0b02bb747430e7fc3 P eb1bae3017e44cb69ebae2f489883763 [LEADER]: Connected to new peer: Peer: permanent_uuid: "1a803415e80d483198599fb49aa7edb0" member_type: VOTER last_known_addr { host: "127.6.55.131" port: 34595 }, Status: LMP_MISMATCH, Last received: 0.0, Next index: 3, Last known committed idx: 2, Time since last communication: 0.000s
I20260709 14:48:34.038415  6499 raft_consensus.cc:1275] T ab301bb8f52445e0b02bb747430e7fc3 P 8efcb77873074cd6b5ed98e0bbb30938 [term 3 FOLLOWER]: Refusing update from remote peer eb1bae3017e44cb69ebae2f489883763: Log matching property violated. Preceding OpId in replica: term: 2 index: 2. Preceding OpId from leader: term: 3 index: 3. (index mismatch)
I20260709 14:48:34.039752  6848 consensus_queue.cc:1048] T ab301bb8f52445e0b02bb747430e7fc3 P eb1bae3017e44cb69ebae2f489883763 [LEADER]: Connected to new peer: Peer: permanent_uuid: "8efcb77873074cd6b5ed98e0bbb30938" member_type: VOTER last_known_addr { host: "127.6.55.129" port: 42559 }, Status: LMP_MISMATCH, Last received: 0.0, Next index: 3, Last known committed idx: 2, Time since last communication: 0.000s
I20260709 14:48:34.186841  6499 raft_consensus.cc:1275] T c46385460a8a4d6b8033f0528efdaf5d P 8efcb77873074cd6b5ed98e0bbb30938 [term 5 FOLLOWER]: Refusing update from remote peer eb1bae3017e44cb69ebae2f489883763: Log matching property violated. Preceding OpId in replica: term: 4 index: 3. Preceding OpId from leader: term: 5 index: 4. (index mismatch)
I20260709 14:48:34.188151  6848 consensus_queue.cc:1048] T c46385460a8a4d6b8033f0528efdaf5d P eb1bae3017e44cb69ebae2f489883763 [LEADER]: Connected to new peer: Peer: permanent_uuid: "8efcb77873074cd6b5ed98e0bbb30938" member_type: VOTER last_known_addr { host: "127.6.55.129" port: 42559 }, Status: LMP_MISMATCH, Last received: 0.0, Next index: 4, Last known committed idx: 3, Time since last communication: 0.000s
I20260709 14:48:34.193439  6647 raft_consensus.cc:1275] T c46385460a8a4d6b8033f0528efdaf5d P 1a803415e80d483198599fb49aa7edb0 [term 5 FOLLOWER]: Refusing update from remote peer eb1bae3017e44cb69ebae2f489883763: Log matching property violated. Preceding OpId in replica: term: 4 index: 3. Preceding OpId from leader: term: 5 index: 4. (index mismatch)
I20260709 14:48:34.194990  6848 consensus_queue.cc:1048] T c46385460a8a4d6b8033f0528efdaf5d P eb1bae3017e44cb69ebae2f489883763 [LEADER]: Connected to new peer: Peer: permanent_uuid: "1a803415e80d483198599fb49aa7edb0" member_type: VOTER last_known_addr { host: "127.6.55.131" port: 34595 }, Status: LMP_MISMATCH, Last received: 0.0, Next index: 4, Last known committed idx: 3, Time since last communication: 0.000s
I20260709 14:48:34.425870  6647 raft_consensus.cc:1275] T b4ef3af822c24b34aa00822e52d4695b P 1a803415e80d483198599fb49aa7edb0 [term 4 FOLLOWER]: Refusing update from remote peer eb1bae3017e44cb69ebae2f489883763: Log matching property violated. Preceding OpId in replica: term: 3 index: 2. Preceding OpId from leader: term: 4 index: 3. (index mismatch)
I20260709 14:48:34.427475  6848 consensus_queue.cc:1048] T b4ef3af822c24b34aa00822e52d4695b P eb1bae3017e44cb69ebae2f489883763 [LEADER]: Connected to new peer: Peer: permanent_uuid: "1a803415e80d483198599fb49aa7edb0" member_type: VOTER last_known_addr { host: "127.6.55.131" port: 34595 }, Status: LMP_MISMATCH, Last received: 0.0, Next index: 3, Last known committed idx: 2, Time since last communication: 0.000s
I20260709 14:48:34.435679  6499 raft_consensus.cc:1275] T b4ef3af822c24b34aa00822e52d4695b P 8efcb77873074cd6b5ed98e0bbb30938 [term 4 FOLLOWER]: Refusing update from remote peer eb1bae3017e44cb69ebae2f489883763: Log matching property violated. Preceding OpId in replica: term: 3 index: 2. Preceding OpId from leader: term: 4 index: 3. (index mismatch)
I20260709 14:48:34.437625  6848 consensus_queue.cc:1048] T b4ef3af822c24b34aa00822e52d4695b P eb1bae3017e44cb69ebae2f489883763 [LEADER]: Connected to new peer: Peer: permanent_uuid: "8efcb77873074cd6b5ed98e0bbb30938" member_type: VOTER last_known_addr { host: "127.6.55.129" port: 42559 }, Status: LMP_MISMATCH, Last received: 0.0, Next index: 3, Last known committed idx: 2, Time since last communication: 0.000s
I20260709 14:48:34.491678  6499 raft_consensus.cc:1275] T 4435c623296c432f9040e0097aaee0e5 P 8efcb77873074cd6b5ed98e0bbb30938 [term 3 FOLLOWER]: Refusing update from remote peer eb1bae3017e44cb69ebae2f489883763: Log matching property violated. Preceding OpId in replica: term: 2 index: 2. Preceding OpId from leader: term: 3 index: 3. (index mismatch)
I20260709 14:48:34.493040  6848 consensus_queue.cc:1048] T 4435c623296c432f9040e0097aaee0e5 P eb1bae3017e44cb69ebae2f489883763 [LEADER]: Connected to new peer: Peer: permanent_uuid: "8efcb77873074cd6b5ed98e0bbb30938" member_type: VOTER last_known_addr { host: "127.6.55.129" port: 42559 }, Status: LMP_MISMATCH, Last received: 0.0, Next index: 3, Last known committed idx: 2, Time since last communication: 0.000s
I20260709 14:48:34.500906  6647 raft_consensus.cc:1275] T 4435c623296c432f9040e0097aaee0e5 P 1a803415e80d483198599fb49aa7edb0 [term 3 FOLLOWER]: Refusing update from remote peer eb1bae3017e44cb69ebae2f489883763: Log matching property violated. Preceding OpId in replica: term: 2 index: 2. Preceding OpId from leader: term: 3 index: 3. (index mismatch)
I20260709 14:48:34.502651  6838 consensus_queue.cc:1048] T 4435c623296c432f9040e0097aaee0e5 P eb1bae3017e44cb69ebae2f489883763 [LEADER]: Connected to new peer: Peer: permanent_uuid: "1a803415e80d483198599fb49aa7edb0" member_type: VOTER last_known_addr { host: "127.6.55.131" port: 34595 }, Status: LMP_MISMATCH, Last received: 0.0, Next index: 3, Last known committed idx: 2, Time since last communication: 0.000s
I20260709 14:48:36.633296  6366 auto_leader_rebalancer.cc:141] leader rebalance for table test-workload
I20260709 14:48:36.645678  6576 tablet_service.cc:2072] Received LeaderStepDown RPC: tablet_id: "1b1a0856d9a047fdb5a0d9487d7598fe"
dest_uuid: "eb1bae3017e44cb69ebae2f489883763"
mode: GRACEFUL
new_leader_uuid: "1a803415e80d483198599fb49aa7edb0"
 from {username='slave'} at 127.0.0.1:35428
I20260709 14:48:36.646392  6576 raft_consensus.cc:606] T 1b1a0856d9a047fdb5a0d9487d7598fe P eb1bae3017e44cb69ebae2f489883763 [term 2 LEADER]: Received request to transfer leadership to TS 1a803415e80d483198599fb49aa7edb0
I20260709 14:48:36.649098  6576 tablet_service.cc:2072] Received LeaderStepDown RPC: tablet_id: "4435c623296c432f9040e0097aaee0e5"
dest_uuid: "eb1bae3017e44cb69ebae2f489883763"
mode: GRACEFUL
new_leader_uuid: "8efcb77873074cd6b5ed98e0bbb30938"
 from {username='slave'} at 127.0.0.1:35428
I20260709 14:48:36.649694  6576 raft_consensus.cc:606] T 4435c623296c432f9040e0097aaee0e5 P eb1bae3017e44cb69ebae2f489883763 [term 3 LEADER]: Received request to transfer leadership to TS 8efcb77873074cd6b5ed98e0bbb30938
I20260709 14:48:36.651971  6576 tablet_service.cc:2072] Received LeaderStepDown RPC: tablet_id: "7a658cd6a08e48f4a0a1340d2e22039b"
dest_uuid: "eb1bae3017e44cb69ebae2f489883763"
mode: GRACEFUL
new_leader_uuid: "8efcb77873074cd6b5ed98e0bbb30938"
 from {username='slave'} at 127.0.0.1:35428
I20260709 14:48:36.652424  6576 raft_consensus.cc:606] T 7a658cd6a08e48f4a0a1340d2e22039b P eb1bae3017e44cb69ebae2f489883763 [term 2 LEADER]: Received request to transfer leadership to TS 8efcb77873074cd6b5ed98e0bbb30938
I20260709 14:48:36.654500  6576 tablet_service.cc:2072] Received LeaderStepDown RPC: tablet_id: "7fffd193241a47edb850b23ddbf12a20"
dest_uuid: "eb1bae3017e44cb69ebae2f489883763"
mode: GRACEFUL
new_leader_uuid: "8efcb77873074cd6b5ed98e0bbb30938"
 from {username='slave'} at 127.0.0.1:35428
I20260709 14:48:36.654959  6576 raft_consensus.cc:606] T 7fffd193241a47edb850b23ddbf12a20 P eb1bae3017e44cb69ebae2f489883763 [term 2 LEADER]: Received request to transfer leadership to TS 8efcb77873074cd6b5ed98e0bbb30938
I20260709 14:48:36.657195  6576 tablet_service.cc:2072] Received LeaderStepDown RPC: tablet_id: "b4ef3af822c24b34aa00822e52d4695b"
dest_uuid: "eb1bae3017e44cb69ebae2f489883763"
mode: GRACEFUL
new_leader_uuid: "1a803415e80d483198599fb49aa7edb0"
 from {username='slave'} at 127.0.0.1:35428
I20260709 14:48:36.657567  6576 raft_consensus.cc:606] T b4ef3af822c24b34aa00822e52d4695b P eb1bae3017e44cb69ebae2f489883763 [term 4 LEADER]: Received request to transfer leadership to TS 1a803415e80d483198599fb49aa7edb0
I20260709 14:48:36.658453  6366 auto_leader_rebalancer.cc:452] table: test-workload, leader rebalance finish, leader transfer count: 5
I20260709 14:48:36.658816  6366 auto_leader_rebalancer.cc:527] All tables' leader rebalancing finished this round
W20260709 14:48:36.687976  6429 debug-util.cc:398] Leaking SignalData structure 0x7b0800062060 after lost signal to thread 6369
W20260709 14:48:36.688724  6429 debug-util.cc:398] Leaking SignalData structure 0x7b0800062740 after lost signal to thread 6432
W20260709 14:48:36.689636  6429 debug-util.cc:398] Leaking SignalData structure 0x7b08001a2600 after lost signal to thread 6525
W20260709 14:48:36.690559  6429 debug-util.cc:398] Leaking SignalData structure 0x7b08001bd7c0 after lost signal to thread 6600
W20260709 14:48:36.691452  6429 debug-util.cc:398] Leaking SignalData structure 0x7b08000a6920 after lost signal to thread 6674
I20260709 14:48:36.727706  6862 raft_consensus.cc:993] T 1b1a0856d9a047fdb5a0d9487d7598fe P eb1bae3017e44cb69ebae2f489883763: : Instructing follower 1a803415e80d483198599fb49aa7edb0 to start an election
I20260709 14:48:36.728189  6863 raft_consensus.cc:1081] T 1b1a0856d9a047fdb5a0d9487d7598fe P eb1bae3017e44cb69ebae2f489883763 [term 2 LEADER]: Signalling peer 1a803415e80d483198599fb49aa7edb0 to start an election
I20260709 14:48:36.729885  6650 tablet_service.cc:2044] Received Run Leader Election RPC: tablet_id: "1b1a0856d9a047fdb5a0d9487d7598fe"
dest_uuid: "1a803415e80d483198599fb49aa7edb0"
 from {username='slave'} at 127.0.0.1:41580
I20260709 14:48:36.730458  6650 raft_consensus.cc:493] T 1b1a0856d9a047fdb5a0d9487d7598fe P 1a803415e80d483198599fb49aa7edb0 [term 2 FOLLOWER]: Starting forced leader election (received explicit request)
I20260709 14:48:36.730806  6650 raft_consensus.cc:3060] T 1b1a0856d9a047fdb5a0d9487d7598fe P 1a803415e80d483198599fb49aa7edb0 [term 2 FOLLOWER]: Advancing to term 3
I20260709 14:48:36.737603  6650 raft_consensus.cc:515] T 1b1a0856d9a047fdb5a0d9487d7598fe P 1a803415e80d483198599fb49aa7edb0 [term 3 FOLLOWER]: Starting forced leader election with config: opid_index: -1 OBSOLETE_local: false peers { permanent_uuid: "8efcb77873074cd6b5ed98e0bbb30938" member_type: VOTER last_known_addr { host: "127.6.55.129" port: 42559 } } peers { permanent_uuid: "eb1bae3017e44cb69ebae2f489883763" member_type: VOTER last_known_addr { host: "127.6.55.130" port: 33963 } } peers { permanent_uuid: "1a803415e80d483198599fb49aa7edb0" member_type: VOTER last_known_addr { host: "127.6.55.131" port: 34595 } }
I20260709 14:48:36.738466  6862 raft_consensus.cc:993] T 7a658cd6a08e48f4a0a1340d2e22039b P eb1bae3017e44cb69ebae2f489883763: : Instructing follower 8efcb77873074cd6b5ed98e0bbb30938 to start an election
I20260709 14:48:36.738972  6862 raft_consensus.cc:1081] T 7a658cd6a08e48f4a0a1340d2e22039b P eb1bae3017e44cb69ebae2f489883763 [term 2 LEADER]: Signalling peer 8efcb77873074cd6b5ed98e0bbb30938 to start an election
I20260709 14:48:36.740892  6501 tablet_service.cc:2044] Received Run Leader Election RPC: tablet_id: "7a658cd6a08e48f4a0a1340d2e22039b"
dest_uuid: "8efcb77873074cd6b5ed98e0bbb30938"
 from {username='slave'} at 127.0.0.1:50718
I20260709 14:48:36.741281  6576 tablet_service.cc:1917] Received RequestConsensusVote() RPC: tablet_id: "1b1a0856d9a047fdb5a0d9487d7598fe" candidate_uuid: "1a803415e80d483198599fb49aa7edb0" candidate_term: 3 candidate_status { last_received { term: 2 index: 2 } } ignore_live_leader: true dest_uuid: "eb1bae3017e44cb69ebae2f489883763"
I20260709 14:48:36.741448  6501 raft_consensus.cc:493] T 7a658cd6a08e48f4a0a1340d2e22039b P 8efcb77873074cd6b5ed98e0bbb30938 [term 2 FOLLOWER]: Starting forced leader election (received explicit request)
I20260709 14:48:36.741845  6576 raft_consensus.cc:3055] T 1b1a0856d9a047fdb5a0d9487d7598fe P eb1bae3017e44cb69ebae2f489883763 [term 2 LEADER]: Stepping down as leader of term 2
I20260709 14:48:36.741875  6501 raft_consensus.cc:3060] T 7a658cd6a08e48f4a0a1340d2e22039b P 8efcb77873074cd6b5ed98e0bbb30938 [term 2 FOLLOWER]: Advancing to term 3
I20260709 14:48:36.740439  6498 tablet_service.cc:1917] Received RequestConsensusVote() RPC: tablet_id: "1b1a0856d9a047fdb5a0d9487d7598fe" candidate_uuid: "1a803415e80d483198599fb49aa7edb0" candidate_term: 3 candidate_status { last_received { term: 2 index: 2 } } ignore_live_leader: true dest_uuid: "8efcb77873074cd6b5ed98e0bbb30938"
