I20260709 14:48:48.345934  7021 raft_consensus.cc:740] T 8b4a08382eb54879875bccd0355b82ab P ea80c1d54a5c495393a7863fc94abd21 [term 3 LEADER]: Becoming Follower/Learner. State: Replica: ea80c1d54a5c495393a7863fc94abd21, State: Running, Role: LEADER
I20260709 14:48:48.346664  7021 consensus_queue.cc:260] T 8b4a08382eb54879875bccd0355b82ab P ea80c1d54a5c495393a7863fc94abd21 [NON_LEADER]: Queue going to NON_LEADER mode. State: All replicated index: 0, Majority replicated index: 3, Committed index: 3, Last appended: 3.3, Last appended by leader: 3, Current term: 3, Majority size: -1, State: 0, Mode: NON_LEADER, active raft config: opid_index: -1 OBSOLETE_local: false peers { permanent_uuid: "ea80c1d54a5c495393a7863fc94abd21" member_type: VOTER last_known_addr { host: "127.6.55.129" port: 36551 } } peers { permanent_uuid: "4700b71854b345898ac66e7e67d84c73" member_type: VOTER last_known_addr { host: "127.6.55.130" port: 35275 } } peers { permanent_uuid: "f9e35a67d399434aaf8c7d29411206c4" member_type: VOTER last_known_addr { host: "127.6.55.131" port: 42327 } }
I20260709 14:48:48.347558  7021 raft_consensus.cc:3060] T 8b4a08382eb54879875bccd0355b82ab P ea80c1d54a5c495393a7863fc94abd21 [term 3 FOLLOWER]: Advancing to term 4
I20260709 14:48:48.350999  7169 raft_consensus.cc:2468] T 8b4a08382eb54879875bccd0355b82ab P f9e35a67d399434aaf8c7d29411206c4 [term 4 FOLLOWER]: Leader election vote request: Granting yes vote for candidate 4700b71854b345898ac66e7e67d84c73 in term 4.
I20260709 14:48:48.352329  7060 leader_election.cc:304] T 8b4a08382eb54879875bccd0355b82ab P 4700b71854b345898ac66e7e67d84c73 [CANDIDATE]: Term 4 election: Election decided. Result: candidate won. Election summary: received 2 responses out of 3 voters: 2 yes votes; 0 no votes. yes voters: 4700b71854b345898ac66e7e67d84c73, f9e35a67d399434aaf8c7d29411206c4; no voters: 
I20260709 14:48:48.352447  7021 raft_consensus.cc:2468] T 8b4a08382eb54879875bccd0355b82ab P ea80c1d54a5c495393a7863fc94abd21 [term 4 FOLLOWER]: Leader election vote request: Granting yes vote for candidate 4700b71854b345898ac66e7e67d84c73 in term 4.
I20260709 14:48:48.353189  7328 raft_consensus.cc:2804] T 8b4a08382eb54879875bccd0355b82ab P 4700b71854b345898ac66e7e67d84c73 [term 4 FOLLOWER]: Leader election won for term 4
I20260709 14:48:48.354132  7328 raft_consensus.cc:697] T 8b4a08382eb54879875bccd0355b82ab P 4700b71854b345898ac66e7e67d84c73 [term 4 LEADER]: Becoming Leader. State: Replica: 4700b71854b345898ac66e7e67d84c73, State: Running, Role: LEADER
I20260709 14:48:48.354974  7328 consensus_queue.cc:237] T 8b4a08382eb54879875bccd0355b82ab P 4700b71854b345898ac66e7e67d84c73 [LEADER]: Queue going to LEADER mode. State: All replicated index: 0, Majority replicated index: 3, Committed index: 3, Last appended: 3.3, Last appended by leader: 3, Current term: 4, Majority size: 2, State: 0, Mode: LEADER, active raft config: opid_index: -1 OBSOLETE_local: false peers { permanent_uuid: "ea80c1d54a5c495393a7863fc94abd21" member_type: VOTER last_known_addr { host: "127.6.55.129" port: 36551 } } peers { permanent_uuid: "4700b71854b345898ac66e7e67d84c73" member_type: VOTER last_known_addr { host: "127.6.55.130" port: 35275 } } peers { permanent_uuid: "f9e35a67d399434aaf8c7d29411206c4" member_type: VOTER last_known_addr { host: "127.6.55.131" port: 42327 } }
I20260709 14:48:48.361513  6917 catalog_manager.cc:5697] T 8b4a08382eb54879875bccd0355b82ab P 4700b71854b345898ac66e7e67d84c73 reported cstate change: term changed from 3 to 4, leader changed from ea80c1d54a5c495393a7863fc94abd21 (127.6.55.129) to 4700b71854b345898ac66e7e67d84c73 (127.6.55.130). New cstate: current_term: 4 leader_uuid: "4700b71854b345898ac66e7e67d84c73" committed_config { opid_index: -1 OBSOLETE_local: false peers { permanent_uuid: "ea80c1d54a5c495393a7863fc94abd21" member_type: VOTER last_known_addr { host: "127.6.55.129" port: 36551 } health_report { overall_health: UNKNOWN } } peers { permanent_uuid: "4700b71854b345898ac66e7e67d84c73" member_type: VOTER last_known_addr { host: "127.6.55.130" port: 35275 } health_report { overall_health: HEALTHY } } peers { permanent_uuid: "f9e35a67d399434aaf8c7d29411206c4" member_type: VOTER last_known_addr { host: "127.6.55.131" port: 42327 } health_report { overall_health: UNKNOWN } } }
I20260709 14:48:48.445942  7357 raft_consensus.cc:993] T 2fa86c49e3ee4dda8608a6fc72590b46 P ea80c1d54a5c495393a7863fc94abd21: : Instructing follower 4700b71854b345898ac66e7e67d84c73 to start an election
I20260709 14:48:48.446448  7364 raft_consensus.cc:1081] T 2fa86c49e3ee4dda8608a6fc72590b46 P ea80c1d54a5c495393a7863fc94abd21 [term 3 LEADER]: Signalling peer 4700b71854b345898ac66e7e67d84c73 to start an election
I20260709 14:48:48.447904  7097 tablet_service.cc:2044] Received Run Leader Election RPC: tablet_id: "2fa86c49e3ee4dda8608a6fc72590b46"
dest_uuid: "4700b71854b345898ac66e7e67d84c73"
 from {username='slave'} at 127.0.0.1:50888
I20260709 14:48:48.448359  7097 raft_consensus.cc:493] T 2fa86c49e3ee4dda8608a6fc72590b46 P 4700b71854b345898ac66e7e67d84c73 [term 3 FOLLOWER]: Starting forced leader election (received explicit request)
I20260709 14:48:48.448593  7097 raft_consensus.cc:3060] T 2fa86c49e3ee4dda8608a6fc72590b46 P 4700b71854b345898ac66e7e67d84c73 [term 3 FOLLOWER]: Advancing to term 4
I20260709 14:48:48.452867  7097 raft_consensus.cc:515] T 2fa86c49e3ee4dda8608a6fc72590b46 P 4700b71854b345898ac66e7e67d84c73 [term 4 FOLLOWER]: Starting forced leader election with config: opid_index: -1 OBSOLETE_local: false peers { permanent_uuid: "ea80c1d54a5c495393a7863fc94abd21" member_type: VOTER last_known_addr { host: "127.6.55.129" port: 36551 } } peers { permanent_uuid: "4700b71854b345898ac66e7e67d84c73" member_type: VOTER last_known_addr { host: "127.6.55.130" port: 35275 } } peers { permanent_uuid: "f9e35a67d399434aaf8c7d29411206c4" member_type: VOTER last_known_addr { host: "127.6.55.131" port: 42327 } }
I20260709 14:48:48.454728  7097 leader_election.cc:290] T 2fa86c49e3ee4dda8608a6fc72590b46 P 4700b71854b345898ac66e7e67d84c73 [CANDIDATE]: Term 4 election: Requested vote from peers ea80c1d54a5c495393a7863fc94abd21 (127.6.55.129:36551), f9e35a67d399434aaf8c7d29411206c4 (127.6.55.131:42327)
I20260709 14:48:48.455192  7021 tablet_service.cc:1917] Received RequestConsensusVote() RPC: tablet_id: "2fa86c49e3ee4dda8608a6fc72590b46" candidate_uuid: "4700b71854b345898ac66e7e67d84c73" candidate_term: 4 candidate_status { last_received { term: 3 index: 3 } } ignore_live_leader: true dest_uuid: "ea80c1d54a5c495393a7863fc94abd21"
I20260709 14:48:48.455435  7169 tablet_service.cc:1917] Received RequestConsensusVote() RPC: tablet_id: "2fa86c49e3ee4dda8608a6fc72590b46" candidate_uuid: "4700b71854b345898ac66e7e67d84c73" candidate_term: 4 candidate_status { last_received { term: 3 index: 3 } } ignore_live_leader: true dest_uuid: "f9e35a67d399434aaf8c7d29411206c4"
I20260709 14:48:48.455778  7021 raft_consensus.cc:3055] T 2fa86c49e3ee4dda8608a6fc72590b46 P ea80c1d54a5c495393a7863fc94abd21 [term 3 LEADER]: Stepping down as leader of term 3
I20260709 14:48:48.456025  7169 raft_consensus.cc:3060] T 2fa86c49e3ee4dda8608a6fc72590b46 P f9e35a67d399434aaf8c7d29411206c4 [term 3 FOLLOWER]: Advancing to term 4
I20260709 14:48:48.456130  7021 raft_consensus.cc:740] T 2fa86c49e3ee4dda8608a6fc72590b46 P ea80c1d54a5c495393a7863fc94abd21 [term 3 LEADER]: Becoming Follower/Learner. State: Replica: ea80c1d54a5c495393a7863fc94abd21, State: Running, Role: LEADER
I20260709 14:48:48.456996  7021 consensus_queue.cc:260] T 2fa86c49e3ee4dda8608a6fc72590b46 P ea80c1d54a5c495393a7863fc94abd21 [NON_LEADER]: Queue going to NON_LEADER mode. State: All replicated index: 0, Majority replicated index: 3, Committed index: 3, Last appended: 3.3, Last appended by leader: 3, Current term: 3, Majority size: -1, State: 0, Mode: NON_LEADER, active raft config: opid_index: -1 OBSOLETE_local: false peers { permanent_uuid: "ea80c1d54a5c495393a7863fc94abd21" member_type: VOTER last_known_addr { host: "127.6.55.129" port: 36551 } } peers { permanent_uuid: "4700b71854b345898ac66e7e67d84c73" member_type: VOTER last_known_addr { host: "127.6.55.130" port: 35275 } } peers { permanent_uuid: "f9e35a67d399434aaf8c7d29411206c4" member_type: VOTER last_known_addr { host: "127.6.55.131" port: 42327 } }
I20260709 14:48:48.458048  7364 raft_consensus.cc:993] T 443cf67298f542e8858876ae35f96d19 P ea80c1d54a5c495393a7863fc94abd21: : Instructing follower f9e35a67d399434aaf8c7d29411206c4 to start an election
I20260709 14:48:48.458192  7021 raft_consensus.cc:3060] T 2fa86c49e3ee4dda8608a6fc72590b46 P ea80c1d54a5c495393a7863fc94abd21 [term 3 FOLLOWER]: Advancing to term 4
I20260709 14:48:48.458544  7357 raft_consensus.cc:1081] T 443cf67298f542e8858876ae35f96d19 P ea80c1d54a5c495393a7863fc94abd21 [term 2 LEADER]: Signalling peer f9e35a67d399434aaf8c7d29411206c4 to start an election
I20260709 14:48:48.460187  7171 tablet_service.cc:2044] Received Run Leader Election RPC: tablet_id: "443cf67298f542e8858876ae35f96d19"
dest_uuid: "f9e35a67d399434aaf8c7d29411206c4"
 from {username='slave'} at 127.0.0.1:47452
I20260709 14:48:48.460752  7171 raft_consensus.cc:493] T 443cf67298f542e8858876ae35f96d19 P f9e35a67d399434aaf8c7d29411206c4 [term 2 FOLLOWER]: Starting forced leader election (received explicit request)
I20260709 14:48:48.461100  7171 raft_consensus.cc:3060] T 443cf67298f542e8858876ae35f96d19 P f9e35a67d399434aaf8c7d29411206c4 [term 2 FOLLOWER]: Advancing to term 3
I20260709 14:48:48.462029  7169 raft_consensus.cc:2468] T 2fa86c49e3ee4dda8608a6fc72590b46 P f9e35a67d399434aaf8c7d29411206c4 [term 4 FOLLOWER]: Leader election vote request: Granting yes vote for candidate 4700b71854b345898ac66e7e67d84c73 in term 4.
I20260709 14:48:48.462962  7060 leader_election.cc:304] T 2fa86c49e3ee4dda8608a6fc72590b46 P 4700b71854b345898ac66e7e67d84c73 [CANDIDATE]: Term 4 election: Election decided. Result: candidate won. Election summary: received 2 responses out of 3 voters: 2 yes votes; 0 no votes. yes voters: 4700b71854b345898ac66e7e67d84c73, f9e35a67d399434aaf8c7d29411206c4; no voters: 
I20260709 14:48:48.463644  7328 raft_consensus.cc:2804] T 2fa86c49e3ee4dda8608a6fc72590b46 P 4700b71854b345898ac66e7e67d84c73 [term 4 FOLLOWER]: Leader election won for term 4
I20260709 14:48:48.464157  7328 raft_consensus.cc:697] T 2fa86c49e3ee4dda8608a6fc72590b46 P 4700b71854b345898ac66e7e67d84c73 [term 4 LEADER]: Becoming Leader. State: Replica: 4700b71854b345898ac66e7e67d84c73, State: Running, Role: LEADER
I20260709 14:48:48.464867  7328 consensus_queue.cc:237] T 2fa86c49e3ee4dda8608a6fc72590b46 P 4700b71854b345898ac66e7e67d84c73 [LEADER]: Queue going to LEADER mode. State: All replicated index: 0, Majority replicated index: 3, Committed index: 3, Last appended: 3.3, Last appended by leader: 3, Current term: 4, Majority size: 2, State: 0, Mode: LEADER, active raft config: opid_index: -1 OBSOLETE_local: false peers { permanent_uuid: "ea80c1d54a5c495393a7863fc94abd21" member_type: VOTER last_known_addr { host: "127.6.55.129" port: 36551 } } peers { permanent_uuid: "4700b71854b345898ac66e7e67d84c73" member_type: VOTER last_known_addr { host: "127.6.55.130" port: 35275 } } peers { permanent_uuid: "f9e35a67d399434aaf8c7d29411206c4" member_type: VOTER last_known_addr { host: "127.6.55.131" port: 42327 } }
I20260709 14:48:48.465806  7021 raft_consensus.cc:2468] T 2fa86c49e3ee4dda8608a6fc72590b46 P ea80c1d54a5c495393a7863fc94abd21 [term 4 FOLLOWER]: Leader election vote request: Granting yes vote for candidate 4700b71854b345898ac66e7e67d84c73 in term 4.
I20260709 14:48:48.467679  7171 raft_consensus.cc:515] T 443cf67298f542e8858876ae35f96d19 P f9e35a67d399434aaf8c7d29411206c4 [term 3 FOLLOWER]: Starting forced leader election with config: opid_index: -1 OBSOLETE_local: false peers { permanent_uuid: "ea80c1d54a5c495393a7863fc94abd21" member_type: VOTER last_known_addr { host: "127.6.55.129" port: 36551 } } peers { permanent_uuid: "4700b71854b345898ac66e7e67d84c73" member_type: VOTER last_known_addr { host: "127.6.55.130" port: 35275 } } peers { permanent_uuid: "f9e35a67d399434aaf8c7d29411206c4" member_type: VOTER last_known_addr { host: "127.6.55.131" port: 42327 } }
I20260709 14:48:48.470292  7171 leader_election.cc:290] T 443cf67298f542e8858876ae35f96d19 P f9e35a67d399434aaf8c7d29411206c4 [CANDIDATE]: Term 3 election: Requested vote from peers ea80c1d54a5c495393a7863fc94abd21 (127.6.55.129:36551), 4700b71854b345898ac66e7e67d84c73 (127.6.55.130:35275)
I20260709 14:48:48.470638  7021 tablet_service.cc:1917] Received RequestConsensusVote() RPC: tablet_id: "443cf67298f542e8858876ae35f96d19" candidate_uuid: "f9e35a67d399434aaf8c7d29411206c4" candidate_term: 3 candidate_status { last_received { term: 2 index: 2 } } ignore_live_leader: true dest_uuid: "ea80c1d54a5c495393a7863fc94abd21"
I20260709 14:48:48.470935  7097 tablet_service.cc:1917] Received RequestConsensusVote() RPC: tablet_id: "443cf67298f542e8858876ae35f96d19" candidate_uuid: "f9e35a67d399434aaf8c7d29411206c4" candidate_term: 3 candidate_status { last_received { term: 2 index: 2 } } ignore_live_leader: true dest_uuid: "4700b71854b345898ac66e7e67d84c73"
I20260709 14:48:48.471182  7021 raft_consensus.cc:3055] T 443cf67298f542e8858876ae35f96d19 P ea80c1d54a5c495393a7863fc94abd21 [term 2 LEADER]: Stepping down as leader of term 2
I20260709 14:48:48.471486  7097 raft_consensus.cc:3060] T 443cf67298f542e8858876ae35f96d19 P 4700b71854b345898ac66e7e67d84c73 [term 2 FOLLOWER]: Advancing to term 3
I20260709 14:48:48.471529  7021 raft_consensus.cc:740] T 443cf67298f542e8858876ae35f96d19 P ea80c1d54a5c495393a7863fc94abd21 [term 2 LEADER]: Becoming Follower/Learner. State: Replica: ea80c1d54a5c495393a7863fc94abd21, State: Running, Role: LEADER
I20260709 14:48:48.472527  7021 consensus_queue.cc:260] T 443cf67298f542e8858876ae35f96d19 P ea80c1d54a5c495393a7863fc94abd21 [NON_LEADER]: Queue going to NON_LEADER mode. State: All replicated index: 0, Majority replicated index: 2, Committed index: 2, Last appended: 2.2, Last appended by leader: 2, Current term: 2, Majority size: -1, State: 0, Mode: NON_LEADER, active raft config: opid_index: -1 OBSOLETE_local: false peers { permanent_uuid: "ea80c1d54a5c495393a7863fc94abd21" member_type: VOTER last_known_addr { host: "127.6.55.129" port: 36551 } } peers { permanent_uuid: "4700b71854b345898ac66e7e67d84c73" member_type: VOTER last_known_addr { host: "127.6.55.130" port: 35275 } } peers { permanent_uuid: "f9e35a67d399434aaf8c7d29411206c4" member_type: VOTER last_known_addr { host: "127.6.55.131" port: 42327 } }
I20260709 14:48:48.473505  7021 raft_consensus.cc:3060] T 443cf67298f542e8858876ae35f96d19 P ea80c1d54a5c495393a7863fc94abd21 [term 2 FOLLOWER]: Advancing to term 3
I20260709 14:48:48.472811  6917 catalog_manager.cc:5697] T 2fa86c49e3ee4dda8608a6fc72590b46 P 4700b71854b345898ac66e7e67d84c73 reported cstate change: term changed from 3 to 4, leader changed from ea80c1d54a5c495393a7863fc94abd21 (127.6.55.129) to 4700b71854b345898ac66e7e67d84c73 (127.6.55.130). New cstate: current_term: 4 leader_uuid: "4700b71854b345898ac66e7e67d84c73" committed_config { opid_index: -1 OBSOLETE_local: false peers { permanent_uuid: "ea80c1d54a5c495393a7863fc94abd21" member_type: VOTER last_known_addr { host: "127.6.55.129" port: 36551 } health_report { overall_health: UNKNOWN } } peers { permanent_uuid: "4700b71854b345898ac66e7e67d84c73" member_type: VOTER last_known_addr { host: "127.6.55.130" port: 35275 } health_report { overall_health: HEALTHY } } peers { permanent_uuid: "f9e35a67d399434aaf8c7d29411206c4" member_type: VOTER last_known_addr { host: "127.6.55.131" port: 42327 } health_report { overall_health: UNKNOWN } } }
I20260709 14:48:48.477856  7097 raft_consensus.cc:2468] T 443cf67298f542e8858876ae35f96d19 P 4700b71854b345898ac66e7e67d84c73 [term 3 FOLLOWER]: Leader election vote request: Granting yes vote for candidate f9e35a67d399434aaf8c7d29411206c4 in term 3.
I20260709 14:48:48.479132  7135 leader_election.cc:304] T 443cf67298f542e8858876ae35f96d19 P f9e35a67d399434aaf8c7d29411206c4 [CANDIDATE]: Term 3 election: Election decided. Result: candidate won. Election summary: received 2 responses out of 3 voters: 2 yes votes; 0 no votes. yes voters: 4700b71854b345898ac66e7e67d84c73, f9e35a67d399434aaf8c7d29411206c4; no voters: 
I20260709 14:48:48.479967  7332 raft_consensus.cc:2804] T 443cf67298f542e8858876ae35f96d19 P f9e35a67d399434aaf8c7d29411206c4 [term 3 FOLLOWER]: Leader election won for term 3
I20260709 14:48:48.479949  7021 raft_consensus.cc:2468] T 443cf67298f542e8858876ae35f96d19 P ea80c1d54a5c495393a7863fc94abd21 [term 3 FOLLOWER]: Leader election vote request: Granting yes vote for candidate f9e35a67d399434aaf8c7d29411206c4 in term 3.
I20260709 14:48:48.486043  7332 raft_consensus.cc:697] T 443cf67298f542e8858876ae35f96d19 P f9e35a67d399434aaf8c7d29411206c4 [term 3 LEADER]: Becoming Leader. State: Replica: f9e35a67d399434aaf8c7d29411206c4, State: Running, Role: LEADER
I20260709 14:48:48.487332  7332 consensus_queue.cc:237] T 443cf67298f542e8858876ae35f96d19 P f9e35a67d399434aaf8c7d29411206c4 [LEADER]: Queue going to LEADER mode. State: All replicated index: 0, Majority replicated index: 2, Committed index: 2, Last appended: 2.2, Last appended by leader: 2, Current term: 3, Majority size: 2, State: 0, Mode: LEADER, active raft config: opid_index: -1 OBSOLETE_local: false peers { permanent_uuid: "ea80c1d54a5c495393a7863fc94abd21" member_type: VOTER last_known_addr { host: "127.6.55.129" port: 36551 } } peers { permanent_uuid: "4700b71854b345898ac66e7e67d84c73" member_type: VOTER last_known_addr { host: "127.6.55.130" port: 35275 } } peers { permanent_uuid: "f9e35a67d399434aaf8c7d29411206c4" member_type: VOTER last_known_addr { host: "127.6.55.131" port: 42327 } }
I20260709 14:48:48.494923  6917 catalog_manager.cc:5697] T 443cf67298f542e8858876ae35f96d19 P f9e35a67d399434aaf8c7d29411206c4 reported cstate change: term changed from 2 to 3, leader changed from ea80c1d54a5c495393a7863fc94abd21 (127.6.55.129) to f9e35a67d399434aaf8c7d29411206c4 (127.6.55.131). New cstate: current_term: 3 leader_uuid: "f9e35a67d399434aaf8c7d29411206c4" committed_config { opid_index: -1 OBSOLETE_local: false peers { permanent_uuid: "ea80c1d54a5c495393a7863fc94abd21" member_type: VOTER last_known_addr { host: "127.6.55.129" port: 36551 } health_report { overall_health: UNKNOWN } } peers { permanent_uuid: "4700b71854b345898ac66e7e67d84c73" member_type: VOTER last_known_addr { host: "127.6.55.130" port: 35275 } health_report { overall_health: UNKNOWN } } peers { permanent_uuid: "f9e35a67d399434aaf8c7d29411206c4" member_type: VOTER last_known_addr { host: "127.6.55.131" port: 42327 } health_report { overall_health: HEALTHY } } }
I20260709 14:48:48.498361  7357 raft_consensus.cc:993] T e8703a14deeb46fdb8a89938c9b93bee P ea80c1d54a5c495393a7863fc94abd21: : Instructing follower f9e35a67d399434aaf8c7d29411206c4 to start an election
I20260709 14:48:48.498998  7323 raft_consensus.cc:1081] T e8703a14deeb46fdb8a89938c9b93bee P ea80c1d54a5c495393a7863fc94abd21 [term 2 LEADER]: Signalling peer f9e35a67d399434aaf8c7d29411206c4 to start an election
I20260709 14:48:48.501145  7171 tablet_service.cc:2044] Received Run Leader Election RPC: tablet_id: "e8703a14deeb46fdb8a89938c9b93bee"
dest_uuid: "f9e35a67d399434aaf8c7d29411206c4"
 from {username='slave'} at 127.0.0.1:47452
I20260709 14:48:48.501509  7171 raft_consensus.cc:493] T e8703a14deeb46fdb8a89938c9b93bee P f9e35a67d399434aaf8c7d29411206c4 [term 2 FOLLOWER]: Starting forced leader election (received explicit request)
I20260709 14:48:48.501724  7171 raft_consensus.cc:3060] T e8703a14deeb46fdb8a89938c9b93bee P f9e35a67d399434aaf8c7d29411206c4 [term 2 FOLLOWER]: Advancing to term 3
I20260709 14:48:48.507035  7171 raft_consensus.cc:515] T e8703a14deeb46fdb8a89938c9b93bee P f9e35a67d399434aaf8c7d29411206c4 [term 3 FOLLOWER]: Starting forced leader election with config: opid_index: -1 OBSOLETE_local: false peers { permanent_uuid: "ea80c1d54a5c495393a7863fc94abd21" member_type: VOTER last_known_addr { host: "127.6.55.129" port: 36551 } } peers { permanent_uuid: "4700b71854b345898ac66e7e67d84c73" member_type: VOTER last_known_addr { host: "127.6.55.130" port: 35275 } } peers { permanent_uuid: "f9e35a67d399434aaf8c7d29411206c4" member_type: VOTER last_known_addr { host: "127.6.55.131" port: 42327 } }
I20260709 14:48:48.508535  7171 leader_election.cc:290] T e8703a14deeb46fdb8a89938c9b93bee P f9e35a67d399434aaf8c7d29411206c4 [CANDIDATE]: Term 3 election: Requested vote from peers ea80c1d54a5c495393a7863fc94abd21 (127.6.55.129:36551), 4700b71854b345898ac66e7e67d84c73 (127.6.55.130:35275)
I20260709 14:48:48.509639  7097 tablet_service.cc:1917] Received RequestConsensusVote() RPC: tablet_id: "e8703a14deeb46fdb8a89938c9b93bee" candidate_uuid: "f9e35a67d399434aaf8c7d29411206c4" candidate_term: 3 candidate_status { last_received { term: 2 index: 2 } } ignore_live_leader: true dest_uuid: "4700b71854b345898ac66e7e67d84c73"
I20260709 14:48:48.509725  7021 tablet_service.cc:1917] Received RequestConsensusVote() RPC: tablet_id: "e8703a14deeb46fdb8a89938c9b93bee" candidate_uuid: "f9e35a67d399434aaf8c7d29411206c4" candidate_term: 3 candidate_status { last_received { term: 2 index: 2 } } ignore_live_leader: true dest_uuid: "ea80c1d54a5c495393a7863fc94abd21"
I20260709 14:48:48.510174  7097 raft_consensus.cc:3060] T e8703a14deeb46fdb8a89938c9b93bee P 4700b71854b345898ac66e7e67d84c73 [term 2 FOLLOWER]: Advancing to term 3
I20260709 14:48:48.510336  7021 raft_consensus.cc:3055] T e8703a14deeb46fdb8a89938c9b93bee P ea80c1d54a5c495393a7863fc94abd21 [term 2 LEADER]: Stepping down as leader of term 2
I20260709 14:48:48.510710  7021 raft_consensus.cc:740] T e8703a14deeb46fdb8a89938c9b93bee P ea80c1d54a5c495393a7863fc94abd21 [term 2 LEADER]: Becoming Follower/Learner. State: Replica: ea80c1d54a5c495393a7863fc94abd21, State: Running, Role: LEADER
I20260709 14:48:48.511432  7021 consensus_queue.cc:260] T e8703a14deeb46fdb8a89938c9b93bee P ea80c1d54a5c495393a7863fc94abd21 [NON_LEADER]: Queue going to NON_LEADER mode. State: All replicated index: 0, Majority replicated index: 2, Committed index: 2, Last appended: 2.2, Last appended by leader: 2, Current term: 2, Majority size: -1, State: 0, Mode: NON_LEADER, active raft config: opid_index: -1 OBSOLETE_local: false peers { permanent_uuid: "ea80c1d54a5c495393a7863fc94abd21" member_type: VOTER last_known_addr { host: "127.6.55.129" port: 36551 } } peers { permanent_uuid: "4700b71854b345898ac66e7e67d84c73" member_type: VOTER last_known_addr { host: "127.6.55.130" port: 35275 } } peers { permanent_uuid: "f9e35a67d399434aaf8c7d29411206c4" member_type: VOTER last_known_addr { host: "127.6.55.131" port: 42327 } }
I20260709 14:48:48.512439  7021 raft_consensus.cc:3060] T e8703a14deeb46fdb8a89938c9b93bee P ea80c1d54a5c495393a7863fc94abd21 [term 2 FOLLOWER]: Advancing to term 3
I20260709 14:48:48.514704  7097 raft_consensus.cc:2468] T e8703a14deeb46fdb8a89938c9b93bee P 4700b71854b345898ac66e7e67d84c73 [term 3 FOLLOWER]: Leader election vote request: Granting yes vote for candidate f9e35a67d399434aaf8c7d29411206c4 in term 3.
I20260709 14:48:48.515652  7135 leader_election.cc:304] T e8703a14deeb46fdb8a89938c9b93bee P f9e35a67d399434aaf8c7d29411206c4 [CANDIDATE]: Term 3 election: Election decided. Result: candidate won. Election summary: received 2 responses out of 3 voters: 2 yes votes; 0 no votes. yes voters: 4700b71854b345898ac66e7e67d84c73, f9e35a67d399434aaf8c7d29411206c4; no voters: 
I20260709 14:48:48.516366  7332 raft_consensus.cc:2804] T e8703a14deeb46fdb8a89938c9b93bee P f9e35a67d399434aaf8c7d29411206c4 [term 3 FOLLOWER]: Leader election won for term 3
I20260709 14:48:48.516829  7332 raft_consensus.cc:697] T e8703a14deeb46fdb8a89938c9b93bee P f9e35a67d399434aaf8c7d29411206c4 [term 3 LEADER]: Becoming Leader. State: Replica: f9e35a67d399434aaf8c7d29411206c4, State: Running, Role: LEADER
I20260709 14:48:48.517154  7021 raft_consensus.cc:2468] T e8703a14deeb46fdb8a89938c9b93bee P ea80c1d54a5c495393a7863fc94abd21 [term 3 FOLLOWER]: Leader election vote request: Granting yes vote for candidate f9e35a67d399434aaf8c7d29411206c4 in term 3.
I20260709 14:48:48.517726  7332 consensus_queue.cc:237] T e8703a14deeb46fdb8a89938c9b93bee P f9e35a67d399434aaf8c7d29411206c4 [LEADER]: Queue going to LEADER mode. State: All replicated index: 0, Majority replicated index: 2, Committed index: 2, Last appended: 2.2, Last appended by leader: 2, Current term: 3, Majority size: 2, State: 0, Mode: LEADER, active raft config: opid_index: -1 OBSOLETE_local: false peers { permanent_uuid: "ea80c1d54a5c495393a7863fc94abd21" member_type: VOTER last_known_addr { host: "127.6.55.129" port: 36551 } } peers { permanent_uuid: "4700b71854b345898ac66e7e67d84c73" member_type: VOTER last_known_addr { host: "127.6.55.130" port: 35275 } } peers { permanent_uuid: "f9e35a67d399434aaf8c7d29411206c4" member_type: VOTER last_known_addr { host: "127.6.55.131" port: 42327 } }
I20260709 14:48:48.524576  6917 catalog_manager.cc:5697] T e8703a14deeb46fdb8a89938c9b93bee P f9e35a67d399434aaf8c7d29411206c4 reported cstate change: term changed from 2 to 3, leader changed from ea80c1d54a5c495393a7863fc94abd21 (127.6.55.129) to f9e35a67d399434aaf8c7d29411206c4 (127.6.55.131). New cstate: current_term: 3 leader_uuid: "f9e35a67d399434aaf8c7d29411206c4" committed_config { opid_index: -1 OBSOLETE_local: false peers { permanent_uuid: "ea80c1d54a5c495393a7863fc94abd21" member_type: VOTER last_known_addr { host: "127.6.55.129" port: 36551 } health_report { overall_health: UNKNOWN } } peers { permanent_uuid: "4700b71854b345898ac66e7e67d84c73" member_type: VOTER last_known_addr { host: "127.6.55.130" port: 35275 } health_report { overall_health: UNKNOWN } } peers { permanent_uuid: "f9e35a67d399434aaf8c7d29411206c4" member_type: VOTER last_known_addr { host: "127.6.55.131" port: 42327 } health_report { overall_health: HEALTHY } } }
I20260709 14:48:48.858999  7021 raft_consensus.cc:1275] T 2fa86c49e3ee4dda8608a6fc72590b46 P ea80c1d54a5c495393a7863fc94abd21 [term 4 FOLLOWER]: Refusing update from remote peer 4700b71854b345898ac66e7e67d84c73: Log matching property violated. Preceding OpId in replica: term: 3 index: 3. Preceding OpId from leader: term: 4 index: 4. (index mismatch)
I20260709 14:48:48.860357  7328 consensus_queue.cc:1048] T 2fa86c49e3ee4dda8608a6fc72590b46 P 4700b71854b345898ac66e7e67d84c73 [LEADER]: Connected to new peer: Peer: permanent_uuid: "ea80c1d54a5c495393a7863fc94abd21" member_type: VOTER last_known_addr { host: "127.6.55.129" port: 36551 }, Status: LMP_MISMATCH, Last received: 0.0, Next index: 4, Last known committed idx: 3, Time since last communication: 0.000s
I20260709 14:48:48.878966  7171 raft_consensus.cc:1275] T 2fa86c49e3ee4dda8608a6fc72590b46 P f9e35a67d399434aaf8c7d29411206c4 [term 4 FOLLOWER]: Refusing update from remote peer 4700b71854b345898ac66e7e67d84c73: Log matching property violated. Preceding OpId in replica: term: 3 index: 3. Preceding OpId from leader: term: 4 index: 4. (index mismatch)
I20260709 14:48:48.880108  7372 consensus_queue.cc:1048] T 2fa86c49e3ee4dda8608a6fc72590b46 P 4700b71854b345898ac66e7e67d84c73 [LEADER]: Connected to new peer: Peer: permanent_uuid: "f9e35a67d399434aaf8c7d29411206c4" member_type: VOTER last_known_addr { host: "127.6.55.131" port: 42327 }, Status: LMP_MISMATCH, Last received: 0.0, Next index: 4, Last known committed idx: 3, Time since last communication: 0.000s
I20260709 14:48:48.936285  7097 raft_consensus.cc:1275] T e8703a14deeb46fdb8a89938c9b93bee P 4700b71854b345898ac66e7e67d84c73 [term 3 FOLLOWER]: Refusing update from remote peer f9e35a67d399434aaf8c7d29411206c4: Log matching property violated. Preceding OpId in replica: term: 2 index: 2. Preceding OpId from leader: term: 3 index: 3. (index mismatch)
I20260709 14:48:48.937500  7332 consensus_queue.cc:1048] T e8703a14deeb46fdb8a89938c9b93bee P f9e35a67d399434aaf8c7d29411206c4 [LEADER]: Connected to new peer: Peer: permanent_uuid: "4700b71854b345898ac66e7e67d84c73" member_type: VOTER last_known_addr { host: "127.6.55.130" port: 35275 }, Status: LMP_MISMATCH, Last received: 0.0, Next index: 3, Last known committed idx: 2, Time since last communication: 0.000s
I20260709 14:48:48.946599  7021 raft_consensus.cc:1275] T e8703a14deeb46fdb8a89938c9b93bee P ea80c1d54a5c495393a7863fc94abd21 [term 3 FOLLOWER]: Refusing update from remote peer f9e35a67d399434aaf8c7d29411206c4: Log matching property violated. Preceding OpId in replica: term: 2 index: 2. Preceding OpId from leader: term: 3 index: 3. (index mismatch)
I20260709 14:48:48.948287  7376 consensus_queue.cc:1048] T e8703a14deeb46fdb8a89938c9b93bee P f9e35a67d399434aaf8c7d29411206c4 [LEADER]: Connected to new peer: Peer: permanent_uuid: "ea80c1d54a5c495393a7863fc94abd21" member_type: VOTER last_known_addr { host: "127.6.55.129" port: 36551 }, Status: LMP_MISMATCH, Last received: 0.0, Next index: 3, Last known committed idx: 2, Time since last communication: 0.001s
I20260709 14:48:48.955456  7022 raft_consensus.cc:1275] T 8b4a08382eb54879875bccd0355b82ab P ea80c1d54a5c495393a7863fc94abd21 [term 4 FOLLOWER]: Refusing update from remote peer 4700b71854b345898ac66e7e67d84c73: Log matching property violated. Preceding OpId in replica: term: 3 index: 3. Preceding OpId from leader: term: 4 index: 4. (index mismatch)
I20260709 14:48:48.957496  7372 consensus_queue.cc:1048] T 8b4a08382eb54879875bccd0355b82ab P 4700b71854b345898ac66e7e67d84c73 [LEADER]: Connected to new peer: Peer: permanent_uuid: "ea80c1d54a5c495393a7863fc94abd21" member_type: VOTER last_known_addr { host: "127.6.55.129" port: 36551 }, Status: LMP_MISMATCH, Last received: 0.0, Next index: 4, Last known committed idx: 3, Time since last communication: 0.000s
I20260709 14:48:48.958036  7022 raft_consensus.cc:1275] T 443cf67298f542e8858876ae35f96d19 P ea80c1d54a5c495393a7863fc94abd21 [term 3 FOLLOWER]: Refusing update from remote peer f9e35a67d399434aaf8c7d29411206c4: Log matching property violated. Preceding OpId in replica: term: 2 index: 2. Preceding OpId from leader: term: 3 index: 3. (index mismatch)
I20260709 14:48:48.959213  7376 consensus_queue.cc:1048] T 443cf67298f542e8858876ae35f96d19 P f9e35a67d399434aaf8c7d29411206c4 [LEADER]: Connected to new peer: Peer: permanent_uuid: "ea80c1d54a5c495393a7863fc94abd21" member_type: VOTER last_known_addr { host: "127.6.55.129" port: 36551 }, Status: LMP_MISMATCH, Last received: 0.0, Next index: 3, Last known committed idx: 2, Time since last communication: 0.000s
I20260709 14:48:48.968277  7171 raft_consensus.cc:1275] T 8b4a08382eb54879875bccd0355b82ab P f9e35a67d399434aaf8c7d29411206c4 [term 4 FOLLOWER]: Refusing update from remote peer 4700b71854b345898ac66e7e67d84c73: Log matching property violated. Preceding OpId in replica: term: 3 index: 3. Preceding OpId from leader: term: 4 index: 4. (index mismatch)
I20260709 14:48:48.969712  7372 consensus_queue.cc:1048] T 8b4a08382eb54879875bccd0355b82ab P 4700b71854b345898ac66e7e67d84c73 [LEADER]: Connected to new peer: Peer: permanent_uuid: "f9e35a67d399434aaf8c7d29411206c4" member_type: VOTER last_known_addr { host: "127.6.55.131" port: 42327 }, Status: LMP_MISMATCH, Last received: 0.0, Next index: 4, Last known committed idx: 3, Time since last communication: 0.000s
I20260709 14:48:48.976965  7097 raft_consensus.cc:1275] T 443cf67298f542e8858876ae35f96d19 P 4700b71854b345898ac66e7e67d84c73 [term 3 FOLLOWER]: Refusing update from remote peer f9e35a67d399434aaf8c7d29411206c4: Log matching property violated. Preceding OpId in replica: term: 2 index: 2. Preceding OpId from leader: term: 3 index: 3. (index mismatch)
I20260709 14:48:48.979518  7376 consensus_queue.cc:1048] T 443cf67298f542e8858876ae35f96d19 P f9e35a67d399434aaf8c7d29411206c4 [LEADER]: Connected to new peer: Peer: permanent_uuid: "4700b71854b345898ac66e7e67d84c73" member_type: VOTER last_known_addr { host: "127.6.55.130" port: 35275 }, Status: LMP_MISMATCH, Last received: 0.0, Next index: 3, Last known committed idx: 2, Time since last communication: 0.001s
I20260709 14:48:49.252527  6366 auto_leader_rebalancer.cc:141] leader rebalance for table test-workload
I20260709 14:48:49.259617  6366 tablet_server.cc:179] TabletServer@127.6.55.129:0 shutting down...
W20260709 14:48:49.281517  7063 proxy.cc:239] Call had error, refreshing address and retrying: Remote error: Service unavailable: service kudu.consensus.ConsensusService not registered on TabletServer [suppressed 2 similar messages]
W20260709 14:48:49.285387  7063 consensus_peers.cc:597] T 2fa86c49e3ee4dda8608a6fc72590b46 P 4700b71854b345898ac66e7e67d84c73 -> Peer ea80c1d54a5c495393a7863fc94abd21 (127.6.55.129:36551): Couldn't send request to peer ea80c1d54a5c495393a7863fc94abd21. Status: Remote error: Service unavailable: service kudu.consensus.ConsensusService not registered on TabletServer. This is attempt 1: this message will repeat every 5th retry.
I20260709 14:48:49.290835  6366 ts_tablet_manager.cc:1507] Shutting down tablet manager...
I20260709 14:48:49.291467  6366 tablet_replica.cc:333] T 89824ea2cac04263ada31a3f8bac07cb P ea80c1d54a5c495393a7863fc94abd21: stopping tablet replica
I20260709 14:48:49.291977  6366 raft_consensus.cc:2243] T 89824ea2cac04263ada31a3f8bac07cb P ea80c1d54a5c495393a7863fc94abd21 [term 2 FOLLOWER]: Raft consensus shutting down.
I20260709 14:48:49.292438  6366 raft_consensus.cc:2272] T 89824ea2cac04263ada31a3f8bac07cb P ea80c1d54a5c495393a7863fc94abd21 [term 2 FOLLOWER]: Raft consensus is shut down!
I20260709 14:48:49.294289  6366 tablet_replica.cc:333] T e8703a14deeb46fdb8a89938c9b93bee P ea80c1d54a5c495393a7863fc94abd21: stopping tablet replica
I20260709 14:48:49.294875  6366 raft_consensus.cc:2243] T e8703a14deeb46fdb8a89938c9b93bee P ea80c1d54a5c495393a7863fc94abd21 [term 3 FOLLOWER]: Raft consensus shutting down.
I20260709 14:48:49.295255  6366 raft_consensus.cc:2272] T e8703a14deeb46fdb8a89938c9b93bee P ea80c1d54a5c495393a7863fc94abd21 [term 3 FOLLOWER]: Raft consensus is shut down!
I20260709 14:48:49.297488  6366 tablet_replica.cc:333] T 9f201e688320433ca8447b45a5fba6f7 P ea80c1d54a5c495393a7863fc94abd21: stopping tablet replica
I20260709 14:48:49.298002  6366 raft_consensus.cc:2243] T 9f201e688320433ca8447b45a5fba6f7 P ea80c1d54a5c495393a7863fc94abd21 [term 2 LEADER]: Raft consensus shutting down.
I20260709 14:48:49.298684  6366 raft_consensus.cc:2272] T 9f201e688320433ca8447b45a5fba6f7 P ea80c1d54a5c495393a7863fc94abd21 [term 2 FOLLOWER]: Raft consensus is shut down!
I20260709 14:48:49.300362  6366 tablet_replica.cc:333] T 462fdccb61a141dc994d1ea7b3cc1956 P ea80c1d54a5c495393a7863fc94abd21: stopping tablet replica
I20260709 14:48:49.300828  6366 raft_consensus.cc:2243] T 462fdccb61a141dc994d1ea7b3cc1956 P ea80c1d54a5c495393a7863fc94abd21 [term 2 FOLLOWER]: Raft consensus shutting down.
I20260709 14:48:49.301215  6366 raft_consensus.cc:2272] T 462fdccb61a141dc994d1ea7b3cc1956 P ea80c1d54a5c495393a7863fc94abd21 [term 2 FOLLOWER]: Raft consensus is shut down!
I20260709 14:48:49.302778  6366 tablet_replica.cc:333] T 443cf67298f542e8858876ae35f96d19 P ea80c1d54a5c495393a7863fc94abd21: stopping tablet replica
I20260709 14:48:49.303242  6366 raft_consensus.cc:2243] T 443cf67298f542e8858876ae35f96d19 P ea80c1d54a5c495393a7863fc94abd21 [term 3 FOLLOWER]: Raft consensus shutting down.
I20260709 14:48:49.303606  6366 raft_consensus.cc:2272] T 443cf67298f542e8858876ae35f96d19 P ea80c1d54a5c495393a7863fc94abd21 [term 3 FOLLOWER]: Raft consensus is shut down!
I20260709 14:48:49.305424  6366 tablet_replica.cc:333] T b882f86564a0445485c4ec723cdfdf03 P ea80c1d54a5c495393a7863fc94abd21: stopping tablet replica
I20260709 14:48:49.305902  6366 raft_consensus.cc:2243] T b882f86564a0445485c4ec723cdfdf03 P ea80c1d54a5c495393a7863fc94abd21 [term 3 LEADER]: Raft consensus shutting down.
I20260709 14:48:49.306547  6366 raft_consensus.cc:2272] T b882f86564a0445485c4ec723cdfdf03 P ea80c1d54a5c495393a7863fc94abd21 [term 3 FOLLOWER]: Raft consensus is shut down!
I20260709 14:48:49.308076  6366 tablet_replica.cc:333] T 3274ee16d1a14bf18140428db2bec038 P ea80c1d54a5c495393a7863fc94abd21: stopping tablet replica
I20260709 14:48:49.308573  6366 raft_consensus.cc:2243] T 3274ee16d1a14bf18140428db2bec038 P ea80c1d54a5c495393a7863fc94abd21 [term 4 LEADER]: Raft consensus shutting down.
I20260709 14:48:49.309213  6366 raft_consensus.cc:2272] T 3274ee16d1a14bf18140428db2bec038 P ea80c1d54a5c495393a7863fc94abd21 [term 4 FOLLOWER]: Raft consensus is shut down!
I20260709 14:48:49.310958  6366 tablet_replica.cc:333] T 8b4a08382eb54879875bccd0355b82ab P ea80c1d54a5c495393a7863fc94abd21: stopping tablet replica
I20260709 14:48:49.311416  6366 raft_consensus.cc:2243] T 8b4a08382eb54879875bccd0355b82ab P ea80c1d54a5c495393a7863fc94abd21 [term 4 FOLLOWER]: Raft consensus shutting down.
I20260709 14:48:49.311832  6366 raft_consensus.cc:2272] T 8b4a08382eb54879875bccd0355b82ab P ea80c1d54a5c495393a7863fc94abd21 [term 4 FOLLOWER]: Raft consensus is shut down!
I20260709 14:48:49.313859  6366 tablet_replica.cc:333] T ada1e9e17a334ef28e16000acdab0fbc P ea80c1d54a5c495393a7863fc94abd21: stopping tablet replica
I20260709 14:48:49.314277  6366 raft_consensus.cc:2243] T ada1e9e17a334ef28e16000acdab0fbc P ea80c1d54a5c495393a7863fc94abd21 [term 3 LEADER]: Raft consensus shutting down.
I20260709 14:48:49.314863  6366 raft_consensus.cc:2272] T ada1e9e17a334ef28e16000acdab0fbc P ea80c1d54a5c495393a7863fc94abd21 [term 3 FOLLOWER]: Raft consensus is shut down!
I20260709 14:48:49.316355  6366 tablet_replica.cc:333] T 2fa86c49e3ee4dda8608a6fc72590b46 P ea80c1d54a5c495393a7863fc94abd21: stopping tablet replica
I20260709 14:48:49.316725  6366 raft_consensus.cc:2243] T 2fa86c49e3ee4dda8608a6fc72590b46 P ea80c1d54a5c495393a7863fc94abd21 [term 4 FOLLOWER]: Raft consensus shutting down.
I20260709 14:48:49.317029  6366 raft_consensus.cc:2272] T 2fa86c49e3ee4dda8608a6fc72590b46 P ea80c1d54a5c495393a7863fc94abd21 [term 4 FOLLOWER]: Raft consensus is shut down!
W20260709 14:48:49.322476  7137 consensus_peers.cc:597] T 89824ea2cac04263ada31a3f8bac07cb P f9e35a67d399434aaf8c7d29411206c4 -> Peer ea80c1d54a5c495393a7863fc94abd21 (127.6.55.129:36551): Couldn't send request to peer ea80c1d54a5c495393a7863fc94abd21. Status: Remote error: Service unavailable: service kudu.consensus.ConsensusService not registered on TabletServer. This is attempt 1: this message will repeat every 5th retry.
I20260709 14:48:49.347386  6366 tablet_server.cc:196] TabletServer@127.6.55.129:0 shutdown complete.
W20260709 14:48:49.351941  7137 consensus_peers.cc:597] T e8703a14deeb46fdb8a89938c9b93bee P f9e35a67d399434aaf8c7d29411206c4 -> Peer ea80c1d54a5c495393a7863fc94abd21 (127.6.55.129:36551): Couldn't send request to peer ea80c1d54a5c495393a7863fc94abd21. Status: Network error: Client connection negotiation failed: client connection to 127.6.55.129:36551: connect: Connection refused (error 111). This is attempt 1: this message will repeat every 5th retry.
I20260709 14:48:49.367661  6366 tablet_server.cc:179] TabletServer@127.6.55.130:0 shutting down...
W20260709 14:48:49.373580  7135 consensus_peers.cc:597] T 89824ea2cac04263ada31a3f8bac07cb P f9e35a67d399434aaf8c7d29411206c4 -> Peer 4700b71854b345898ac66e7e67d84c73 (127.6.55.130:35275): Couldn't send request to peer 4700b71854b345898ac66e7e67d84c73. Status: Remote error: Service unavailable: service kudu.consensus.ConsensusService not registered on TabletServer. This is attempt 1: this message will repeat every 5th retry.
I20260709 14:48:49.393981  6366 ts_tablet_manager.cc:1507] Shutting down tablet manager...
I20260709 14:48:49.394872  6366 tablet_replica.cc:333] T 2fa86c49e3ee4dda8608a6fc72590b46 P 4700b71854b345898ac66e7e67d84c73: stopping tablet replica
I20260709 14:48:49.395599  6366 raft_consensus.cc:2243] T 2fa86c49e3ee4dda8608a6fc72590b46 P 4700b71854b345898ac66e7e67d84c73 [term 4 LEADER]: Raft consensus shutting down.
I20260709 14:48:49.396386  6366 raft_consensus.cc:2272] T 2fa86c49e3ee4dda8608a6fc72590b46 P 4700b71854b345898ac66e7e67d84c73 [term 4 FOLLOWER]: Raft consensus is shut down!
I20260709 14:48:49.398830  6366 tablet_replica.cc:333] T 9f201e688320433ca8447b45a5fba6f7 P 4700b71854b345898ac66e7e67d84c73: stopping tablet replica
I20260709 14:48:49.399338  6366 raft_consensus.cc:2243] T 9f201e688320433ca8447b45a5fba6f7 P 4700b71854b345898ac66e7e67d84c73 [term 2 FOLLOWER]: Raft consensus shutting down.
I20260709 14:48:49.399770  6366 raft_consensus.cc:2272] T 9f201e688320433ca8447b45a5fba6f7 P 4700b71854b345898ac66e7e67d84c73 [term 2 FOLLOWER]: Raft consensus is shut down!
I20260709 14:48:49.401417  6366 tablet_replica.cc:333] T b882f86564a0445485c4ec723cdfdf03 P 4700b71854b345898ac66e7e67d84c73: stopping tablet replica
I20260709 14:48:49.401897  6366 raft_consensus.cc:2243] T b882f86564a0445485c4ec723cdfdf03 P 4700b71854b345898ac66e7e67d84c73 [term 3 FOLLOWER]: Raft consensus shutting down.
I20260709 14:48:49.402271  6366 raft_consensus.cc:2272] T b882f86564a0445485c4ec723cdfdf03 P 4700b71854b345898ac66e7e67d84c73 [term 3 FOLLOWER]: Raft consensus is shut down!
I20260709 14:48:49.403766  6366 tablet_replica.cc:333] T 462fdccb61a141dc994d1ea7b3cc1956 P 4700b71854b345898ac66e7e67d84c73: stopping tablet replica
I20260709 14:48:49.404322  6366 raft_consensus.cc:2243] T 462fdccb61a141dc994d1ea7b3cc1956 P 4700b71854b345898ac66e7e67d84c73 [term 2 LEADER]: Raft consensus shutting down.
I20260709 14:48:49.405038  6366 raft_consensus.cc:2272] T 462fdccb61a141dc994d1ea7b3cc1956 P 4700b71854b345898ac66e7e67d84c73 [term 2 FOLLOWER]: Raft consensus is shut down!
I20260709 14:48:49.406795  6366 tablet_replica.cc:333] T 443cf67298f542e8858876ae35f96d19 P 4700b71854b345898ac66e7e67d84c73: stopping tablet replica
I20260709 14:48:49.407275  6366 raft_consensus.cc:2243] T 443cf67298f542e8858876ae35f96d19 P 4700b71854b345898ac66e7e67d84c73 [term 3 FOLLOWER]: Raft consensus shutting down.
I20260709 14:48:49.407665  6366 raft_consensus.cc:2272] T 443cf67298f542e8858876ae35f96d19 P 4700b71854b345898ac66e7e67d84c73 [term 3 FOLLOWER]: Raft consensus is shut down!
I20260709 14:48:49.409631  6366 tablet_replica.cc:333] T ada1e9e17a334ef28e16000acdab0fbc P 4700b71854b345898ac66e7e67d84c73: stopping tablet replica
I20260709 14:48:49.410115  6366 raft_consensus.cc:2243] T ada1e9e17a334ef28e16000acdab0fbc P 4700b71854b345898ac66e7e67d84c73 [term 3 FOLLOWER]: Raft consensus shutting down.
I20260709 14:48:49.410492  6366 raft_consensus.cc:2272] T ada1e9e17a334ef28e16000acdab0fbc P 4700b71854b345898ac66e7e67d84c73 [term 3 FOLLOWER]: Raft consensus is shut down!
I20260709 14:48:49.412024  6366 tablet_replica.cc:333] T e8703a14deeb46fdb8a89938c9b93bee P 4700b71854b345898ac66e7e67d84c73: stopping tablet replica
I20260709 14:48:49.412523  6366 raft_consensus.cc:2243] T e8703a14deeb46fdb8a89938c9b93bee P 4700b71854b345898ac66e7e67d84c73 [term 3 FOLLOWER]: Raft consensus shutting down.
I20260709 14:48:49.412870  6366 raft_consensus.cc:2272] T e8703a14deeb46fdb8a89938c9b93bee P 4700b71854b345898ac66e7e67d84c73 [term 3 FOLLOWER]: Raft consensus is shut down!
I20260709 14:48:49.414628  6366 tablet_replica.cc:333] T 89824ea2cac04263ada31a3f8bac07cb P 4700b71854b345898ac66e7e67d84c73: stopping tablet replica
I20260709 14:48:49.415035  6366 raft_consensus.cc:2243] T 89824ea2cac04263ada31a3f8bac07cb P 4700b71854b345898ac66e7e67d84c73 [term 2 FOLLOWER]: Raft consensus shutting down.
I20260709 14:48:49.415382  6366 raft_consensus.cc:2272] T 89824ea2cac04263ada31a3f8bac07cb P 4700b71854b345898ac66e7e67d84c73 [term 2 FOLLOWER]: Raft consensus is shut down!
I20260709 14:48:49.416906  6366 tablet_replica.cc:333] T 8b4a08382eb54879875bccd0355b82ab P 4700b71854b345898ac66e7e67d84c73: stopping tablet replica
I20260709 14:48:49.417292  6366 raft_consensus.cc:2243] T 8b4a08382eb54879875bccd0355b82ab P 4700b71854b345898ac66e7e67d84c73 [term 4 LEADER]: Raft consensus shutting down.
I20260709 14:48:49.417893  6366 raft_consensus.cc:2272] T 8b4a08382eb54879875bccd0355b82ab P 4700b71854b345898ac66e7e67d84c73 [term 4 FOLLOWER]: Raft consensus is shut down!
I20260709 14:48:49.419713  6366 tablet_replica.cc:333] T 3274ee16d1a14bf18140428db2bec038 P 4700b71854b345898ac66e7e67d84c73: stopping tablet replica
I20260709 14:48:49.420091  6366 raft_consensus.cc:2243] T 3274ee16d1a14bf18140428db2bec038 P 4700b71854b345898ac66e7e67d84c73 [term 4 FOLLOWER]: Raft consensus shutting down.
I20260709 14:48:49.420513  6366 raft_consensus.cc:2272] T 3274ee16d1a14bf18140428db2bec038 P 4700b71854b345898ac66e7e67d84c73 [term 4 FOLLOWER]: Raft consensus is shut down!
W20260709 14:48:49.441557  7135 consensus_peers.cc:597] T e8703a14deeb46fdb8a89938c9b93bee P f9e35a67d399434aaf8c7d29411206c4 -> Peer 4700b71854b345898ac66e7e67d84c73 (127.6.55.130:35275): Couldn't send request to peer 4700b71854b345898ac66e7e67d84c73. Status: Network error: Client connection negotiation failed: client connection to 127.6.55.130:35275: connect: Connection refused (error 111). This is attempt 1: this message will repeat every 5th retry.
I20260709 14:48:49.441795  6366 tablet_server.cc:196] TabletServer@127.6.55.130:0 shutdown complete.
I20260709 14:48:49.459707  6366 tablet_server.cc:179] TabletServer@127.6.55.131:0 shutting down...
I20260709 14:48:49.487486  6366 ts_tablet_manager.cc:1507] Shutting down tablet manager...
I20260709 14:48:49.488114  6366 tablet_replica.cc:333] T 9f201e688320433ca8447b45a5fba6f7 P f9e35a67d399434aaf8c7d29411206c4: stopping tablet replica
I20260709 14:48:49.488721  6366 raft_consensus.cc:2243] T 9f201e688320433ca8447b45a5fba6f7 P f9e35a67d399434aaf8c7d29411206c4 [term 2 FOLLOWER]: Raft consensus shutting down.
I20260709 14:48:49.489228  6366 raft_consensus.cc:2272] T 9f201e688320433ca8447b45a5fba6f7 P f9e35a67d399434aaf8c7d29411206c4 [term 2 FOLLOWER]: Raft consensus is shut down!
I20260709 14:48:49.490937  6366 tablet_replica.cc:333] T 2fa86c49e3ee4dda8608a6fc72590b46 P f9e35a67d399434aaf8c7d29411206c4: stopping tablet replica
I20260709 14:48:49.491489  6366 raft_consensus.cc:2243] T 2fa86c49e3ee4dda8608a6fc72590b46 P f9e35a67d399434aaf8c7d29411206c4 [term 4 FOLLOWER]: Raft consensus shutting down.
I20260709 14:48:49.491880  6366 raft_consensus.cc:2272] T 2fa86c49e3ee4dda8608a6fc72590b46 P f9e35a67d399434aaf8c7d29411206c4 [term 4 FOLLOWER]: Raft consensus is shut down!
I20260709 14:48:49.493918  6366 tablet_replica.cc:333] T 8b4a08382eb54879875bccd0355b82ab P f9e35a67d399434aaf8c7d29411206c4: stopping tablet replica
I20260709 14:48:49.494431  6366 raft_consensus.cc:2243] T 8b4a08382eb54879875bccd0355b82ab P f9e35a67d399434aaf8c7d29411206c4 [term 4 FOLLOWER]: Raft consensus shutting down.
I20260709 14:48:49.494864  6366 raft_consensus.cc:2272] T 8b4a08382eb54879875bccd0355b82ab P f9e35a67d399434aaf8c7d29411206c4 [term 4 FOLLOWER]: Raft consensus is shut down!
I20260709 14:48:49.496783  6366 tablet_replica.cc:333] T 3274ee16d1a14bf18140428db2bec038 P f9e35a67d399434aaf8c7d29411206c4: stopping tablet replica
I20260709 14:48:49.497282  6366 raft_consensus.cc:2243] T 3274ee16d1a14bf18140428db2bec038 P f9e35a67d399434aaf8c7d29411206c4 [term 4 FOLLOWER]: Raft consensus shutting down.
I20260709 14:48:49.497668  6366 raft_consensus.cc:2272] T 3274ee16d1a14bf18140428db2bec038 P f9e35a67d399434aaf8c7d29411206c4 [term 4 FOLLOWER]: Raft consensus is shut down!
I20260709 14:48:49.499171  6366 tablet_replica.cc:333] T 462fdccb61a141dc994d1ea7b3cc1956 P f9e35a67d399434aaf8c7d29411206c4: stopping tablet replica
I20260709 14:48:49.499629  6366 raft_consensus.cc:2243] T 462fdccb61a141dc994d1ea7b3cc1956 P f9e35a67d399434aaf8c7d29411206c4 [term 2 FOLLOWER]: Raft consensus shutting down.
I20260709 14:48:49.500057  6366 raft_consensus.cc:2272] T 462fdccb61a141dc994d1ea7b3cc1956 P f9e35a67d399434aaf8c7d29411206c4 [term 2 FOLLOWER]: Raft consensus is shut down!
I20260709 14:48:49.501585  6366 tablet_replica.cc:333] T 443cf67298f542e8858876ae35f96d19 P f9e35a67d399434aaf8c7d29411206c4: stopping tablet replica
I20260709 14:48:49.502063  6366 raft_consensus.cc:2243] T 443cf67298f542e8858876ae35f96d19 P f9e35a67d399434aaf8c7d29411206c4 [term 3 LEADER]: Raft consensus shutting down.
I20260709 14:48:49.502753  6366 raft_consensus.cc:2272] T 443cf67298f542e8858876ae35f96d19 P f9e35a67d399434aaf8c7d29411206c4 [term 3 FOLLOWER]: Raft consensus is shut down!
I20260709 14:48:49.504752  6366 tablet_replica.cc:333] T b882f86564a0445485c4ec723cdfdf03 P f9e35a67d399434aaf8c7d29411206c4: stopping tablet replica
I20260709 14:48:49.505242  6366 raft_consensus.cc:2243] T b882f86564a0445485c4ec723cdfdf03 P f9e35a67d399434aaf8c7d29411206c4 [term 3 FOLLOWER]: Raft consensus shutting down.
I20260709 14:48:49.505643  6366 raft_consensus.cc:2272] T b882f86564a0445485c4ec723cdfdf03 P f9e35a67d399434aaf8c7d29411206c4 [term 3 FOLLOWER]: Raft consensus is shut down!
I20260709 14:48:49.507083  6366 tablet_replica.cc:333] T ada1e9e17a334ef28e16000acdab0fbc P f9e35a67d399434aaf8c7d29411206c4: stopping tablet replica
I20260709 14:48:49.507550  6366 raft_consensus.cc:2243] T ada1e9e17a334ef28e16000acdab0fbc P f9e35a67d399434aaf8c7d29411206c4 [term 3 FOLLOWER]: Raft consensus shutting down.
I20260709 14:48:49.507942  6366 raft_consensus.cc:2272] T ada1e9e17a334ef28e16000acdab0fbc P f9e35a67d399434aaf8c7d29411206c4 [term 3 FOLLOWER]: Raft consensus is shut down!
I20260709 14:48:49.509555  6366 tablet_replica.cc:333] T e8703a14deeb46fdb8a89938c9b93bee P f9e35a67d399434aaf8c7d29411206c4: stopping tablet replica
I20260709 14:48:49.510021  6366 raft_consensus.cc:2243] T e8703a14deeb46fdb8a89938c9b93bee P f9e35a67d399434aaf8c7d29411206c4 [term 3 LEADER]: Raft consensus shutting down.
I20260709 14:48:49.510727  6366 raft_consensus.cc:2272] T e8703a14deeb46fdb8a89938c9b93bee P f9e35a67d399434aaf8c7d29411206c4 [term 3 FOLLOWER]: Raft consensus is shut down!
