I20260709 14:49:20.611357  1059 consensus_queue.cc:260] T 2cd5c1b03a414993bc2b51637d0d78f8 P 7737acad263c479a8d28e397689baf7e [NON_LEADER]: Queue going to NON_LEADER mode. State: All replicated index: 0, Majority replicated index: 4, Committed index: 4, Last appended: 4.4, Last appended by leader: 4, Current term: 4, Majority size: -1, State: 0, Mode: NON_LEADER, active raft config: opid_index: -1 OBSOLETE_local: false peers { permanent_uuid: "7737acad263c479a8d28e397689baf7e" member_type: VOTER last_known_addr { host: "127.0.107.193" port: 41501 } } peers { permanent_uuid: "45c619a725444043b51825851288c2c2" member_type: VOTER last_known_addr { host: "127.0.107.194" port: 42097 } } peers { permanent_uuid: "281a5e09f5f84d29ae170e5520c79cd9" member_type: VOTER last_known_addr { host: "127.0.107.195" port: 46637 } }
I20260709 14:49:20.612210  1059 raft_consensus.cc:3060] T 2cd5c1b03a414993bc2b51637d0d78f8 P 7737acad263c479a8d28e397689baf7e [term 4 FOLLOWER]: Advancing to term 5
I20260709 14:49:20.615222  1135 raft_consensus.cc:2468] T 2cd5c1b03a414993bc2b51637d0d78f8 P 45c619a725444043b51825851288c2c2 [term 5 FOLLOWER]: Leader election vote request: Granting yes vote for candidate 281a5e09f5f84d29ae170e5520c79cd9 in term 5.
I20260709 14:49:20.616254  1173 leader_election.cc:304] T 2cd5c1b03a414993bc2b51637d0d78f8 P 281a5e09f5f84d29ae170e5520c79cd9 [CANDIDATE]: Term 5 election: Election decided. Result: candidate won. Election summary: received 2 responses out of 3 voters: 2 yes votes; 0 no votes. yes voters: 281a5e09f5f84d29ae170e5520c79cd9, 45c619a725444043b51825851288c2c2; no voters: 
I20260709 14:49:20.616436  1059 raft_consensus.cc:2468] T 2cd5c1b03a414993bc2b51637d0d78f8 P 7737acad263c479a8d28e397689baf7e [term 5 FOLLOWER]: Leader election vote request: Granting yes vote for candidate 281a5e09f5f84d29ae170e5520c79cd9 in term 5.
I20260709 14:49:20.617076  1366 raft_consensus.cc:2804] T 2cd5c1b03a414993bc2b51637d0d78f8 P 281a5e09f5f84d29ae170e5520c79cd9 [term 5 FOLLOWER]: Leader election won for term 5
I20260709 14:49:20.618031  1366 raft_consensus.cc:697] T 2cd5c1b03a414993bc2b51637d0d78f8 P 281a5e09f5f84d29ae170e5520c79cd9 [term 5 LEADER]: Becoming Leader. State: Replica: 281a5e09f5f84d29ae170e5520c79cd9, State: Running, Role: LEADER
I20260709 14:49:20.618851  1366 consensus_queue.cc:237] T 2cd5c1b03a414993bc2b51637d0d78f8 P 281a5e09f5f84d29ae170e5520c79cd9 [LEADER]: Queue going to LEADER mode. State: All replicated index: 0, Majority replicated index: 4, Committed index: 4, Last appended: 4.4, Last appended by leader: 4, Current term: 5, Majority size: 2, State: 0, Mode: LEADER, active raft config: opid_index: -1 OBSOLETE_local: false peers { permanent_uuid: "7737acad263c479a8d28e397689baf7e" member_type: VOTER last_known_addr { host: "127.0.107.193" port: 41501 } } peers { permanent_uuid: "45c619a725444043b51825851288c2c2" member_type: VOTER last_known_addr { host: "127.0.107.194" port: 42097 } } peers { permanent_uuid: "281a5e09f5f84d29ae170e5520c79cd9" member_type: VOTER last_known_addr { host: "127.0.107.195" port: 46637 } }
I20260709 14:49:20.625586   957 catalog_manager.cc:5697] T 2cd5c1b03a414993bc2b51637d0d78f8 P 281a5e09f5f84d29ae170e5520c79cd9 reported cstate change: term changed from 4 to 5, leader changed from 7737acad263c479a8d28e397689baf7e (127.0.107.193) to 281a5e09f5f84d29ae170e5520c79cd9 (127.0.107.195). New cstate: current_term: 5 leader_uuid: "281a5e09f5f84d29ae170e5520c79cd9" committed_config { opid_index: -1 OBSOLETE_local: false peers { permanent_uuid: "7737acad263c479a8d28e397689baf7e" member_type: VOTER last_known_addr { host: "127.0.107.193" port: 41501 } health_report { overall_health: UNKNOWN } } peers { permanent_uuid: "45c619a725444043b51825851288c2c2" member_type: VOTER last_known_addr { host: "127.0.107.194" port: 42097 } health_report { overall_health: UNKNOWN } } peers { permanent_uuid: "281a5e09f5f84d29ae170e5520c79cd9" member_type: VOTER last_known_addr { host: "127.0.107.195" port: 46637 } health_report { overall_health: HEALTHY } } }
I20260709 14:49:20.912451  1394 raft_consensus.cc:993] T f36577773abd417b9be37fc148ee2041 P 7737acad263c479a8d28e397689baf7e: : Instructing follower 45c619a725444043b51825851288c2c2 to start an election
I20260709 14:49:20.912860  1394 raft_consensus.cc:1081] T f36577773abd417b9be37fc148ee2041 P 7737acad263c479a8d28e397689baf7e [term 4 LEADER]: Signalling peer 45c619a725444043b51825851288c2c2 to start an election
I20260709 14:49:20.914057  1135 tablet_service.cc:2044] Received Run Leader Election RPC: tablet_id: "f36577773abd417b9be37fc148ee2041"
dest_uuid: "45c619a725444043b51825851288c2c2"
 from {username='slave'} at 127.0.0.1:39836
I20260709 14:49:20.914429  1135 raft_consensus.cc:493] T f36577773abd417b9be37fc148ee2041 P 45c619a725444043b51825851288c2c2 [term 4 FOLLOWER]: Starting forced leader election (received explicit request)
I20260709 14:49:20.914672  1135 raft_consensus.cc:3060] T f36577773abd417b9be37fc148ee2041 P 45c619a725444043b51825851288c2c2 [term 4 FOLLOWER]: Advancing to term 5
I20260709 14:49:20.919035  1135 raft_consensus.cc:515] T f36577773abd417b9be37fc148ee2041 P 45c619a725444043b51825851288c2c2 [term 5 FOLLOWER]: Starting forced leader election with config: opid_index: -1 OBSOLETE_local: false peers { permanent_uuid: "45c619a725444043b51825851288c2c2" member_type: VOTER last_known_addr { host: "127.0.107.194" port: 42097 } } peers { permanent_uuid: "281a5e09f5f84d29ae170e5520c79cd9" member_type: VOTER last_known_addr { host: "127.0.107.195" port: 46637 } } peers { permanent_uuid: "7737acad263c479a8d28e397689baf7e" member_type: VOTER last_known_addr { host: "127.0.107.193" port: 41501 } }
I20260709 14:49:20.920508  1135 leader_election.cc:290] T f36577773abd417b9be37fc148ee2041 P 45c619a725444043b51825851288c2c2 [CANDIDATE]: Term 5 election: Requested vote from peers 281a5e09f5f84d29ae170e5520c79cd9 (127.0.107.195:46637), 7737acad263c479a8d28e397689baf7e (127.0.107.193:41501)
I20260709 14:49:20.921181  1208 tablet_service.cc:1917] Received RequestConsensusVote() RPC: tablet_id: "f36577773abd417b9be37fc148ee2041" candidate_uuid: "45c619a725444043b51825851288c2c2" candidate_term: 5 candidate_status { last_received { term: 4 index: 4 } } ignore_live_leader: true dest_uuid: "281a5e09f5f84d29ae170e5520c79cd9"
I20260709 14:49:20.921435  1059 tablet_service.cc:1917] Received RequestConsensusVote() RPC: tablet_id: "f36577773abd417b9be37fc148ee2041" candidate_uuid: "45c619a725444043b51825851288c2c2" candidate_term: 5 candidate_status { last_received { term: 4 index: 4 } } ignore_live_leader: true dest_uuid: "7737acad263c479a8d28e397689baf7e"
I20260709 14:49:20.921650  1208 raft_consensus.cc:3060] T f36577773abd417b9be37fc148ee2041 P 281a5e09f5f84d29ae170e5520c79cd9 [term 4 FOLLOWER]: Advancing to term 5
I20260709 14:49:20.921877  1059 raft_consensus.cc:3055] T f36577773abd417b9be37fc148ee2041 P 7737acad263c479a8d28e397689baf7e [term 4 LEADER]: Stepping down as leader of term 4
I20260709 14:49:20.922118  1059 raft_consensus.cc:740] T f36577773abd417b9be37fc148ee2041 P 7737acad263c479a8d28e397689baf7e [term 4 LEADER]: Becoming Follower/Learner. State: Replica: 7737acad263c479a8d28e397689baf7e, State: Running, Role: LEADER
I20260709 14:49:20.922752  1059 consensus_queue.cc:260] T f36577773abd417b9be37fc148ee2041 P 7737acad263c479a8d28e397689baf7e [NON_LEADER]: Queue going to NON_LEADER mode. State: All replicated index: 0, Majority replicated index: 4, Committed index: 4, Last appended: 4.4, Last appended by leader: 4, Current term: 4, Majority size: -1, State: 0, Mode: NON_LEADER, active raft config: opid_index: -1 OBSOLETE_local: false peers { permanent_uuid: "45c619a725444043b51825851288c2c2" member_type: VOTER last_known_addr { host: "127.0.107.194" port: 42097 } } peers { permanent_uuid: "281a5e09f5f84d29ae170e5520c79cd9" member_type: VOTER last_known_addr { host: "127.0.107.195" port: 46637 } } peers { permanent_uuid: "7737acad263c479a8d28e397689baf7e" member_type: VOTER last_known_addr { host: "127.0.107.193" port: 41501 } }
I20260709 14:49:20.923568  1059 raft_consensus.cc:3060] T f36577773abd417b9be37fc148ee2041 P 7737acad263c479a8d28e397689baf7e [term 4 FOLLOWER]: Advancing to term 5
I20260709 14:49:20.925613  1208 raft_consensus.cc:2468] T f36577773abd417b9be37fc148ee2041 P 281a5e09f5f84d29ae170e5520c79cd9 [term 5 FOLLOWER]: Leader election vote request: Granting yes vote for candidate 45c619a725444043b51825851288c2c2 in term 5.
I20260709 14:49:20.926584  1101 leader_election.cc:304] T f36577773abd417b9be37fc148ee2041 P 45c619a725444043b51825851288c2c2 [CANDIDATE]: Term 5 election: Election decided. Result: candidate won. Election summary: received 2 responses out of 3 voters: 2 yes votes; 0 no votes. yes voters: 281a5e09f5f84d29ae170e5520c79cd9, 45c619a725444043b51825851288c2c2; no voters: 
I20260709 14:49:20.927256  1338 raft_consensus.cc:2804] T f36577773abd417b9be37fc148ee2041 P 45c619a725444043b51825851288c2c2 [term 5 FOLLOWER]: Leader election won for term 5
I20260709 14:49:20.927639  1059 raft_consensus.cc:2468] T f36577773abd417b9be37fc148ee2041 P 7737acad263c479a8d28e397689baf7e [term 5 FOLLOWER]: Leader election vote request: Granting yes vote for candidate 45c619a725444043b51825851288c2c2 in term 5.
I20260709 14:49:20.928433  1338 raft_consensus.cc:697] T f36577773abd417b9be37fc148ee2041 P 45c619a725444043b51825851288c2c2 [term 5 LEADER]: Becoming Leader. State: Replica: 45c619a725444043b51825851288c2c2, State: Running, Role: LEADER
I20260709 14:49:20.929261  1338 consensus_queue.cc:237] T f36577773abd417b9be37fc148ee2041 P 45c619a725444043b51825851288c2c2 [LEADER]: Queue going to LEADER mode. State: All replicated index: 0, Majority replicated index: 4, Committed index: 4, Last appended: 4.4, Last appended by leader: 4, Current term: 5, Majority size: 2, State: 0, Mode: LEADER, active raft config: opid_index: -1 OBSOLETE_local: false peers { permanent_uuid: "45c619a725444043b51825851288c2c2" member_type: VOTER last_known_addr { host: "127.0.107.194" port: 42097 } } peers { permanent_uuid: "281a5e09f5f84d29ae170e5520c79cd9" member_type: VOTER last_known_addr { host: "127.0.107.195" port: 46637 } } peers { permanent_uuid: "7737acad263c479a8d28e397689baf7e" member_type: VOTER last_known_addr { host: "127.0.107.193" port: 41501 } }
I20260709 14:49:20.933918  1377 raft_consensus.cc:993] T 27035870d111411d89bc66ac17d84d9c P 7737acad263c479a8d28e397689baf7e: : Instructing follower 281a5e09f5f84d29ae170e5520c79cd9 to start an election
I20260709 14:49:20.934288  1394 raft_consensus.cc:1081] T 27035870d111411d89bc66ac17d84d9c P 7737acad263c479a8d28e397689baf7e [term 3 LEADER]: Signalling peer 281a5e09f5f84d29ae170e5520c79cd9 to start an election
I20260709 14:49:20.935482  1208 tablet_service.cc:2044] Received Run Leader Election RPC: tablet_id: "27035870d111411d89bc66ac17d84d9c"
dest_uuid: "281a5e09f5f84d29ae170e5520c79cd9"
 from {username='slave'} at 127.0.0.1:34146
I20260709 14:49:20.935863  1208 raft_consensus.cc:493] T 27035870d111411d89bc66ac17d84d9c P 281a5e09f5f84d29ae170e5520c79cd9 [term 3 FOLLOWER]: Starting forced leader election (received explicit request)
I20260709 14:49:20.936116  1208 raft_consensus.cc:3060] T 27035870d111411d89bc66ac17d84d9c P 281a5e09f5f84d29ae170e5520c79cd9 [term 3 FOLLOWER]: Advancing to term 4
I20260709 14:49:20.936113   957 catalog_manager.cc:5697] T f36577773abd417b9be37fc148ee2041 P 45c619a725444043b51825851288c2c2 reported cstate change: term changed from 4 to 5, leader changed from 7737acad263c479a8d28e397689baf7e (127.0.107.193) to 45c619a725444043b51825851288c2c2 (127.0.107.194). New cstate: current_term: 5 leader_uuid: "45c619a725444043b51825851288c2c2" committed_config { opid_index: -1 OBSOLETE_local: false peers { permanent_uuid: "45c619a725444043b51825851288c2c2" member_type: VOTER last_known_addr { host: "127.0.107.194" port: 42097 } health_report { overall_health: HEALTHY } } peers { permanent_uuid: "281a5e09f5f84d29ae170e5520c79cd9" member_type: VOTER last_known_addr { host: "127.0.107.195" port: 46637 } health_report { overall_health: UNKNOWN } } peers { permanent_uuid: "7737acad263c479a8d28e397689baf7e" member_type: VOTER last_known_addr { host: "127.0.107.193" port: 41501 } health_report { overall_health: UNKNOWN } } }
I20260709 14:49:20.940977  1208 raft_consensus.cc:515] T 27035870d111411d89bc66ac17d84d9c P 281a5e09f5f84d29ae170e5520c79cd9 [term 4 FOLLOWER]: Starting forced leader election with config: opid_index: -1 OBSOLETE_local: false peers { permanent_uuid: "7737acad263c479a8d28e397689baf7e" member_type: VOTER last_known_addr { host: "127.0.107.193" port: 41501 } } peers { permanent_uuid: "45c619a725444043b51825851288c2c2" member_type: VOTER last_known_addr { host: "127.0.107.194" port: 42097 } } peers { permanent_uuid: "281a5e09f5f84d29ae170e5520c79cd9" member_type: VOTER last_known_addr { host: "127.0.107.195" port: 46637 } }
I20260709 14:49:20.942798  1208 leader_election.cc:290] T 27035870d111411d89bc66ac17d84d9c P 281a5e09f5f84d29ae170e5520c79cd9 [CANDIDATE]: Term 4 election: Requested vote from peers 7737acad263c479a8d28e397689baf7e (127.0.107.193:41501), 45c619a725444043b51825851288c2c2 (127.0.107.194:42097)
I20260709 14:49:20.943216  1059 tablet_service.cc:1917] Received RequestConsensusVote() RPC: tablet_id: "27035870d111411d89bc66ac17d84d9c" candidate_uuid: "281a5e09f5f84d29ae170e5520c79cd9" candidate_term: 4 candidate_status { last_received { term: 3 index: 3 } } ignore_live_leader: true dest_uuid: "7737acad263c479a8d28e397689baf7e"
I20260709 14:49:20.943398  1135 tablet_service.cc:1917] Received RequestConsensusVote() RPC: tablet_id: "27035870d111411d89bc66ac17d84d9c" candidate_uuid: "281a5e09f5f84d29ae170e5520c79cd9" candidate_term: 4 candidate_status { last_received { term: 3 index: 3 } } ignore_live_leader: true dest_uuid: "45c619a725444043b51825851288c2c2"
I20260709 14:49:20.943727  1059 raft_consensus.cc:3055] T 27035870d111411d89bc66ac17d84d9c P 7737acad263c479a8d28e397689baf7e [term 3 LEADER]: Stepping down as leader of term 3
I20260709 14:49:20.944003  1135 raft_consensus.cc:3060] T 27035870d111411d89bc66ac17d84d9c P 45c619a725444043b51825851288c2c2 [term 3 FOLLOWER]: Advancing to term 4
I20260709 14:49:20.944021  1059 raft_consensus.cc:740] T 27035870d111411d89bc66ac17d84d9c P 7737acad263c479a8d28e397689baf7e [term 3 LEADER]: Becoming Follower/Learner. State: Replica: 7737acad263c479a8d28e397689baf7e, State: Running, Role: LEADER
I20260709 14:49:20.944911  1059 consensus_queue.cc:260] T 27035870d111411d89bc66ac17d84d9c P 7737acad263c479a8d28e397689baf7e [NON_LEADER]: Queue going to NON_LEADER mode. State: All replicated index: 0, Majority replicated index: 3, Committed index: 3, Last appended: 3.3, Last appended by leader: 3, Current term: 3, Majority size: -1, State: 0, Mode: NON_LEADER, active raft config: opid_index: -1 OBSOLETE_local: false peers { permanent_uuid: "7737acad263c479a8d28e397689baf7e" member_type: VOTER last_known_addr { host: "127.0.107.193" port: 41501 } } peers { permanent_uuid: "45c619a725444043b51825851288c2c2" member_type: VOTER last_known_addr { host: "127.0.107.194" port: 42097 } } peers { permanent_uuid: "281a5e09f5f84d29ae170e5520c79cd9" member_type: VOTER last_known_addr { host: "127.0.107.195" port: 46637 } }
I20260709 14:49:20.946027  1059 raft_consensus.cc:3060] T 27035870d111411d89bc66ac17d84d9c P 7737acad263c479a8d28e397689baf7e [term 3 FOLLOWER]: Advancing to term 4
I20260709 14:49:20.950448  1135 raft_consensus.cc:2468] T 27035870d111411d89bc66ac17d84d9c P 45c619a725444043b51825851288c2c2 [term 4 FOLLOWER]: Leader election vote request: Granting yes vote for candidate 281a5e09f5f84d29ae170e5520c79cd9 in term 4.
I20260709 14:49:20.951447  1173 leader_election.cc:304] T 27035870d111411d89bc66ac17d84d9c P 281a5e09f5f84d29ae170e5520c79cd9 [CANDIDATE]: Term 4 election: Election decided. Result: candidate won. Election summary: received 2 responses out of 3 voters: 2 yes votes; 0 no votes. yes voters: 281a5e09f5f84d29ae170e5520c79cd9, 45c619a725444043b51825851288c2c2; no voters: 
I20260709 14:49:20.951725  1059 raft_consensus.cc:2468] T 27035870d111411d89bc66ac17d84d9c P 7737acad263c479a8d28e397689baf7e [term 4 FOLLOWER]: Leader election vote request: Granting yes vote for candidate 281a5e09f5f84d29ae170e5520c79cd9 in term 4.
I20260709 14:49:20.952049  1366 raft_consensus.cc:2804] T 27035870d111411d89bc66ac17d84d9c P 281a5e09f5f84d29ae170e5520c79cd9 [term 4 FOLLOWER]: Leader election won for term 4
I20260709 14:49:20.952497  1366 raft_consensus.cc:697] T 27035870d111411d89bc66ac17d84d9c P 281a5e09f5f84d29ae170e5520c79cd9 [term 4 LEADER]: Becoming Leader. State: Replica: 281a5e09f5f84d29ae170e5520c79cd9, State: Running, Role: LEADER
I20260709 14:49:20.953325  1366 consensus_queue.cc:237] T 27035870d111411d89bc66ac17d84d9c P 281a5e09f5f84d29ae170e5520c79cd9 [LEADER]: Queue going to LEADER mode. State: All replicated index: 0, Majority replicated index: 3, Committed index: 3, Last appended: 3.3, Last appended by leader: 3, Current term: 4, Majority size: 2, State: 0, Mode: LEADER, active raft config: opid_index: -1 OBSOLETE_local: false peers { permanent_uuid: "7737acad263c479a8d28e397689baf7e" member_type: VOTER last_known_addr { host: "127.0.107.193" port: 41501 } } peers { permanent_uuid: "45c619a725444043b51825851288c2c2" member_type: VOTER last_known_addr { host: "127.0.107.194" port: 42097 } } peers { permanent_uuid: "281a5e09f5f84d29ae170e5520c79cd9" member_type: VOTER last_known_addr { host: "127.0.107.195" port: 46637 } }
I20260709 14:49:20.959717   957 catalog_manager.cc:5697] T 27035870d111411d89bc66ac17d84d9c P 281a5e09f5f84d29ae170e5520c79cd9 reported cstate change: term changed from 3 to 4, leader changed from 7737acad263c479a8d28e397689baf7e (127.0.107.193) to 281a5e09f5f84d29ae170e5520c79cd9 (127.0.107.195). New cstate: current_term: 4 leader_uuid: "281a5e09f5f84d29ae170e5520c79cd9" committed_config { opid_index: -1 OBSOLETE_local: false peers { permanent_uuid: "7737acad263c479a8d28e397689baf7e" member_type: VOTER last_known_addr { host: "127.0.107.193" port: 41501 } health_report { overall_health: UNKNOWN } } peers { permanent_uuid: "45c619a725444043b51825851288c2c2" member_type: VOTER last_known_addr { host: "127.0.107.194" port: 42097 } health_report { overall_health: UNKNOWN } } peers { permanent_uuid: "281a5e09f5f84d29ae170e5520c79cd9" member_type: VOTER last_known_addr { host: "127.0.107.195" port: 46637 } health_report { overall_health: HEALTHY } } }
I20260709 14:49:20.965294  1377 raft_consensus.cc:993] T 9581d3e4719c4d30a1f4c9d6d01c1a12 P 7737acad263c479a8d28e397689baf7e: : Instructing follower 45c619a725444043b51825851288c2c2 to start an election
I20260709 14:49:20.966260  1394 raft_consensus.cc:1081] T 9581d3e4719c4d30a1f4c9d6d01c1a12 P 7737acad263c479a8d28e397689baf7e [term 2 LEADER]: Signalling peer 45c619a725444043b51825851288c2c2 to start an election
I20260709 14:49:20.967782  1135 tablet_service.cc:2044] Received Run Leader Election RPC: tablet_id: "9581d3e4719c4d30a1f4c9d6d01c1a12"
dest_uuid: "45c619a725444043b51825851288c2c2"
 from {username='slave'} at 127.0.0.1:39836
I20260709 14:49:20.968207  1135 raft_consensus.cc:493] T 9581d3e4719c4d30a1f4c9d6d01c1a12 P 45c619a725444043b51825851288c2c2 [term 2 FOLLOWER]: Starting forced leader election (received explicit request)
I20260709 14:49:20.968492  1135 raft_consensus.cc:3060] T 9581d3e4719c4d30a1f4c9d6d01c1a12 P 45c619a725444043b51825851288c2c2 [term 2 FOLLOWER]: Advancing to term 3
I20260709 14:49:20.972622  1135 raft_consensus.cc:515] T 9581d3e4719c4d30a1f4c9d6d01c1a12 P 45c619a725444043b51825851288c2c2 [term 3 FOLLOWER]: Starting forced leader election with config: opid_index: -1 OBSOLETE_local: false peers { permanent_uuid: "7737acad263c479a8d28e397689baf7e" member_type: VOTER last_known_addr { host: "127.0.107.193" port: 41501 } } peers { permanent_uuid: "45c619a725444043b51825851288c2c2" member_type: VOTER last_known_addr { host: "127.0.107.194" port: 42097 } } peers { permanent_uuid: "281a5e09f5f84d29ae170e5520c79cd9" member_type: VOTER last_known_addr { host: "127.0.107.195" port: 46637 } }
I20260709 14:49:20.974102  1135 leader_election.cc:290] T 9581d3e4719c4d30a1f4c9d6d01c1a12 P 45c619a725444043b51825851288c2c2 [CANDIDATE]: Term 3 election: Requested vote from peers 7737acad263c479a8d28e397689baf7e (127.0.107.193:41501), 281a5e09f5f84d29ae170e5520c79cd9 (127.0.107.195:46637)
I20260709 14:49:20.974625  1059 tablet_service.cc:1917] Received RequestConsensusVote() RPC: tablet_id: "9581d3e4719c4d30a1f4c9d6d01c1a12" candidate_uuid: "45c619a725444043b51825851288c2c2" candidate_term: 3 candidate_status { last_received { term: 2 index: 2 } } ignore_live_leader: true dest_uuid: "7737acad263c479a8d28e397689baf7e"
I20260709 14:49:20.974917  1208 tablet_service.cc:1917] Received RequestConsensusVote() RPC: tablet_id: "9581d3e4719c4d30a1f4c9d6d01c1a12" candidate_uuid: "45c619a725444043b51825851288c2c2" candidate_term: 3 candidate_status { last_received { term: 2 index: 2 } } ignore_live_leader: true dest_uuid: "281a5e09f5f84d29ae170e5520c79cd9"
I20260709 14:49:20.975171  1059 raft_consensus.cc:3055] T 9581d3e4719c4d30a1f4c9d6d01c1a12 P 7737acad263c479a8d28e397689baf7e [term 2 LEADER]: Stepping down as leader of term 2
I20260709 14:49:20.975389  1208 raft_consensus.cc:3060] T 9581d3e4719c4d30a1f4c9d6d01c1a12 P 281a5e09f5f84d29ae170e5520c79cd9 [term 2 FOLLOWER]: Advancing to term 3
I20260709 14:49:20.975466  1059 raft_consensus.cc:740] T 9581d3e4719c4d30a1f4c9d6d01c1a12 P 7737acad263c479a8d28e397689baf7e [term 2 LEADER]: Becoming Follower/Learner. State: Replica: 7737acad263c479a8d28e397689baf7e, State: Running, Role: LEADER
I20260709 14:49:20.976281  1059 consensus_queue.cc:260] T 9581d3e4719c4d30a1f4c9d6d01c1a12 P 7737acad263c479a8d28e397689baf7e [NON_LEADER]: Queue going to NON_LEADER mode. State: All replicated index: 0, Majority replicated index: 2, Committed index: 2, Last appended: 2.2, Last appended by leader: 2, Current term: 2, Majority size: -1, State: 0, Mode: NON_LEADER, active raft config: opid_index: -1 OBSOLETE_local: false peers { permanent_uuid: "7737acad263c479a8d28e397689baf7e" member_type: VOTER last_known_addr { host: "127.0.107.193" port: 41501 } } peers { permanent_uuid: "45c619a725444043b51825851288c2c2" member_type: VOTER last_known_addr { host: "127.0.107.194" port: 42097 } } peers { permanent_uuid: "281a5e09f5f84d29ae170e5520c79cd9" member_type: VOTER last_known_addr { host: "127.0.107.195" port: 46637 } }
I20260709 14:49:20.977389  1059 raft_consensus.cc:3060] T 9581d3e4719c4d30a1f4c9d6d01c1a12 P 7737acad263c479a8d28e397689baf7e [term 2 FOLLOWER]: Advancing to term 3
I20260709 14:49:20.981236  1208 raft_consensus.cc:2468] T 9581d3e4719c4d30a1f4c9d6d01c1a12 P 281a5e09f5f84d29ae170e5520c79cd9 [term 3 FOLLOWER]: Leader election vote request: Granting yes vote for candidate 45c619a725444043b51825851288c2c2 in term 3.
I20260709 14:49:20.982088  1101 leader_election.cc:304] T 9581d3e4719c4d30a1f4c9d6d01c1a12 P 45c619a725444043b51825851288c2c2 [CANDIDATE]: Term 3 election: Election decided. Result: candidate won. Election summary: received 2 responses out of 3 voters: 2 yes votes; 0 no votes. yes voters: 281a5e09f5f84d29ae170e5520c79cd9, 45c619a725444043b51825851288c2c2; no voters: 
I20260709 14:49:20.982654  1338 raft_consensus.cc:2804] T 9581d3e4719c4d30a1f4c9d6d01c1a12 P 45c619a725444043b51825851288c2c2 [term 3 FOLLOWER]: Leader election won for term 3
I20260709 14:49:20.982715  1059 raft_consensus.cc:2468] T 9581d3e4719c4d30a1f4c9d6d01c1a12 P 7737acad263c479a8d28e397689baf7e [term 3 FOLLOWER]: Leader election vote request: Granting yes vote for candidate 45c619a725444043b51825851288c2c2 in term 3.
I20260709 14:49:20.983150  1338 raft_consensus.cc:697] T 9581d3e4719c4d30a1f4c9d6d01c1a12 P 45c619a725444043b51825851288c2c2 [term 3 LEADER]: Becoming Leader. State: Replica: 45c619a725444043b51825851288c2c2, State: Running, Role: LEADER
I20260709 14:49:20.983994  1338 consensus_queue.cc:237] T 9581d3e4719c4d30a1f4c9d6d01c1a12 P 45c619a725444043b51825851288c2c2 [LEADER]: Queue going to LEADER mode. State: All replicated index: 0, Majority replicated index: 2, Committed index: 2, Last appended: 2.2, Last appended by leader: 2, Current term: 3, Majority size: 2, State: 0, Mode: LEADER, active raft config: opid_index: -1 OBSOLETE_local: false peers { permanent_uuid: "7737acad263c479a8d28e397689baf7e" member_type: VOTER last_known_addr { host: "127.0.107.193" port: 41501 } } peers { permanent_uuid: "45c619a725444043b51825851288c2c2" member_type: VOTER last_known_addr { host: "127.0.107.194" port: 42097 } } peers { permanent_uuid: "281a5e09f5f84d29ae170e5520c79cd9" member_type: VOTER last_known_addr { host: "127.0.107.195" port: 46637 } }
I20260709 14:49:20.990832   957 catalog_manager.cc:5697] T 9581d3e4719c4d30a1f4c9d6d01c1a12 P 45c619a725444043b51825851288c2c2 reported cstate change: term changed from 2 to 3, leader changed from 7737acad263c479a8d28e397689baf7e (127.0.107.193) to 45c619a725444043b51825851288c2c2 (127.0.107.194). New cstate: current_term: 3 leader_uuid: "45c619a725444043b51825851288c2c2" committed_config { opid_index: -1 OBSOLETE_local: false peers { permanent_uuid: "7737acad263c479a8d28e397689baf7e" member_type: VOTER last_known_addr { host: "127.0.107.193" port: 41501 } health_report { overall_health: UNKNOWN } } peers { permanent_uuid: "45c619a725444043b51825851288c2c2" member_type: VOTER last_known_addr { host: "127.0.107.194" port: 42097 } health_report { overall_health: HEALTHY } } peers { permanent_uuid: "281a5e09f5f84d29ae170e5520c79cd9" member_type: VOTER last_known_addr { host: "127.0.107.195" port: 46637 } health_report { overall_health: UNKNOWN } } }
I20260709 14:49:21.047319  1059 raft_consensus.cc:1275] T 2cd5c1b03a414993bc2b51637d0d78f8 P 7737acad263c479a8d28e397689baf7e [term 5 FOLLOWER]: Refusing update from remote peer 281a5e09f5f84d29ae170e5520c79cd9: Log matching property violated. Preceding OpId in replica: term: 4 index: 4. Preceding OpId from leader: term: 5 index: 5. (index mismatch)
I20260709 14:49:21.048384  1366 consensus_queue.cc:1048] T 2cd5c1b03a414993bc2b51637d0d78f8 P 281a5e09f5f84d29ae170e5520c79cd9 [LEADER]: Connected to new peer: Peer: permanent_uuid: "7737acad263c479a8d28e397689baf7e" member_type: VOTER last_known_addr { host: "127.0.107.193" port: 41501 }, Status: LMP_MISMATCH, Last received: 0.0, Next index: 5, Last known committed idx: 4, Time since last communication: 0.000s
I20260709 14:49:21.058769  1135 raft_consensus.cc:1275] T 2cd5c1b03a414993bc2b51637d0d78f8 P 45c619a725444043b51825851288c2c2 [term 5 FOLLOWER]: Refusing update from remote peer 281a5e09f5f84d29ae170e5520c79cd9: Log matching property violated. Preceding OpId in replica: term: 4 index: 4. Preceding OpId from leader: term: 5 index: 5. (index mismatch)
I20260709 14:49:21.060389  1395 consensus_queue.cc:1048] T 2cd5c1b03a414993bc2b51637d0d78f8 P 281a5e09f5f84d29ae170e5520c79cd9 [LEADER]: Connected to new peer: Peer: permanent_uuid: "45c619a725444043b51825851288c2c2" member_type: VOTER last_known_addr { host: "127.0.107.194" port: 42097 }, Status: LMP_MISMATCH, Last received: 0.0, Next index: 5, Last known committed idx: 4, Time since last communication: 0.000s
I20260709 14:49:21.336885  1135 raft_consensus.cc:1275] T 27035870d111411d89bc66ac17d84d9c P 45c619a725444043b51825851288c2c2 [term 4 FOLLOWER]: Refusing update from remote peer 281a5e09f5f84d29ae170e5520c79cd9: Log matching property violated. Preceding OpId in replica: term: 3 index: 3. Preceding OpId from leader: term: 4 index: 4. (index mismatch)
I20260709 14:49:21.337865  1395 consensus_queue.cc:1048] T 27035870d111411d89bc66ac17d84d9c P 281a5e09f5f84d29ae170e5520c79cd9 [LEADER]: Connected to new peer: Peer: permanent_uuid: "45c619a725444043b51825851288c2c2" member_type: VOTER last_known_addr { host: "127.0.107.194" port: 42097 }, Status: LMP_MISMATCH, Last received: 0.0, Next index: 4, Last known committed idx: 3, Time since last communication: 0.000s
I20260709 14:49:21.345983  1059 raft_consensus.cc:1275] T 27035870d111411d89bc66ac17d84d9c P 7737acad263c479a8d28e397689baf7e [term 4 FOLLOWER]: Refusing update from remote peer 281a5e09f5f84d29ae170e5520c79cd9: Log matching property violated. Preceding OpId in replica: term: 3 index: 3. Preceding OpId from leader: term: 4 index: 4. (index mismatch)
I20260709 14:49:21.347280  1395 consensus_queue.cc:1048] T 27035870d111411d89bc66ac17d84d9c P 281a5e09f5f84d29ae170e5520c79cd9 [LEADER]: Connected to new peer: Peer: permanent_uuid: "7737acad263c479a8d28e397689baf7e" member_type: VOTER last_known_addr { host: "127.0.107.193" port: 41501 }, Status: LMP_MISMATCH, Last received: 0.0, Next index: 4, Last known committed idx: 3, Time since last communication: 0.000s
I20260709 14:49:21.417515  1059 raft_consensus.cc:1275] T f36577773abd417b9be37fc148ee2041 P 7737acad263c479a8d28e397689baf7e [term 5 FOLLOWER]: Refusing update from remote peer 45c619a725444043b51825851288c2c2: Log matching property violated. Preceding OpId in replica: term: 4 index: 4. Preceding OpId from leader: term: 5 index: 5. (index mismatch)
I20260709 14:49:21.418426  1338 consensus_queue.cc:1048] T f36577773abd417b9be37fc148ee2041 P 45c619a725444043b51825851288c2c2 [LEADER]: Connected to new peer: Peer: permanent_uuid: "7737acad263c479a8d28e397689baf7e" member_type: VOTER last_known_addr { host: "127.0.107.193" port: 41501 }, Status: LMP_MISMATCH, Last received: 0.0, Next index: 5, Last known committed idx: 4, Time since last communication: 0.000s
I20260709 14:49:21.426510  1208 raft_consensus.cc:1275] T f36577773abd417b9be37fc148ee2041 P 281a5e09f5f84d29ae170e5520c79cd9 [term 5 FOLLOWER]: Refusing update from remote peer 45c619a725444043b51825851288c2c2: Log matching property violated. Preceding OpId in replica: term: 4 index: 4. Preceding OpId from leader: term: 5 index: 5. (index mismatch)
I20260709 14:49:21.427870  1415 consensus_queue.cc:1048] T f36577773abd417b9be37fc148ee2041 P 45c619a725444043b51825851288c2c2 [LEADER]: Connected to new peer: Peer: permanent_uuid: "281a5e09f5f84d29ae170e5520c79cd9" member_type: VOTER last_known_addr { host: "127.0.107.195" port: 46637 }, Status: LMP_MISMATCH, Last received: 0.0, Next index: 5, Last known committed idx: 4, Time since last communication: 0.001s
I20260709 14:49:21.494535  1059 raft_consensus.cc:1275] T 9581d3e4719c4d30a1f4c9d6d01c1a12 P 7737acad263c479a8d28e397689baf7e [term 3 FOLLOWER]: Refusing update from remote peer 45c619a725444043b51825851288c2c2: Log matching property violated. Preceding OpId in replica: term: 2 index: 2. Preceding OpId from leader: term: 3 index: 3. (index mismatch)
I20260709 14:49:21.495519  1415 consensus_queue.cc:1048] T 9581d3e4719c4d30a1f4c9d6d01c1a12 P 45c619a725444043b51825851288c2c2 [LEADER]: Connected to new peer: Peer: permanent_uuid: "7737acad263c479a8d28e397689baf7e" member_type: VOTER last_known_addr { host: "127.0.107.193" port: 41501 }, Status: LMP_MISMATCH, Last received: 0.0, Next index: 3, Last known committed idx: 2, Time since last communication: 0.000s
I20260709 14:49:21.502827  1208 raft_consensus.cc:1275] T 9581d3e4719c4d30a1f4c9d6d01c1a12 P 281a5e09f5f84d29ae170e5520c79cd9 [term 3 FOLLOWER]: Refusing update from remote peer 45c619a725444043b51825851288c2c2: Log matching property violated. Preceding OpId in replica: term: 2 index: 2. Preceding OpId from leader: term: 3 index: 3. (index mismatch)
I20260709 14:49:21.505061  1338 consensus_queue.cc:1048] T 9581d3e4719c4d30a1f4c9d6d01c1a12 P 45c619a725444043b51825851288c2c2 [LEADER]: Connected to new peer: Peer: permanent_uuid: "281a5e09f5f84d29ae170e5520c79cd9" member_type: VOTER last_known_addr { host: "127.0.107.195" port: 46637 }, Status: LMP_MISMATCH, Last received: 0.0, Next index: 3, Last known committed idx: 2, Time since last communication: 0.000s
I20260709 14:49:21.596221   431 auto_leader_rebalancer.cc:141] leader rebalance for table test-workload
I20260709 14:49:21.602581   431 tablet_server.cc:179] TabletServer@127.0.107.193:0 shutting down...
I20260709 14:49:21.621308   431 ts_tablet_manager.cc:1507] Shutting down tablet manager...
I20260709 14:49:21.621935   431 tablet_replica.cc:333] T f36577773abd417b9be37fc148ee2041 P 7737acad263c479a8d28e397689baf7e: stopping tablet replica
I20260709 14:49:21.622679   431 raft_consensus.cc:2243] T f36577773abd417b9be37fc148ee2041 P 7737acad263c479a8d28e397689baf7e [term 5 FOLLOWER]: Raft consensus shutting down.
I20260709 14:49:21.623085   431 raft_consensus.cc:2272] T f36577773abd417b9be37fc148ee2041 P 7737acad263c479a8d28e397689baf7e [term 5 FOLLOWER]: Raft consensus is shut down!
I20260709 14:49:21.625329   431 tablet_replica.cc:333] T d0b260a9c81040ae9c969bab3f2d9f1a P 7737acad263c479a8d28e397689baf7e: stopping tablet replica
I20260709 14:49:21.625788   431 raft_consensus.cc:2243] T d0b260a9c81040ae9c969bab3f2d9f1a P 7737acad263c479a8d28e397689baf7e [term 3 LEADER]: Raft consensus shutting down.
I20260709 14:49:21.626502   431 raft_consensus.cc:2272] T d0b260a9c81040ae9c969bab3f2d9f1a P 7737acad263c479a8d28e397689baf7e [term 3 FOLLOWER]: Raft consensus is shut down!
I20260709 14:49:21.627969   431 tablet_replica.cc:333] T ebe0deaa518f45c48374d2d84df1545b P 7737acad263c479a8d28e397689baf7e: stopping tablet replica
I20260709 14:49:21.628387   431 raft_consensus.cc:2243] T ebe0deaa518f45c48374d2d84df1545b P 7737acad263c479a8d28e397689baf7e [term 3 LEADER]: Raft consensus shutting down.
I20260709 14:49:21.629078   431 raft_consensus.cc:2272] T ebe0deaa518f45c48374d2d84df1545b P 7737acad263c479a8d28e397689baf7e [term 3 FOLLOWER]: Raft consensus is shut down!
I20260709 14:49:21.630501   431 tablet_replica.cc:333] T 9581d3e4719c4d30a1f4c9d6d01c1a12 P 7737acad263c479a8d28e397689baf7e: stopping tablet replica
I20260709 14:49:21.630960   431 raft_consensus.cc:2243] T 9581d3e4719c4d30a1f4c9d6d01c1a12 P 7737acad263c479a8d28e397689baf7e [term 3 FOLLOWER]: Raft consensus shutting down.
I20260709 14:49:21.631300   431 raft_consensus.cc:2272] T 9581d3e4719c4d30a1f4c9d6d01c1a12 P 7737acad263c479a8d28e397689baf7e [term 3 FOLLOWER]: Raft consensus is shut down!
I20260709 14:49:21.633140   431 tablet_replica.cc:333] T 2cd5c1b03a414993bc2b51637d0d78f8 P 7737acad263c479a8d28e397689baf7e: stopping tablet replica
I20260709 14:49:21.633618   431 raft_consensus.cc:2243] T 2cd5c1b03a414993bc2b51637d0d78f8 P 7737acad263c479a8d28e397689baf7e [term 5 FOLLOWER]: Raft consensus shutting down.
I20260709 14:49:21.633975   431 raft_consensus.cc:2272] T 2cd5c1b03a414993bc2b51637d0d78f8 P 7737acad263c479a8d28e397689baf7e [term 5 FOLLOWER]: Raft consensus is shut down!
I20260709 14:49:21.635743   431 tablet_replica.cc:333] T 40db646a58c94354975f832010ecc00e P 7737acad263c479a8d28e397689baf7e: stopping tablet replica
I20260709 14:49:21.636235   431 raft_consensus.cc:2243] T 40db646a58c94354975f832010ecc00e P 7737acad263c479a8d28e397689baf7e [term 2 FOLLOWER]: Raft consensus shutting down.
I20260709 14:49:21.636665   431 raft_consensus.cc:2272] T 40db646a58c94354975f832010ecc00e P 7737acad263c479a8d28e397689baf7e [term 2 FOLLOWER]: Raft consensus is shut down!
I20260709 14:49:21.638125   431 tablet_replica.cc:333] T fbb1de7540c643b589c90d92a777749c P 7737acad263c479a8d28e397689baf7e: stopping tablet replica
I20260709 14:49:21.638549   431 raft_consensus.cc:2243] T fbb1de7540c643b589c90d92a777749c P 7737acad263c479a8d28e397689baf7e [term 2 LEADER]: Raft consensus shutting down.
I20260709 14:49:21.639238   431 raft_consensus.cc:2272] T fbb1de7540c643b589c90d92a777749c P 7737acad263c479a8d28e397689baf7e [term 2 FOLLOWER]: Raft consensus is shut down!
I20260709 14:49:21.640858   431 tablet_replica.cc:333] T 0473428f139f4cdaaa3ab6a46cd046e1 P 7737acad263c479a8d28e397689baf7e: stopping tablet replica
I20260709 14:49:21.641297   431 raft_consensus.cc:2243] T 0473428f139f4cdaaa3ab6a46cd046e1 P 7737acad263c479a8d28e397689baf7e [term 2 FOLLOWER]: Raft consensus shutting down.
I20260709 14:49:21.641674   431 raft_consensus.cc:2272] T 0473428f139f4cdaaa3ab6a46cd046e1 P 7737acad263c479a8d28e397689baf7e [term 2 FOLLOWER]: Raft consensus is shut down!
I20260709 14:49:21.643167   431 tablet_replica.cc:333] T 27035870d111411d89bc66ac17d84d9c P 7737acad263c479a8d28e397689baf7e: stopping tablet replica
I20260709 14:49:21.643579   431 raft_consensus.cc:2243] T 27035870d111411d89bc66ac17d84d9c P 7737acad263c479a8d28e397689baf7e [term 4 FOLLOWER]: Raft consensus shutting down.
I20260709 14:49:21.643918   431 raft_consensus.cc:2272] T 27035870d111411d89bc66ac17d84d9c P 7737acad263c479a8d28e397689baf7e [term 4 FOLLOWER]: Raft consensus is shut down!
I20260709 14:49:21.645825   431 tablet_replica.cc:333] T aaa1e1a6fcd5451ba36cabc645a81cba P 7737acad263c479a8d28e397689baf7e: stopping tablet replica
I20260709 14:49:21.646237   431 raft_consensus.cc:2243] T aaa1e1a6fcd5451ba36cabc645a81cba P 7737acad263c479a8d28e397689baf7e [term 1 LEADER]: Raft consensus shutting down.
I20260709 14:49:21.646893   431 raft_consensus.cc:2272] T aaa1e1a6fcd5451ba36cabc645a81cba P 7737acad263c479a8d28e397689baf7e [term 1 FOLLOWER]: Raft consensus is shut down!
W20260709 14:49:21.652486  1101 proxy.cc:239] Call had error, refreshing address and retrying: Remote error: Service unavailable: service kudu.consensus.ConsensusService not registered on TabletServer [suppressed 4 similar messages]
W20260709 14:49:21.655160  1101 consensus_peers.cc:597] T 40db646a58c94354975f832010ecc00e P 45c619a725444043b51825851288c2c2 -> Peer 7737acad263c479a8d28e397689baf7e (127.0.107.193:41501): Couldn't send request to peer 7737acad263c479a8d28e397689baf7e. Status: Remote error: Service unavailable: service kudu.consensus.ConsensusService not registered on TabletServer. This is attempt 1: this message will repeat every 5th retry.
I20260709 14:49:21.675361   431 tablet_server.cc:196] TabletServer@127.0.107.193:0 shutdown complete.
I20260709 14:49:21.693818   431 tablet_server.cc:179] TabletServer@127.0.107.194:0 shutting down...
I20260709 14:49:21.713153   431 ts_tablet_manager.cc:1507] Shutting down tablet manager...
I20260709 14:49:21.713845   431 tablet_replica.cc:333] T 2cd5c1b03a414993bc2b51637d0d78f8 P 45c619a725444043b51825851288c2c2: stopping tablet replica
I20260709 14:49:21.714521   431 raft_consensus.cc:2243] T 2cd5c1b03a414993bc2b51637d0d78f8 P 45c619a725444043b51825851288c2c2 [term 5 FOLLOWER]: Raft consensus shutting down.
I20260709 14:49:21.714977   431 raft_consensus.cc:2272] T 2cd5c1b03a414993bc2b51637d0d78f8 P 45c619a725444043b51825851288c2c2 [term 5 FOLLOWER]: Raft consensus is shut down!
I20260709 14:49:21.717000   431 tablet_replica.cc:333] T 40db646a58c94354975f832010ecc00e P 45c619a725444043b51825851288c2c2: stopping tablet replica
I20260709 14:49:21.717440   431 raft_consensus.cc:2243] T 40db646a58c94354975f832010ecc00e P 45c619a725444043b51825851288c2c2 [term 2 LEADER]: Raft consensus shutting down.
I20260709 14:49:21.718130   431 raft_consensus.cc:2272] T 40db646a58c94354975f832010ecc00e P 45c619a725444043b51825851288c2c2 [term 2 FOLLOWER]: Raft consensus is shut down!
I20260709 14:49:21.719727   431 tablet_replica.cc:333] T 9581d3e4719c4d30a1f4c9d6d01c1a12 P 45c619a725444043b51825851288c2c2: stopping tablet replica
I20260709 14:49:21.720184   431 raft_consensus.cc:2243] T 9581d3e4719c4d30a1f4c9d6d01c1a12 P 45c619a725444043b51825851288c2c2 [term 3 LEADER]: Raft consensus shutting down.
I20260709 14:49:21.720923   431 raft_consensus.cc:2272] T 9581d3e4719c4d30a1f4c9d6d01c1a12 P 45c619a725444043b51825851288c2c2 [term 3 FOLLOWER]: Raft consensus is shut down!
I20260709 14:49:21.722946   431 tablet_replica.cc:333] T f36577773abd417b9be37fc148ee2041 P 45c619a725444043b51825851288c2c2: stopping tablet replica
I20260709 14:49:21.723585   431 raft_consensus.cc:2243] T f36577773abd417b9be37fc148ee2041 P 45c619a725444043b51825851288c2c2 [term 5 LEADER]: Raft consensus shutting down.
I20260709 14:49:21.724298   431 raft_consensus.cc:2272] T f36577773abd417b9be37fc148ee2041 P 45c619a725444043b51825851288c2c2 [term 5 FOLLOWER]: Raft consensus is shut down!
I20260709 14:49:21.726187   431 tablet_replica.cc:333] T ebe0deaa518f45c48374d2d84df1545b P 45c619a725444043b51825851288c2c2: stopping tablet replica
I20260709 14:49:21.726636   431 raft_consensus.cc:2243] T ebe0deaa518f45c48374d2d84df1545b P 45c619a725444043b51825851288c2c2 [term 3 FOLLOWER]: Raft consensus shutting down.
I20260709 14:49:21.727031   431 raft_consensus.cc:2272] T ebe0deaa518f45c48374d2d84df1545b P 45c619a725444043b51825851288c2c2 [term 3 FOLLOWER]: Raft consensus is shut down!
I20260709 14:49:21.728523   431 tablet_replica.cc:333] T d0b260a9c81040ae9c969bab3f2d9f1a P 45c619a725444043b51825851288c2c2: stopping tablet replica
I20260709 14:49:21.729017   431 raft_consensus.cc:2243] T d0b260a9c81040ae9c969bab3f2d9f1a P 45c619a725444043b51825851288c2c2 [term 3 FOLLOWER]: Raft consensus shutting down.
I20260709 14:49:21.729384   431 raft_consensus.cc:2272] T d0b260a9c81040ae9c969bab3f2d9f1a P 45c619a725444043b51825851288c2c2 [term 3 FOLLOWER]: Raft consensus is shut down!
I20260709 14:49:21.730856   431 tablet_replica.cc:333] T aaa1e1a6fcd5451ba36cabc645a81cba P 45c619a725444043b51825851288c2c2: stopping tablet replica
I20260709 14:49:21.731288   431 raft_consensus.cc:2243] T aaa1e1a6fcd5451ba36cabc645a81cba P 45c619a725444043b51825851288c2c2 [term 1 FOLLOWER]: Raft consensus shutting down.
I20260709 14:49:21.731627   431 raft_consensus.cc:2272] T aaa1e1a6fcd5451ba36cabc645a81cba P 45c619a725444043b51825851288c2c2 [term 1 FOLLOWER]: Raft consensus is shut down!
I20260709 14:49:21.733287   431 tablet_replica.cc:333] T 27035870d111411d89bc66ac17d84d9c P 45c619a725444043b51825851288c2c2: stopping tablet replica
I20260709 14:49:21.733722   431 raft_consensus.cc:2243] T 27035870d111411d89bc66ac17d84d9c P 45c619a725444043b51825851288c2c2 [term 4 FOLLOWER]: Raft consensus shutting down.
I20260709 14:49:21.734112   431 raft_consensus.cc:2272] T 27035870d111411d89bc66ac17d84d9c P 45c619a725444043b51825851288c2c2 [term 4 FOLLOWER]: Raft consensus is shut down!
I20260709 14:49:21.735898   431 tablet_replica.cc:333] T 0473428f139f4cdaaa3ab6a46cd046e1 P 45c619a725444043b51825851288c2c2: stopping tablet replica
I20260709 14:49:21.736318   431 raft_consensus.cc:2243] T 0473428f139f4cdaaa3ab6a46cd046e1 P 45c619a725444043b51825851288c2c2 [term 2 FOLLOWER]: Raft consensus shutting down.
I20260709 14:49:21.736734   431 raft_consensus.cc:2272] T 0473428f139f4cdaaa3ab6a46cd046e1 P 45c619a725444043b51825851288c2c2 [term 2 FOLLOWER]: Raft consensus is shut down!
I20260709 14:49:21.738299   431 tablet_replica.cc:333] T fbb1de7540c643b589c90d92a777749c P 45c619a725444043b51825851288c2c2: stopping tablet replica
I20260709 14:49:21.738862   431 raft_consensus.cc:2243] T fbb1de7540c643b589c90d92a777749c P 45c619a725444043b51825851288c2c2 [term 2 FOLLOWER]: Raft consensus shutting down.
I20260709 14:49:21.739409   431 raft_consensus.cc:2272] T fbb1de7540c643b589c90d92a777749c P 45c619a725444043b51825851288c2c2 [term 2 FOLLOWER]: Raft consensus is shut down!
W20260709 14:49:21.745919  1175 consensus_peers.cc:597] T 27035870d111411d89bc66ac17d84d9c P 281a5e09f5f84d29ae170e5520c79cd9 -> Peer 7737acad263c479a8d28e397689baf7e (127.0.107.193:41501): Couldn't send request to peer 7737acad263c479a8d28e397689baf7e. Status: Network error: Client connection negotiation failed: client connection to 127.0.107.193:41501: connect: Connection refused (error 111). This is attempt 1: this message will repeat every 5th retry.
I20260709 14:49:21.767931   431 tablet_server.cc:196] TabletServer@127.0.107.194:0 shutdown complete.
I20260709 14:49:21.784897   431 tablet_server.cc:179] TabletServer@127.0.107.195:0 shutting down...
I20260709 14:49:21.803758   431 ts_tablet_manager.cc:1507] Shutting down tablet manager...
I20260709 14:49:21.804476   431 tablet_replica.cc:333] T f36577773abd417b9be37fc148ee2041 P 281a5e09f5f84d29ae170e5520c79cd9: stopping tablet replica
I20260709 14:49:21.805267   431 raft_consensus.cc:2243] T f36577773abd417b9be37fc148ee2041 P 281a5e09f5f84d29ae170e5520c79cd9 [term 5 FOLLOWER]: Raft consensus shutting down.
I20260709 14:49:21.805820   431 raft_consensus.cc:2272] T f36577773abd417b9be37fc148ee2041 P 281a5e09f5f84d29ae170e5520c79cd9 [term 5 FOLLOWER]: Raft consensus is shut down!
I20260709 14:49:21.808153   431 tablet_replica.cc:333] T 9581d3e4719c4d30a1f4c9d6d01c1a12 P 281a5e09f5f84d29ae170e5520c79cd9: stopping tablet replica
I20260709 14:49:21.808642   431 raft_consensus.cc:2243] T 9581d3e4719c4d30a1f4c9d6d01c1a12 P 281a5e09f5f84d29ae170e5520c79cd9 [term 3 FOLLOWER]: Raft consensus shutting down.
I20260709 14:49:21.809087   431 raft_consensus.cc:2272] T 9581d3e4719c4d30a1f4c9d6d01c1a12 P 281a5e09f5f84d29ae170e5520c79cd9 [term 3 FOLLOWER]: Raft consensus is shut down!
I20260709 14:49:21.810913   431 tablet_replica.cc:333] T d0b260a9c81040ae9c969bab3f2d9f1a P 281a5e09f5f84d29ae170e5520c79cd9: stopping tablet replica
I20260709 14:49:21.811349   431 raft_consensus.cc:2243] T d0b260a9c81040ae9c969bab3f2d9f1a P 281a5e09f5f84d29ae170e5520c79cd9 [term 3 FOLLOWER]: Raft consensus shutting down.
I20260709 14:49:21.811717   431 raft_consensus.cc:2272] T d0b260a9c81040ae9c969bab3f2d9f1a P 281a5e09f5f84d29ae170e5520c79cd9 [term 3 FOLLOWER]: Raft consensus is shut down!
I20260709 14:49:21.813462   431 tablet_replica.cc:333] T ebe0deaa518f45c48374d2d84df1545b P 281a5e09f5f84d29ae170e5520c79cd9: stopping tablet replica
I20260709 14:49:21.813877   431 raft_consensus.cc:2243] T ebe0deaa518f45c48374d2d84df1545b P 281a5e09f5f84d29ae170e5520c79cd9 [term 3 FOLLOWER]: Raft consensus shutting down.
I20260709 14:49:21.814285   431 raft_consensus.cc:2272] T ebe0deaa518f45c48374d2d84df1545b P 281a5e09f5f84d29ae170e5520c79cd9 [term 3 FOLLOWER]: Raft consensus is shut down!
I20260709 14:49:21.815761   431 tablet_replica.cc:333] T 40db646a58c94354975f832010ecc00e P 281a5e09f5f84d29ae170e5520c79cd9: stopping tablet replica
I20260709 14:49:21.816174   431 raft_consensus.cc:2243] T 40db646a58c94354975f832010ecc00e P 281a5e09f5f84d29ae170e5520c79cd9 [term 2 FOLLOWER]: Raft consensus shutting down.
I20260709 14:49:21.816502   431 raft_consensus.cc:2272] T 40db646a58c94354975f832010ecc00e P 281a5e09f5f84d29ae170e5520c79cd9 [term 2 FOLLOWER]: Raft consensus is shut down!
I20260709 14:49:21.818099   431 tablet_replica.cc:333] T 2cd5c1b03a414993bc2b51637d0d78f8 P 281a5e09f5f84d29ae170e5520c79cd9: stopping tablet replica
I20260709 14:49:21.818496   431 raft_consensus.cc:2243] T 2cd5c1b03a414993bc2b51637d0d78f8 P 281a5e09f5f84d29ae170e5520c79cd9 [term 5 LEADER]: Raft consensus shutting down.
I20260709 14:49:21.819067   431 raft_consensus.cc:2272] T 2cd5c1b03a414993bc2b51637d0d78f8 P 281a5e09f5f84d29ae170e5520c79cd9 [term 5 FOLLOWER]: Raft consensus is shut down!
I20260709 14:49:21.820806   431 tablet_replica.cc:333] T aaa1e1a6fcd5451ba36cabc645a81cba P 281a5e09f5f84d29ae170e5520c79cd9: stopping tablet replica
I20260709 14:49:21.821206   431 raft_consensus.cc:2243] T aaa1e1a6fcd5451ba36cabc645a81cba P 281a5e09f5f84d29ae170e5520c79cd9 [term 1 FOLLOWER]: Raft consensus shutting down.
I20260709 14:49:21.821518   431 raft_consensus.cc:2272] T aaa1e1a6fcd5451ba36cabc645a81cba P 281a5e09f5f84d29ae170e5520c79cd9 [term 1 FOLLOWER]: Raft consensus is shut down!
I20260709 14:49:21.823024   431 tablet_replica.cc:333] T 0473428f139f4cdaaa3ab6a46cd046e1 P 281a5e09f5f84d29ae170e5520c79cd9: stopping tablet replica
I20260709 14:49:21.823421   431 raft_consensus.cc:2243] T 0473428f139f4cdaaa3ab6a46cd046e1 P 281a5e09f5f84d29ae170e5520c79cd9 [term 2 LEADER]: Raft consensus shutting down.
I20260709 14:49:21.824010   431 raft_consensus.cc:2272] T 0473428f139f4cdaaa3ab6a46cd046e1 P 281a5e09f5f84d29ae170e5520c79cd9 [term 2 FOLLOWER]: Raft consensus is shut down!
I20260709 14:49:21.825448   431 tablet_replica.cc:333] T 27035870d111411d89bc66ac17d84d9c P 281a5e09f5f84d29ae170e5520c79cd9: stopping tablet replica
I20260709 14:49:21.825831   431 raft_consensus.cc:2243] T 27035870d111411d89bc66ac17d84d9c P 281a5e09f5f84d29ae170e5520c79cd9 [term 4 LEADER]: Raft consensus shutting down.
I20260709 14:49:21.826427   431 raft_consensus.cc:2272] T 27035870d111411d89bc66ac17d84d9c P 281a5e09f5f84d29ae170e5520c79cd9 [term 4 FOLLOWER]: Raft consensus is shut down!
I20260709 14:49:21.827934   431 tablet_replica.cc:333] T fbb1de7540c643b589c90d92a777749c P 281a5e09f5f84d29ae170e5520c79cd9: stopping tablet replica
I20260709 14:49:21.828312   431 raft_consensus.cc:2243] T fbb1de7540c643b589c90d92a777749c P 281a5e09f5f84d29ae170e5520c79cd9 [term 2 FOLLOWER]: Raft consensus shutting down.
I20260709 14:49:21.828652   431 raft_consensus.cc:2272] T fbb1de7540c643b589c90d92a777749c P 281a5e09f5f84d29ae170e5520c79cd9 [term 2 FOLLOWER]: Raft consensus is shut down!
I20260709 14:49:21.854612   431 tablet_server.cc:196] TabletServer@127.0.107.195:0 shutdown complete.
I20260709 14:49:21.870952   431 master.cc:562] Master@127.0.107.254:40463 shutting down...
I20260709 14:49:21.889295   431 raft_consensus.cc:2243] T 00000000000000000000000000000000 P 82a386d696384c3483e500e718113a3f [term 1 LEADER]: Raft consensus shutting down.
I20260709 14:49:21.889808   431 raft_consensus.cc:2272] T 00000000000000000000000000000000 P 82a386d696384c3483e500e718113a3f [term 1 FOLLOWER]: Raft consensus is shut down!
I20260709 14:49:21.890134   431 tablet_replica.cc:333] T 00000000000000000000000000000000 P 82a386d696384c3483e500e718113a3f: stopping tablet replica
I20260709 14:49:21.908924   431 master.cc:584] Master@127.0.107.254:40463 shutdown complete.
281a5e09f5f84d29ae170e5520c79cd9  1
45c619a725444043b51825851288c2c2  4
7737acad263c479a8d28e397689baf7e  5
[       OK ] LeaderRebalancerTest.FunctionalTestForNotDivided (10280 ms)
[ RUN      ] LeaderRebalancerTest.AddTserver
I20260709 14:49:21.945434   431 internal_mini_cluster.cc:156] Creating distributed mini masters. Addrs: 127.0.107.254:34451
