I20260709 14:48:43.844803  7387 data_dirs.cc:400] Could only allocate 1 dirs of requested 3 for tablet f9c66dd47e3343c8865fb705a2948ef3. 1 dirs total, 0 dirs full, 0 dirs failed
I20260709 14:48:43.878170  7383 data_dirs.cc:400] Could only allocate 1 dirs of requested 3 for tablet 0b39f788c4a0463386d1056409f7d072. 1 dirs total, 0 dirs full, 0 dirs failed
I20260709 14:48:43.878062  7390 rpcz_store.cc:275] Call kudu.tserver.TabletServerAdminService.CreateTablet from 127.0.0.1:56664 (request call id 37) took 1103 ms. Trace:
I20260709 14:48:43.878535  7390 rpcz_store.cc:276] 0709 14:48:42.774846 (+     0us) service_pool.cc:167] Inserting onto call queue
0709 14:48:43.375692 (+600846us) service_pool.cc:224] Handling call
0709 14:48:43.493147 (+117455us) spinlock_profiling.cc:243] Waited 1.55 ms on lock 0x7b5800210698. stack: 00007f5950a9a343 00007f5950a9a240 00007f59504291d4 00007f595a167304 00007f595a167299 00007f5950954db1 00007f5950a94b71 00007f5950a94a22 00007f59599adc09 00007f5958b07ee0 00007f5958bed831 00007f5958bcaac3 00007f5958b79400 00007f5951ffeaf4 00007f5951ffea82 00007f5951ffe9b1
0709 14:48:43.493303 (+   156us) ts_tablet_manager.cc:669] Acquired tablet manager lock
0709 14:48:43.496146 (+  2843us) ts_tablet_manager.cc:682] Creating new metadata...
0709 14:48:43.637944 (+141798us) tablet_metadata.cc:665] Metadata flushed
0709 14:48:43.877621 (+239677us) tablet_replica.cc:206] Creating consensus instance
0709 14:48:43.878007 (+   386us) inbound_call.cc:177] Queueing success response
Metrics: {"spinlock_wait_cycles":3559808}
I20260709 14:48:43.885690  7384 data_dirs.cc:400] Could only allocate 1 dirs of requested 3 for tablet bbf4d2db63fa4d2a87f2594dc2d22981. 1 dirs total, 0 dirs full, 0 dirs failed
I20260709 14:48:43.888278  7466 raft_consensus.cc:2804] T 5caccaee03cc40eb947e4919f8c30698 P bada3f22b09c4287bcd06866c0ec7214 [term 0 FOLLOWER]: Leader pre-election won for term 1
I20260709 14:48:43.894774  7442 tablet_bootstrap.cc:654] T 189696f0d3bc444dba05583053c2bbbe P bc2bbfe3ece044a88e468f5c255aa5c3: Neither blocks nor log segments found. Creating new log.
I20260709 14:48:43.893622  7466 raft_consensus.cc:493] T 5caccaee03cc40eb947e4919f8c30698 P bada3f22b09c4287bcd06866c0ec7214 [term 0 FOLLOWER]: Starting leader election (no leader contacted us within the election timeout)
I20260709 14:48:43.898031  7466 raft_consensus.cc:3060] T 5caccaee03cc40eb947e4919f8c30698 P bada3f22b09c4287bcd06866c0ec7214 [term 0 FOLLOWER]: Advancing to term 1
I20260709 14:48:43.903789  7443 tablet_bootstrap.cc:654] T 018a372d441f4ce39649875b3af9a26f P 86cbb3fca3a34c43a6de1b3fcd14b9be: Neither blocks nor log segments found. Creating new log.
I20260709 14:48:43.905269  7388 tablet_service.cc:1511] Processing CreateTablet for tablet dc905d369b9d403c8251f860278b5955 (DEFAULT_TABLE table=test-workload [id=437aab3e776e492ab4ac9499befdd722]), partition=RANGE (key) PARTITION 2074687539 <= VALUES < 2111085566
I20260709 14:48:43.906569  7391 data_dirs.cc:400] Could only allocate 1 dirs of requested 3 for tablet 5916028b0b374e818a0bffae4b597547. 1 dirs total, 0 dirs full, 0 dirs failed
I20260709 14:48:43.909982  7390 tablet_service.cc:1511] Processing CreateTablet for tablet e090bb3c5edf4fa59b02684fb82ed286 (DEFAULT_TABLE table=test-workload [id=437aab3e776e492ab4ac9499befdd722]), partition=RANGE (key) PARTITION 2111085566 <= VALUES
I20260709 14:48:43.911194  7390 data_dirs.cc:400] Could only allocate 1 dirs of requested 3 for tablet e090bb3c5edf4fa59b02684fb82ed286. 1 dirs total, 0 dirs full, 0 dirs failed
I20260709 14:48:43.913134  7388 data_dirs.cc:400] Could only allocate 1 dirs of requested 3 for tablet dc905d369b9d403c8251f860278b5955. 1 dirs total, 0 dirs full, 0 dirs failed
I20260709 14:48:43.922464  7449 raft_consensus.cc:493] T 4e173f1f1d034617b8572ef47708933d P 86cbb3fca3a34c43a6de1b3fcd14b9be [term 0 FOLLOWER]: Starting pre-election (no leader contacted us within the election timeout)
I20260709 14:48:43.933648  7449 raft_consensus.cc:515] T 4e173f1f1d034617b8572ef47708933d P 86cbb3fca3a34c43a6de1b3fcd14b9be [term 0 FOLLOWER]: Starting pre-election with config: opid_index: -1 OBSOLETE_local: false peers { permanent_uuid: "bada3f22b09c4287bcd06866c0ec7214" member_type: VOTER last_known_addr { host: "127.5.246.1" port: 45919 } } peers { permanent_uuid: "86cbb3fca3a34c43a6de1b3fcd14b9be" member_type: VOTER last_known_addr { host: "127.5.246.2" port: 38409 } } peers { permanent_uuid: "bc2bbfe3ece044a88e468f5c255aa5c3" member_type: VOTER last_known_addr { host: "127.5.246.3" port: 36259 } }
I20260709 14:48:43.935902  7449 leader_election.cc:290] T 4e173f1f1d034617b8572ef47708933d P 86cbb3fca3a34c43a6de1b3fcd14b9be [CANDIDATE]: Term 1 pre-election: Requested pre-vote from peers bada3f22b09c4287bcd06866c0ec7214 (127.5.246.1:45919), bc2bbfe3ece044a88e468f5c255aa5c3 (127.5.246.3:36259)
I20260709 14:48:43.938535  7443 tablet_bootstrap.cc:492] T 018a372d441f4ce39649875b3af9a26f P 86cbb3fca3a34c43a6de1b3fcd14b9be: No bootstrap required, opened a new log
I20260709 14:48:43.939021  7443 ts_tablet_manager.cc:1403] T 018a372d441f4ce39649875b3af9a26f P 86cbb3fca3a34c43a6de1b3fcd14b9be: Time spent bootstrapping tablet: real 0.075s	user 0.016s	sys 0.001s
I20260709 14:48:43.942086  7253 tablet_service.cc:1917] Received RequestConsensusVote() RPC: tablet_id: "4e173f1f1d034617b8572ef47708933d" candidate_uuid: "86cbb3fca3a34c43a6de1b3fcd14b9be" candidate_term: 1 candidate_status { last_received { term: 0 index: 0 } } ignore_live_leader: false dest_uuid: "bada3f22b09c4287bcd06866c0ec7214" is_pre_election: true
I20260709 14:48:43.943321  7402 tablet_service.cc:1917] Received RequestConsensusVote() RPC: tablet_id: "4e173f1f1d034617b8572ef47708933d" candidate_uuid: "86cbb3fca3a34c43a6de1b3fcd14b9be" candidate_term: 1 candidate_status { last_received { term: 0 index: 0 } } ignore_live_leader: false dest_uuid: "bc2bbfe3ece044a88e468f5c255aa5c3" is_pre_election: true
W20260709 14:48:43.953135  7293 leader_election.cc:343] T 4e173f1f1d034617b8572ef47708933d P 86cbb3fca3a34c43a6de1b3fcd14b9be [CANDIDATE]: Term 1 pre-election: Tablet error from VoteRequest() call to peer bada3f22b09c4287bcd06866c0ec7214 (127.5.246.1:45919): Illegal state: must be running to vote when last-logged opid is not known
I20260709 14:48:43.943923  7402 raft_consensus.cc:2468] T 4e173f1f1d034617b8572ef47708933d P bc2bbfe3ece044a88e468f5c255aa5c3 [term 0 FOLLOWER]: Leader pre-election vote request: Granting yes vote for candidate 86cbb3fca3a34c43a6de1b3fcd14b9be in term 0.
I20260709 14:48:43.954744  7293 leader_election.cc:304] T 4e173f1f1d034617b8572ef47708933d P 86cbb3fca3a34c43a6de1b3fcd14b9be [CANDIDATE]: Term 1 pre-election: Election decided. Result: candidate won. Election summary: received 3 responses out of 3 voters: 2 yes votes; 1 no votes. yes voters: 86cbb3fca3a34c43a6de1b3fcd14b9be, bc2bbfe3ece044a88e468f5c255aa5c3; no voters: bada3f22b09c4287bcd06866c0ec7214
I20260709 14:48:43.955816  7449 raft_consensus.cc:2804] T 4e173f1f1d034617b8572ef47708933d P 86cbb3fca3a34c43a6de1b3fcd14b9be [term 0 FOLLOWER]: Leader pre-election won for term 1
I20260709 14:48:43.956161  7449 raft_consensus.cc:493] T 4e173f1f1d034617b8572ef47708933d P 86cbb3fca3a34c43a6de1b3fcd14b9be [term 0 FOLLOWER]: Starting leader election (no leader contacted us within the election timeout)
I20260709 14:48:43.956475  7449 raft_consensus.cc:3060] T 4e173f1f1d034617b8572ef47708933d P 86cbb3fca3a34c43a6de1b3fcd14b9be [term 0 FOLLOWER]: Advancing to term 1
I20260709 14:48:43.965144  7385 rpcz_store.cc:275] Call kudu.tserver.TabletServerAdminService.CreateTablet from 127.0.0.1:56664 (request call id 49) took 1040 ms. Trace:
I20260709 14:48:43.983830  7385 rpcz_store.cc:276] 0709 14:48:42.924580 (+     0us) service_pool.cc:167] Inserting onto call queue
0709 14:48:43.696502 (+771922us) service_pool.cc:224] Handling call
0709 14:48:43.705552 (+  9050us) ts_tablet_manager.cc:669] Acquired tablet manager lock
0709 14:48:43.705899 (+   347us) ts_tablet_manager.cc:682] Creating new metadata...
0709 14:48:43.851592 (+145693us) tablet_metadata.cc:665] Metadata flushed
0709 14:48:43.936394 (+ 84802us) tablet_replica.cc:206] Creating consensus instance
0709 14:48:43.957300 (+ 20906us) inbound_call.cc:177] Queueing success response
Metrics: {}
I20260709 14:48:43.981420  7386 rpcz_store.cc:275] Call kudu.tserver.TabletServerAdminService.CreateTablet from 127.0.0.1:56664 (request call id 50) took 1043 ms. Trace:
I20260709 14:48:43.985885  7386 rpcz_store.cc:276] 0709 14:48:42.937751 (+     0us) service_pool.cc:167] Inserting onto call queue
0709 14:48:43.730706 (+792955us) service_pool.cc:224] Handling call
0709 14:48:43.751158 (+ 20452us) ts_tablet_manager.cc:669] Acquired tablet manager lock
0709 14:48:43.751246 (+    88us) ts_tablet_manager.cc:682] Creating new metadata...
0709 14:48:43.893975 (+142729us) tablet_metadata.cc:665] Metadata flushed
0709 14:48:43.980933 (+ 86958us) tablet_replica.cc:206] Creating consensus instance
0709 14:48:43.981361 (+   428us) inbound_call.cc:177] Queueing success response
Metrics: {}
I20260709 14:48:43.986030  7466 raft_consensus.cc:515] T 5caccaee03cc40eb947e4919f8c30698 P bada3f22b09c4287bcd06866c0ec7214 [term 1 FOLLOWER]: Starting leader election with config: opid_index: -1 OBSOLETE_local: false peers { permanent_uuid: "bada3f22b09c4287bcd06866c0ec7214" member_type: VOTER last_known_addr { host: "127.5.246.1" port: 45919 } } peers { permanent_uuid: "86cbb3fca3a34c43a6de1b3fcd14b9be" member_type: VOTER last_known_addr { host: "127.5.246.2" port: 38409 } } peers { permanent_uuid: "bc2bbfe3ece044a88e468f5c255aa5c3" member_type: VOTER last_known_addr { host: "127.5.246.3" port: 36259 } }
I20260709 14:48:43.991384  7444 tablet_bootstrap.cc:492] T ec5d1536d67349db957601b9c89f2f11 P bada3f22b09c4287bcd06866c0ec7214: No bootstrap required, opened a new log
I20260709 14:48:43.991863  7444 ts_tablet_manager.cc:1403] T ec5d1536d67349db957601b9c89f2f11 P bada3f22b09c4287bcd06866c0ec7214: Time spent bootstrapping tablet: real 0.131s	user 0.011s	sys 0.013s
I20260709 14:48:43.992040  7402 tablet_service.cc:1917] Received RequestConsensusVote() RPC: tablet_id: "5caccaee03cc40eb947e4919f8c30698" candidate_uuid: "bada3f22b09c4287bcd06866c0ec7214" candidate_term: 1 candidate_status { last_received { term: 0 index: 0 } } ignore_live_leader: false dest_uuid: "bc2bbfe3ece044a88e468f5c255aa5c3"
I20260709 14:48:43.992619  7443 raft_consensus.cc:359] T 018a372d441f4ce39649875b3af9a26f P 86cbb3fca3a34c43a6de1b3fcd14b9be [term 0 FOLLOWER]: Replica starting. Triggering 0 pending ops. Active config: opid_index: -1 OBSOLETE_local: false peers { permanent_uuid: "bada3f22b09c4287bcd06866c0ec7214" member_type: VOTER last_known_addr { host: "127.5.246.1" port: 45919 } } peers { permanent_uuid: "86cbb3fca3a34c43a6de1b3fcd14b9be" member_type: VOTER last_known_addr { host: "127.5.246.2" port: 38409 } } peers { permanent_uuid: "bc2bbfe3ece044a88e468f5c255aa5c3" member_type: VOTER last_known_addr { host: "127.5.246.3" port: 36259 } }
W20260709 14:48:43.993498  7218 leader_election.cc:343] T 5caccaee03cc40eb947e4919f8c30698 P bada3f22b09c4287bcd06866c0ec7214 [CANDIDATE]: Term 1 election: Tablet error from VoteRequest() call to peer bc2bbfe3ece044a88e468f5c255aa5c3 (127.5.246.3:36259): Illegal state: must be running to vote when last-logged opid is not known
I20260709 14:48:43.993403  7328 tablet_service.cc:1917] Received RequestConsensusVote() RPC: tablet_id: "5caccaee03cc40eb947e4919f8c30698" candidate_uuid: "bada3f22b09c4287bcd06866c0ec7214" candidate_term: 1 candidate_status { last_received { term: 0 index: 0 } } ignore_live_leader: false dest_uuid: "86cbb3fca3a34c43a6de1b3fcd14b9be"
I20260709 14:48:43.996148  7443 raft_consensus.cc:385] T 018a372d441f4ce39649875b3af9a26f P 86cbb3fca3a34c43a6de1b3fcd14b9be [term 0 FOLLOWER]: Consensus starting up: Expiring failure detector timer to make a prompt election more likely
I20260709 14:48:43.995898  7444 raft_consensus.cc:359] T ec5d1536d67349db957601b9c89f2f11 P bada3f22b09c4287bcd06866c0ec7214 [term 0 FOLLOWER]: Replica starting. Triggering 0 pending ops. Active config: opid_index: -1 OBSOLETE_local: false peers { permanent_uuid: "bada3f22b09c4287bcd06866c0ec7214" member_type: VOTER last_known_addr { host: "127.5.246.1" port: 45919 } } peers { permanent_uuid: "86cbb3fca3a34c43a6de1b3fcd14b9be" member_type: VOTER last_known_addr { host: "127.5.246.2" port: 38409 } } peers { permanent_uuid: "bc2bbfe3ece044a88e468f5c255aa5c3" member_type: VOTER last_known_addr { host: "127.5.246.3" port: 36259 } }
I20260709 14:48:43.995289  7449 raft_consensus.cc:515] T 4e173f1f1d034617b8572ef47708933d P 86cbb3fca3a34c43a6de1b3fcd14b9be [term 1 FOLLOWER]: Starting leader election with config: opid_index: -1 OBSOLETE_local: false peers { permanent_uuid: "bada3f22b09c4287bcd06866c0ec7214" member_type: VOTER last_known_addr { host: "127.5.246.1" port: 45919 } } peers { permanent_uuid: "86cbb3fca3a34c43a6de1b3fcd14b9be" member_type: VOTER last_known_addr { host: "127.5.246.2" port: 38409 } } peers { permanent_uuid: "bc2bbfe3ece044a88e468f5c255aa5c3" member_type: VOTER last_known_addr { host: "127.5.246.3" port: 36259 } }
I20260709 14:48:43.996471  7328 raft_consensus.cc:3060] T 5caccaee03cc40eb947e4919f8c30698 P 86cbb3fca3a34c43a6de1b3fcd14b9be [term 0 FOLLOWER]: Advancing to term 1
I20260709 14:48:43.996716  7444 raft_consensus.cc:385] T ec5d1536d67349db957601b9c89f2f11 P bada3f22b09c4287bcd06866c0ec7214 [term 0 FOLLOWER]: Consensus starting up: Expiring failure detector timer to make a prompt election more likely
I20260709 14:48:43.996696  7443 raft_consensus.cc:740] T 018a372d441f4ce39649875b3af9a26f P 86cbb3fca3a34c43a6de1b3fcd14b9be [term 0 FOLLOWER]: Becoming Follower/Learner. State: Replica: 86cbb3fca3a34c43a6de1b3fcd14b9be, State: Initialized, Role: FOLLOWER
I20260709 14:48:43.997606  7466 leader_election.cc:290] T 5caccaee03cc40eb947e4919f8c30698 P bada3f22b09c4287bcd06866c0ec7214 [CANDIDATE]: Term 1 election: Requested vote from peers 86cbb3fca3a34c43a6de1b3fcd14b9be (127.5.246.2:38409), bc2bbfe3ece044a88e468f5c255aa5c3 (127.5.246.3:36259)
I20260709 14:48:43.997850  7444 raft_consensus.cc:740] T ec5d1536d67349db957601b9c89f2f11 P bada3f22b09c4287bcd06866c0ec7214 [term 0 FOLLOWER]: Becoming Follower/Learner. State: Replica: bada3f22b09c4287bcd06866c0ec7214, State: Initialized, Role: FOLLOWER
I20260709 14:48:44.005120  7328 raft_consensus.cc:2468] T 5caccaee03cc40eb947e4919f8c30698 P 86cbb3fca3a34c43a6de1b3fcd14b9be [term 1 FOLLOWER]: Leader election vote request: Granting yes vote for candidate bada3f22b09c4287bcd06866c0ec7214 in term 1.
I20260709 14:48:44.008116  7444 consensus_queue.cc:260] T ec5d1536d67349db957601b9c89f2f11 P bada3f22b09c4287bcd06866c0ec7214 [NON_LEADER]: Queue going to NON_LEADER mode. State: All replicated index: 0, Majority replicated index: 0, Committed index: 0, Last appended: 0.0, Last appended by leader: 0, Current term: 0, Majority size: -1, State: 0, Mode: NON_LEADER, active raft config: opid_index: -1 OBSOLETE_local: false peers { permanent_uuid: "bada3f22b09c4287bcd06866c0ec7214" member_type: VOTER last_known_addr { host: "127.5.246.1" port: 45919 } } peers { permanent_uuid: "86cbb3fca3a34c43a6de1b3fcd14b9be" member_type: VOTER last_known_addr { host: "127.5.246.2" port: 38409 } } peers { permanent_uuid: "bc2bbfe3ece044a88e468f5c255aa5c3" member_type: VOTER last_known_addr { host: "127.5.246.3" port: 36259 } }
I20260709 14:48:44.008829  7216 leader_election.cc:304] T 5caccaee03cc40eb947e4919f8c30698 P bada3f22b09c4287bcd06866c0ec7214 [CANDIDATE]: Term 1 election: Election decided. Result: candidate won. Election summary: received 3 responses out of 3 voters: 2 yes votes; 1 no votes. yes voters: 86cbb3fca3a34c43a6de1b3fcd14b9be, bada3f22b09c4287bcd06866c0ec7214; no voters: bc2bbfe3ece044a88e468f5c255aa5c3
I20260709 14:48:44.010030  7253 tablet_service.cc:1917] Received RequestConsensusVote() RPC: tablet_id: "4e173f1f1d034617b8572ef47708933d" candidate_uuid: "86cbb3fca3a34c43a6de1b3fcd14b9be" candidate_term: 1 candidate_status { last_received { term: 0 index: 0 } } ignore_live_leader: false dest_uuid: "bada3f22b09c4287bcd06866c0ec7214"
I20260709 14:48:44.010289  7444 ts_tablet_manager.cc:1434] T ec5d1536d67349db957601b9c89f2f11 P bada3f22b09c4287bcd06866c0ec7214: Time spent starting tablet: real 0.018s	user 0.005s	sys 0.001s
I20260709 14:48:44.010811  7470 raft_consensus.cc:2804] T 5caccaee03cc40eb947e4919f8c30698 P bada3f22b09c4287bcd06866c0ec7214 [term 1 FOLLOWER]: Leader election won for term 1
I20260709 14:48:44.011224  7444 tablet_bootstrap.cc:492] T b34a7ea04e8e418682449b3a82b0e8d3 P bada3f22b09c4287bcd06866c0ec7214: Bootstrap starting.
W20260709 14:48:44.011327  7293 leader_election.cc:343] T 4e173f1f1d034617b8572ef47708933d P 86cbb3fca3a34c43a6de1b3fcd14b9be [CANDIDATE]: Term 1 election: Tablet error from VoteRequest() call to peer bada3f22b09c4287bcd06866c0ec7214 (127.5.246.1:45919): Illegal state: must be running to vote when last-logged opid is not known
I20260709 14:48:44.011404  7470 raft_consensus.cc:697] T 5caccaee03cc40eb947e4919f8c30698 P bada3f22b09c4287bcd06866c0ec7214 [term 1 LEADER]: Becoming Leader. State: Replica: bada3f22b09c4287bcd06866c0ec7214, State: Running, Role: LEADER
I20260709 14:48:44.012578  7470 consensus_queue.cc:237] T 5caccaee03cc40eb947e4919f8c30698 P bada3f22b09c4287bcd06866c0ec7214 [LEADER]: Queue going to LEADER mode. State: All replicated index: 0, Majority replicated index: 0, Committed index: 0, Last appended: 0.0, Last appended by leader: 0, Current term: 1, Majority size: 2, State: 0, Mode: LEADER, active raft config: opid_index: -1 OBSOLETE_local: false peers { permanent_uuid: "bada3f22b09c4287bcd06866c0ec7214" member_type: VOTER last_known_addr { host: "127.5.246.1" port: 45919 } } peers { permanent_uuid: "86cbb3fca3a34c43a6de1b3fcd14b9be" member_type: VOTER last_known_addr { host: "127.5.246.2" port: 38409 } } peers { permanent_uuid: "bc2bbfe3ece044a88e468f5c255aa5c3" member_type: VOTER last_known_addr { host: "127.5.246.3" port: 36259 } }
I20260709 14:48:44.019086  7443 consensus_queue.cc:260] T 018a372d441f4ce39649875b3af9a26f P 86cbb3fca3a34c43a6de1b3fcd14b9be [NON_LEADER]: Queue going to NON_LEADER mode. State: All replicated index: 0, Majority replicated index: 0, Committed index: 0, Last appended: 0.0, Last appended by leader: 0, Current term: 0, Majority size: -1, State: 0, Mode: NON_LEADER, active raft config: opid_index: -1 OBSOLETE_local: false peers { permanent_uuid: "bada3f22b09c4287bcd06866c0ec7214" member_type: VOTER last_known_addr { host: "127.5.246.1" port: 45919 } } peers { permanent_uuid: "86cbb3fca3a34c43a6de1b3fcd14b9be" member_type: VOTER last_known_addr { host: "127.5.246.2" port: 38409 } } peers { permanent_uuid: "bc2bbfe3ece044a88e468f5c255aa5c3" member_type: VOTER last_known_addr { host: "127.5.246.3" port: 36259 } }
I20260709 14:48:44.020355  7444 tablet_bootstrap.cc:654] T b34a7ea04e8e418682449b3a82b0e8d3 P bada3f22b09c4287bcd06866c0ec7214: Neither blocks nor log segments found. Creating new log.
I20260709 14:48:44.024034  7402 tablet_service.cc:1917] Received RequestConsensusVote() RPC: tablet_id: "4e173f1f1d034617b8572ef47708933d" candidate_uuid: "86cbb3fca3a34c43a6de1b3fcd14b9be" candidate_term: 1 candidate_status { last_received { term: 0 index: 0 } } ignore_live_leader: false dest_uuid: "bc2bbfe3ece044a88e468f5c255aa5c3"
I20260709 14:48:44.024863  7402 raft_consensus.cc:3060] T 4e173f1f1d034617b8572ef47708933d P bc2bbfe3ece044a88e468f5c255aa5c3 [term 0 FOLLOWER]: Advancing to term 1
I20260709 14:48:44.033546  7442 tablet_bootstrap.cc:492] T 189696f0d3bc444dba05583053c2bbbe P bc2bbfe3ece044a88e468f5c255aa5c3: No bootstrap required, opened a new log
I20260709 14:48:44.034061  7442 ts_tablet_manager.cc:1403] T 189696f0d3bc444dba05583053c2bbbe P bc2bbfe3ece044a88e468f5c255aa5c3: Time spent bootstrapping tablet: real 0.162s	user 0.005s	sys 0.019s
I20260709 14:48:44.021963  7449 leader_election.cc:290] T 4e173f1f1d034617b8572ef47708933d P 86cbb3fca3a34c43a6de1b3fcd14b9be [CANDIDATE]: Term 1 election: Requested vote from peers bada3f22b09c4287bcd06866c0ec7214 (127.5.246.1:45919), bc2bbfe3ece044a88e468f5c255aa5c3 (127.5.246.3:36259)
I20260709 14:48:44.036998  7449 raft_consensus.cc:493] T ec5d1536d67349db957601b9c89f2f11 P 86cbb3fca3a34c43a6de1b3fcd14b9be [term 0 FOLLOWER]: Starting pre-election (no leader contacted us within the election timeout)
I20260709 14:48:44.037461  7449 raft_consensus.cc:515] T ec5d1536d67349db957601b9c89f2f11 P 86cbb3fca3a34c43a6de1b3fcd14b9be [term 0 FOLLOWER]: Starting pre-election with config: opid_index: -1 OBSOLETE_local: false peers { permanent_uuid: "bada3f22b09c4287bcd06866c0ec7214" member_type: VOTER last_known_addr { host: "127.5.246.1" port: 45919 } } peers { permanent_uuid: "86cbb3fca3a34c43a6de1b3fcd14b9be" member_type: VOTER last_known_addr { host: "127.5.246.2" port: 38409 } } peers { permanent_uuid: "bc2bbfe3ece044a88e468f5c255aa5c3" member_type: VOTER last_known_addr { host: "127.5.246.3" port: 36259 } }
I20260709 14:48:44.044773  7449 leader_election.cc:290] T ec5d1536d67349db957601b9c89f2f11 P 86cbb3fca3a34c43a6de1b3fcd14b9be [CANDIDATE]: Term 1 pre-election: Requested pre-vote from peers bada3f22b09c4287bcd06866c0ec7214 (127.5.246.1:45919), bc2bbfe3ece044a88e468f5c255aa5c3 (127.5.246.3:36259)
I20260709 14:48:44.046411  7253 tablet_service.cc:1917] Received RequestConsensusVote() RPC: tablet_id: "ec5d1536d67349db957601b9c89f2f11" candidate_uuid: "86cbb3fca3a34c43a6de1b3fcd14b9be" candidate_term: 1 candidate_status { last_received { term: 0 index: 0 } } ignore_live_leader: false dest_uuid: "bada3f22b09c4287bcd06866c0ec7214" is_pre_election: true
I20260709 14:48:44.046821  7402 raft_consensus.cc:2468] T 4e173f1f1d034617b8572ef47708933d P bc2bbfe3ece044a88e468f5c255aa5c3 [term 1 FOLLOWER]: Leader election vote request: Granting yes vote for candidate 86cbb3fca3a34c43a6de1b3fcd14b9be in term 1.
I20260709 14:48:44.047230  7253 raft_consensus.cc:2468] T ec5d1536d67349db957601b9c89f2f11 P bada3f22b09c4287bcd06866c0ec7214 [term 0 FOLLOWER]: Leader pre-election vote request: Granting yes vote for candidate 86cbb3fca3a34c43a6de1b3fcd14b9be in term 0.
I20260709 14:48:44.047581  7442 raft_consensus.cc:359] T 189696f0d3bc444dba05583053c2bbbe P bc2bbfe3ece044a88e468f5c255aa5c3 [term 0 FOLLOWER]: Replica starting. Triggering 0 pending ops. Active config: opid_index: -1 OBSOLETE_local: false peers { permanent_uuid: "bada3f22b09c4287bcd06866c0ec7214" member_type: VOTER last_known_addr { host: "127.5.246.1" port: 45919 } } peers { permanent_uuid: "86cbb3fca3a34c43a6de1b3fcd14b9be" member_type: VOTER last_known_addr { host: "127.5.246.2" port: 38409 } } peers { permanent_uuid: "bc2bbfe3ece044a88e468f5c255aa5c3" member_type: VOTER last_known_addr { host: "127.5.246.3" port: 36259 } }
I20260709 14:48:44.048079  7293 leader_election.cc:304] T 4e173f1f1d034617b8572ef47708933d P 86cbb3fca3a34c43a6de1b3fcd14b9be [CANDIDATE]: Term 1 election: Election decided. Result: candidate won. Election summary: received 3 responses out of 3 voters: 2 yes votes; 1 no votes. yes voters: 86cbb3fca3a34c43a6de1b3fcd14b9be, bc2bbfe3ece044a88e468f5c255aa5c3; no voters: bada3f22b09c4287bcd06866c0ec7214
I20260709 14:48:44.048305  7442 raft_consensus.cc:385] T 189696f0d3bc444dba05583053c2bbbe P bc2bbfe3ece044a88e468f5c255aa5c3 [term 0 FOLLOWER]: Consensus starting up: Expiring failure detector timer to make a prompt election more likely
I20260709 14:48:44.046443  7401 tablet_service.cc:1917] Received RequestConsensusVote() RPC: tablet_id: "ec5d1536d67349db957601b9c89f2f11" candidate_uuid: "86cbb3fca3a34c43a6de1b3fcd14b9be" candidate_term: 1 candidate_status { last_received { term: 0 index: 0 } } ignore_live_leader: false dest_uuid: "bc2bbfe3ece044a88e468f5c255aa5c3" is_pre_election: true
I20260709 14:48:44.049978  7443 ts_tablet_manager.cc:1434] T 018a372d441f4ce39649875b3af9a26f P 86cbb3fca3a34c43a6de1b3fcd14b9be: Time spent starting tablet: real 0.111s	user 0.006s	sys 0.006s
I20260709 14:48:44.049886  7293 leader_election.cc:304] T ec5d1536d67349db957601b9c89f2f11 P 86cbb3fca3a34c43a6de1b3fcd14b9be [CANDIDATE]: Term 1 pre-election: Election decided. Result: candidate won. Election summary: received 2 responses out of 3 voters: 2 yes votes; 0 no votes. yes voters: 86cbb3fca3a34c43a6de1b3fcd14b9be, bada3f22b09c4287bcd06866c0ec7214; no voters: 
I20260709 14:48:44.049275  7449 raft_consensus.cc:2804] T 4e173f1f1d034617b8572ef47708933d P 86cbb3fca3a34c43a6de1b3fcd14b9be [term 1 FOLLOWER]: Leader election won for term 1
I20260709 14:48:44.050823  7478 raft_consensus.cc:2804] T ec5d1536d67349db957601b9c89f2f11 P 86cbb3fca3a34c43a6de1b3fcd14b9be [term 0 FOLLOWER]: Leader pre-election won for term 1
I20260709 14:48:44.051651  7478 raft_consensus.cc:493] T ec5d1536d67349db957601b9c89f2f11 P 86cbb3fca3a34c43a6de1b3fcd14b9be [term 0 FOLLOWER]: Starting leader election (no leader contacted us within the election timeout)
I20260709 14:48:44.051043  7443 tablet_bootstrap.cc:492] T cd21ff299cf54edabdc93e5ed81cf385 P 86cbb3fca3a34c43a6de1b3fcd14b9be: Bootstrap starting.
W20260709 14:48:44.050851  7293 leader_election.cc:343] T ec5d1536d67349db957601b9c89f2f11 P 86cbb3fca3a34c43a6de1b3fcd14b9be [CANDIDATE]: Term 1 pre-election: Tablet error from VoteRequest() call to peer bc2bbfe3ece044a88e468f5c255aa5c3 (127.5.246.3:36259): Illegal state: must be running to vote when last-logged opid is not known
I20260709 14:48:44.051707  7449 raft_consensus.cc:697] T 4e173f1f1d034617b8572ef47708933d P 86cbb3fca3a34c43a6de1b3fcd14b9be [term 1 LEADER]: Becoming Leader. State: Replica: 86cbb3fca3a34c43a6de1b3fcd14b9be, State: Running, Role: LEADER
I20260709 14:48:44.052336  7442 raft_consensus.cc:740] T 189696f0d3bc444dba05583053c2bbbe P bc2bbfe3ece044a88e468f5c255aa5c3 [term 0 FOLLOWER]: Becoming Follower/Learner. State: Replica: bc2bbfe3ece044a88e468f5c255aa5c3, State: Initialized, Role: FOLLOWER
I20260709 14:48:44.053997  7449 consensus_queue.cc:237] T 4e173f1f1d034617b8572ef47708933d P 86cbb3fca3a34c43a6de1b3fcd14b9be [LEADER]: Queue going to LEADER mode. State: All replicated index: 0, Majority replicated index: 0, Committed index: 0, Last appended: 0.0, Last appended by leader: 0, Current term: 1, Majority size: 2, State: 0, Mode: LEADER, active raft config: opid_index: -1 OBSOLETE_local: false peers { permanent_uuid: "bada3f22b09c4287bcd06866c0ec7214" member_type: VOTER last_known_addr { host: "127.5.246.1" port: 45919 } } peers { permanent_uuid: "86cbb3fca3a34c43a6de1b3fcd14b9be" member_type: VOTER last_known_addr { host: "127.5.246.2" port: 38409 } } peers { permanent_uuid: "bc2bbfe3ece044a88e468f5c255aa5c3" member_type: VOTER last_known_addr { host: "127.5.246.3" port: 36259 } }
I20260709 14:48:44.055049  7442 consensus_queue.cc:260] T 189696f0d3bc444dba05583053c2bbbe P bc2bbfe3ece044a88e468f5c255aa5c3 [NON_LEADER]: Queue going to NON_LEADER mode. State: All replicated index: 0, Majority replicated index: 0, Committed index: 0, Last appended: 0.0, Last appended by leader: 0, Current term: 0, Majority size: -1, State: 0, Mode: NON_LEADER, active raft config: opid_index: -1 OBSOLETE_local: false peers { permanent_uuid: "bada3f22b09c4287bcd06866c0ec7214" member_type: VOTER last_known_addr { host: "127.5.246.1" port: 45919 } } peers { permanent_uuid: "86cbb3fca3a34c43a6de1b3fcd14b9be" member_type: VOTER last_known_addr { host: "127.5.246.2" port: 38409 } } peers { permanent_uuid: "bc2bbfe3ece044a88e468f5c255aa5c3" member_type: VOTER last_known_addr { host: "127.5.246.3" port: 36259 } }
I20260709 14:48:44.058099  7444 tablet_bootstrap.cc:492] T b34a7ea04e8e418682449b3a82b0e8d3 P bada3f22b09c4287bcd06866c0ec7214: No bootstrap required, opened a new log
I20260709 14:48:44.058679  7444 ts_tablet_manager.cc:1403] T b34a7ea04e8e418682449b3a82b0e8d3 P bada3f22b09c4287bcd06866c0ec7214: Time spent bootstrapping tablet: real 0.048s	user 0.012s	sys 0.001s
I20260709 14:48:44.064364  7444 raft_consensus.cc:359] T b34a7ea04e8e418682449b3a82b0e8d3 P bada3f22b09c4287bcd06866c0ec7214 [term 0 FOLLOWER]: Replica starting. Triggering 0 pending ops. Active config: opid_index: -1 OBSOLETE_local: false peers { permanent_uuid: "bada3f22b09c4287bcd06866c0ec7214" member_type: VOTER last_known_addr { host: "127.5.246.1" port: 45919 } } peers { permanent_uuid: "86cbb3fca3a34c43a6de1b3fcd14b9be" member_type: VOTER last_known_addr { host: "127.5.246.2" port: 38409 } } peers { permanent_uuid: "bc2bbfe3ece044a88e468f5c255aa5c3" member_type: VOTER last_known_addr { host: "127.5.246.3" port: 36259 } }
I20260709 14:48:44.067854  7444 raft_consensus.cc:385] T b34a7ea04e8e418682449b3a82b0e8d3 P bada3f22b09c4287bcd06866c0ec7214 [term 0 FOLLOWER]: Consensus starting up: Expiring failure detector timer to make a prompt election more likely
I20260709 14:48:44.068270  7444 raft_consensus.cc:740] T b34a7ea04e8e418682449b3a82b0e8d3 P bada3f22b09c4287bcd06866c0ec7214 [term 0 FOLLOWER]: Becoming Follower/Learner. State: Replica: bada3f22b09c4287bcd06866c0ec7214, State: Initialized, Role: FOLLOWER
I20260709 14:48:44.069181  7444 consensus_queue.cc:260] T b34a7ea04e8e418682449b3a82b0e8d3 P bada3f22b09c4287bcd06866c0ec7214 [NON_LEADER]: Queue going to NON_LEADER mode. State: All replicated index: 0, Majority replicated index: 0, Committed index: 0, Last appended: 0.0, Last appended by leader: 0, Current term: 0, Majority size: -1, State: 0, Mode: NON_LEADER, active raft config: opid_index: -1 OBSOLETE_local: false peers { permanent_uuid: "bada3f22b09c4287bcd06866c0ec7214" member_type: VOTER last_known_addr { host: "127.5.246.1" port: 45919 } } peers { permanent_uuid: "86cbb3fca3a34c43a6de1b3fcd14b9be" member_type: VOTER last_known_addr { host: "127.5.246.2" port: 38409 } } peers { permanent_uuid: "bc2bbfe3ece044a88e468f5c255aa5c3" member_type: VOTER last_known_addr { host: "127.5.246.3" port: 36259 } }
I20260709 14:48:44.067574  7443 tablet_bootstrap.cc:654] T cd21ff299cf54edabdc93e5ed81cf385 P 86cbb3fca3a34c43a6de1b3fcd14b9be: Neither blocks nor log segments found. Creating new log.
I20260709 14:48:44.052421  7478 raft_consensus.cc:3060] T ec5d1536d67349db957601b9c89f2f11 P 86cbb3fca3a34c43a6de1b3fcd14b9be [term 0 FOLLOWER]: Advancing to term 1
I20260709 14:48:44.066835  7442 ts_tablet_manager.cc:1434] T 189696f0d3bc444dba05583053c2bbbe P bc2bbfe3ece044a88e468f5c255aa5c3: Time spent starting tablet: real 0.032s	user 0.005s	sys 0.004s
I20260709 14:48:44.074394  7444 ts_tablet_manager.cc:1434] T b34a7ea04e8e418682449b3a82b0e8d3 P bada3f22b09c4287bcd06866c0ec7214: Time spent starting tablet: real 0.015s	user 0.005s	sys 0.001s
I20260709 14:48:44.075398  7442 tablet_bootstrap.cc:492] T 72fa16c8dd96453f8a10d4edf7a8474a P bc2bbfe3ece044a88e468f5c255aa5c3: Bootstrap starting.
I20260709 14:48:44.075640  7444 tablet_bootstrap.cc:492] T 189696f0d3bc444dba05583053c2bbbe P bada3f22b09c4287bcd06866c0ec7214: Bootstrap starting.
I20260709 14:48:44.077883  7328 raft_consensus.cc:3060] T 018a372d441f4ce39649875b3af9a26f P 86cbb3fca3a34c43a6de1b3fcd14b9be [term 0 FOLLOWER]: Advancing to term 1
I20260709 14:48:44.082614  7444 tablet_bootstrap.cc:654] T 189696f0d3bc444dba05583053c2bbbe P bada3f22b09c4287bcd06866c0ec7214: Neither blocks nor log segments found. Creating new log.
I20260709 14:48:44.085084  7470 raft_consensus.cc:493] T b34a7ea04e8e418682449b3a82b0e8d3 P bada3f22b09c4287bcd06866c0ec7214 [term 0 FOLLOWER]: Starting pre-election (no leader contacted us within the election timeout)
I20260709 14:48:44.085556  7470 raft_consensus.cc:515] T b34a7ea04e8e418682449b3a82b0e8d3 P bada3f22b09c4287bcd06866c0ec7214 [term 0 FOLLOWER]: Starting pre-election with config: opid_index: -1 OBSOLETE_local: false peers { permanent_uuid: "bada3f22b09c4287bcd06866c0ec7214" member_type: VOTER last_known_addr { host: "127.5.246.1" port: 45919 } } peers { permanent_uuid: "86cbb3fca3a34c43a6de1b3fcd14b9be" member_type: VOTER last_known_addr { host: "127.5.246.2" port: 38409 } } peers { permanent_uuid: "bc2bbfe3ece044a88e468f5c255aa5c3" member_type: VOTER last_known_addr { host: "127.5.246.3" port: 36259 } }
I20260709 14:48:44.088979  7401 tablet_service.cc:1917] Received RequestConsensusVote() RPC: tablet_id: "b34a7ea04e8e418682449b3a82b0e8d3" candidate_uuid: "bada3f22b09c4287bcd06866c0ec7214" candidate_term: 1 candidate_status { last_received { term: 0 index: 0 } } ignore_live_leader: false dest_uuid: "bc2bbfe3ece044a88e468f5c255aa5c3" is_pre_election: true
I20260709 14:48:44.089885  7470 leader_election.cc:290] T b34a7ea04e8e418682449b3a82b0e8d3 P bada3f22b09c4287bcd06866c0ec7214 [CANDIDATE]: Term 1 pre-election: Requested pre-vote from peers 86cbb3fca3a34c43a6de1b3fcd14b9be (127.5.246.2:38409), bc2bbfe3ece044a88e468f5c255aa5c3 (127.5.246.3:36259)
I20260709 14:48:44.091760  7327 tablet_service.cc:1917] Received RequestConsensusVote() RPC: tablet_id: "b34a7ea04e8e418682449b3a82b0e8d3" candidate_uuid: "bada3f22b09c4287bcd06866c0ec7214" candidate_term: 1 candidate_status { last_received { term: 0 index: 0 } } ignore_live_leader: false dest_uuid: "86cbb3fca3a34c43a6de1b3fcd14b9be" is_pre_election: true
W20260709 14:48:44.093159  7218 leader_election.cc:343] T b34a7ea04e8e418682449b3a82b0e8d3 P bada3f22b09c4287bcd06866c0ec7214 [CANDIDATE]: Term 1 pre-election: Tablet error from VoteRequest() call to peer bc2bbfe3ece044a88e468f5c255aa5c3 (127.5.246.3:36259): Illegal state: must be running to vote when last-logged opid is not known
W20260709 14:48:44.094411  7216 leader_election.cc:343] T b34a7ea04e8e418682449b3a82b0e8d3 P bada3f22b09c4287bcd06866c0ec7214 [CANDIDATE]: Term 1 pre-election: Tablet error from VoteRequest() call to peer 86cbb3fca3a34c43a6de1b3fcd14b9be (127.5.246.2:38409): Illegal state: must be running to vote when last-logged opid is not known
I20260709 14:48:44.094841  7216 leader_election.cc:304] T b34a7ea04e8e418682449b3a82b0e8d3 P bada3f22b09c4287bcd06866c0ec7214 [CANDIDATE]: Term 1 pre-election: Election decided. Result: candidate lost. Election summary: received 3 responses out of 3 voters: 1 yes votes; 2 no votes. yes voters: bada3f22b09c4287bcd06866c0ec7214; no voters: 86cbb3fca3a34c43a6de1b3fcd14b9be, bc2bbfe3ece044a88e468f5c255aa5c3
I20260709 14:48:44.096535  7450 consensus_queue.cc:1048] T 018a372d441f4ce39649875b3af9a26f P bada3f22b09c4287bcd06866c0ec7214 [LEADER]: Connected to new peer: Peer: permanent_uuid: "86cbb3fca3a34c43a6de1b3fcd14b9be" member_type: VOTER last_known_addr { host: "127.5.246.2" port: 38409 }, Status: LMP_MISMATCH, Last received: 0.0, Next index: 1, Last known committed idx: 0, Time since last communication: 0.000s
I20260709 14:48:44.099638  7442 tablet_bootstrap.cc:654] T 72fa16c8dd96453f8a10d4edf7a8474a P bc2bbfe3ece044a88e468f5c255aa5c3: Neither blocks nor log segments found. Creating new log.
I20260709 14:48:44.096215  7470 raft_consensus.cc:2749] T b34a7ea04e8e418682449b3a82b0e8d3 P bada3f22b09c4287bcd06866c0ec7214 [term 0 FOLLOWER]: Leader pre-election lost for term 1. Reason: could not achieve majority
I20260709 14:48:44.102931  7478 raft_consensus.cc:515] T ec5d1536d67349db957601b9c89f2f11 P 86cbb3fca3a34c43a6de1b3fcd14b9be [term 1 FOLLOWER]: Starting leader election with config: opid_index: -1 OBSOLETE_local: false peers { permanent_uuid: "bada3f22b09c4287bcd06866c0ec7214" member_type: VOTER last_known_addr { host: "127.5.246.1" port: 45919 } } peers { permanent_uuid: "86cbb3fca3a34c43a6de1b3fcd14b9be" member_type: VOTER last_known_addr { host: "127.5.246.2" port: 38409 } } peers { permanent_uuid: "bc2bbfe3ece044a88e468f5c255aa5c3" member_type: VOTER last_known_addr { host: "127.5.246.3" port: 36259 } }
I20260709 14:48:44.113673  7478 leader_election.cc:290] T ec5d1536d67349db957601b9c89f2f11 P 86cbb3fca3a34c43a6de1b3fcd14b9be [CANDIDATE]: Term 1 election: Requested vote from peers bada3f22b09c4287bcd06866c0ec7214 (127.5.246.1:45919), bc2bbfe3ece044a88e468f5c255aa5c3 (127.5.246.3:36259)
I20260709 14:48:44.114903  7253 tablet_service.cc:1917] Received RequestConsensusVote() RPC: tablet_id: "ec5d1536d67349db957601b9c89f2f11" candidate_uuid: "86cbb3fca3a34c43a6de1b3fcd14b9be" candidate_term: 1 candidate_status { last_received { term: 0 index: 0 } } ignore_live_leader: false dest_uuid: "bada3f22b09c4287bcd06866c0ec7214"
I20260709 14:48:44.120926  7253 raft_consensus.cc:3060] T ec5d1536d67349db957601b9c89f2f11 P bada3f22b09c4287bcd06866c0ec7214 [term 0 FOLLOWER]: Advancing to term 1
I20260709 14:48:44.122605  7149 catalog_manager.cc:5697] T 5caccaee03cc40eb947e4919f8c30698 P bada3f22b09c4287bcd06866c0ec7214 reported cstate change: term changed from 0 to 1, leader changed from <none> to bada3f22b09c4287bcd06866c0ec7214 (127.5.246.1). New cstate: current_term: 1 leader_uuid: "bada3f22b09c4287bcd06866c0ec7214" committed_config { opid_index: -1 OBSOLETE_local: false peers { permanent_uuid: "bada3f22b09c4287bcd06866c0ec7214" member_type: VOTER last_known_addr { host: "127.5.246.1" port: 45919 } health_report { overall_health: HEALTHY } } peers { permanent_uuid: "86cbb3fca3a34c43a6de1b3fcd14b9be" member_type: VOTER last_known_addr { host: "127.5.246.2" port: 38409 } health_report { overall_health: UNKNOWN } } peers { permanent_uuid: "bc2bbfe3ece044a88e468f5c255aa5c3" member_type: VOTER last_known_addr { host: "127.5.246.3" port: 36259 } health_report { overall_health: UNKNOWN } } }
I20260709 14:48:44.116219  7401 tablet_service.cc:1917] Received RequestConsensusVote() RPC: tablet_id: "ec5d1536d67349db957601b9c89f2f11" candidate_uuid: "86cbb3fca3a34c43a6de1b3fcd14b9be" candidate_term: 1 candidate_status { last_received { term: 0 index: 0 } } ignore_live_leader: false dest_uuid: "bc2bbfe3ece044a88e468f5c255aa5c3"
W20260709 14:48:44.129866  7293 leader_election.cc:343] T ec5d1536d67349db957601b9c89f2f11 P 86cbb3fca3a34c43a6de1b3fcd14b9be [CANDIDATE]: Term 1 election: Tablet error from VoteRequest() call to peer bc2bbfe3ece044a88e468f5c255aa5c3 (127.5.246.3:36259): Illegal state: must be running to vote when last-logged opid is not known
I20260709 14:48:44.130604  7253 raft_consensus.cc:2468] T ec5d1536d67349db957601b9c89f2f11 P bada3f22b09c4287bcd06866c0ec7214 [term 1 FOLLOWER]: Leader election vote request: Granting yes vote for candidate 86cbb3fca3a34c43a6de1b3fcd14b9be in term 1.
I20260709 14:48:44.130741  7444 tablet_bootstrap.cc:492] T 189696f0d3bc444dba05583053c2bbbe P bada3f22b09c4287bcd06866c0ec7214: No bootstrap required, opened a new log
I20260709 14:48:44.131892  7444 ts_tablet_manager.cc:1403] T 189696f0d3bc444dba05583053c2bbbe P bada3f22b09c4287bcd06866c0ec7214: Time spent bootstrapping tablet: real 0.056s	user 0.007s	sys 0.006s
I20260709 14:48:44.131886  7293 leader_election.cc:304] T ec5d1536d67349db957601b9c89f2f11 P 86cbb3fca3a34c43a6de1b3fcd14b9be [CANDIDATE]: Term 1 election: Election decided. Result: candidate won. Election summary: received 3 responses out of 3 voters: 2 yes votes; 1 no votes. yes voters: 86cbb3fca3a34c43a6de1b3fcd14b9be, bada3f22b09c4287bcd06866c0ec7214; no voters: bc2bbfe3ece044a88e468f5c255aa5c3
I20260709 14:48:44.135228  7449 raft_consensus.cc:2804] T ec5d1536d67349db957601b9c89f2f11 P 86cbb3fca3a34c43a6de1b3fcd14b9be [term 1 FOLLOWER]: Leader election won for term 1
I20260709 14:48:44.135974  7442 tablet_bootstrap.cc:492] T 72fa16c8dd96453f8a10d4edf7a8474a P bc2bbfe3ece044a88e468f5c255aa5c3: No bootstrap required, opened a new log
I20260709 14:48:44.135910  7449 raft_consensus.cc:697] T ec5d1536d67349db957601b9c89f2f11 P 86cbb3fca3a34c43a6de1b3fcd14b9be [term 1 LEADER]: Becoming Leader. State: Replica: 86cbb3fca3a34c43a6de1b3fcd14b9be, State: Running, Role: LEADER
I20260709 14:48:44.135846  7444 raft_consensus.cc:359] T 189696f0d3bc444dba05583053c2bbbe P bada3f22b09c4287bcd06866c0ec7214 [term 0 FOLLOWER]: Replica starting. Triggering 0 pending ops. Active config: opid_index: -1 OBSOLETE_local: false peers { permanent_uuid: "bada3f22b09c4287bcd06866c0ec7214" member_type: VOTER last_known_addr { host: "127.5.246.1" port: 45919 } } peers { permanent_uuid: "86cbb3fca3a34c43a6de1b3fcd14b9be" member_type: VOTER last_known_addr { host: "127.5.246.2" port: 38409 } } peers { permanent_uuid: "bc2bbfe3ece044a88e468f5c255aa5c3" member_type: VOTER last_known_addr { host: "127.5.246.3" port: 36259 } }
I20260709 14:48:44.136546  7442 ts_tablet_manager.cc:1403] T 72fa16c8dd96453f8a10d4edf7a8474a P bc2bbfe3ece044a88e468f5c255aa5c3: Time spent bootstrapping tablet: real 0.061s	user 0.010s	sys 0.001s
I20260709 14:48:44.136628  7444 raft_consensus.cc:385] T 189696f0d3bc444dba05583053c2bbbe P bada3f22b09c4287bcd06866c0ec7214 [term 0 FOLLOWER]: Consensus starting up: Expiring failure detector timer to make a prompt election more likely
I20260709 14:48:44.137061  7444 raft_consensus.cc:740] T 189696f0d3bc444dba05583053c2bbbe P bada3f22b09c4287bcd06866c0ec7214 [term 0 FOLLOWER]: Becoming Follower/Learner. State: Replica: bada3f22b09c4287bcd06866c0ec7214, State: Initialized, Role: FOLLOWER
I20260709 14:48:44.137149  7449 consensus_queue.cc:237] T ec5d1536d67349db957601b9c89f2f11 P 86cbb3fca3a34c43a6de1b3fcd14b9be [LEADER]: Queue going to LEADER mode. State: All replicated index: 0, Majority replicated index: 0, Committed index: 0, Last appended: 0.0, Last appended by leader: 0, Current term: 1, Majority size: 2, State: 0, Mode: LEADER, active raft config: opid_index: -1 OBSOLETE_local: false peers { permanent_uuid: "bada3f22b09c4287bcd06866c0ec7214" member_type: VOTER last_known_addr { host: "127.5.246.1" port: 45919 } } peers { permanent_uuid: "86cbb3fca3a34c43a6de1b3fcd14b9be" member_type: VOTER last_known_addr { host: "127.5.246.2" port: 38409 } } peers { permanent_uuid: "bc2bbfe3ece044a88e468f5c255aa5c3" member_type: VOTER last_known_addr { host: "127.5.246.3" port: 36259 } }
I20260709 14:48:44.137915  7444 consensus_queue.cc:260] T 189696f0d3bc444dba05583053c2bbbe P bada3f22b09c4287bcd06866c0ec7214 [NON_LEADER]: Queue going to NON_LEADER mode. State: All replicated index: 0, Majority replicated index: 0, Committed index: 0, Last appended: 0.0, Last appended by leader: 0, Current term: 0, Majority size: -1, State: 0, Mode: NON_LEADER, active raft config: opid_index: -1 OBSOLETE_local: false peers { permanent_uuid: "bada3f22b09c4287bcd06866c0ec7214" member_type: VOTER last_known_addr { host: "127.5.246.1" port: 45919 } } peers { permanent_uuid: "86cbb3fca3a34c43a6de1b3fcd14b9be" member_type: VOTER last_known_addr { host: "127.5.246.2" port: 38409 } } peers { permanent_uuid: "bc2bbfe3ece044a88e468f5c255aa5c3" member_type: VOTER last_known_addr { host: "127.5.246.3" port: 36259 } }
I20260709 14:48:44.143234  7443 tablet_bootstrap.cc:492] T cd21ff299cf54edabdc93e5ed81cf385 P 86cbb3fca3a34c43a6de1b3fcd14b9be: No bootstrap required, opened a new log
I20260709 14:48:44.142939  7442 raft_consensus.cc:359] T 72fa16c8dd96453f8a10d4edf7a8474a P bc2bbfe3ece044a88e468f5c255aa5c3 [term 0 FOLLOWER]: Replica starting. Triggering 0 pending ops. Active config: opid_index: -1 OBSOLETE_local: false peers { permanent_uuid: "bada3f22b09c4287bcd06866c0ec7214" member_type: VOTER last_known_addr { host: "127.5.246.1" port: 45919 } } peers { permanent_uuid: "86cbb3fca3a34c43a6de1b3fcd14b9be" member_type: VOTER last_known_addr { host: "127.5.246.2" port: 38409 } } peers { permanent_uuid: "bc2bbfe3ece044a88e468f5c255aa5c3" member_type: VOTER last_known_addr { host: "127.5.246.3" port: 36259 } }
I20260709 14:48:44.143699  7443 ts_tablet_manager.cc:1403] T cd21ff299cf54edabdc93e5ed81cf385 P 86cbb3fca3a34c43a6de1b3fcd14b9be: Time spent bootstrapping tablet: real 0.093s	user 0.013s	sys 0.020s
I20260709 14:48:44.143775  7442 raft_consensus.cc:385] T 72fa16c8dd96453f8a10d4edf7a8474a P bc2bbfe3ece044a88e468f5c255aa5c3 [term 0 FOLLOWER]: Consensus starting up: Expiring failure detector timer to make a prompt election more likely
I20260709 14:48:44.144255  7442 raft_consensus.cc:740] T 72fa16c8dd96453f8a10d4edf7a8474a P bc2bbfe3ece044a88e468f5c255aa5c3 [term 0 FOLLOWER]: Becoming Follower/Learner. State: Replica: bc2bbfe3ece044a88e468f5c255aa5c3, State: Initialized, Role: FOLLOWER
I20260709 14:48:44.145126  7442 consensus_queue.cc:260] T 72fa16c8dd96453f8a10d4edf7a8474a P bc2bbfe3ece044a88e468f5c255aa5c3 [NON_LEADER]: Queue going to NON_LEADER mode. State: All replicated index: 0, Majority replicated index: 0, Committed index: 0, Last appended: 0.0, Last appended by leader: 0, Current term: 0, Majority size: -1, State: 0, Mode: NON_LEADER, active raft config: opid_index: -1 OBSOLETE_local: false peers { permanent_uuid: "bada3f22b09c4287bcd06866c0ec7214" member_type: VOTER last_known_addr { host: "127.5.246.1" port: 45919 } } peers { permanent_uuid: "86cbb3fca3a34c43a6de1b3fcd14b9be" member_type: VOTER last_known_addr { host: "127.5.246.2" port: 38409 } } peers { permanent_uuid: "bc2bbfe3ece044a88e468f5c255aa5c3" member_type: VOTER last_known_addr { host: "127.5.246.3" port: 36259 } }
I20260709 14:48:44.146569  7443 raft_consensus.cc:359] T cd21ff299cf54edabdc93e5ed81cf385 P 86cbb3fca3a34c43a6de1b3fcd14b9be [term 0 FOLLOWER]: Replica starting. Triggering 0 pending ops. Active config: opid_index: -1 OBSOLETE_local: false peers { permanent_uuid: "bada3f22b09c4287bcd06866c0ec7214" member_type: VOTER last_known_addr { host: "127.5.246.1" port: 45919 } } peers { permanent_uuid: "86cbb3fca3a34c43a6de1b3fcd14b9be" member_type: VOTER last_known_addr { host: "127.5.246.2" port: 38409 } } peers { permanent_uuid: "bc2bbfe3ece044a88e468f5c255aa5c3" member_type: VOTER last_known_addr { host: "127.5.246.3" port: 36259 } }
I20260709 14:48:44.147189  7443 raft_consensus.cc:385] T cd21ff299cf54edabdc93e5ed81cf385 P 86cbb3fca3a34c43a6de1b3fcd14b9be [term 0 FOLLOWER]: Consensus starting up: Expiring failure detector timer to make a prompt election more likely
I20260709 14:48:44.147457  7443 raft_consensus.cc:740] T cd21ff299cf54edabdc93e5ed81cf385 P 86cbb3fca3a34c43a6de1b3fcd14b9be [term 0 FOLLOWER]: Becoming Follower/Learner. State: Replica: 86cbb3fca3a34c43a6de1b3fcd14b9be, State: Initialized, Role: FOLLOWER
I20260709 14:48:44.150106  7444 ts_tablet_manager.cc:1434] T 189696f0d3bc444dba05583053c2bbbe P bada3f22b09c4287bcd06866c0ec7214: Time spent starting tablet: real 0.018s	user 0.000s	sys 0.006s
I20260709 14:48:44.151082  7444 tablet_bootstrap.cc:492] T 704692b654b74eb6928f6eb7cd2a66b1 P bada3f22b09c4287bcd06866c0ec7214: Bootstrap starting.
I20260709 14:48:44.152626  7448 raft_consensus.cc:493] T 325f249e6b9b4aa496ac5987b3dd8186 P bc2bbfe3ece044a88e468f5c255aa5c3 [term 0 FOLLOWER]: Starting pre-election (no leader contacted us within the election timeout)
I20260709 14:48:44.153155  7448 raft_consensus.cc:515] T 325f249e6b9b4aa496ac5987b3dd8186 P bc2bbfe3ece044a88e468f5c255aa5c3 [term 0 FOLLOWER]: Starting pre-election with config: opid_index: -1 OBSOLETE_local: false peers { permanent_uuid: "bada3f22b09c4287bcd06866c0ec7214" member_type: VOTER last_known_addr { host: "127.5.246.1" port: 45919 } } peers { permanent_uuid: "86cbb3fca3a34c43a6de1b3fcd14b9be" member_type: VOTER last_known_addr { host: "127.5.246.2" port: 38409 } } peers { permanent_uuid: "bc2bbfe3ece044a88e468f5c255aa5c3" member_type: VOTER last_known_addr { host: "127.5.246.3" port: 36259 } }
I20260709 14:48:44.155134  7448 leader_election.cc:290] T 325f249e6b9b4aa496ac5987b3dd8186 P bc2bbfe3ece044a88e468f5c255aa5c3 [CANDIDATE]: Term 1 pre-election: Requested pre-vote from peers bada3f22b09c4287bcd06866c0ec7214 (127.5.246.1:45919), 86cbb3fca3a34c43a6de1b3fcd14b9be (127.5.246.2:38409)
I20260709 14:48:44.154721  7150 catalog_manager.cc:5697] T 4e173f1f1d034617b8572ef47708933d P 86cbb3fca3a34c43a6de1b3fcd14b9be reported cstate change: term changed from 0 to 1, leader changed from <none> to 86cbb3fca3a34c43a6de1b3fcd14b9be (127.5.246.2). New cstate: current_term: 1 leader_uuid: "86cbb3fca3a34c43a6de1b3fcd14b9be" committed_config { opid_index: -1 OBSOLETE_local: false peers { permanent_uuid: "bada3f22b09c4287bcd06866c0ec7214" member_type: VOTER last_known_addr { host: "127.5.246.1" port: 45919 } health_report { overall_health: UNKNOWN } } peers { permanent_uuid: "86cbb3fca3a34c43a6de1b3fcd14b9be" member_type: VOTER last_known_addr { host: "127.5.246.2" port: 38409 } health_report { overall_health: HEALTHY } } peers { permanent_uuid: "bc2bbfe3ece044a88e468f5c255aa5c3" member_type: VOTER last_known_addr { host: "127.5.246.3" port: 36259 } health_report { overall_health: UNKNOWN } } }
I20260709 14:48:44.148126  7443 consensus_queue.cc:260] T cd21ff299cf54edabdc93e5ed81cf385 P 86cbb3fca3a34c43a6de1b3fcd14b9be [NON_LEADER]: Queue going to NON_LEADER mode. State: All replicated index: 0, Majority replicated index: 0, Committed index: 0, Last appended: 0.0, Last appended by leader: 0, Current term: 0, Majority size: -1, State: 0, Mode: NON_LEADER, active raft config: opid_index: -1 OBSOLETE_local: false peers { permanent_uuid: "bada3f22b09c4287bcd06866c0ec7214" member_type: VOTER last_known_addr { host: "127.5.246.1" port: 45919 } } peers { permanent_uuid: "86cbb3fca3a34c43a6de1b3fcd14b9be" member_type: VOTER last_known_addr { host: "127.5.246.2" port: 38409 } } peers { permanent_uuid: "bc2bbfe3ece044a88e468f5c255aa5c3" member_type: VOTER last_known_addr { host: "127.5.246.3" port: 36259 } }
I20260709 14:48:44.157613  7443 ts_tablet_manager.cc:1434] T cd21ff299cf54edabdc93e5ed81cf385 P 86cbb3fca3a34c43a6de1b3fcd14b9be: Time spent starting tablet: real 0.014s	user 0.007s	sys 0.000s
I20260709 14:48:44.158524  7443 tablet_bootstrap.cc:492] T 325f249e6b9b4aa496ac5987b3dd8186 P 86cbb3fca3a34c43a6de1b3fcd14b9be: Bootstrap starting.
I20260709 14:48:44.159356  7442 ts_tablet_manager.cc:1434] T 72fa16c8dd96453f8a10d4edf7a8474a P bc2bbfe3ece044a88e468f5c255aa5c3: Time spent starting tablet: real 0.022s	user 0.002s	sys 0.004s
