I20260709 14:48:42.501572 13267 raft_consensus.cc:359] T 9ea30a9f89684ffbbe71624f9a974734 P 745f74322f5c474e83be870d5bf3a8aa [term 0 FOLLOWER]: Replica starting. Triggering 0 pending ops. Active config: opid_index: -1 OBSOLETE_local: false peers { permanent_uuid: "1a8d5fef4a2146b8a3eccd0d7be90ce6" member_type: VOTER last_known_addr { host: "127.11.178.65" port: 35913 } } peers { permanent_uuid: "44787b741d304690a7d21bc3b7c0a8e1" member_type: VOTER last_known_addr { host: "127.11.178.66" port: 39815 } } peers { permanent_uuid: "745f74322f5c474e83be870d5bf3a8aa" member_type: VOTER last_known_addr { host: "127.11.178.67" port: 46121 } }
I20260709 14:48:42.502589 13267 raft_consensus.cc:385] T 9ea30a9f89684ffbbe71624f9a974734 P 745f74322f5c474e83be870d5bf3a8aa [term 0 FOLLOWER]: Consensus starting up: Expiring failure detector timer to make a prompt election more likely
I20260709 14:48:42.502861 13267 raft_consensus.cc:740] T 9ea30a9f89684ffbbe71624f9a974734 P 745f74322f5c474e83be870d5bf3a8aa [term 0 FOLLOWER]: Becoming Follower/Learner. State: Replica: 745f74322f5c474e83be870d5bf3a8aa, State: Initialized, Role: FOLLOWER
I20260709 14:48:42.503173 13265 raft_consensus.cc:359] T 7c7ae875b67f4c62b18dac5b2725f86a P 44787b741d304690a7d21bc3b7c0a8e1 [term 0 FOLLOWER]: Replica starting. Triggering 0 pending ops. Active config: opid_index: -1 OBSOLETE_local: false peers { permanent_uuid: "1a8d5fef4a2146b8a3eccd0d7be90ce6" member_type: VOTER last_known_addr { host: "127.11.178.65" port: 35913 } } peers { permanent_uuid: "44787b741d304690a7d21bc3b7c0a8e1" member_type: VOTER last_known_addr { host: "127.11.178.66" port: 39815 } } peers { permanent_uuid: "745f74322f5c474e83be870d5bf3a8aa" member_type: VOTER last_known_addr { host: "127.11.178.67" port: 46121 } }
I20260709 14:48:42.503944 13265 raft_consensus.cc:385] T 7c7ae875b67f4c62b18dac5b2725f86a P 44787b741d304690a7d21bc3b7c0a8e1 [term 0 FOLLOWER]: Consensus starting up: Expiring failure detector timer to make a prompt election more likely
I20260709 14:48:42.503639 13267 consensus_queue.cc:260] T 9ea30a9f89684ffbbe71624f9a974734 P 745f74322f5c474e83be870d5bf3a8aa [NON_LEADER]: Queue going to NON_LEADER mode. State: All replicated index: 0, Majority replicated index: 0, Committed index: 0, Last appended: 0.0, Last appended by leader: 0, Current term: 0, Majority size: -1, State: 0, Mode: NON_LEADER, active raft config: opid_index: -1 OBSOLETE_local: false peers { permanent_uuid: "1a8d5fef4a2146b8a3eccd0d7be90ce6" member_type: VOTER last_known_addr { host: "127.11.178.65" port: 35913 } } peers { permanent_uuid: "44787b741d304690a7d21bc3b7c0a8e1" member_type: VOTER last_known_addr { host: "127.11.178.66" port: 39815 } } peers { permanent_uuid: "745f74322f5c474e83be870d5bf3a8aa" member_type: VOTER last_known_addr { host: "127.11.178.67" port: 46121 } }
I20260709 14:48:42.505677 13267 ts_tablet_manager.cc:1434] T 9ea30a9f89684ffbbe71624f9a974734 P 745f74322f5c474e83be870d5bf3a8aa: Time spent starting tablet: real 0.006s	user 0.006s	sys 0.001s
I20260709 14:48:42.506709 13267 tablet_bootstrap.cc:492] T ad04906d1e4c45d7ad6f2f85f27a3c5d P 745f74322f5c474e83be870d5bf3a8aa: Bootstrap starting.
I20260709 14:48:42.504244 13265 raft_consensus.cc:740] T 7c7ae875b67f4c62b18dac5b2725f86a P 44787b741d304690a7d21bc3b7c0a8e1 [term 0 FOLLOWER]: Becoming Follower/Learner. State: Replica: 44787b741d304690a7d21bc3b7c0a8e1, State: Initialized, Role: FOLLOWER
I20260709 14:48:42.518232 13265 consensus_queue.cc:260] T 7c7ae875b67f4c62b18dac5b2725f86a P 44787b741d304690a7d21bc3b7c0a8e1 [NON_LEADER]: Queue going to NON_LEADER mode. State: All replicated index: 0, Majority replicated index: 0, Committed index: 0, Last appended: 0.0, Last appended by leader: 0, Current term: 0, Majority size: -1, State: 0, Mode: NON_LEADER, active raft config: opid_index: -1 OBSOLETE_local: false peers { permanent_uuid: "1a8d5fef4a2146b8a3eccd0d7be90ce6" member_type: VOTER last_known_addr { host: "127.11.178.65" port: 35913 } } peers { permanent_uuid: "44787b741d304690a7d21bc3b7c0a8e1" member_type: VOTER last_known_addr { host: "127.11.178.66" port: 39815 } } peers { permanent_uuid: "745f74322f5c474e83be870d5bf3a8aa" member_type: VOTER last_known_addr { host: "127.11.178.67" port: 46121 } }
I20260709 14:48:42.519049 13267 tablet_bootstrap.cc:654] T ad04906d1e4c45d7ad6f2f85f27a3c5d P 745f74322f5c474e83be870d5bf3a8aa: Neither blocks nor log segments found. Creating new log.
I20260709 14:48:42.530792 13267 tablet_bootstrap.cc:492] T ad04906d1e4c45d7ad6f2f85f27a3c5d P 745f74322f5c474e83be870d5bf3a8aa: No bootstrap required, opened a new log
I20260709 14:48:42.531340 13267 ts_tablet_manager.cc:1403] T ad04906d1e4c45d7ad6f2f85f27a3c5d P 745f74322f5c474e83be870d5bf3a8aa: Time spent bootstrapping tablet: real 0.025s	user 0.008s	sys 0.008s
I20260709 14:48:42.534789 13267 raft_consensus.cc:359] T ad04906d1e4c45d7ad6f2f85f27a3c5d P 745f74322f5c474e83be870d5bf3a8aa [term 0 FOLLOWER]: Replica starting. Triggering 0 pending ops. Active config: opid_index: -1 OBSOLETE_local: false peers { permanent_uuid: "1a8d5fef4a2146b8a3eccd0d7be90ce6" member_type: VOTER last_known_addr { host: "127.11.178.65" port: 35913 } } peers { permanent_uuid: "44787b741d304690a7d21bc3b7c0a8e1" member_type: VOTER last_known_addr { host: "127.11.178.66" port: 39815 } } peers { permanent_uuid: "745f74322f5c474e83be870d5bf3a8aa" member_type: VOTER last_known_addr { host: "127.11.178.67" port: 46121 } }
I20260709 14:48:42.535625 13267 raft_consensus.cc:385] T ad04906d1e4c45d7ad6f2f85f27a3c5d P 745f74322f5c474e83be870d5bf3a8aa [term 0 FOLLOWER]: Consensus starting up: Expiring failure detector timer to make a prompt election more likely
I20260709 14:48:42.535908 13267 raft_consensus.cc:740] T ad04906d1e4c45d7ad6f2f85f27a3c5d P 745f74322f5c474e83be870d5bf3a8aa [term 0 FOLLOWER]: Becoming Follower/Learner. State: Replica: 745f74322f5c474e83be870d5bf3a8aa, State: Initialized, Role: FOLLOWER
I20260709 14:48:42.536619 13267 consensus_queue.cc:260] T ad04906d1e4c45d7ad6f2f85f27a3c5d P 745f74322f5c474e83be870d5bf3a8aa [NON_LEADER]: Queue going to NON_LEADER mode. State: All replicated index: 0, Majority replicated index: 0, Committed index: 0, Last appended: 0.0, Last appended by leader: 0, Current term: 0, Majority size: -1, State: 0, Mode: NON_LEADER, active raft config: opid_index: -1 OBSOLETE_local: false peers { permanent_uuid: "1a8d5fef4a2146b8a3eccd0d7be90ce6" member_type: VOTER last_known_addr { host: "127.11.178.65" port: 35913 } } peers { permanent_uuid: "44787b741d304690a7d21bc3b7c0a8e1" member_type: VOTER last_known_addr { host: "127.11.178.66" port: 39815 } } peers { permanent_uuid: "745f74322f5c474e83be870d5bf3a8aa" member_type: VOTER last_known_addr { host: "127.11.178.67" port: 46121 } }
I20260709 14:48:42.543980 13267 ts_tablet_manager.cc:1434] T ad04906d1e4c45d7ad6f2f85f27a3c5d P 745f74322f5c474e83be870d5bf3a8aa: Time spent starting tablet: real 0.012s	user 0.005s	sys 0.004s
I20260709 14:48:42.545017 13267 tablet_bootstrap.cc:492] T 4355129546c8434c8a8d8d4629965d8a P 745f74322f5c474e83be870d5bf3a8aa: Bootstrap starting.
I20260709 14:48:42.555982 13265 ts_tablet_manager.cc:1434] T 7c7ae875b67f4c62b18dac5b2725f86a P 44787b741d304690a7d21bc3b7c0a8e1: Time spent starting tablet: real 0.083s	user 0.006s	sys 0.001s
I20260709 14:48:42.557495 13267 tablet_bootstrap.cc:654] T 4355129546c8434c8a8d8d4629965d8a P 745f74322f5c474e83be870d5bf3a8aa: Neither blocks nor log segments found. Creating new log.
I20260709 14:48:42.574406 13267 tablet_bootstrap.cc:492] T 4355129546c8434c8a8d8d4629965d8a P 745f74322f5c474e83be870d5bf3a8aa: No bootstrap required, opened a new log
I20260709 14:48:42.574937 13267 ts_tablet_manager.cc:1403] T 4355129546c8434c8a8d8d4629965d8a P 745f74322f5c474e83be870d5bf3a8aa: Time spent bootstrapping tablet: real 0.030s	user 0.008s	sys 0.007s
I20260709 14:48:42.577684 13267 raft_consensus.cc:359] T 4355129546c8434c8a8d8d4629965d8a P 745f74322f5c474e83be870d5bf3a8aa [term 0 FOLLOWER]: Replica starting. Triggering 0 pending ops. Active config: opid_index: -1 OBSOLETE_local: false peers { permanent_uuid: "1a8d5fef4a2146b8a3eccd0d7be90ce6" member_type: VOTER last_known_addr { host: "127.11.178.65" port: 35913 } } peers { permanent_uuid: "44787b741d304690a7d21bc3b7c0a8e1" member_type: VOTER last_known_addr { host: "127.11.178.66" port: 39815 } } peers { permanent_uuid: "745f74322f5c474e83be870d5bf3a8aa" member_type: VOTER last_known_addr { host: "127.11.178.67" port: 46121 } }
I20260709 14:48:42.578404 13267 raft_consensus.cc:385] T 4355129546c8434c8a8d8d4629965d8a P 745f74322f5c474e83be870d5bf3a8aa [term 0 FOLLOWER]: Consensus starting up: Expiring failure detector timer to make a prompt election more likely
I20260709 14:48:42.578686 13267 raft_consensus.cc:740] T 4355129546c8434c8a8d8d4629965d8a P 745f74322f5c474e83be870d5bf3a8aa [term 0 FOLLOWER]: Becoming Follower/Learner. State: Replica: 745f74322f5c474e83be870d5bf3a8aa, State: Initialized, Role: FOLLOWER
I20260709 14:48:42.579334 13267 consensus_queue.cc:260] T 4355129546c8434c8a8d8d4629965d8a P 745f74322f5c474e83be870d5bf3a8aa [NON_LEADER]: Queue going to NON_LEADER mode. State: All replicated index: 0, Majority replicated index: 0, Committed index: 0, Last appended: 0.0, Last appended by leader: 0, Current term: 0, Majority size: -1, State: 0, Mode: NON_LEADER, active raft config: opid_index: -1 OBSOLETE_local: false peers { permanent_uuid: "1a8d5fef4a2146b8a3eccd0d7be90ce6" member_type: VOTER last_known_addr { host: "127.11.178.65" port: 35913 } } peers { permanent_uuid: "44787b741d304690a7d21bc3b7c0a8e1" member_type: VOTER last_known_addr { host: "127.11.178.66" port: 39815 } } peers { permanent_uuid: "745f74322f5c474e83be870d5bf3a8aa" member_type: VOTER last_known_addr { host: "127.11.178.67" port: 46121 } }
I20260709 14:48:42.581452 13267 ts_tablet_manager.cc:1434] T 4355129546c8434c8a8d8d4629965d8a P 745f74322f5c474e83be870d5bf3a8aa: Time spent starting tablet: real 0.006s	user 0.004s	sys 0.000s
I20260709 14:48:42.582499 13267 tablet_bootstrap.cc:492] T 4f13968921d24318801b43c01823bb47 P 745f74322f5c474e83be870d5bf3a8aa: Bootstrap starting.
I20260709 14:48:42.582050 12973 catalog_manager.cc:5697] T b51b7f3ed80441059ab9d07f8902470a P 1a8d5fef4a2146b8a3eccd0d7be90ce6 reported cstate change: term changed from 0 to 1, leader changed from <none> to 1a8d5fef4a2146b8a3eccd0d7be90ce6 (127.11.178.65). New cstate: current_term: 1 leader_uuid: "1a8d5fef4a2146b8a3eccd0d7be90ce6" committed_config { opid_index: -1 OBSOLETE_local: false peers { permanent_uuid: "1a8d5fef4a2146b8a3eccd0d7be90ce6" member_type: VOTER last_known_addr { host: "127.11.178.65" port: 35913 } health_report { overall_health: HEALTHY } } peers { permanent_uuid: "44787b741d304690a7d21bc3b7c0a8e1" member_type: VOTER last_known_addr { host: "127.11.178.66" port: 39815 } health_report { overall_health: UNKNOWN } } peers { permanent_uuid: "745f74322f5c474e83be870d5bf3a8aa" member_type: VOTER last_known_addr { host: "127.11.178.67" port: 46121 } health_report { overall_health: UNKNOWN } } }
I20260709 14:48:42.583643 13265 tablet_bootstrap.cc:492] T c702cefa8e5141a1807abd8a5f2ab14c P 44787b741d304690a7d21bc3b7c0a8e1: Bootstrap starting.
I20260709 14:48:42.588101 13268 tablet_bootstrap.cc:492] T 7443b6dbf1004b06bb0ec0aa6e724196 P 1a8d5fef4a2146b8a3eccd0d7be90ce6: No bootstrap required, opened a new log
I20260709 14:48:42.588569 13268 ts_tablet_manager.cc:1403] T 7443b6dbf1004b06bb0ec0aa6e724196 P 1a8d5fef4a2146b8a3eccd0d7be90ce6: Time spent bootstrapping tablet: real 0.129s	user 0.028s	sys 0.088s
I20260709 14:48:42.588752 13267 tablet_bootstrap.cc:654] T 4f13968921d24318801b43c01823bb47 P 745f74322f5c474e83be870d5bf3a8aa: Neither blocks nor log segments found. Creating new log.
I20260709 14:48:42.590901 13265 tablet_bootstrap.cc:654] T c702cefa8e5141a1807abd8a5f2ab14c P 44787b741d304690a7d21bc3b7c0a8e1: Neither blocks nor log segments found. Creating new log.
I20260709 14:48:42.590999 13268 raft_consensus.cc:359] T 7443b6dbf1004b06bb0ec0aa6e724196 P 1a8d5fef4a2146b8a3eccd0d7be90ce6 [term 0 FOLLOWER]: Replica starting. Triggering 0 pending ops. Active config: opid_index: -1 OBSOLETE_local: false peers { permanent_uuid: "1a8d5fef4a2146b8a3eccd0d7be90ce6" member_type: VOTER last_known_addr { host: "127.11.178.65" port: 35913 } } peers { permanent_uuid: "44787b741d304690a7d21bc3b7c0a8e1" member_type: VOTER last_known_addr { host: "127.11.178.66" port: 39815 } } peers { permanent_uuid: "745f74322f5c474e83be870d5bf3a8aa" member_type: VOTER last_known_addr { host: "127.11.178.67" port: 46121 } }
I20260709 14:48:42.591907 13268 raft_consensus.cc:385] T 7443b6dbf1004b06bb0ec0aa6e724196 P 1a8d5fef4a2146b8a3eccd0d7be90ce6 [term 0 FOLLOWER]: Consensus starting up: Expiring failure detector timer to make a prompt election more likely
I20260709 14:48:42.592345 13268 raft_consensus.cc:740] T 7443b6dbf1004b06bb0ec0aa6e724196 P 1a8d5fef4a2146b8a3eccd0d7be90ce6 [term 0 FOLLOWER]: Becoming Follower/Learner. State: Replica: 1a8d5fef4a2146b8a3eccd0d7be90ce6, State: Initialized, Role: FOLLOWER
I20260709 14:48:42.593050 13268 consensus_queue.cc:260] T 7443b6dbf1004b06bb0ec0aa6e724196 P 1a8d5fef4a2146b8a3eccd0d7be90ce6 [NON_LEADER]: Queue going to NON_LEADER mode. State: All replicated index: 0, Majority replicated index: 0, Committed index: 0, Last appended: 0.0, Last appended by leader: 0, Current term: 0, Majority size: -1, State: 0, Mode: NON_LEADER, active raft config: opid_index: -1 OBSOLETE_local: false peers { permanent_uuid: "1a8d5fef4a2146b8a3eccd0d7be90ce6" member_type: VOTER last_known_addr { host: "127.11.178.65" port: 35913 } } peers { permanent_uuid: "44787b741d304690a7d21bc3b7c0a8e1" member_type: VOTER last_known_addr { host: "127.11.178.66" port: 39815 } } peers { permanent_uuid: "745f74322f5c474e83be870d5bf3a8aa" member_type: VOTER last_known_addr { host: "127.11.178.67" port: 46121 } }
I20260709 14:48:42.594653 13147 raft_consensus.cc:3060] T afb2fc1ec73d4a9088305bdf9aee50eb P 44787b741d304690a7d21bc3b7c0a8e1 [term 0 FOLLOWER]: Advancing to term 1
I20260709 14:48:42.595120 13268 ts_tablet_manager.cc:1434] T 7443b6dbf1004b06bb0ec0aa6e724196 P 1a8d5fef4a2146b8a3eccd0d7be90ce6: Time spent starting tablet: real 0.006s	user 0.004s	sys 0.004s
I20260709 14:48:42.595995 13268 tablet_bootstrap.cc:492] T 9fd9c48b122c420c85ab70a85d8edceb P 1a8d5fef4a2146b8a3eccd0d7be90ce6: Bootstrap starting.
I20260709 14:48:42.606104 13268 tablet_bootstrap.cc:654] T 9fd9c48b122c420c85ab70a85d8edceb P 1a8d5fef4a2146b8a3eccd0d7be90ce6: Neither blocks nor log segments found. Creating new log.
I20260709 14:48:42.626685 13267 tablet_bootstrap.cc:492] T 4f13968921d24318801b43c01823bb47 P 745f74322f5c474e83be870d5bf3a8aa: No bootstrap required, opened a new log
I20260709 14:48:42.627689 13267 ts_tablet_manager.cc:1403] T 4f13968921d24318801b43c01823bb47 P 745f74322f5c474e83be870d5bf3a8aa: Time spent bootstrapping tablet: real 0.045s	user 0.011s	sys 0.011s
I20260709 14:48:42.630424 13330 raft_consensus.cc:493] T 7c7ae875b67f4c62b18dac5b2725f86a P 44787b741d304690a7d21bc3b7c0a8e1 [term 0 FOLLOWER]: Starting pre-election (no leader contacted us within the election timeout)
I20260709 14:48:42.630970 13330 raft_consensus.cc:515] T 7c7ae875b67f4c62b18dac5b2725f86a P 44787b741d304690a7d21bc3b7c0a8e1 [term 0 FOLLOWER]: Starting pre-election with config: opid_index: -1 OBSOLETE_local: false peers { permanent_uuid: "1a8d5fef4a2146b8a3eccd0d7be90ce6" member_type: VOTER last_known_addr { host: "127.11.178.65" port: 35913 } } peers { permanent_uuid: "44787b741d304690a7d21bc3b7c0a8e1" member_type: VOTER last_known_addr { host: "127.11.178.66" port: 39815 } } peers { permanent_uuid: "745f74322f5c474e83be870d5bf3a8aa" member_type: VOTER last_known_addr { host: "127.11.178.67" port: 46121 } }
I20260709 14:48:42.633142 13330 leader_election.cc:290] T 7c7ae875b67f4c62b18dac5b2725f86a P 44787b741d304690a7d21bc3b7c0a8e1 [CANDIDATE]: Term 1 pre-election: Requested pre-vote from peers 1a8d5fef4a2146b8a3eccd0d7be90ce6 (127.11.178.65:35913), 745f74322f5c474e83be870d5bf3a8aa (127.11.178.67:46121)
I20260709 14:48:42.634485 13223 tablet_service.cc:1917] Received RequestConsensusVote() RPC: tablet_id: "7c7ae875b67f4c62b18dac5b2725f86a" candidate_uuid: "44787b741d304690a7d21bc3b7c0a8e1" candidate_term: 1 candidate_status { last_received { term: 0 index: 0 } } ignore_live_leader: false dest_uuid: "745f74322f5c474e83be870d5bf3a8aa" is_pre_election: true
I20260709 14:48:42.639462 13355 consensus_queue.cc:1048] T 042656b0323b4a2e89220a9ddadd5159 P 745f74322f5c474e83be870d5bf3a8aa [LEADER]: Connected to new peer: Peer: permanent_uuid: "1a8d5fef4a2146b8a3eccd0d7be90ce6" member_type: VOTER last_known_addr { host: "127.11.178.65" port: 35913 }, Status: LMP_MISMATCH, Last received: 0.0, Next index: 1, Last known committed idx: 0, Time since last communication: 0.000s
I20260709 14:48:42.639990 13265 tablet_bootstrap.cc:492] T c702cefa8e5141a1807abd8a5f2ab14c P 44787b741d304690a7d21bc3b7c0a8e1: No bootstrap required, opened a new log
I20260709 14:48:42.640457 13265 ts_tablet_manager.cc:1403] T c702cefa8e5141a1807abd8a5f2ab14c P 44787b741d304690a7d21bc3b7c0a8e1: Time spent bootstrapping tablet: real 0.057s	user 0.038s	sys 0.012s
I20260709 14:48:42.642151 13076 tablet_service.cc:1917] Received RequestConsensusVote() RPC: tablet_id: "7c7ae875b67f4c62b18dac5b2725f86a" candidate_uuid: "44787b741d304690a7d21bc3b7c0a8e1" candidate_term: 1 candidate_status { last_received { term: 0 index: 0 } } ignore_live_leader: false dest_uuid: "1a8d5fef4a2146b8a3eccd0d7be90ce6" is_pre_election: true
I20260709 14:48:42.642963 13265 raft_consensus.cc:359] T c702cefa8e5141a1807abd8a5f2ab14c P 44787b741d304690a7d21bc3b7c0a8e1 [term 0 FOLLOWER]: Replica starting. Triggering 0 pending ops. Active config: opid_index: -1 OBSOLETE_local: false peers { permanent_uuid: "1a8d5fef4a2146b8a3eccd0d7be90ce6" member_type: VOTER last_known_addr { host: "127.11.178.65" port: 35913 } } peers { permanent_uuid: "44787b741d304690a7d21bc3b7c0a8e1" member_type: VOTER last_known_addr { host: "127.11.178.66" port: 39815 } } peers { permanent_uuid: "745f74322f5c474e83be870d5bf3a8aa" member_type: VOTER last_known_addr { host: "127.11.178.67" port: 46121 } }
I20260709 14:48:42.643620 13265 raft_consensus.cc:385] T c702cefa8e5141a1807abd8a5f2ab14c P 44787b741d304690a7d21bc3b7c0a8e1 [term 0 FOLLOWER]: Consensus starting up: Expiring failure detector timer to make a prompt election more likely
I20260709 14:48:42.643582 13114 leader_election.cc:304] T 7c7ae875b67f4c62b18dac5b2725f86a P 44787b741d304690a7d21bc3b7c0a8e1 [CANDIDATE]: Term 1 pre-election: Election decided. Result: candidate lost. Election summary: received 3 responses out of 3 voters: 1 yes votes; 2 no votes. yes voters: 44787b741d304690a7d21bc3b7c0a8e1; no voters: 1a8d5fef4a2146b8a3eccd0d7be90ce6, 745f74322f5c474e83be870d5bf3a8aa
I20260709 14:48:42.644027 13265 raft_consensus.cc:740] T c702cefa8e5141a1807abd8a5f2ab14c P 44787b741d304690a7d21bc3b7c0a8e1 [term 0 FOLLOWER]: Becoming Follower/Learner. State: Replica: 44787b741d304690a7d21bc3b7c0a8e1, State: Initialized, Role: FOLLOWER
I20260709 14:48:42.644749 13330 raft_consensus.cc:2749] T 7c7ae875b67f4c62b18dac5b2725f86a P 44787b741d304690a7d21bc3b7c0a8e1 [term 0 FOLLOWER]: Leader pre-election lost for term 1. Reason: could not achieve majority
I20260709 14:48:42.644681 13265 consensus_queue.cc:260] T c702cefa8e5141a1807abd8a5f2ab14c P 44787b741d304690a7d21bc3b7c0a8e1 [NON_LEADER]: Queue going to NON_LEADER mode. State: All replicated index: 0, Majority replicated index: 0, Committed index: 0, Last appended: 0.0, Last appended by leader: 0, Current term: 0, Majority size: -1, State: 0, Mode: NON_LEADER, active raft config: opid_index: -1 OBSOLETE_local: false peers { permanent_uuid: "1a8d5fef4a2146b8a3eccd0d7be90ce6" member_type: VOTER last_known_addr { host: "127.11.178.65" port: 35913 } } peers { permanent_uuid: "44787b741d304690a7d21bc3b7c0a8e1" member_type: VOTER last_known_addr { host: "127.11.178.66" port: 39815 } } peers { permanent_uuid: "745f74322f5c474e83be870d5bf3a8aa" member_type: VOTER last_known_addr { host: "127.11.178.67" port: 46121 } }
I20260709 14:48:42.646875 13265 ts_tablet_manager.cc:1434] T c702cefa8e5141a1807abd8a5f2ab14c P 44787b741d304690a7d21bc3b7c0a8e1: Time spent starting tablet: real 0.006s	user 0.006s	sys 0.001s
I20260709 14:48:42.647753 13265 tablet_bootstrap.cc:492] T 6b998982fd72413bbd5d63b049333ac5 P 44787b741d304690a7d21bc3b7c0a8e1: Bootstrap starting.
I20260709 14:48:42.653304 13265 tablet_bootstrap.cc:654] T 6b998982fd72413bbd5d63b049333ac5 P 44787b741d304690a7d21bc3b7c0a8e1: Neither blocks nor log segments found. Creating new log.
I20260709 14:48:42.655800 13267 raft_consensus.cc:359] T 4f13968921d24318801b43c01823bb47 P 745f74322f5c474e83be870d5bf3a8aa [term 0 FOLLOWER]: Replica starting. Triggering 0 pending ops. Active config: opid_index: -1 OBSOLETE_local: false peers { permanent_uuid: "1a8d5fef4a2146b8a3eccd0d7be90ce6" member_type: VOTER last_known_addr { host: "127.11.178.65" port: 35913 } } peers { permanent_uuid: "44787b741d304690a7d21bc3b7c0a8e1" member_type: VOTER last_known_addr { host: "127.11.178.66" port: 39815 } } peers { permanent_uuid: "745f74322f5c474e83be870d5bf3a8aa" member_type: VOTER last_known_addr { host: "127.11.178.67" port: 46121 } }
I20260709 14:48:42.656512 13267 raft_consensus.cc:385] T 4f13968921d24318801b43c01823bb47 P 745f74322f5c474e83be870d5bf3a8aa [term 0 FOLLOWER]: Consensus starting up: Expiring failure detector timer to make a prompt election more likely
I20260709 14:48:42.656767 13267 raft_consensus.cc:740] T 4f13968921d24318801b43c01823bb47 P 745f74322f5c474e83be870d5bf3a8aa [term 0 FOLLOWER]: Becoming Follower/Learner. State: Replica: 745f74322f5c474e83be870d5bf3a8aa, State: Initialized, Role: FOLLOWER
I20260709 14:48:42.658118 13267 consensus_queue.cc:260] T 4f13968921d24318801b43c01823bb47 P 745f74322f5c474e83be870d5bf3a8aa [NON_LEADER]: Queue going to NON_LEADER mode. State: All replicated index: 0, Majority replicated index: 0, Committed index: 0, Last appended: 0.0, Last appended by leader: 0, Current term: 0, Majority size: -1, State: 0, Mode: NON_LEADER, active raft config: opid_index: -1 OBSOLETE_local: false peers { permanent_uuid: "1a8d5fef4a2146b8a3eccd0d7be90ce6" member_type: VOTER last_known_addr { host: "127.11.178.65" port: 35913 } } peers { permanent_uuid: "44787b741d304690a7d21bc3b7c0a8e1" member_type: VOTER last_known_addr { host: "127.11.178.66" port: 39815 } } peers { permanent_uuid: "745f74322f5c474e83be870d5bf3a8aa" member_type: VOTER last_known_addr { host: "127.11.178.67" port: 46121 } }
I20260709 14:48:42.660488 13267 ts_tablet_manager.cc:1434] T 4f13968921d24318801b43c01823bb47 P 745f74322f5c474e83be870d5bf3a8aa: Time spent starting tablet: real 0.032s	user 0.004s	sys 0.001s
I20260709 14:48:42.661345 13267 tablet_bootstrap.cc:492] T 95477e384da440ec983d44230a5429f6 P 745f74322f5c474e83be870d5bf3a8aa: Bootstrap starting.
I20260709 14:48:42.662412 13268 tablet_bootstrap.cc:492] T 9fd9c48b122c420c85ab70a85d8edceb P 1a8d5fef4a2146b8a3eccd0d7be90ce6: No bootstrap required, opened a new log
I20260709 14:48:42.662945 13268 ts_tablet_manager.cc:1403] T 9fd9c48b122c420c85ab70a85d8edceb P 1a8d5fef4a2146b8a3eccd0d7be90ce6: Time spent bootstrapping tablet: real 0.067s	user 0.025s	sys 0.028s
I20260709 14:48:42.669317 13267 tablet_bootstrap.cc:654] T 95477e384da440ec983d44230a5429f6 P 745f74322f5c474e83be870d5bf3a8aa: Neither blocks nor log segments found. Creating new log.
I20260709 14:48:42.669994 13268 raft_consensus.cc:359] T 9fd9c48b122c420c85ab70a85d8edceb P 1a8d5fef4a2146b8a3eccd0d7be90ce6 [term 0 FOLLOWER]: Replica starting. Triggering 0 pending ops. Active config: opid_index: -1 OBSOLETE_local: false peers { permanent_uuid: "1a8d5fef4a2146b8a3eccd0d7be90ce6" member_type: VOTER last_known_addr { host: "127.11.178.65" port: 35913 } } peers { permanent_uuid: "44787b741d304690a7d21bc3b7c0a8e1" member_type: VOTER last_known_addr { host: "127.11.178.66" port: 39815 } } peers { permanent_uuid: "745f74322f5c474e83be870d5bf3a8aa" member_type: VOTER last_known_addr { host: "127.11.178.67" port: 46121 } }
I20260709 14:48:42.670717 13268 raft_consensus.cc:385] T 9fd9c48b122c420c85ab70a85d8edceb P 1a8d5fef4a2146b8a3eccd0d7be90ce6 [term 0 FOLLOWER]: Consensus starting up: Expiring failure detector timer to make a prompt election more likely
I20260709 14:48:42.671070 13268 raft_consensus.cc:740] T 9fd9c48b122c420c85ab70a85d8edceb P 1a8d5fef4a2146b8a3eccd0d7be90ce6 [term 0 FOLLOWER]: Becoming Follower/Learner. State: Replica: 1a8d5fef4a2146b8a3eccd0d7be90ce6, State: Initialized, Role: FOLLOWER
I20260709 14:48:42.671769 13268 consensus_queue.cc:260] T 9fd9c48b122c420c85ab70a85d8edceb P 1a8d5fef4a2146b8a3eccd0d7be90ce6 [NON_LEADER]: Queue going to NON_LEADER mode. State: All replicated index: 0, Majority replicated index: 0, Committed index: 0, Last appended: 0.0, Last appended by leader: 0, Current term: 0, Majority size: -1, State: 0, Mode: NON_LEADER, active raft config: opid_index: -1 OBSOLETE_local: false peers { permanent_uuid: "1a8d5fef4a2146b8a3eccd0d7be90ce6" member_type: VOTER last_known_addr { host: "127.11.178.65" port: 35913 } } peers { permanent_uuid: "44787b741d304690a7d21bc3b7c0a8e1" member_type: VOTER last_known_addr { host: "127.11.178.66" port: 39815 } } peers { permanent_uuid: "745f74322f5c474e83be870d5bf3a8aa" member_type: VOTER last_known_addr { host: "127.11.178.67" port: 46121 } }
I20260709 14:48:42.673872 13268 ts_tablet_manager.cc:1434] T 9fd9c48b122c420c85ab70a85d8edceb P 1a8d5fef4a2146b8a3eccd0d7be90ce6: Time spent starting tablet: real 0.011s	user 0.006s	sys 0.000s
I20260709 14:48:42.674788 13268 tablet_bootstrap.cc:492] T ad04906d1e4c45d7ad6f2f85f27a3c5d P 1a8d5fef4a2146b8a3eccd0d7be90ce6: Bootstrap starting.
I20260709 14:48:42.680375 13268 tablet_bootstrap.cc:654] T ad04906d1e4c45d7ad6f2f85f27a3c5d P 1a8d5fef4a2146b8a3eccd0d7be90ce6: Neither blocks nor log segments found. Creating new log.
I20260709 14:48:42.688356 13265 tablet_bootstrap.cc:492] T 6b998982fd72413bbd5d63b049333ac5 P 44787b741d304690a7d21bc3b7c0a8e1: No bootstrap required, opened a new log
I20260709 14:48:42.688827 13265 ts_tablet_manager.cc:1403] T 6b998982fd72413bbd5d63b049333ac5 P 44787b741d304690a7d21bc3b7c0a8e1: Time spent bootstrapping tablet: real 0.041s	user 0.005s	sys 0.009s
I20260709 14:48:42.694067 13265 raft_consensus.cc:359] T 6b998982fd72413bbd5d63b049333ac5 P 44787b741d304690a7d21bc3b7c0a8e1 [term 0 FOLLOWER]: Replica starting. Triggering 0 pending ops. Active config: opid_index: -1 OBSOLETE_local: false peers { permanent_uuid: "1a8d5fef4a2146b8a3eccd0d7be90ce6" member_type: VOTER last_known_addr { host: "127.11.178.65" port: 35913 } } peers { permanent_uuid: "44787b741d304690a7d21bc3b7c0a8e1" member_type: VOTER last_known_addr { host: "127.11.178.66" port: 39815 } } peers { permanent_uuid: "745f74322f5c474e83be870d5bf3a8aa" member_type: VOTER last_known_addr { host: "127.11.178.67" port: 46121 } }
I20260709 14:48:42.694734 13265 raft_consensus.cc:385] T 6b998982fd72413bbd5d63b049333ac5 P 44787b741d304690a7d21bc3b7c0a8e1 [term 0 FOLLOWER]: Consensus starting up: Expiring failure detector timer to make a prompt election more likely
I20260709 14:48:42.695001 13265 raft_consensus.cc:740] T 6b998982fd72413bbd5d63b049333ac5 P 44787b741d304690a7d21bc3b7c0a8e1 [term 0 FOLLOWER]: Becoming Follower/Learner. State: Replica: 44787b741d304690a7d21bc3b7c0a8e1, State: Initialized, Role: FOLLOWER
I20260709 14:48:42.695580 13265 consensus_queue.cc:260] T 6b998982fd72413bbd5d63b049333ac5 P 44787b741d304690a7d21bc3b7c0a8e1 [NON_LEADER]: Queue going to NON_LEADER mode. State: All replicated index: 0, Majority replicated index: 0, Committed index: 0, Last appended: 0.0, Last appended by leader: 0, Current term: 0, Majority size: -1, State: 0, Mode: NON_LEADER, active raft config: opid_index: -1 OBSOLETE_local: false peers { permanent_uuid: "1a8d5fef4a2146b8a3eccd0d7be90ce6" member_type: VOTER last_known_addr { host: "127.11.178.65" port: 35913 } } peers { permanent_uuid: "44787b741d304690a7d21bc3b7c0a8e1" member_type: VOTER last_known_addr { host: "127.11.178.66" port: 39815 } } peers { permanent_uuid: "745f74322f5c474e83be870d5bf3a8aa" member_type: VOTER last_known_addr { host: "127.11.178.67" port: 46121 } }
I20260709 14:48:42.697057 13265 ts_tablet_manager.cc:1434] T 6b998982fd72413bbd5d63b049333ac5 P 44787b741d304690a7d21bc3b7c0a8e1: Time spent starting tablet: real 0.008s	user 0.005s	sys 0.000s
I20260709 14:48:42.698714 13265 tablet_bootstrap.cc:492] T 5f44b8c5a0cc4e7c92fb3119e329bae6 P 44787b741d304690a7d21bc3b7c0a8e1: Bootstrap starting.
I20260709 14:48:42.700801 13460 consensus_queue.cc:1048] T 042656b0323b4a2e89220a9ddadd5159 P 745f74322f5c474e83be870d5bf3a8aa [LEADER]: Connected to new peer: Peer: permanent_uuid: "44787b741d304690a7d21bc3b7c0a8e1" member_type: VOTER last_known_addr { host: "127.11.178.66" port: 39815 }, Status: LMP_MISMATCH, Last received: 0.0, Next index: 1, Last known committed idx: 0, Time since last communication: 0.000s
I20260709 14:48:42.705330 13515 raft_consensus.cc:493] T 9fd9c48b122c420c85ab70a85d8edceb P 1a8d5fef4a2146b8a3eccd0d7be90ce6 [term 0 FOLLOWER]: Starting pre-election (no leader contacted us within the election timeout)
I20260709 14:48:42.705861 13515 raft_consensus.cc:515] T 9fd9c48b122c420c85ab70a85d8edceb P 1a8d5fef4a2146b8a3eccd0d7be90ce6 [term 0 FOLLOWER]: Starting pre-election with config: opid_index: -1 OBSOLETE_local: false peers { permanent_uuid: "1a8d5fef4a2146b8a3eccd0d7be90ce6" member_type: VOTER last_known_addr { host: "127.11.178.65" port: 35913 } } peers { permanent_uuid: "44787b741d304690a7d21bc3b7c0a8e1" member_type: VOTER last_known_addr { host: "127.11.178.66" port: 39815 } } peers { permanent_uuid: "745f74322f5c474e83be870d5bf3a8aa" member_type: VOTER last_known_addr { host: "127.11.178.67" port: 46121 } }
I20260709 14:48:42.707902 13515 leader_election.cc:290] T 9fd9c48b122c420c85ab70a85d8edceb P 1a8d5fef4a2146b8a3eccd0d7be90ce6 [CANDIDATE]: Term 1 pre-election: Requested pre-vote from peers 44787b741d304690a7d21bc3b7c0a8e1 (127.11.178.66:39815), 745f74322f5c474e83be870d5bf3a8aa (127.11.178.67:46121)
I20260709 14:48:42.709797 13223 tablet_service.cc:1917] Received RequestConsensusVote() RPC: tablet_id: "9fd9c48b122c420c85ab70a85d8edceb" candidate_uuid: "1a8d5fef4a2146b8a3eccd0d7be90ce6" candidate_term: 1 candidate_status { last_received { term: 0 index: 0 } } ignore_live_leader: false dest_uuid: "745f74322f5c474e83be870d5bf3a8aa" is_pre_election: true
I20260709 14:48:42.711658 13147 tablet_service.cc:1917] Received RequestConsensusVote() RPC: tablet_id: "9fd9c48b122c420c85ab70a85d8edceb" candidate_uuid: "1a8d5fef4a2146b8a3eccd0d7be90ce6" candidate_term: 1 candidate_status { last_received { term: 0 index: 0 } } ignore_live_leader: false dest_uuid: "44787b741d304690a7d21bc3b7c0a8e1" is_pre_election: true
W20260709 14:48:42.712594 13042 leader_election.cc:343] T 9fd9c48b122c420c85ab70a85d8edceb P 1a8d5fef4a2146b8a3eccd0d7be90ce6 [CANDIDATE]: Term 1 pre-election: Tablet error from VoteRequest() call to peer 745f74322f5c474e83be870d5bf3a8aa (127.11.178.67:46121): Illegal state: must be running to vote when last-logged opid is not known
W20260709 14:48:42.713595 13040 leader_election.cc:343] T 9fd9c48b122c420c85ab70a85d8edceb P 1a8d5fef4a2146b8a3eccd0d7be90ce6 [CANDIDATE]: Term 1 pre-election: Tablet error from VoteRequest() call to peer 44787b741d304690a7d21bc3b7c0a8e1 (127.11.178.66:39815): Illegal state: must be running to vote when last-logged opid is not known
I20260709 14:48:42.714139 13040 leader_election.cc:304] T 9fd9c48b122c420c85ab70a85d8edceb P 1a8d5fef4a2146b8a3eccd0d7be90ce6 [CANDIDATE]: Term 1 pre-election: Election decided. Result: candidate lost. Election summary: received 3 responses out of 3 voters: 1 yes votes; 2 no votes. yes voters: 1a8d5fef4a2146b8a3eccd0d7be90ce6; no voters: 44787b741d304690a7d21bc3b7c0a8e1, 745f74322f5c474e83be870d5bf3a8aa
I20260709 14:48:42.715595 13267 tablet_bootstrap.cc:492] T 95477e384da440ec983d44230a5429f6 P 745f74322f5c474e83be870d5bf3a8aa: No bootstrap required, opened a new log
I20260709 14:48:42.716090 13267 ts_tablet_manager.cc:1403] T 95477e384da440ec983d44230a5429f6 P 745f74322f5c474e83be870d5bf3a8aa: Time spent bootstrapping tablet: real 0.055s	user 0.014s	sys 0.015s
I20260709 14:48:42.719731 13267 raft_consensus.cc:359] T 95477e384da440ec983d44230a5429f6 P 745f74322f5c474e83be870d5bf3a8aa [term 0 FOLLOWER]: Replica starting. Triggering 0 pending ops. Active config: opid_index: -1 OBSOLETE_local: false peers { permanent_uuid: "1a8d5fef4a2146b8a3eccd0d7be90ce6" member_type: VOTER last_known_addr { host: "127.11.178.65" port: 35913 } } peers { permanent_uuid: "44787b741d304690a7d21bc3b7c0a8e1" member_type: VOTER last_known_addr { host: "127.11.178.66" port: 39815 } } peers { permanent_uuid: "745f74322f5c474e83be870d5bf3a8aa" member_type: VOTER last_known_addr { host: "127.11.178.67" port: 46121 } }
I20260709 14:48:42.720520 13267 raft_consensus.cc:385] T 95477e384da440ec983d44230a5429f6 P 745f74322f5c474e83be870d5bf3a8aa [term 0 FOLLOWER]: Consensus starting up: Expiring failure detector timer to make a prompt election more likely
I20260709 14:48:42.720844 13267 raft_consensus.cc:740] T 95477e384da440ec983d44230a5429f6 P 745f74322f5c474e83be870d5bf3a8aa [term 0 FOLLOWER]: Becoming Follower/Learner. State: Replica: 745f74322f5c474e83be870d5bf3a8aa, State: Initialized, Role: FOLLOWER
I20260709 14:48:42.718137 13515 raft_consensus.cc:2749] T 9fd9c48b122c420c85ab70a85d8edceb P 1a8d5fef4a2146b8a3eccd0d7be90ce6 [term 0 FOLLOWER]: Leader pre-election lost for term 1. Reason: could not achieve majority
I20260709 14:48:42.721549 13267 consensus_queue.cc:260] T 95477e384da440ec983d44230a5429f6 P 745f74322f5c474e83be870d5bf3a8aa [NON_LEADER]: Queue going to NON_LEADER mode. State: All replicated index: 0, Majority replicated index: 0, Committed index: 0, Last appended: 0.0, Last appended by leader: 0, Current term: 0, Majority size: -1, State: 0, Mode: NON_LEADER, active raft config: opid_index: -1 OBSOLETE_local: false peers { permanent_uuid: "1a8d5fef4a2146b8a3eccd0d7be90ce6" member_type: VOTER last_known_addr { host: "127.11.178.65" port: 35913 } } peers { permanent_uuid: "44787b741d304690a7d21bc3b7c0a8e1" member_type: VOTER last_known_addr { host: "127.11.178.66" port: 39815 } } peers { permanent_uuid: "745f74322f5c474e83be870d5bf3a8aa" member_type: VOTER last_known_addr { host: "127.11.178.67" port: 46121 } }
I20260709 14:48:42.724108 13267 ts_tablet_manager.cc:1434] T 95477e384da440ec983d44230a5429f6 P 745f74322f5c474e83be870d5bf3a8aa: Time spent starting tablet: real 0.008s	user 0.007s	sys 0.000s
I20260709 14:48:42.725150 13267 tablet_bootstrap.cc:492] T 9fd9c48b122c420c85ab70a85d8edceb P 745f74322f5c474e83be870d5bf3a8aa: Bootstrap starting.
I20260709 14:48:42.728847 13355 raft_consensus.cc:493] T 4355129546c8434c8a8d8d4629965d8a P 745f74322f5c474e83be870d5bf3a8aa [term 0 FOLLOWER]: Starting pre-election (no leader contacted us within the election timeout)
I20260709 14:48:42.728999 13268 tablet_bootstrap.cc:492] T ad04906d1e4c45d7ad6f2f85f27a3c5d P 1a8d5fef4a2146b8a3eccd0d7be90ce6: No bootstrap required, opened a new log
I20260709 14:48:42.729598 13268 ts_tablet_manager.cc:1403] T ad04906d1e4c45d7ad6f2f85f27a3c5d P 1a8d5fef4a2146b8a3eccd0d7be90ce6: Time spent bootstrapping tablet: real 0.055s	user 0.006s	sys 0.018s
I20260709 14:48:42.729415 13355 raft_consensus.cc:515] T 4355129546c8434c8a8d8d4629965d8a P 745f74322f5c474e83be870d5bf3a8aa [term 0 FOLLOWER]: Starting pre-election with config: opid_index: -1 OBSOLETE_local: false peers { permanent_uuid: "1a8d5fef4a2146b8a3eccd0d7be90ce6" member_type: VOTER last_known_addr { host: "127.11.178.65" port: 35913 } } peers { permanent_uuid: "44787b741d304690a7d21bc3b7c0a8e1" member_type: VOTER last_known_addr { host: "127.11.178.66" port: 39815 } } peers { permanent_uuid: "745f74322f5c474e83be870d5bf3a8aa" member_type: VOTER last_known_addr { host: "127.11.178.67" port: 46121 } }
I20260709 14:48:42.731577 13355 leader_election.cc:290] T 4355129546c8434c8a8d8d4629965d8a P 745f74322f5c474e83be870d5bf3a8aa [CANDIDATE]: Term 1 pre-election: Requested pre-vote from peers 1a8d5fef4a2146b8a3eccd0d7be90ce6 (127.11.178.65:35913), 44787b741d304690a7d21bc3b7c0a8e1 (127.11.178.66:39815)
I20260709 14:48:42.732172 13268 raft_consensus.cc:359] T ad04906d1e4c45d7ad6f2f85f27a3c5d P 1a8d5fef4a2146b8a3eccd0d7be90ce6 [term 0 FOLLOWER]: Replica starting. Triggering 0 pending ops. Active config: opid_index: -1 OBSOLETE_local: false peers { permanent_uuid: "1a8d5fef4a2146b8a3eccd0d7be90ce6" member_type: VOTER last_known_addr { host: "127.11.178.65" port: 35913 } } peers { permanent_uuid: "44787b741d304690a7d21bc3b7c0a8e1" member_type: VOTER last_known_addr { host: "127.11.178.66" port: 39815 } } peers { permanent_uuid: "745f74322f5c474e83be870d5bf3a8aa" member_type: VOTER last_known_addr { host: "127.11.178.67" port: 46121 } }
I20260709 14:48:42.732383 13075 tablet_service.cc:1917] Received RequestConsensusVote() RPC: tablet_id: "4355129546c8434c8a8d8d4629965d8a" candidate_uuid: "745f74322f5c474e83be870d5bf3a8aa" candidate_term: 1 candidate_status { last_received { term: 0 index: 0 } } ignore_live_leader: false dest_uuid: "1a8d5fef4a2146b8a3eccd0d7be90ce6" is_pre_election: true
I20260709 14:48:42.732861 13268 raft_consensus.cc:385] T ad04906d1e4c45d7ad6f2f85f27a3c5d P 1a8d5fef4a2146b8a3eccd0d7be90ce6 [term 0 FOLLOWER]: Consensus starting up: Expiring failure detector timer to make a prompt election more likely
I20260709 14:48:42.733165 13268 raft_consensus.cc:740] T ad04906d1e4c45d7ad6f2f85f27a3c5d P 1a8d5fef4a2146b8a3eccd0d7be90ce6 [term 0 FOLLOWER]: Becoming Follower/Learner. State: Replica: 1a8d5fef4a2146b8a3eccd0d7be90ce6, State: Initialized, Role: FOLLOWER
I20260709 14:48:42.732369 13515 raft_consensus.cc:493] T 6b998982fd72413bbd5d63b049333ac5 P 1a8d5fef4a2146b8a3eccd0d7be90ce6 [term 0 FOLLOWER]: Starting pre-election (no leader contacted us within the election timeout)
I20260709 14:48:42.733808 13268 consensus_queue.cc:260] T ad04906d1e4c45d7ad6f2f85f27a3c5d P 1a8d5fef4a2146b8a3eccd0d7be90ce6 [NON_LEADER]: Queue going to NON_LEADER mode. State: All replicated index: 0, Majority replicated index: 0, Committed index: 0, Last appended: 0.0, Last appended by leader: 0, Current term: 0, Majority size: -1, State: 0, Mode: NON_LEADER, active raft config: opid_index: -1 OBSOLETE_local: false peers { permanent_uuid: "1a8d5fef4a2146b8a3eccd0d7be90ce6" member_type: VOTER last_known_addr { host: "127.11.178.65" port: 35913 } } peers { permanent_uuid: "44787b741d304690a7d21bc3b7c0a8e1" member_type: VOTER last_known_addr { host: "127.11.178.66" port: 39815 } } peers { permanent_uuid: "745f74322f5c474e83be870d5bf3a8aa" member_type: VOTER last_known_addr { host: "127.11.178.67" port: 46121 } }
I20260709 14:48:42.733896 13515 raft_consensus.cc:515] T 6b998982fd72413bbd5d63b049333ac5 P 1a8d5fef4a2146b8a3eccd0d7be90ce6 [term 0 FOLLOWER]: Starting pre-election with config: opid_index: -1 OBSOLETE_local: false peers { permanent_uuid: "1a8d5fef4a2146b8a3eccd0d7be90ce6" member_type: VOTER last_known_addr { host: "127.11.178.65" port: 35913 } } peers { permanent_uuid: "44787b741d304690a7d21bc3b7c0a8e1" member_type: VOTER last_known_addr { host: "127.11.178.66" port: 39815 } } peers { permanent_uuid: "745f74322f5c474e83be870d5bf3a8aa" member_type: VOTER last_known_addr { host: "127.11.178.67" port: 46121 } }
I20260709 14:48:42.734143 13147 tablet_service.cc:1917] Received RequestConsensusVote() RPC: tablet_id: "4355129546c8434c8a8d8d4629965d8a" candidate_uuid: "745f74322f5c474e83be870d5bf3a8aa" candidate_term: 1 candidate_status { last_received { term: 0 index: 0 } } ignore_live_leader: false dest_uuid: "44787b741d304690a7d21bc3b7c0a8e1" is_pre_election: true
I20260709 14:48:42.725241 13265 tablet_bootstrap.cc:654] T 5f44b8c5a0cc4e7c92fb3119e329bae6 P 44787b741d304690a7d21bc3b7c0a8e1: Neither blocks nor log segments found. Creating new log.
W20260709 14:48:42.735128 13188 leader_election.cc:343] T 4355129546c8434c8a8d8d4629965d8a P 745f74322f5c474e83be870d5bf3a8aa [CANDIDATE]: Term 1 pre-election: Tablet error from VoteRequest() call to peer 1a8d5fef4a2146b8a3eccd0d7be90ce6 (127.11.178.65:35913): Illegal state: must be running to vote when last-logged opid is not known
W20260709 14:48:42.736101 13189 leader_election.cc:343] T 4355129546c8434c8a8d8d4629965d8a P 745f74322f5c474e83be870d5bf3a8aa [CANDIDATE]: Term 1 pre-election: Tablet error from VoteRequest() call to peer 44787b741d304690a7d21bc3b7c0a8e1 (127.11.178.66:39815): Illegal state: must be running to vote when last-logged opid is not known
I20260709 14:48:42.738534 13268 ts_tablet_manager.cc:1434] T ad04906d1e4c45d7ad6f2f85f27a3c5d P 1a8d5fef4a2146b8a3eccd0d7be90ce6: Time spent starting tablet: real 0.009s	user 0.003s	sys 0.003s
I20260709 14:48:42.739500 13384 raft_consensus.cc:493] T f1a4c43b7b2042b79079aa6386585102 P 44787b741d304690a7d21bc3b7c0a8e1 [term 0 FOLLOWER]: Starting pre-election (no leader contacted us within the election timeout)
I20260709 14:48:42.739964 13384 raft_consensus.cc:515] T f1a4c43b7b2042b79079aa6386585102 P 44787b741d304690a7d21bc3b7c0a8e1 [term 0 FOLLOWER]: Starting pre-election with config: opid_index: -1 OBSOLETE_local: false peers { permanent_uuid: "1a8d5fef4a2146b8a3eccd0d7be90ce6" member_type: VOTER last_known_addr { host: "127.11.178.65" port: 35913 } } peers { permanent_uuid: "44787b741d304690a7d21bc3b7c0a8e1" member_type: VOTER last_known_addr { host: "127.11.178.66" port: 39815 } } peers { permanent_uuid: "745f74322f5c474e83be870d5bf3a8aa" member_type: VOTER last_known_addr { host: "127.11.178.67" port: 46121 } }
I20260709 14:48:42.741479 13515 leader_election.cc:290] T 6b998982fd72413bbd5d63b049333ac5 P 1a8d5fef4a2146b8a3eccd0d7be90ce6 [CANDIDATE]: Term 1 pre-election: Requested pre-vote from peers 44787b741d304690a7d21bc3b7c0a8e1 (127.11.178.66:39815), 745f74322f5c474e83be870d5bf3a8aa (127.11.178.67:46121)
I20260709 14:48:42.741858 13384 leader_election.cc:290] T f1a4c43b7b2042b79079aa6386585102 P 44787b741d304690a7d21bc3b7c0a8e1 [CANDIDATE]: Term 1 pre-election: Requested pre-vote from peers 1a8d5fef4a2146b8a3eccd0d7be90ce6 (127.11.178.65:35913), 745f74322f5c474e83be870d5bf3a8aa (127.11.178.67:46121)
I20260709 14:48:42.743299 13223 tablet_service.cc:1917] Received RequestConsensusVote() RPC: tablet_id: "f1a4c43b7b2042b79079aa6386585102" candidate_uuid: "44787b741d304690a7d21bc3b7c0a8e1" candidate_term: 1 candidate_status { last_received { term: 0 index: 0 } } ignore_live_leader: false dest_uuid: "745f74322f5c474e83be870d5bf3a8aa" is_pre_election: true
I20260709 14:48:42.743808 13147 tablet_service.cc:1917] Received RequestConsensusVote() RPC: tablet_id: "6b998982fd72413bbd5d63b049333ac5" candidate_uuid: "1a8d5fef4a2146b8a3eccd0d7be90ce6" candidate_term: 1 candidate_status { last_received { term: 0 index: 0 } } ignore_live_leader: false dest_uuid: "44787b741d304690a7d21bc3b7c0a8e1" is_pre_election: true
I20260709 14:48:42.744071 13223 raft_consensus.cc:2393] T f1a4c43b7b2042b79079aa6386585102 P 745f74322f5c474e83be870d5bf3a8aa [term 1 FOLLOWER]: Leader pre-election vote request: Denying vote to candidate 44787b741d304690a7d21bc3b7c0a8e1 in current term 1: Already voted for candidate 1a8d5fef4a2146b8a3eccd0d7be90ce6 in this term.
I20260709 14:48:42.744407 13147 raft_consensus.cc:2468] T 6b998982fd72413bbd5d63b049333ac5 P 44787b741d304690a7d21bc3b7c0a8e1 [term 0 FOLLOWER]: Leader pre-election vote request: Granting yes vote for candidate 1a8d5fef4a2146b8a3eccd0d7be90ce6 in term 0.
I20260709 14:48:42.745369 13040 leader_election.cc:304] T 6b998982fd72413bbd5d63b049333ac5 P 1a8d5fef4a2146b8a3eccd0d7be90ce6 [CANDIDATE]: Term 1 pre-election: Election decided. Result: candidate won. Election summary: received 2 responses out of 3 voters: 2 yes votes; 0 no votes. yes voters: 1a8d5fef4a2146b8a3eccd0d7be90ce6, 44787b741d304690a7d21bc3b7c0a8e1; no voters: 
I20260709 14:48:42.745553 13075 tablet_service.cc:1917] Received RequestConsensusVote() RPC: tablet_id: "f1a4c43b7b2042b79079aa6386585102" candidate_uuid: "44787b741d304690a7d21bc3b7c0a8e1" candidate_term: 1 candidate_status { last_received { term: 0 index: 0 } } ignore_live_leader: false dest_uuid: "1a8d5fef4a2146b8a3eccd0d7be90ce6" is_pre_election: true
I20260709 14:48:42.739311 13189 leader_election.cc:304] T 4355129546c8434c8a8d8d4629965d8a P 745f74322f5c474e83be870d5bf3a8aa [CANDIDATE]: Term 1 pre-election: Election decided. Result: candidate lost. Election summary: received 3 responses out of 3 voters: 1 yes votes; 2 no votes. yes voters: 745f74322f5c474e83be870d5bf3a8aa; no voters: 1a8d5fef4a2146b8a3eccd0d7be90ce6, 44787b741d304690a7d21bc3b7c0a8e1
I20260709 14:48:42.745365 13267 tablet_bootstrap.cc:654] T 9fd9c48b122c420c85ab70a85d8edceb P 745f74322f5c474e83be870d5bf3a8aa: Neither blocks nor log segments found. Creating new log.
I20260709 14:48:42.746851 13515 raft_consensus.cc:2804] T 6b998982fd72413bbd5d63b049333ac5 P 1a8d5fef4a2146b8a3eccd0d7be90ce6 [term 0 FOLLOWER]: Leader pre-election won for term 1
I20260709 14:48:42.747329 13515 raft_consensus.cc:493] T 6b998982fd72413bbd5d63b049333ac5 P 1a8d5fef4a2146b8a3eccd0d7be90ce6 [term 0 FOLLOWER]: Starting leader election (no leader contacted us within the election timeout)
I20260709 14:48:42.746814 13114 leader_election.cc:304] T f1a4c43b7b2042b79079aa6386585102 P 44787b741d304690a7d21bc3b7c0a8e1 [CANDIDATE]: Term 1 pre-election: Election decided. Result: candidate lost. Election summary: received 3 responses out of 3 voters: 1 yes votes; 2 no votes. yes voters: 44787b741d304690a7d21bc3b7c0a8e1; no voters: 1a8d5fef4a2146b8a3eccd0d7be90ce6, 745f74322f5c474e83be870d5bf3a8aa
I20260709 14:48:42.747393 13355 raft_consensus.cc:2749] T 4355129546c8434c8a8d8d4629965d8a P 745f74322f5c474e83be870d5bf3a8aa [term 0 FOLLOWER]: Leader pre-election lost for term 1. Reason: could not achieve majority
I20260709 14:48:42.747512 13223 tablet_service.cc:1917] Received RequestConsensusVote() RPC: tablet_id: "6b998982fd72413bbd5d63b049333ac5" candidate_uuid: "1a8d5fef4a2146b8a3eccd0d7be90ce6" candidate_term: 1 candidate_status { last_received { term: 0 index: 0 } } ignore_live_leader: false dest_uuid: "745f74322f5c474e83be870d5bf3a8aa" is_pre_election: true
I20260709 14:48:42.748380 13223 raft_consensus.cc:2468] T 6b998982fd72413bbd5d63b049333ac5 P 745f74322f5c474e83be870d5bf3a8aa [term 0 FOLLOWER]: Leader pre-election vote request: Granting yes vote for candidate 1a8d5fef4a2146b8a3eccd0d7be90ce6 in term 0.
I20260709 14:48:42.748819 13384 raft_consensus.cc:3060] T f1a4c43b7b2042b79079aa6386585102 P 44787b741d304690a7d21bc3b7c0a8e1 [term 0 FOLLOWER]: Advancing to term 1
I20260709 14:48:42.751430 13265 tablet_bootstrap.cc:492] T 5f44b8c5a0cc4e7c92fb3119e329bae6 P 44787b741d304690a7d21bc3b7c0a8e1: No bootstrap required, opened a new log
I20260709 14:48:42.751812 13265 ts_tablet_manager.cc:1403] T 5f44b8c5a0cc4e7c92fb3119e329bae6 P 44787b741d304690a7d21bc3b7c0a8e1: Time spent bootstrapping tablet: real 0.053s	user 0.010s	sys 0.001s
I20260709 14:48:42.753880 13265 raft_consensus.cc:359] T 5f44b8c5a0cc4e7c92fb3119e329bae6 P 44787b741d304690a7d21bc3b7c0a8e1 [term 0 FOLLOWER]: Replica starting. Triggering 0 pending ops. Active config: opid_index: -1 OBSOLETE_local: false peers { permanent_uuid: "1a8d5fef4a2146b8a3eccd0d7be90ce6" member_type: VOTER last_known_addr { host: "127.11.178.65" port: 35913 } } peers { permanent_uuid: "44787b741d304690a7d21bc3b7c0a8e1" member_type: VOTER last_known_addr { host: "127.11.178.66" port: 39815 } } peers { permanent_uuid: "745f74322f5c474e83be870d5bf3a8aa" member_type: VOTER last_known_addr { host: "127.11.178.67" port: 46121 } }
I20260709 14:48:42.754570 13265 raft_consensus.cc:385] T 5f44b8c5a0cc4e7c92fb3119e329bae6 P 44787b741d304690a7d21bc3b7c0a8e1 [term 0 FOLLOWER]: Consensus starting up: Expiring failure detector timer to make a prompt election more likely
I20260709 14:48:42.754853 13265 raft_consensus.cc:740] T 5f44b8c5a0cc4e7c92fb3119e329bae6 P 44787b741d304690a7d21bc3b7c0a8e1 [term 0 FOLLOWER]: Becoming Follower/Learner. State: Replica: 44787b741d304690a7d21bc3b7c0a8e1, State: Initialized, Role: FOLLOWER
I20260709 14:48:42.755511 13265 consensus_queue.cc:260] T 5f44b8c5a0cc4e7c92fb3119e329bae6 P 44787b741d304690a7d21bc3b7c0a8e1 [NON_LEADER]: Queue going to NON_LEADER mode. State: All replicated index: 0, Majority replicated index: 0, Committed index: 0, Last appended: 0.0, Last appended by leader: 0, Current term: 0, Majority size: -1, State: 0, Mode: NON_LEADER, active raft config: opid_index: -1 OBSOLETE_local: false peers { permanent_uuid: "1a8d5fef4a2146b8a3eccd0d7be90ce6" member_type: VOTER last_known_addr { host: "127.11.178.65" port: 35913 } } peers { permanent_uuid: "44787b741d304690a7d21bc3b7c0a8e1" member_type: VOTER last_known_addr { host: "127.11.178.66" port: 39815 } } peers { permanent_uuid: "745f74322f5c474e83be870d5bf3a8aa" member_type: VOTER last_known_addr { host: "127.11.178.67" port: 46121 } }
I20260709 14:48:42.757937 13265 ts_tablet_manager.cc:1434] T 5f44b8c5a0cc4e7c92fb3119e329bae6 P 44787b741d304690a7d21bc3b7c0a8e1: Time spent starting tablet: real 0.006s	user 0.006s	sys 0.001s
I20260709 14:48:42.762281 13268 tablet_bootstrap.cc:492] T bd13011a84c546f38cc63d3850d22ab4 P 1a8d5fef4a2146b8a3eccd0d7be90ce6: Bootstrap starting.
I20260709 14:48:42.766330 13147 raft_consensus.cc:3060] T 7c7ae875b67f4c62b18dac5b2725f86a P 44787b741d304690a7d21bc3b7c0a8e1 [term 0 FOLLOWER]: Advancing to term 1
