W20260709 14:48:39.985828 13022 auto_rebalancer.cc:288] Could not retrieve cluster info: Service unavailable: Tablet not running
W20260709 14:48:40.001144 13365 log.cc:927] Time spent T 31a5bfcca17d4776ad620a80f123f81b P 745f74322f5c474e83be870d5bf3a8aa: Append to log took a long time: real 0.069s	user 0.000s	sys 0.001s
I20260709 14:48:40.001310 13328 raft_consensus.cc:493] T 811647cd21324936b9cf8c4edf1d7a19 P 1a8d5fef4a2146b8a3eccd0d7be90ce6 [term 0 FOLLOWER]: Starting pre-election (no leader contacted us within the election timeout)
I20260709 14:48:40.001871 13328 raft_consensus.cc:515] T 811647cd21324936b9cf8c4edf1d7a19 P 1a8d5fef4a2146b8a3eccd0d7be90ce6 [term 0 FOLLOWER]: Starting pre-election with config: opid_index: -1 OBSOLETE_local: false peers { permanent_uuid: "1a8d5fef4a2146b8a3eccd0d7be90ce6" member_type: VOTER last_known_addr { host: "127.11.178.65" port: 35913 } } peers { permanent_uuid: "44787b741d304690a7d21bc3b7c0a8e1" member_type: VOTER last_known_addr { host: "127.11.178.66" port: 39815 } } peers { permanent_uuid: "745f74322f5c474e83be870d5bf3a8aa" member_type: VOTER last_known_addr { host: "127.11.178.67" port: 46121 } }
I20260709 14:48:40.004089 13328 leader_election.cc:290] T 811647cd21324936b9cf8c4edf1d7a19 P 1a8d5fef4a2146b8a3eccd0d7be90ce6 [CANDIDATE]: Term 1 pre-election: Requested pre-vote from peers 44787b741d304690a7d21bc3b7c0a8e1 (127.11.178.66:39815), 745f74322f5c474e83be870d5bf3a8aa (127.11.178.67:46121)
I20260709 14:48:40.005780 13147 tablet_service.cc:1917] Received RequestConsensusVote() RPC: tablet_id: "811647cd21324936b9cf8c4edf1d7a19" candidate_uuid: "1a8d5fef4a2146b8a3eccd0d7be90ce6" candidate_term: 1 candidate_status { last_received { term: 0 index: 0 } } ignore_live_leader: false dest_uuid: "44787b741d304690a7d21bc3b7c0a8e1" is_pre_election: true
I20260709 14:48:40.007633 13265 tablet_bootstrap.cc:492] T e04acf594ea746b79961426d21066dec P 44787b741d304690a7d21bc3b7c0a8e1: No bootstrap required, opened a new log
I20260709 14:48:40.008036 13265 ts_tablet_manager.cc:1403] T e04acf594ea746b79961426d21066dec P 44787b741d304690a7d21bc3b7c0a8e1: Time spent bootstrapping tablet: real 0.209s	user 0.011s	sys 0.009s
I20260709 14:48:40.008148 13267 tablet_bootstrap.cc:492] T 30c8a6ee9a2f42959ab80dace3841dc1 P 745f74322f5c474e83be870d5bf3a8aa: No bootstrap required, opened a new log
I20260709 14:48:40.009004 13267 ts_tablet_manager.cc:1403] T 30c8a6ee9a2f42959ab80dace3841dc1 P 745f74322f5c474e83be870d5bf3a8aa: Time spent bootstrapping tablet: real 0.198s	user 0.015s	sys 0.004s
I20260709 14:48:40.009491 13268 tablet_bootstrap.cc:492] T 60b40f094f3e4eb086daa722612b6622 P 1a8d5fef4a2146b8a3eccd0d7be90ce6: No bootstrap required, opened a new log
I20260709 14:48:40.010010 13268 ts_tablet_manager.cc:1403] T 60b40f094f3e4eb086daa722612b6622 P 1a8d5fef4a2146b8a3eccd0d7be90ce6: Time spent bootstrapping tablet: real 0.205s	user 0.018s	sys 0.004s
I20260709 14:48:40.010820 13265 raft_consensus.cc:359] T e04acf594ea746b79961426d21066dec P 44787b741d304690a7d21bc3b7c0a8e1 [term 0 FOLLOWER]: Replica starting. Triggering 0 pending ops. Active config: opid_index: -1 OBSOLETE_local: false peers { permanent_uuid: "1a8d5fef4a2146b8a3eccd0d7be90ce6" member_type: VOTER last_known_addr { host: "127.11.178.65" port: 35913 } } peers { permanent_uuid: "44787b741d304690a7d21bc3b7c0a8e1" member_type: VOTER last_known_addr { host: "127.11.178.66" port: 39815 } } peers { permanent_uuid: "745f74322f5c474e83be870d5bf3a8aa" member_type: VOTER last_known_addr { host: "127.11.178.67" port: 46121 } }
I20260709 14:48:40.011474 13265 raft_consensus.cc:385] T e04acf594ea746b79961426d21066dec P 44787b741d304690a7d21bc3b7c0a8e1 [term 0 FOLLOWER]: Consensus starting up: Expiring failure detector timer to make a prompt election more likely
I20260709 14:48:40.011758 13265 raft_consensus.cc:740] T e04acf594ea746b79961426d21066dec P 44787b741d304690a7d21bc3b7c0a8e1 [term 0 FOLLOWER]: Becoming Follower/Learner. State: Replica: 44787b741d304690a7d21bc3b7c0a8e1, State: Initialized, Role: FOLLOWER
I20260709 14:48:40.012123 13267 raft_consensus.cc:359] T 30c8a6ee9a2f42959ab80dace3841dc1 P 745f74322f5c474e83be870d5bf3a8aa [term 0 FOLLOWER]: Replica starting. Triggering 0 pending ops. Active config: opid_index: -1 OBSOLETE_local: false peers { permanent_uuid: "1a8d5fef4a2146b8a3eccd0d7be90ce6" member_type: VOTER last_known_addr { host: "127.11.178.65" port: 35913 } } peers { permanent_uuid: "44787b741d304690a7d21bc3b7c0a8e1" member_type: VOTER last_known_addr { host: "127.11.178.66" port: 39815 } } peers { permanent_uuid: "745f74322f5c474e83be870d5bf3a8aa" member_type: VOTER last_known_addr { host: "127.11.178.67" port: 46121 } }
I20260709 14:48:39.999330 13148 raft_consensus.cc:3060] T 6047095be71a4985baa344e48af3d645 P 44787b741d304690a7d21bc3b7c0a8e1 [term 0 FOLLOWER]: Advancing to term 1
I20260709 14:48:40.012648 13268 raft_consensus.cc:359] T 60b40f094f3e4eb086daa722612b6622 P 1a8d5fef4a2146b8a3eccd0d7be90ce6 [term 0 FOLLOWER]: Replica starting. Triggering 0 pending ops. Active config: opid_index: -1 OBSOLETE_local: false peers { permanent_uuid: "1a8d5fef4a2146b8a3eccd0d7be90ce6" member_type: VOTER last_known_addr { host: "127.11.178.65" port: 35913 } } peers { permanent_uuid: "44787b741d304690a7d21bc3b7c0a8e1" member_type: VOTER last_known_addr { host: "127.11.178.66" port: 39815 } } peers { permanent_uuid: "745f74322f5c474e83be870d5bf3a8aa" member_type: VOTER last_known_addr { host: "127.11.178.67" port: 46121 } }
I20260709 14:48:40.013119 13267 raft_consensus.cc:385] T 30c8a6ee9a2f42959ab80dace3841dc1 P 745f74322f5c474e83be870d5bf3a8aa [term 0 FOLLOWER]: Consensus starting up: Expiring failure detector timer to make a prompt election more likely
I20260709 14:48:40.013448 13268 raft_consensus.cc:385] T 60b40f094f3e4eb086daa722612b6622 P 1a8d5fef4a2146b8a3eccd0d7be90ce6 [term 0 FOLLOWER]: Consensus starting up: Expiring failure detector timer to make a prompt election more likely
I20260709 14:48:40.012414 13265 consensus_queue.cc:260] T e04acf594ea746b79961426d21066dec P 44787b741d304690a7d21bc3b7c0a8e1 [NON_LEADER]: Queue going to NON_LEADER mode. State: All replicated index: 0, Majority replicated index: 0, Committed index: 0, Last appended: 0.0, Last appended by leader: 0, Current term: 0, Majority size: -1, State: 0, Mode: NON_LEADER, active raft config: opid_index: -1 OBSOLETE_local: false peers { permanent_uuid: "1a8d5fef4a2146b8a3eccd0d7be90ce6" member_type: VOTER last_known_addr { host: "127.11.178.65" port: 35913 } } peers { permanent_uuid: "44787b741d304690a7d21bc3b7c0a8e1" member_type: VOTER last_known_addr { host: "127.11.178.66" port: 39815 } } peers { permanent_uuid: "745f74322f5c474e83be870d5bf3a8aa" member_type: VOTER last_known_addr { host: "127.11.178.67" port: 46121 } }
I20260709 14:48:40.013762 13267 raft_consensus.cc:740] T 30c8a6ee9a2f42959ab80dace3841dc1 P 745f74322f5c474e83be870d5bf3a8aa [term 0 FOLLOWER]: Becoming Follower/Learner. State: Replica: 745f74322f5c474e83be870d5bf3a8aa, State: Initialized, Role: FOLLOWER
I20260709 14:48:40.013924 13268 raft_consensus.cc:740] T 60b40f094f3e4eb086daa722612b6622 P 1a8d5fef4a2146b8a3eccd0d7be90ce6 [term 0 FOLLOWER]: Becoming Follower/Learner. State: Replica: 1a8d5fef4a2146b8a3eccd0d7be90ce6, State: Initialized, Role: FOLLOWER
I20260709 14:48:40.015872 13267 consensus_queue.cc:260] T 30c8a6ee9a2f42959ab80dace3841dc1 P 745f74322f5c474e83be870d5bf3a8aa [NON_LEADER]: Queue going to NON_LEADER mode. State: All replicated index: 0, Majority replicated index: 0, Committed index: 0, Last appended: 0.0, Last appended by leader: 0, Current term: 0, Majority size: -1, State: 0, Mode: NON_LEADER, active raft config: opid_index: -1 OBSOLETE_local: false peers { permanent_uuid: "1a8d5fef4a2146b8a3eccd0d7be90ce6" member_type: VOTER last_known_addr { host: "127.11.178.65" port: 35913 } } peers { permanent_uuid: "44787b741d304690a7d21bc3b7c0a8e1" member_type: VOTER last_known_addr { host: "127.11.178.66" port: 39815 } } peers { permanent_uuid: "745f74322f5c474e83be870d5bf3a8aa" member_type: VOTER last_known_addr { host: "127.11.178.67" port: 46121 } }
I20260709 14:48:40.017259 13265 ts_tablet_manager.cc:1434] T e04acf594ea746b79961426d21066dec P 44787b741d304690a7d21bc3b7c0a8e1: Time spent starting tablet: real 0.009s	user 0.007s	sys 0.000s
W20260709 14:48:40.018011 13040 leader_election.cc:343] T 811647cd21324936b9cf8c4edf1d7a19 P 1a8d5fef4a2146b8a3eccd0d7be90ce6 [CANDIDATE]: Term 1 pre-election: Tablet error from VoteRequest() call to peer 44787b741d304690a7d21bc3b7c0a8e1 (127.11.178.66:39815): Illegal state: must be running to vote when last-logged opid is not known
I20260709 14:48:40.023975 13225 tablet_service.cc:1917] Received RequestConsensusVote() RPC: tablet_id: "811647cd21324936b9cf8c4edf1d7a19" candidate_uuid: "1a8d5fef4a2146b8a3eccd0d7be90ce6" candidate_term: 1 candidate_status { last_received { term: 0 index: 0 } } ignore_live_leader: false dest_uuid: "745f74322f5c474e83be870d5bf3a8aa" is_pre_election: true
I20260709 14:48:40.024327 13265 tablet_bootstrap.cc:492] T 5a1616b4eab44e4c80819141583ca29d P 44787b741d304690a7d21bc3b7c0a8e1: Bootstrap starting.
W20260709 14:48:40.025641 13042 leader_election.cc:343] T 811647cd21324936b9cf8c4edf1d7a19 P 1a8d5fef4a2146b8a3eccd0d7be90ce6 [CANDIDATE]: Term 1 pre-election: Tablet error from VoteRequest() call to peer 745f74322f5c474e83be870d5bf3a8aa (127.11.178.67:46121): Illegal state: must be running to vote when last-logged opid is not known
I20260709 14:48:40.026080 13042 leader_election.cc:304] T 811647cd21324936b9cf8c4edf1d7a19 P 1a8d5fef4a2146b8a3eccd0d7be90ce6 [CANDIDATE]: Term 1 pre-election: Election decided. Result: candidate lost. Election summary: received 3 responses out of 3 voters: 1 yes votes; 2 no votes. yes voters: 1a8d5fef4a2146b8a3eccd0d7be90ce6; no voters: 44787b741d304690a7d21bc3b7c0a8e1, 745f74322f5c474e83be870d5bf3a8aa
I20260709 14:48:40.027732 12972 catalog_manager.cc:5697] T 2abca4564c7a4cee9c7a4b319d55e608 P 745f74322f5c474e83be870d5bf3a8aa reported cstate change: term changed from 0 to 1, leader changed from <none> to 745f74322f5c474e83be870d5bf3a8aa (127.11.178.67). New cstate: current_term: 1 leader_uuid: "745f74322f5c474e83be870d5bf3a8aa" committed_config { opid_index: -1 OBSOLETE_local: false peers { permanent_uuid: "1a8d5fef4a2146b8a3eccd0d7be90ce6" member_type: VOTER last_known_addr { host: "127.11.178.65" port: 35913 } health_report { overall_health: UNKNOWN } } peers { permanent_uuid: "44787b741d304690a7d21bc3b7c0a8e1" member_type: VOTER last_known_addr { host: "127.11.178.66" port: 39815 } health_report { overall_health: UNKNOWN } } peers { permanent_uuid: "745f74322f5c474e83be870d5bf3a8aa" member_type: VOTER last_known_addr { host: "127.11.178.67" port: 46121 } health_report { overall_health: HEALTHY } } }
I20260709 14:48:40.021195 13268 consensus_queue.cc:260] T 60b40f094f3e4eb086daa722612b6622 P 1a8d5fef4a2146b8a3eccd0d7be90ce6 [NON_LEADER]: Queue going to NON_LEADER mode. State: All replicated index: 0, Majority replicated index: 0, Committed index: 0, Last appended: 0.0, Last appended by leader: 0, Current term: 0, Majority size: -1, State: 0, Mode: NON_LEADER, active raft config: opid_index: -1 OBSOLETE_local: false peers { permanent_uuid: "1a8d5fef4a2146b8a3eccd0d7be90ce6" member_type: VOTER last_known_addr { host: "127.11.178.65" port: 35913 } } peers { permanent_uuid: "44787b741d304690a7d21bc3b7c0a8e1" member_type: VOTER last_known_addr { host: "127.11.178.66" port: 39815 } } peers { permanent_uuid: "745f74322f5c474e83be870d5bf3a8aa" member_type: VOTER last_known_addr { host: "127.11.178.67" port: 46121 } }
I20260709 14:48:40.019398 13287 consensus_queue.cc:1048] T 5b69702f1f004b75861bd26dc7ae0772 P 44787b741d304690a7d21bc3b7c0a8e1 [LEADER]: Connected to new peer: Peer: permanent_uuid: "745f74322f5c474e83be870d5bf3a8aa" member_type: VOTER last_known_addr { host: "127.11.178.67" port: 46121 }, Status: LMP_MISMATCH, Last received: 0.0, Next index: 1, Last known committed idx: 0, Time since last communication: 0.014s
I20260709 14:48:40.059876 13268 ts_tablet_manager.cc:1434] T 60b40f094f3e4eb086daa722612b6622 P 1a8d5fef4a2146b8a3eccd0d7be90ce6: Time spent starting tablet: real 0.050s	user 0.005s	sys 0.000s
I20260709 14:48:40.061017 13268 tablet_bootstrap.cc:492] T e04acf594ea746b79961426d21066dec P 1a8d5fef4a2146b8a3eccd0d7be90ce6: Bootstrap starting.
I20260709 14:48:40.057960 13327 raft_consensus.cc:2749] T 811647cd21324936b9cf8c4edf1d7a19 P 1a8d5fef4a2146b8a3eccd0d7be90ce6 [term 0 FOLLOWER]: Leader pre-election lost for term 1. Reason: could not achieve majority
I20260709 14:48:40.061698 13330 raft_consensus.cc:493] T 6047095be71a4985baa344e48af3d645 P 44787b741d304690a7d21bc3b7c0a8e1 [term 1 FOLLOWER]: Starting pre-election (no leader contacted us within the election timeout)
I20260709 14:48:40.062741 13267 ts_tablet_manager.cc:1434] T 30c8a6ee9a2f42959ab80dace3841dc1 P 745f74322f5c474e83be870d5bf3a8aa: Time spent starting tablet: real 0.054s	user 0.006s	sys 0.000s
I20260709 14:48:40.063793 13267 tablet_bootstrap.cc:492] T 25f42059b2ac4e1f8e8e68e14b2b2a91 P 745f74322f5c474e83be870d5bf3a8aa: Bootstrap starting.
I20260709 14:48:40.064934 13313 consensus_queue.cc:1048] T 6047095be71a4985baa344e48af3d645 P 745f74322f5c474e83be870d5bf3a8aa [LEADER]: Connected to new peer: Peer: permanent_uuid: "1a8d5fef4a2146b8a3eccd0d7be90ce6" member_type: VOTER last_known_addr { host: "127.11.178.65" port: 35913 }, Status: LMP_MISMATCH, Last received: 0.0, Next index: 1, Last known committed idx: 0, Time since last communication: 0.000s
I20260709 14:48:40.064816 13330 raft_consensus.cc:515] T 6047095be71a4985baa344e48af3d645 P 44787b741d304690a7d21bc3b7c0a8e1 [term 1 FOLLOWER]: Starting pre-election with config: opid_index: -1 OBSOLETE_local: false peers { permanent_uuid: "1a8d5fef4a2146b8a3eccd0d7be90ce6" member_type: VOTER last_known_addr { host: "127.11.178.65" port: 35913 } } peers { permanent_uuid: "44787b741d304690a7d21bc3b7c0a8e1" member_type: VOTER last_known_addr { host: "127.11.178.66" port: 39815 } } peers { permanent_uuid: "745f74322f5c474e83be870d5bf3a8aa" member_type: VOTER last_known_addr { host: "127.11.178.67" port: 46121 } }
I20260709 14:48:40.066210 13313 consensus_queue.cc:1048] T 6047095be71a4985baa344e48af3d645 P 745f74322f5c474e83be870d5bf3a8aa [LEADER]: Connected to new peer: Peer: permanent_uuid: "44787b741d304690a7d21bc3b7c0a8e1" member_type: VOTER last_known_addr { host: "127.11.178.66" port: 39815 }, Status: LMP_MISMATCH, Last received: 0.0, Next index: 1, Last known committed idx: 0, Time since last communication: 0.000s
I20260709 14:48:40.068869 13331 raft_consensus.cc:493] T e04acf594ea746b79961426d21066dec P 44787b741d304690a7d21bc3b7c0a8e1 [term 0 FOLLOWER]: Starting pre-election (no leader contacted us within the election timeout)
I20260709 14:48:40.069299 13331 raft_consensus.cc:515] T e04acf594ea746b79961426d21066dec P 44787b741d304690a7d21bc3b7c0a8e1 [term 0 FOLLOWER]: Starting pre-election with config: opid_index: -1 OBSOLETE_local: false peers { permanent_uuid: "1a8d5fef4a2146b8a3eccd0d7be90ce6" member_type: VOTER last_known_addr { host: "127.11.178.65" port: 35913 } } peers { permanent_uuid: "44787b741d304690a7d21bc3b7c0a8e1" member_type: VOTER last_known_addr { host: "127.11.178.66" port: 39815 } } peers { permanent_uuid: "745f74322f5c474e83be870d5bf3a8aa" member_type: VOTER last_known_addr { host: "127.11.178.67" port: 46121 } }
I20260709 14:48:40.071363 13331 leader_election.cc:290] T e04acf594ea746b79961426d21066dec P 44787b741d304690a7d21bc3b7c0a8e1 [CANDIDATE]: Term 1 pre-election: Requested pre-vote from peers 1a8d5fef4a2146b8a3eccd0d7be90ce6 (127.11.178.65:35913), 745f74322f5c474e83be870d5bf3a8aa (127.11.178.67:46121)
I20260709 14:48:40.074918 13223 tablet_service.cc:1917] Received RequestConsensusVote() RPC: tablet_id: "e04acf594ea746b79961426d21066dec" candidate_uuid: "44787b741d304690a7d21bc3b7c0a8e1" candidate_term: 1 candidate_status { last_received { term: 0 index: 0 } } ignore_live_leader: false dest_uuid: "745f74322f5c474e83be870d5bf3a8aa" is_pre_election: true
I20260709 14:48:40.075691 13223 raft_consensus.cc:2468] T e04acf594ea746b79961426d21066dec P 745f74322f5c474e83be870d5bf3a8aa [term 0 FOLLOWER]: Leader pre-election vote request: Granting yes vote for candidate 44787b741d304690a7d21bc3b7c0a8e1 in term 0.
I20260709 14:48:40.076172 13330 leader_election.cc:290] T 6047095be71a4985baa344e48af3d645 P 44787b741d304690a7d21bc3b7c0a8e1 [CANDIDATE]: Term 2 pre-election: Requested pre-vote from peers 1a8d5fef4a2146b8a3eccd0d7be90ce6 (127.11.178.65:35913), 745f74322f5c474e83be870d5bf3a8aa (127.11.178.67:46121)
I20260709 14:48:40.081069 13073 tablet_service.cc:1917] Received RequestConsensusVote() RPC: tablet_id: "e04acf594ea746b79961426d21066dec" candidate_uuid: "44787b741d304690a7d21bc3b7c0a8e1" candidate_term: 1 candidate_status { last_received { term: 0 index: 0 } } ignore_live_leader: false dest_uuid: "1a8d5fef4a2146b8a3eccd0d7be90ce6" is_pre_election: true
I20260709 14:48:40.088290 13223 tablet_service.cc:1917] Received RequestConsensusVote() RPC: tablet_id: "6047095be71a4985baa344e48af3d645" candidate_uuid: "44787b741d304690a7d21bc3b7c0a8e1" candidate_term: 2 candidate_status { last_received { term: 0 index: 0 } } ignore_live_leader: false dest_uuid: "745f74322f5c474e83be870d5bf3a8aa" is_pre_election: true
I20260709 14:48:40.089937 13075 tablet_service.cc:1917] Received RequestConsensusVote() RPC: tablet_id: "6047095be71a4985baa344e48af3d645" candidate_uuid: "44787b741d304690a7d21bc3b7c0a8e1" candidate_term: 2 candidate_status { last_received { term: 0 index: 0 } } ignore_live_leader: false dest_uuid: "1a8d5fef4a2146b8a3eccd0d7be90ce6" is_pre_election: true
I20260709 14:48:40.086347 13117 leader_election.cc:304] T e04acf594ea746b79961426d21066dec P 44787b741d304690a7d21bc3b7c0a8e1 [CANDIDATE]: Term 1 pre-election: Election decided. Result: candidate won. Election summary: received 2 responses out of 3 voters: 2 yes votes; 0 no votes. yes voters: 44787b741d304690a7d21bc3b7c0a8e1, 745f74322f5c474e83be870d5bf3a8aa; no voters: 
I20260709 14:48:40.092126 13117 leader_election.cc:304] T 6047095be71a4985baa344e48af3d645 P 44787b741d304690a7d21bc3b7c0a8e1 [CANDIDATE]: Term 2 pre-election: Election decided. Result: candidate lost. Election summary: received 3 responses out of 3 voters: 1 yes votes; 2 no votes. yes voters: 44787b741d304690a7d21bc3b7c0a8e1; no voters: 1a8d5fef4a2146b8a3eccd0d7be90ce6, 745f74322f5c474e83be870d5bf3a8aa
I20260709 14:48:40.093362 13331 raft_consensus.cc:2804] T e04acf594ea746b79961426d21066dec P 44787b741d304690a7d21bc3b7c0a8e1 [term 0 FOLLOWER]: Leader pre-election won for term 1
I20260709 14:48:40.093840 13331 raft_consensus.cc:493] T e04acf594ea746b79961426d21066dec P 44787b741d304690a7d21bc3b7c0a8e1 [term 0 FOLLOWER]: Starting leader election (no leader contacted us within the election timeout)
I20260709 14:48:40.094228 13331 raft_consensus.cc:3060] T e04acf594ea746b79961426d21066dec P 44787b741d304690a7d21bc3b7c0a8e1 [term 0 FOLLOWER]: Advancing to term 1
I20260709 14:48:40.102218 13287 consensus_queue.cc:1048] T 5b69702f1f004b75861bd26dc7ae0772 P 44787b741d304690a7d21bc3b7c0a8e1 [LEADER]: Connected to new peer: Peer: permanent_uuid: "1a8d5fef4a2146b8a3eccd0d7be90ce6" member_type: VOTER last_known_addr { host: "127.11.178.65" port: 35913 }, Status: LMP_MISMATCH, Last received: 0.0, Next index: 1, Last known committed idx: 0, Time since last communication: 0.000s
W20260709 14:48:40.104405 13114 leader_election.cc:343] T e04acf594ea746b79961426d21066dec P 44787b741d304690a7d21bc3b7c0a8e1 [CANDIDATE]: Term 1 pre-election: Tablet error from VoteRequest() call to peer 1a8d5fef4a2146b8a3eccd0d7be90ce6 (127.11.178.65:35913): Illegal state: must be running to vote when last-logged opid is not known
I20260709 14:48:40.104915 13265 tablet_bootstrap.cc:654] T 5a1616b4eab44e4c80819141583ca29d P 44787b741d304690a7d21bc3b7c0a8e1: Neither blocks nor log segments found. Creating new log.
I20260709 14:48:40.108772 13267 tablet_bootstrap.cc:654] T 25f42059b2ac4e1f8e8e68e14b2b2a91 P 745f74322f5c474e83be870d5bf3a8aa: Neither blocks nor log segments found. Creating new log.
I20260709 14:48:40.101199 13331 raft_consensus.cc:515] T e04acf594ea746b79961426d21066dec P 44787b741d304690a7d21bc3b7c0a8e1 [term 1 FOLLOWER]: Starting leader election with config: opid_index: -1 OBSOLETE_local: false peers { permanent_uuid: "1a8d5fef4a2146b8a3eccd0d7be90ce6" member_type: VOTER last_known_addr { host: "127.11.178.65" port: 35913 } } peers { permanent_uuid: "44787b741d304690a7d21bc3b7c0a8e1" member_type: VOTER last_known_addr { host: "127.11.178.66" port: 39815 } } peers { permanent_uuid: "745f74322f5c474e83be870d5bf3a8aa" member_type: VOTER last_known_addr { host: "127.11.178.67" port: 46121 } }
I20260709 14:48:40.119920 13075 tablet_service.cc:1917] Received RequestConsensusVote() RPC: tablet_id: "e04acf594ea746b79961426d21066dec" candidate_uuid: "44787b741d304690a7d21bc3b7c0a8e1" candidate_term: 1 candidate_status { last_received { term: 0 index: 0 } } ignore_live_leader: false dest_uuid: "1a8d5fef4a2146b8a3eccd0d7be90ce6"
I20260709 14:48:40.120939 13268 tablet_bootstrap.cc:654] T e04acf594ea746b79961426d21066dec P 1a8d5fef4a2146b8a3eccd0d7be90ce6: Neither blocks nor log segments found. Creating new log.
W20260709 14:48:40.121400 13114 leader_election.cc:343] T e04acf594ea746b79961426d21066dec P 44787b741d304690a7d21bc3b7c0a8e1 [CANDIDATE]: Term 1 election: Tablet error from VoteRequest() call to peer 1a8d5fef4a2146b8a3eccd0d7be90ce6 (127.11.178.65:35913): Illegal state: must be running to vote when last-logged opid is not known
I20260709 14:48:40.140404 12971 catalog_manager.cc:5697] T 60b40f094f3e4eb086daa722612b6622 P 745f74322f5c474e83be870d5bf3a8aa reported cstate change: term changed from 0 to 1, leader changed from <none> to 745f74322f5c474e83be870d5bf3a8aa (127.11.178.67). New cstate: current_term: 1 leader_uuid: "745f74322f5c474e83be870d5bf3a8aa" committed_config { opid_index: -1 OBSOLETE_local: false peers { permanent_uuid: "1a8d5fef4a2146b8a3eccd0d7be90ce6" member_type: VOTER last_known_addr { host: "127.11.178.65" port: 35913 } health_report { overall_health: UNKNOWN } } peers { permanent_uuid: "44787b741d304690a7d21bc3b7c0a8e1" member_type: VOTER last_known_addr { host: "127.11.178.66" port: 39815 } health_report { overall_health: UNKNOWN } } peers { permanent_uuid: "745f74322f5c474e83be870d5bf3a8aa" member_type: VOTER last_known_addr { host: "127.11.178.67" port: 46121 } health_report { overall_health: HEALTHY } } }
I20260709 14:48:40.143790 13330 raft_consensus.cc:2749] T 6047095be71a4985baa344e48af3d645 P 44787b741d304690a7d21bc3b7c0a8e1 [term 1 FOLLOWER]: Leader pre-election lost for term 2. Reason: could not achieve majority
I20260709 14:48:40.146253 13225 tablet_service.cc:1917] Received RequestConsensusVote() RPC: tablet_id: "e04acf594ea746b79961426d21066dec" candidate_uuid: "44787b741d304690a7d21bc3b7c0a8e1" candidate_term: 1 candidate_status { last_received { term: 0 index: 0 } } ignore_live_leader: false dest_uuid: "745f74322f5c474e83be870d5bf3a8aa"
I20260709 14:48:40.146907 13225 raft_consensus.cc:3060] T e04acf594ea746b79961426d21066dec P 745f74322f5c474e83be870d5bf3a8aa [term 0 FOLLOWER]: Advancing to term 1
I20260709 14:48:40.143031 13331 leader_election.cc:290] T e04acf594ea746b79961426d21066dec P 44787b741d304690a7d21bc3b7c0a8e1 [CANDIDATE]: Term 1 election: Requested vote from peers 1a8d5fef4a2146b8a3eccd0d7be90ce6 (127.11.178.65:35913), 745f74322f5c474e83be870d5bf3a8aa (127.11.178.67:46121)
I20260709 14:48:40.148869 13367 raft_consensus.cc:493] T 5a1616b4eab44e4c80819141583ca29d P 745f74322f5c474e83be870d5bf3a8aa [term 0 FOLLOWER]: Starting pre-election (no leader contacted us within the election timeout)
I20260709 14:48:40.149407 13367 raft_consensus.cc:515] T 5a1616b4eab44e4c80819141583ca29d P 745f74322f5c474e83be870d5bf3a8aa [term 0 FOLLOWER]: Starting pre-election with config: opid_index: -1 OBSOLETE_local: false peers { permanent_uuid: "1a8d5fef4a2146b8a3eccd0d7be90ce6" member_type: VOTER last_known_addr { host: "127.11.178.65" port: 35913 } } peers { permanent_uuid: "44787b741d304690a7d21bc3b7c0a8e1" member_type: VOTER last_known_addr { host: "127.11.178.66" port: 39815 } } peers { permanent_uuid: "745f74322f5c474e83be870d5bf3a8aa" member_type: VOTER last_known_addr { host: "127.11.178.67" port: 46121 } }
I20260709 14:48:40.152107 13367 leader_election.cc:290] T 5a1616b4eab44e4c80819141583ca29d P 745f74322f5c474e83be870d5bf3a8aa [CANDIDATE]: Term 1 pre-election: Requested pre-vote from peers 1a8d5fef4a2146b8a3eccd0d7be90ce6 (127.11.178.65:35913), 44787b741d304690a7d21bc3b7c0a8e1 (127.11.178.66:39815)
I20260709 14:48:40.153519 13147 tablet_service.cc:1917] Received RequestConsensusVote() RPC: tablet_id: "5a1616b4eab44e4c80819141583ca29d" candidate_uuid: "745f74322f5c474e83be870d5bf3a8aa" candidate_term: 1 candidate_status { last_received { term: 0 index: 0 } } ignore_live_leader: false dest_uuid: "44787b741d304690a7d21bc3b7c0a8e1" is_pre_election: true
I20260709 14:48:40.153513 13076 tablet_service.cc:1917] Received RequestConsensusVote() RPC: tablet_id: "5a1616b4eab44e4c80819141583ca29d" candidate_uuid: "745f74322f5c474e83be870d5bf3a8aa" candidate_term: 1 candidate_status { last_received { term: 0 index: 0 } } ignore_live_leader: false dest_uuid: "1a8d5fef4a2146b8a3eccd0d7be90ce6" is_pre_election: true
W20260709 14:48:40.154965 13189 leader_election.cc:343] T 5a1616b4eab44e4c80819141583ca29d P 745f74322f5c474e83be870d5bf3a8aa [CANDIDATE]: Term 1 pre-election: Tablet error from VoteRequest() call to peer 44787b741d304690a7d21bc3b7c0a8e1 (127.11.178.66:39815): Illegal state: must be running to vote when last-logged opid is not known
W20260709 14:48:40.155416 13188 leader_election.cc:343] T 5a1616b4eab44e4c80819141583ca29d P 745f74322f5c474e83be870d5bf3a8aa [CANDIDATE]: Term 1 pre-election: Tablet error from VoteRequest() call to peer 1a8d5fef4a2146b8a3eccd0d7be90ce6 (127.11.178.65:35913): Illegal state: must be running to vote when last-logged opid is not known
I20260709 14:48:40.155795 13188 leader_election.cc:304] T 5a1616b4eab44e4c80819141583ca29d P 745f74322f5c474e83be870d5bf3a8aa [CANDIDATE]: Term 1 pre-election: Election decided. Result: candidate lost. Election summary: received 3 responses out of 3 voters: 1 yes votes; 2 no votes. yes voters: 745f74322f5c474e83be870d5bf3a8aa; no voters: 1a8d5fef4a2146b8a3eccd0d7be90ce6, 44787b741d304690a7d21bc3b7c0a8e1
I20260709 14:48:40.156350 13367 raft_consensus.cc:2749] T 5a1616b4eab44e4c80819141583ca29d P 745f74322f5c474e83be870d5bf3a8aa [term 0 FOLLOWER]: Leader pre-election lost for term 1. Reason: could not achieve majority
I20260709 14:48:40.156872 13225 raft_consensus.cc:2468] T e04acf594ea746b79961426d21066dec P 745f74322f5c474e83be870d5bf3a8aa [term 1 FOLLOWER]: Leader election vote request: Granting yes vote for candidate 44787b741d304690a7d21bc3b7c0a8e1 in term 1.
I20260709 14:48:40.158219 13117 leader_election.cc:304] T e04acf594ea746b79961426d21066dec P 44787b741d304690a7d21bc3b7c0a8e1 [CANDIDATE]: Term 1 election: Election decided. Result: candidate won. Election summary: received 3 responses out of 3 voters: 2 yes votes; 1 no votes. yes voters: 44787b741d304690a7d21bc3b7c0a8e1, 745f74322f5c474e83be870d5bf3a8aa; no voters: 1a8d5fef4a2146b8a3eccd0d7be90ce6
I20260709 14:48:40.159147 13331 raft_consensus.cc:2804] T e04acf594ea746b79961426d21066dec P 44787b741d304690a7d21bc3b7c0a8e1 [term 1 FOLLOWER]: Leader election won for term 1
I20260709 14:48:40.160429 13331 raft_consensus.cc:697] T e04acf594ea746b79961426d21066dec P 44787b741d304690a7d21bc3b7c0a8e1 [term 1 LEADER]: Becoming Leader. State: Replica: 44787b741d304690a7d21bc3b7c0a8e1, State: Running, Role: LEADER
I20260709 14:48:40.161459 13331 consensus_queue.cc:237] T e04acf594ea746b79961426d21066dec P 44787b741d304690a7d21bc3b7c0a8e1 [LEADER]: Queue going to LEADER mode. State: All replicated index: 0, Majority replicated index: 0, Committed index: 0, Last appended: 0.0, Last appended by leader: 0, Current term: 1, Majority size: 2, State: 0, Mode: LEADER, active raft config: opid_index: -1 OBSOLETE_local: false peers { permanent_uuid: "1a8d5fef4a2146b8a3eccd0d7be90ce6" member_type: VOTER last_known_addr { host: "127.11.178.65" port: 35913 } } peers { permanent_uuid: "44787b741d304690a7d21bc3b7c0a8e1" member_type: VOTER last_known_addr { host: "127.11.178.66" port: 39815 } } peers { permanent_uuid: "745f74322f5c474e83be870d5bf3a8aa" member_type: VOTER last_known_addr { host: "127.11.178.67" port: 46121 } }
I20260709 14:48:40.166582 13367 raft_consensus.cc:493] T 30c8a6ee9a2f42959ab80dace3841dc1 P 745f74322f5c474e83be870d5bf3a8aa [term 0 FOLLOWER]: Starting pre-election (no leader contacted us within the election timeout)
I20260709 14:48:40.167009 13367 raft_consensus.cc:515] T 30c8a6ee9a2f42959ab80dace3841dc1 P 745f74322f5c474e83be870d5bf3a8aa [term 0 FOLLOWER]: Starting pre-election with config: opid_index: -1 OBSOLETE_local: false peers { permanent_uuid: "1a8d5fef4a2146b8a3eccd0d7be90ce6" member_type: VOTER last_known_addr { host: "127.11.178.65" port: 35913 } } peers { permanent_uuid: "44787b741d304690a7d21bc3b7c0a8e1" member_type: VOTER last_known_addr { host: "127.11.178.66" port: 39815 } } peers { permanent_uuid: "745f74322f5c474e83be870d5bf3a8aa" member_type: VOTER last_known_addr { host: "127.11.178.67" port: 46121 } }
I20260709 14:48:40.168998 13367 leader_election.cc:290] T 30c8a6ee9a2f42959ab80dace3841dc1 P 745f74322f5c474e83be870d5bf3a8aa [CANDIDATE]: Term 1 pre-election: Requested pre-vote from peers 1a8d5fef4a2146b8a3eccd0d7be90ce6 (127.11.178.65:35913), 44787b741d304690a7d21bc3b7c0a8e1 (127.11.178.66:39815)
I20260709 14:48:40.170526 13076 tablet_service.cc:1917] Received RequestConsensusVote() RPC: tablet_id: "30c8a6ee9a2f42959ab80dace3841dc1" candidate_uuid: "745f74322f5c474e83be870d5bf3a8aa" candidate_term: 1 candidate_status { last_received { term: 0 index: 0 } } ignore_live_leader: false dest_uuid: "1a8d5fef4a2146b8a3eccd0d7be90ce6" is_pre_election: true
I20260709 14:48:40.175500 13268 tablet_bootstrap.cc:492] T e04acf594ea746b79961426d21066dec P 1a8d5fef4a2146b8a3eccd0d7be90ce6: No bootstrap required, opened a new log
I20260709 14:48:40.175992 13268 ts_tablet_manager.cc:1403] T e04acf594ea746b79961426d21066dec P 1a8d5fef4a2146b8a3eccd0d7be90ce6: Time spent bootstrapping tablet: real 0.115s	user 0.009s	sys 0.004s
W20260709 14:48:40.178465 13188 leader_election.cc:343] T 30c8a6ee9a2f42959ab80dace3841dc1 P 745f74322f5c474e83be870d5bf3a8aa [CANDIDATE]: Term 1 pre-election: Tablet error from VoteRequest() call to peer 1a8d5fef4a2146b8a3eccd0d7be90ce6 (127.11.178.65:35913): Illegal state: must be running to vote when last-logged opid is not known
I20260709 14:48:40.180366 13267 tablet_bootstrap.cc:492] T 25f42059b2ac4e1f8e8e68e14b2b2a91 P 745f74322f5c474e83be870d5bf3a8aa: No bootstrap required, opened a new log
I20260709 14:48:40.180043 13268 raft_consensus.cc:359] T e04acf594ea746b79961426d21066dec P 1a8d5fef4a2146b8a3eccd0d7be90ce6 [term 0 FOLLOWER]: Replica starting. Triggering 0 pending ops. Active config: opid_index: -1 OBSOLETE_local: false peers { permanent_uuid: "1a8d5fef4a2146b8a3eccd0d7be90ce6" member_type: VOTER last_known_addr { host: "127.11.178.65" port: 35913 } } peers { permanent_uuid: "44787b741d304690a7d21bc3b7c0a8e1" member_type: VOTER last_known_addr { host: "127.11.178.66" port: 39815 } } peers { permanent_uuid: "745f74322f5c474e83be870d5bf3a8aa" member_type: VOTER last_known_addr { host: "127.11.178.67" port: 46121 } }
I20260709 14:48:40.180706 13268 raft_consensus.cc:385] T e04acf594ea746b79961426d21066dec P 1a8d5fef4a2146b8a3eccd0d7be90ce6 [term 0 FOLLOWER]: Consensus starting up: Expiring failure detector timer to make a prompt election more likely
I20260709 14:48:40.180825 13267 ts_tablet_manager.cc:1403] T 25f42059b2ac4e1f8e8e68e14b2b2a91 P 745f74322f5c474e83be870d5bf3a8aa: Time spent bootstrapping tablet: real 0.118s	user 0.006s	sys 0.007s
I20260709 14:48:40.180989 13268 raft_consensus.cc:740] T e04acf594ea746b79961426d21066dec P 1a8d5fef4a2146b8a3eccd0d7be90ce6 [term 0 FOLLOWER]: Becoming Follower/Learner. State: Replica: 1a8d5fef4a2146b8a3eccd0d7be90ce6, State: Initialized, Role: FOLLOWER
I20260709 14:48:40.183043 13268 consensus_queue.cc:260] T e04acf594ea746b79961426d21066dec P 1a8d5fef4a2146b8a3eccd0d7be90ce6 [NON_LEADER]: Queue going to NON_LEADER mode. State: All replicated index: 0, Majority replicated index: 0, Committed index: 0, Last appended: 0.0, Last appended by leader: 0, Current term: 0, Majority size: -1, State: 0, Mode: NON_LEADER, active raft config: opid_index: -1 OBSOLETE_local: false peers { permanent_uuid: "1a8d5fef4a2146b8a3eccd0d7be90ce6" member_type: VOTER last_known_addr { host: "127.11.178.65" port: 35913 } } peers { permanent_uuid: "44787b741d304690a7d21bc3b7c0a8e1" member_type: VOTER last_known_addr { host: "127.11.178.66" port: 39815 } } peers { permanent_uuid: "745f74322f5c474e83be870d5bf3a8aa" member_type: VOTER last_known_addr { host: "127.11.178.67" port: 46121 } }
I20260709 14:48:40.185199 13268 ts_tablet_manager.cc:1434] T e04acf594ea746b79961426d21066dec P 1a8d5fef4a2146b8a3eccd0d7be90ce6: Time spent starting tablet: real 0.009s	user 0.005s	sys 0.003s
I20260709 14:48:40.185883 13147 tablet_service.cc:1917] Received RequestConsensusVote() RPC: tablet_id: "30c8a6ee9a2f42959ab80dace3841dc1" candidate_uuid: "745f74322f5c474e83be870d5bf3a8aa" candidate_term: 1 candidate_status { last_received { term: 0 index: 0 } } ignore_live_leader: false dest_uuid: "44787b741d304690a7d21bc3b7c0a8e1" is_pre_election: true
I20260709 14:48:40.186200 13268 tablet_bootstrap.cc:492] T 5a1616b4eab44e4c80819141583ca29d P 1a8d5fef4a2146b8a3eccd0d7be90ce6: Bootstrap starting.
W20260709 14:48:40.187407 13189 leader_election.cc:343] T 30c8a6ee9a2f42959ab80dace3841dc1 P 745f74322f5c474e83be870d5bf3a8aa [CANDIDATE]: Term 1 pre-election: Tablet error from VoteRequest() call to peer 44787b741d304690a7d21bc3b7c0a8e1 (127.11.178.66:39815): Illegal state: must be running to vote when last-logged opid is not known
I20260709 14:48:40.188081 13189 leader_election.cc:304] T 30c8a6ee9a2f42959ab80dace3841dc1 P 745f74322f5c474e83be870d5bf3a8aa [CANDIDATE]: Term 1 pre-election: Election decided. Result: candidate lost. Election summary: received 3 responses out of 3 voters: 1 yes votes; 2 no votes. yes voters: 745f74322f5c474e83be870d5bf3a8aa; no voters: 1a8d5fef4a2146b8a3eccd0d7be90ce6, 44787b741d304690a7d21bc3b7c0a8e1
I20260709 14:48:40.193532 13367 raft_consensus.cc:2749] T 30c8a6ee9a2f42959ab80dace3841dc1 P 745f74322f5c474e83be870d5bf3a8aa [term 0 FOLLOWER]: Leader pre-election lost for term 1. Reason: could not achieve majority
I20260709 14:48:40.204389 13355 consensus_queue.cc:1048] T 32a7a544158846d0be1e5d320125e988 P 745f74322f5c474e83be870d5bf3a8aa [LEADER]: Connected to new peer: Peer: permanent_uuid: "1a8d5fef4a2146b8a3eccd0d7be90ce6" member_type: VOTER last_known_addr { host: "127.11.178.65" port: 35913 }, Status: LMP_MISMATCH, Last received: 0.0, Next index: 1, Last known committed idx: 0, Time since last communication: 0.000s
I20260709 14:48:40.215242 13265 tablet_bootstrap.cc:492] T 5a1616b4eab44e4c80819141583ca29d P 44787b741d304690a7d21bc3b7c0a8e1: No bootstrap required, opened a new log
I20260709 14:48:40.215227 13267 raft_consensus.cc:359] T 25f42059b2ac4e1f8e8e68e14b2b2a91 P 745f74322f5c474e83be870d5bf3a8aa [term 0 FOLLOWER]: Replica starting. Triggering 0 pending ops. Active config: opid_index: -1 OBSOLETE_local: false peers { permanent_uuid: "1a8d5fef4a2146b8a3eccd0d7be90ce6" member_type: VOTER last_known_addr { host: "127.11.178.65" port: 35913 } } peers { permanent_uuid: "44787b741d304690a7d21bc3b7c0a8e1" member_type: VOTER last_known_addr { host: "127.11.178.66" port: 39815 } } peers { permanent_uuid: "745f74322f5c474e83be870d5bf3a8aa" member_type: VOTER last_known_addr { host: "127.11.178.67" port: 46121 } }
I20260709 14:48:40.216022 13265 ts_tablet_manager.cc:1403] T 5a1616b4eab44e4c80819141583ca29d P 44787b741d304690a7d21bc3b7c0a8e1: Time spent bootstrapping tablet: real 0.193s	user 0.014s	sys 0.012s
I20260709 14:48:40.216105 13267 raft_consensus.cc:385] T 25f42059b2ac4e1f8e8e68e14b2b2a91 P 745f74322f5c474e83be870d5bf3a8aa [term 0 FOLLOWER]: Consensus starting up: Expiring failure detector timer to make a prompt election more likely
I20260709 14:48:40.217092 13267 raft_consensus.cc:740] T 25f42059b2ac4e1f8e8e68e14b2b2a91 P 745f74322f5c474e83be870d5bf3a8aa [term 0 FOLLOWER]: Becoming Follower/Learner. State: Replica: 745f74322f5c474e83be870d5bf3a8aa, State: Initialized, Role: FOLLOWER
I20260709 14:48:40.218446 13267 consensus_queue.cc:260] T 25f42059b2ac4e1f8e8e68e14b2b2a91 P 745f74322f5c474e83be870d5bf3a8aa [NON_LEADER]: Queue going to NON_LEADER mode. State: All replicated index: 0, Majority replicated index: 0, Committed index: 0, Last appended: 0.0, Last appended by leader: 0, Current term: 0, Majority size: -1, State: 0, Mode: NON_LEADER, active raft config: opid_index: -1 OBSOLETE_local: false peers { permanent_uuid: "1a8d5fef4a2146b8a3eccd0d7be90ce6" member_type: VOTER last_known_addr { host: "127.11.178.65" port: 35913 } } peers { permanent_uuid: "44787b741d304690a7d21bc3b7c0a8e1" member_type: VOTER last_known_addr { host: "127.11.178.66" port: 39815 } } peers { permanent_uuid: "745f74322f5c474e83be870d5bf3a8aa" member_type: VOTER last_known_addr { host: "127.11.178.67" port: 46121 } }
I20260709 14:48:40.222380 13268 tablet_bootstrap.cc:654] T 5a1616b4eab44e4c80819141583ca29d P 1a8d5fef4a2146b8a3eccd0d7be90ce6: Neither blocks nor log segments found. Creating new log.
I20260709 14:48:40.228183 13267 ts_tablet_manager.cc:1434] T 25f42059b2ac4e1f8e8e68e14b2b2a91 P 745f74322f5c474e83be870d5bf3a8aa: Time spent starting tablet: real 0.047s	user 0.007s	sys 0.001s
I20260709 14:48:40.232281 13267 tablet_bootstrap.cc:492] T 811647cd21324936b9cf8c4edf1d7a19 P 745f74322f5c474e83be870d5bf3a8aa: Bootstrap starting.
I20260709 14:48:40.238471 12972 catalog_manager.cc:5697] T e04acf594ea746b79961426d21066dec P 44787b741d304690a7d21bc3b7c0a8e1 reported cstate change: term changed from 0 to 1, leader changed from <none> to 44787b741d304690a7d21bc3b7c0a8e1 (127.11.178.66). New cstate: current_term: 1 leader_uuid: "44787b741d304690a7d21bc3b7c0a8e1" committed_config { opid_index: -1 OBSOLETE_local: false peers { permanent_uuid: "1a8d5fef4a2146b8a3eccd0d7be90ce6" member_type: VOTER last_known_addr { host: "127.11.178.65" port: 35913 } health_report { overall_health: UNKNOWN } } peers { permanent_uuid: "44787b741d304690a7d21bc3b7c0a8e1" member_type: VOTER last_known_addr { host: "127.11.178.66" port: 39815 } health_report { overall_health: HEALTHY } } peers { permanent_uuid: "745f74322f5c474e83be870d5bf3a8aa" member_type: VOTER last_known_addr { host: "127.11.178.67" port: 46121 } health_report { overall_health: UNKNOWN } } }
I20260709 14:48:40.242578 13268 tablet_bootstrap.cc:492] T 5a1616b4eab44e4c80819141583ca29d P 1a8d5fef4a2146b8a3eccd0d7be90ce6: No bootstrap required, opened a new log
W20260709 14:48:40.245676 13189 consensus_peers.cc:597] T 32a7a544158846d0be1e5d320125e988 P 745f74322f5c474e83be870d5bf3a8aa -> Peer 44787b741d304690a7d21bc3b7c0a8e1 (127.11.178.66:39815): Couldn't send request to peer 44787b741d304690a7d21bc3b7c0a8e1. Error code: TABLET_NOT_RUNNING (12). Status: Illegal state: Tablet not RUNNING: INITIALIZED. This is attempt 1: this message will repeat every 5th retry.
I20260709 14:48:40.246304 13268 ts_tablet_manager.cc:1403] T 5a1616b4eab44e4c80819141583ca29d P 1a8d5fef4a2146b8a3eccd0d7be90ce6: Time spent bootstrapping tablet: real 0.060s	user 0.009s	sys 0.021s
I20260709 14:48:40.248891 13267 tablet_bootstrap.cc:654] T 811647cd21324936b9cf8c4edf1d7a19 P 745f74322f5c474e83be870d5bf3a8aa: Neither blocks nor log segments found. Creating new log.
I20260709 14:48:40.248987 13268 raft_consensus.cc:359] T 5a1616b4eab44e4c80819141583ca29d P 1a8d5fef4a2146b8a3eccd0d7be90ce6 [term 0 FOLLOWER]: Replica starting. Triggering 0 pending ops. Active config: opid_index: -1 OBSOLETE_local: false peers { permanent_uuid: "1a8d5fef4a2146b8a3eccd0d7be90ce6" member_type: VOTER last_known_addr { host: "127.11.178.65" port: 35913 } } peers { permanent_uuid: "44787b741d304690a7d21bc3b7c0a8e1" member_type: VOTER last_known_addr { host: "127.11.178.66" port: 39815 } } peers { permanent_uuid: "745f74322f5c474e83be870d5bf3a8aa" member_type: VOTER last_known_addr { host: "127.11.178.67" port: 46121 } }
I20260709 14:48:40.249805 13268 raft_consensus.cc:385] T 5a1616b4eab44e4c80819141583ca29d P 1a8d5fef4a2146b8a3eccd0d7be90ce6 [term 0 FOLLOWER]: Consensus starting up: Expiring failure detector timer to make a prompt election more likely
I20260709 14:48:40.250129 13268 raft_consensus.cc:740] T 5a1616b4eab44e4c80819141583ca29d P 1a8d5fef4a2146b8a3eccd0d7be90ce6 [term 0 FOLLOWER]: Becoming Follower/Learner. State: Replica: 1a8d5fef4a2146b8a3eccd0d7be90ce6, State: Initialized, Role: FOLLOWER
I20260709 14:48:40.250988 13268 consensus_queue.cc:260] T 5a1616b4eab44e4c80819141583ca29d P 1a8d5fef4a2146b8a3eccd0d7be90ce6 [NON_LEADER]: Queue going to NON_LEADER mode. State: All replicated index: 0, Majority replicated index: 0, Committed index: 0, Last appended: 0.0, Last appended by leader: 0, Current term: 0, Majority size: -1, State: 0, Mode: NON_LEADER, active raft config: opid_index: -1 OBSOLETE_local: false peers { permanent_uuid: "1a8d5fef4a2146b8a3eccd0d7be90ce6" member_type: VOTER last_known_addr { host: "127.11.178.65" port: 35913 } } peers { permanent_uuid: "44787b741d304690a7d21bc3b7c0a8e1" member_type: VOTER last_known_addr { host: "127.11.178.66" port: 39815 } } peers { permanent_uuid: "745f74322f5c474e83be870d5bf3a8aa" member_type: VOTER last_known_addr { host: "127.11.178.67" port: 46121 } }
I20260709 14:48:40.234299 13265 raft_consensus.cc:359] T 5a1616b4eab44e4c80819141583ca29d P 44787b741d304690a7d21bc3b7c0a8e1 [term 0 FOLLOWER]: Replica starting. Triggering 0 pending ops. Active config: opid_index: -1 OBSOLETE_local: false peers { permanent_uuid: "1a8d5fef4a2146b8a3eccd0d7be90ce6" member_type: VOTER last_known_addr { host: "127.11.178.65" port: 35913 } } peers { permanent_uuid: "44787b741d304690a7d21bc3b7c0a8e1" member_type: VOTER last_known_addr { host: "127.11.178.66" port: 39815 } } peers { permanent_uuid: "745f74322f5c474e83be870d5bf3a8aa" member_type: VOTER last_known_addr { host: "127.11.178.67" port: 46121 } }
I20260709 14:48:40.252240 13265 raft_consensus.cc:385] T 5a1616b4eab44e4c80819141583ca29d P 44787b741d304690a7d21bc3b7c0a8e1 [term 0 FOLLOWER]: Consensus starting up: Expiring failure detector timer to make a prompt election more likely
I20260709 14:48:40.252523 13265 raft_consensus.cc:740] T 5a1616b4eab44e4c80819141583ca29d P 44787b741d304690a7d21bc3b7c0a8e1 [term 0 FOLLOWER]: Becoming Follower/Learner. State: Replica: 44787b741d304690a7d21bc3b7c0a8e1, State: Initialized, Role: FOLLOWER
I20260709 14:48:40.252955 13327 raft_consensus.cc:493] T 25f42059b2ac4e1f8e8e68e14b2b2a91 P 1a8d5fef4a2146b8a3eccd0d7be90ce6 [term 0 FOLLOWER]: Starting pre-election (no leader contacted us within the election timeout)
I20260709 14:48:40.253377 13327 raft_consensus.cc:515] T 25f42059b2ac4e1f8e8e68e14b2b2a91 P 1a8d5fef4a2146b8a3eccd0d7be90ce6 [term 0 FOLLOWER]: Starting pre-election with config: opid_index: -1 OBSOLETE_local: false peers { permanent_uuid: "1a8d5fef4a2146b8a3eccd0d7be90ce6" member_type: VOTER last_known_addr { host: "127.11.178.65" port: 35913 } } peers { permanent_uuid: "44787b741d304690a7d21bc3b7c0a8e1" member_type: VOTER last_known_addr { host: "127.11.178.66" port: 39815 } } peers { permanent_uuid: "745f74322f5c474e83be870d5bf3a8aa" member_type: VOTER last_known_addr { host: "127.11.178.67" port: 46121 } }
I20260709 14:48:40.254056 13267 tablet_bootstrap.cc:492] T 811647cd21324936b9cf8c4edf1d7a19 P 745f74322f5c474e83be870d5bf3a8aa: No bootstrap required, opened a new log
I20260709 14:48:40.254186 13268 ts_tablet_manager.cc:1434] T 5a1616b4eab44e4c80819141583ca29d P 1a8d5fef4a2146b8a3eccd0d7be90ce6: Time spent starting tablet: real 0.008s	user 0.005s	sys 0.001s
I20260709 14:48:40.254490 13267 ts_tablet_manager.cc:1403] T 811647cd21324936b9cf8c4edf1d7a19 P 745f74322f5c474e83be870d5bf3a8aa: Time spent bootstrapping tablet: real 0.025s	user 0.010s	sys 0.000s
I20260709 14:48:40.255165 13268 tablet_bootstrap.cc:492] T 23c14d449a2a4c43b95bec83cf71c2af P 1a8d5fef4a2146b8a3eccd0d7be90ce6: Bootstrap starting.
I20260709 14:48:40.255400 13327 leader_election.cc:290] T 25f42059b2ac4e1f8e8e68e14b2b2a91 P 1a8d5fef4a2146b8a3eccd0d7be90ce6 [CANDIDATE]: Term 1 pre-election: Requested pre-vote from peers 44787b741d304690a7d21bc3b7c0a8e1 (127.11.178.66:39815), 745f74322f5c474e83be870d5bf3a8aa (127.11.178.67:46121)
I20260709 14:48:40.257092 13267 raft_consensus.cc:359] T 811647cd21324936b9cf8c4edf1d7a19 P 745f74322f5c474e83be870d5bf3a8aa [term 0 FOLLOWER]: Replica starting. Triggering 0 pending ops. Active config: opid_index: -1 OBSOLETE_local: false peers { permanent_uuid: "1a8d5fef4a2146b8a3eccd0d7be90ce6" member_type: VOTER last_known_addr { host: "127.11.178.65" port: 35913 } } peers { permanent_uuid: "44787b741d304690a7d21bc3b7c0a8e1" member_type: VOTER last_known_addr { host: "127.11.178.66" port: 39815 } } peers { permanent_uuid: "745f74322f5c474e83be870d5bf3a8aa" member_type: VOTER last_known_addr { host: "127.11.178.67" port: 46121 } }
I20260709 14:48:40.257753 13267 raft_consensus.cc:385] T 811647cd21324936b9cf8c4edf1d7a19 P 745f74322f5c474e83be870d5bf3a8aa [term 0 FOLLOWER]: Consensus starting up: Expiring failure detector timer to make a prompt election more likely
I20260709 14:48:40.257682 13148 tablet_service.cc:1917] Received RequestConsensusVote() RPC: tablet_id: "25f42059b2ac4e1f8e8e68e14b2b2a91" candidate_uuid: "1a8d5fef4a2146b8a3eccd0d7be90ce6" candidate_term: 1 candidate_status { last_received { term: 0 index: 0 } } ignore_live_leader: false dest_uuid: "44787b741d304690a7d21bc3b7c0a8e1" is_pre_election: true
I20260709 14:48:40.258093 13267 raft_consensus.cc:740] T 811647cd21324936b9cf8c4edf1d7a19 P 745f74322f5c474e83be870d5bf3a8aa [term 0 FOLLOWER]: Becoming Follower/Learner. State: Replica: 745f74322f5c474e83be870d5bf3a8aa, State: Initialized, Role: FOLLOWER
I20260709 14:48:40.258832 13225 tablet_service.cc:1917] Received RequestConsensusVote() RPC: tablet_id: "25f42059b2ac4e1f8e8e68e14b2b2a91" candidate_uuid: "1a8d5fef4a2146b8a3eccd0d7be90ce6" candidate_term: 1 candidate_status { last_received { term: 0 index: 0 } } ignore_live_leader: false dest_uuid: "745f74322f5c474e83be870d5bf3a8aa" is_pre_election: true
I20260709 14:48:40.259501 13225 raft_consensus.cc:2468] T 25f42059b2ac4e1f8e8e68e14b2b2a91 P 745f74322f5c474e83be870d5bf3a8aa [term 0 FOLLOWER]: Leader pre-election vote request: Granting yes vote for candidate 1a8d5fef4a2146b8a3eccd0d7be90ce6 in term 0.
I20260709 14:48:40.260771 13042 leader_election.cc:304] T 25f42059b2ac4e1f8e8e68e14b2b2a91 P 1a8d5fef4a2146b8a3eccd0d7be90ce6 [CANDIDATE]: Term 1 pre-election: Election decided. Result: candidate won. Election summary: received 2 responses out of 3 voters: 2 yes votes; 0 no votes. yes voters: 1a8d5fef4a2146b8a3eccd0d7be90ce6, 745f74322f5c474e83be870d5bf3a8aa; no voters: 
I20260709 14:48:40.253378 13265 consensus_queue.cc:260] T 5a1616b4eab44e4c80819141583ca29d P 44787b741d304690a7d21bc3b7c0a8e1 [NON_LEADER]: Queue going to NON_LEADER mode. State: All replicated index: 0, Majority replicated index: 0, Committed index: 0, Last appended: 0.0, Last appended by leader: 0, Current term: 0, Majority size: -1, State: 0, Mode: NON_LEADER, active raft config: opid_index: -1 OBSOLETE_local: false peers { permanent_uuid: "1a8d5fef4a2146b8a3eccd0d7be90ce6" member_type: VOTER last_known_addr { host: "127.11.178.65" port: 35913 } } peers { permanent_uuid: "44787b741d304690a7d21bc3b7c0a8e1" member_type: VOTER last_known_addr { host: "127.11.178.66" port: 39815 } } peers { permanent_uuid: "745f74322f5c474e83be870d5bf3a8aa" member_type: VOTER last_known_addr { host: "127.11.178.67" port: 46121 } }
W20260709 14:48:40.263011 13040 leader_election.cc:343] T 25f42059b2ac4e1f8e8e68e14b2b2a91 P 1a8d5fef4a2146b8a3eccd0d7be90ce6 [CANDIDATE]: Term 1 pre-election: Tablet error from VoteRequest() call to peer 44787b741d304690a7d21bc3b7c0a8e1 (127.11.178.66:39815): Illegal state: must be running to vote when last-logged opid is not known
I20260709 14:48:40.263276 13268 tablet_bootstrap.cc:654] T 23c14d449a2a4c43b95bec83cf71c2af P 1a8d5fef4a2146b8a3eccd0d7be90ce6: Neither blocks nor log segments found. Creating new log.
I20260709 14:48:40.263655 13265 ts_tablet_manager.cc:1434] T 5a1616b4eab44e4c80819141583ca29d P 44787b741d304690a7d21bc3b7c0a8e1: Time spent starting tablet: real 0.047s	user 0.002s	sys 0.003s
I20260709 14:48:40.264534 13265 tablet_bootstrap.cc:492] T 32a7a544158846d0be1e5d320125e988 P 44787b741d304690a7d21bc3b7c0a8e1: Bootstrap starting.
I20260709 14:48:40.264989 13327 raft_consensus.cc:2804] T 25f42059b2ac4e1f8e8e68e14b2b2a91 P 1a8d5fef4a2146b8a3eccd0d7be90ce6 [term 0 FOLLOWER]: Leader pre-election won for term 1
I20260709 14:48:40.265353 13327 raft_consensus.cc:493] T 25f42059b2ac4e1f8e8e68e14b2b2a91 P 1a8d5fef4a2146b8a3eccd0d7be90ce6 [term 0 FOLLOWER]: Starting leader election (no leader contacted us within the election timeout)
I20260709 14:48:40.265723 13327 raft_consensus.cc:3060] T 25f42059b2ac4e1f8e8e68e14b2b2a91 P 1a8d5fef4a2146b8a3eccd0d7be90ce6 [term 0 FOLLOWER]: Advancing to term 1
