I20260709 14:48:28.351425 12490 catalog_manager.cc:5697] T 3e3febecd3d041d29201198170e40751 P 9f769c3d68bd4280978ac051e2350d68 reported cstate change: term changed from 1 to 2, leader changed from 07a241148bf5477c8aa2facf20a8395e (127.11.178.65) to 9f769c3d68bd4280978ac051e2350d68 (127.11.178.66). New cstate: current_term: 2 leader_uuid: "9f769c3d68bd4280978ac051e2350d68" committed_config { opid_index: -1 OBSOLETE_local: false peers { permanent_uuid: "07a241148bf5477c8aa2facf20a8395e" member_type: VOTER last_known_addr { host: "127.11.178.65" port: 42141 } health_report { overall_health: UNKNOWN } } peers { permanent_uuid: "9f769c3d68bd4280978ac051e2350d68" member_type: VOTER last_known_addr { host: "127.11.178.66" port: 40199 } health_report { overall_health: HEALTHY } } peers { permanent_uuid: "9218055e19d7435da1d517ad852f9977" member_type: VOTER last_known_addr { host: "127.11.178.67" port: 32953 } health_report { overall_health: UNKNOWN } } }
I20260709 14:48:28.452235 12790 consensus_queue.cc:1048] T 2bb5423399fd4468a2f8ea1a2a93079d P 07a241148bf5477c8aa2facf20a8395e [LEADER]: Connected to new peer: Peer: permanent_uuid: "9218055e19d7435da1d517ad852f9977" member_type: VOTER last_known_addr { host: "127.11.178.67" port: 32953 }, Status: LMP_MISMATCH, Last received: 0.0, Next index: 1, Last known committed idx: 0, Time since last communication: 0.000s
I20260709 14:48:28.458007 12809 raft_consensus.cc:993] T 2bb5423399fd4468a2f8ea1a2a93079d P 07a241148bf5477c8aa2facf20a8395e: : Instructing follower 9218055e19d7435da1d517ad852f9977 to start an election
I20260709 14:48:28.458449 12809 raft_consensus.cc:1081] T 2bb5423399fd4468a2f8ea1a2a93079d P 07a241148bf5477c8aa2facf20a8395e [term 1 LEADER]: Signalling peer 9218055e19d7435da1d517ad852f9977 to start an election
I20260709 14:48:28.460588 12742 tablet_service.cc:2044] Received Run Leader Election RPC: tablet_id: "2bb5423399fd4468a2f8ea1a2a93079d"
dest_uuid: "9218055e19d7435da1d517ad852f9977"
 from {username='slave'} at 127.0.0.1:53870
I20260709 14:48:28.461223 12742 raft_consensus.cc:493] T 2bb5423399fd4468a2f8ea1a2a93079d P 9218055e19d7435da1d517ad852f9977 [term 1 FOLLOWER]: Starting forced leader election (received explicit request)
I20260709 14:48:28.461706 12742 raft_consensus.cc:3060] T 2bb5423399fd4468a2f8ea1a2a93079d P 9218055e19d7435da1d517ad852f9977 [term 1 FOLLOWER]: Advancing to term 2
I20260709 14:48:28.463451 12790 consensus_queue.cc:1048] T 2bb5423399fd4468a2f8ea1a2a93079d P 07a241148bf5477c8aa2facf20a8395e [LEADER]: Connected to new peer: Peer: permanent_uuid: "9f769c3d68bd4280978ac051e2350d68" member_type: VOTER last_known_addr { host: "127.11.178.66" port: 40199 }, Status: LMP_MISMATCH, Last received: 0.0, Next index: 1, Last known committed idx: 0, Time since last communication: 0.001s
I20260709 14:48:28.468335 12742 raft_consensus.cc:515] T 2bb5423399fd4468a2f8ea1a2a93079d P 9218055e19d7435da1d517ad852f9977 [term 2 FOLLOWER]: Starting forced leader election with config: opid_index: -1 OBSOLETE_local: false peers { permanent_uuid: "07a241148bf5477c8aa2facf20a8395e" member_type: VOTER last_known_addr { host: "127.11.178.65" port: 42141 } } peers { permanent_uuid: "9f769c3d68bd4280978ac051e2350d68" member_type: VOTER last_known_addr { host: "127.11.178.66" port: 40199 } } peers { permanent_uuid: "9218055e19d7435da1d517ad852f9977" member_type: VOTER last_known_addr { host: "127.11.178.67" port: 32953 } }
I20260709 14:48:28.469239 12743 raft_consensus.cc:1240] T 2bb5423399fd4468a2f8ea1a2a93079d P 9218055e19d7435da1d517ad852f9977 [term 2 FOLLOWER]: Rejecting Update request from peer 07a241148bf5477c8aa2facf20a8395e for earlier term 1. Current term is 2. Ops: []
I20260709 14:48:28.471143 12594 tablet_service.cc:1917] Received RequestConsensusVote() RPC: tablet_id: "2bb5423399fd4468a2f8ea1a2a93079d" candidate_uuid: "9218055e19d7435da1d517ad852f9977" candidate_term: 2 candidate_status { last_received { term: 1 index: 1 } } ignore_live_leader: true dest_uuid: "07a241148bf5477c8aa2facf20a8395e"
I20260709 14:48:28.471622 12742 leader_election.cc:290] T 2bb5423399fd4468a2f8ea1a2a93079d P 9218055e19d7435da1d517ad852f9977 [CANDIDATE]: Term 2 election: Requested vote from peers 07a241148bf5477c8aa2facf20a8395e (127.11.178.65:42141), 9f769c3d68bd4280978ac051e2350d68 (127.11.178.66:40199)
I20260709 14:48:28.471741 12594 raft_consensus.cc:3055] T 2bb5423399fd4468a2f8ea1a2a93079d P 07a241148bf5477c8aa2facf20a8395e [term 1 LEADER]: Stepping down as leader of term 1
I20260709 14:48:28.472062 12594 raft_consensus.cc:740] T 2bb5423399fd4468a2f8ea1a2a93079d P 07a241148bf5477c8aa2facf20a8395e [term 1 LEADER]: Becoming Follower/Learner. State: Replica: 07a241148bf5477c8aa2facf20a8395e, State: Running, Role: LEADER
I20260709 14:48:28.472774 12594 consensus_queue.cc:260] T 2bb5423399fd4468a2f8ea1a2a93079d P 07a241148bf5477c8aa2facf20a8395e [NON_LEADER]: Queue going to NON_LEADER mode. State: All replicated index: 0, Majority replicated index: 1, Committed index: 1, Last appended: 1.1, Last appended by leader: 1, Current term: 1, Majority size: -1, State: 0, Mode: NON_LEADER, active raft config: opid_index: -1 OBSOLETE_local: false peers { permanent_uuid: "07a241148bf5477c8aa2facf20a8395e" member_type: VOTER last_known_addr { host: "127.11.178.65" port: 42141 } } peers { permanent_uuid: "9f769c3d68bd4280978ac051e2350d68" member_type: VOTER last_known_addr { host: "127.11.178.66" port: 40199 } } peers { permanent_uuid: "9218055e19d7435da1d517ad852f9977" member_type: VOTER last_known_addr { host: "127.11.178.67" port: 32953 } }
I20260709 14:48:28.473148 12668 tablet_service.cc:1917] Received RequestConsensusVote() RPC: tablet_id: "2bb5423399fd4468a2f8ea1a2a93079d" candidate_uuid: "9218055e19d7435da1d517ad852f9977" candidate_term: 2 candidate_status { last_received { term: 1 index: 1 } } ignore_live_leader: true dest_uuid: "9f769c3d68bd4280978ac051e2350d68"
I20260709 14:48:28.473484 12790 consensus_queue.cc:1059] T 2bb5423399fd4468a2f8ea1a2a93079d P 07a241148bf5477c8aa2facf20a8395e [NON_LEADER]: Peer responded invalid term: Peer: permanent_uuid: "9218055e19d7435da1d517ad852f9977" member_type: VOTER last_known_addr { host: "127.11.178.67" port: 32953 }, Status: INVALID_TERM, Last received: 1.1, Next index: 2, Last known committed idx: 0, Time since last communication: 0.000s
I20260709 14:48:28.473743 12668 raft_consensus.cc:3060] T 2bb5423399fd4468a2f8ea1a2a93079d P 9f769c3d68bd4280978ac051e2350d68 [term 1 FOLLOWER]: Advancing to term 2
I20260709 14:48:28.474596 12594 raft_consensus.cc:3060] T 2bb5423399fd4468a2f8ea1a2a93079d P 07a241148bf5477c8aa2facf20a8395e [term 1 FOLLOWER]: Advancing to term 2
I20260709 14:48:28.478683 12668 raft_consensus.cc:2468] T 2bb5423399fd4468a2f8ea1a2a93079d P 9f769c3d68bd4280978ac051e2350d68 [term 2 FOLLOWER]: Leader election vote request: Granting yes vote for candidate 9218055e19d7435da1d517ad852f9977 in term 2.
I20260709 14:48:28.479655 12594 raft_consensus.cc:2468] T 2bb5423399fd4468a2f8ea1a2a93079d P 07a241148bf5477c8aa2facf20a8395e [term 2 FOLLOWER]: Leader election vote request: Granting yes vote for candidate 9218055e19d7435da1d517ad852f9977 in term 2.
I20260709 14:48:28.479802 12708 leader_election.cc:304] T 2bb5423399fd4468a2f8ea1a2a93079d P 9218055e19d7435da1d517ad852f9977 [CANDIDATE]: Term 2 election: Election decided. Result: candidate won. Election summary: received 2 responses out of 3 voters: 2 yes votes; 0 no votes. yes voters: 9218055e19d7435da1d517ad852f9977, 9f769c3d68bd4280978ac051e2350d68; no voters: 
I20260709 14:48:28.480700 12862 raft_consensus.cc:2804] T 2bb5423399fd4468a2f8ea1a2a93079d P 9218055e19d7435da1d517ad852f9977 [term 2 FOLLOWER]: Leader election won for term 2
I20260709 14:48:28.481127 12862 raft_consensus.cc:697] T 2bb5423399fd4468a2f8ea1a2a93079d P 9218055e19d7435da1d517ad852f9977 [term 2 LEADER]: Becoming Leader. State: Replica: 9218055e19d7435da1d517ad852f9977, State: Running, Role: LEADER
I20260709 14:48:28.481913 12862 consensus_queue.cc:237] T 2bb5423399fd4468a2f8ea1a2a93079d P 9218055e19d7435da1d517ad852f9977 [LEADER]: Queue going to LEADER mode. State: All replicated index: 0, Majority replicated index: 0, Committed index: 0, Last appended: 1.1, Last appended by leader: 1, Current term: 2, Majority size: 2, State: 0, Mode: LEADER, active raft config: opid_index: -1 OBSOLETE_local: false peers { permanent_uuid: "07a241148bf5477c8aa2facf20a8395e" member_type: VOTER last_known_addr { host: "127.11.178.65" port: 42141 } } peers { permanent_uuid: "9f769c3d68bd4280978ac051e2350d68" member_type: VOTER last_known_addr { host: "127.11.178.66" port: 40199 } } peers { permanent_uuid: "9218055e19d7435da1d517ad852f9977" member_type: VOTER last_known_addr { host: "127.11.178.67" port: 32953 } }
I20260709 14:48:28.487978 12490 catalog_manager.cc:5697] T 2bb5423399fd4468a2f8ea1a2a93079d P 9218055e19d7435da1d517ad852f9977 reported cstate change: term changed from 1 to 2, leader changed from 07a241148bf5477c8aa2facf20a8395e (127.11.178.65) to 9218055e19d7435da1d517ad852f9977 (127.11.178.67). New cstate: current_term: 2 leader_uuid: "9218055e19d7435da1d517ad852f9977" committed_config { opid_index: -1 OBSOLETE_local: false peers { permanent_uuid: "07a241148bf5477c8aa2facf20a8395e" member_type: VOTER last_known_addr { host: "127.11.178.65" port: 42141 } health_report { overall_health: UNKNOWN } } peers { permanent_uuid: "9f769c3d68bd4280978ac051e2350d68" member_type: VOTER last_known_addr { host: "127.11.178.66" port: 40199 } health_report { overall_health: UNKNOWN } } peers { permanent_uuid: "9218055e19d7435da1d517ad852f9977" member_type: VOTER last_known_addr { host: "127.11.178.67" port: 32953 } health_report { overall_health: HEALTHY } } }
I20260709 14:48:28.490513 12840 consensus_queue.cc:1048] T c5fe5ba1dff04956a7260637fb499403 P 07a241148bf5477c8aa2facf20a8395e [LEADER]: Connected to new peer: Peer: permanent_uuid: "9f769c3d68bd4280978ac051e2350d68" member_type: VOTER last_known_addr { host: "127.11.178.66" port: 40199 }, Status: LMP_MISMATCH, Last received: 0.0, Next index: 1, Last known committed idx: 0, Time since last communication: 0.000s
I20260709 14:48:28.497138 12790 raft_consensus.cc:993] T c5fe5ba1dff04956a7260637fb499403 P 07a241148bf5477c8aa2facf20a8395e: : Instructing follower 9f769c3d68bd4280978ac051e2350d68 to start an election
I20260709 14:48:28.497574 12809 raft_consensus.cc:1081] T c5fe5ba1dff04956a7260637fb499403 P 07a241148bf5477c8aa2facf20a8395e [term 1 LEADER]: Signalling peer 9f769c3d68bd4280978ac051e2350d68 to start an election
I20260709 14:48:28.499313 12667 tablet_service.cc:2044] Received Run Leader Election RPC: tablet_id: "c5fe5ba1dff04956a7260637fb499403"
dest_uuid: "9f769c3d68bd4280978ac051e2350d68"
 from {username='slave'} at 127.0.0.1:41222
I20260709 14:48:28.499884 12667 raft_consensus.cc:493] T c5fe5ba1dff04956a7260637fb499403 P 9f769c3d68bd4280978ac051e2350d68 [term 1 FOLLOWER]: Starting forced leader election (received explicit request)
I20260709 14:48:28.500244 12667 raft_consensus.cc:3060] T c5fe5ba1dff04956a7260637fb499403 P 9f769c3d68bd4280978ac051e2350d68 [term 1 FOLLOWER]: Advancing to term 2
I20260709 14:48:28.502983 12809 consensus_queue.cc:1048] T c5fe5ba1dff04956a7260637fb499403 P 07a241148bf5477c8aa2facf20a8395e [LEADER]: Connected to new peer: Peer: permanent_uuid: "9218055e19d7435da1d517ad852f9977" member_type: VOTER last_known_addr { host: "127.11.178.67" port: 32953 }, Status: LMP_MISMATCH, Last received: 0.0, Next index: 1, Last known committed idx: 0, Time since last communication: 0.000s
I20260709 14:48:28.507830 12667 raft_consensus.cc:515] T c5fe5ba1dff04956a7260637fb499403 P 9f769c3d68bd4280978ac051e2350d68 [term 2 FOLLOWER]: Starting forced leader election with config: opid_index: -1 OBSOLETE_local: false peers { permanent_uuid: "07a241148bf5477c8aa2facf20a8395e" member_type: VOTER last_known_addr { host: "127.11.178.65" port: 42141 } } peers { permanent_uuid: "9f769c3d68bd4280978ac051e2350d68" member_type: VOTER last_known_addr { host: "127.11.178.66" port: 40199 } } peers { permanent_uuid: "9218055e19d7435da1d517ad852f9977" member_type: VOTER last_known_addr { host: "127.11.178.67" port: 32953 } }
I20260709 14:48:28.509618 12667 leader_election.cc:290] T c5fe5ba1dff04956a7260637fb499403 P 9f769c3d68bd4280978ac051e2350d68 [CANDIDATE]: Term 2 election: Requested vote from peers 07a241148bf5477c8aa2facf20a8395e (127.11.178.65:42141), 9218055e19d7435da1d517ad852f9977 (127.11.178.67:32953)
I20260709 14:48:28.511130 12743 tablet_service.cc:1917] Received RequestConsensusVote() RPC: tablet_id: "c5fe5ba1dff04956a7260637fb499403" candidate_uuid: "9f769c3d68bd4280978ac051e2350d68" candidate_term: 2 candidate_status { last_received { term: 1 index: 1 } } ignore_live_leader: true dest_uuid: "9218055e19d7435da1d517ad852f9977"
I20260709 14:48:28.511215 12594 tablet_service.cc:1917] Received RequestConsensusVote() RPC: tablet_id: "c5fe5ba1dff04956a7260637fb499403" candidate_uuid: "9f769c3d68bd4280978ac051e2350d68" candidate_term: 2 candidate_status { last_received { term: 1 index: 1 } } ignore_live_leader: true dest_uuid: "07a241148bf5477c8aa2facf20a8395e"
I20260709 14:48:28.511874 12594 raft_consensus.cc:3055] T c5fe5ba1dff04956a7260637fb499403 P 07a241148bf5477c8aa2facf20a8395e [term 1 LEADER]: Stepping down as leader of term 1
I20260709 14:48:28.512224 12594 raft_consensus.cc:740] T c5fe5ba1dff04956a7260637fb499403 P 07a241148bf5477c8aa2facf20a8395e [term 1 LEADER]: Becoming Follower/Learner. State: Replica: 07a241148bf5477c8aa2facf20a8395e, State: Running, Role: LEADER
I20260709 14:48:28.513155 12594 consensus_queue.cc:260] T c5fe5ba1dff04956a7260637fb499403 P 07a241148bf5477c8aa2facf20a8395e [NON_LEADER]: Queue going to NON_LEADER mode. State: All replicated index: 0, Majority replicated index: 1, Committed index: 1, Last appended: 1.1, Last appended by leader: 1, Current term: 1, Majority size: -1, State: 0, Mode: NON_LEADER, active raft config: opid_index: -1 OBSOLETE_local: false peers { permanent_uuid: "07a241148bf5477c8aa2facf20a8395e" member_type: VOTER last_known_addr { host: "127.11.178.65" port: 42141 } } peers { permanent_uuid: "9f769c3d68bd4280978ac051e2350d68" member_type: VOTER last_known_addr { host: "127.11.178.66" port: 40199 } } peers { permanent_uuid: "9218055e19d7435da1d517ad852f9977" member_type: VOTER last_known_addr { host: "127.11.178.67" port: 32953 } }
I20260709 14:48:28.514314 12594 raft_consensus.cc:3060] T c5fe5ba1dff04956a7260637fb499403 P 07a241148bf5477c8aa2facf20a8395e [term 1 FOLLOWER]: Advancing to term 2
I20260709 14:48:28.519852 12594 raft_consensus.cc:2468] T c5fe5ba1dff04956a7260637fb499403 P 07a241148bf5477c8aa2facf20a8395e [term 2 FOLLOWER]: Leader election vote request: Granting yes vote for candidate 9f769c3d68bd4280978ac051e2350d68 in term 2.
I20260709 14:48:28.520844 12635 leader_election.cc:304] T c5fe5ba1dff04956a7260637fb499403 P 9f769c3d68bd4280978ac051e2350d68 [CANDIDATE]: Term 2 election: Election decided. Result: candidate won. Election summary: received 3 responses out of 3 voters: 2 yes votes; 1 no votes. yes voters: 07a241148bf5477c8aa2facf20a8395e, 9f769c3d68bd4280978ac051e2350d68; no voters: 9218055e19d7435da1d517ad852f9977
I20260709 14:48:28.521737 12824 raft_consensus.cc:2804] T c5fe5ba1dff04956a7260637fb499403 P 9f769c3d68bd4280978ac051e2350d68 [term 2 FOLLOWER]: Leader election won for term 2
I20260709 14:48:28.522171 12824 raft_consensus.cc:697] T c5fe5ba1dff04956a7260637fb499403 P 9f769c3d68bd4280978ac051e2350d68 [term 2 LEADER]: Becoming Leader. State: Replica: 9f769c3d68bd4280978ac051e2350d68, State: Running, Role: LEADER
I20260709 14:48:28.522945 12824 consensus_queue.cc:237] T c5fe5ba1dff04956a7260637fb499403 P 9f769c3d68bd4280978ac051e2350d68 [LEADER]: Queue going to LEADER mode. State: All replicated index: 0, Majority replicated index: 1, Committed index: 1, Last appended: 1.1, Last appended by leader: 1, Current term: 2, Majority size: 2, State: 0, Mode: LEADER, active raft config: opid_index: -1 OBSOLETE_local: false peers { permanent_uuid: "07a241148bf5477c8aa2facf20a8395e" member_type: VOTER last_known_addr { host: "127.11.178.65" port: 42141 } } peers { permanent_uuid: "9f769c3d68bd4280978ac051e2350d68" member_type: VOTER last_known_addr { host: "127.11.178.66" port: 40199 } } peers { permanent_uuid: "9218055e19d7435da1d517ad852f9977" member_type: VOTER last_known_addr { host: "127.11.178.67" port: 32953 } }
I20260709 14:48:28.529711 12490 catalog_manager.cc:5697] T c5fe5ba1dff04956a7260637fb499403 P 9f769c3d68bd4280978ac051e2350d68 reported cstate change: term changed from 1 to 2, leader changed from 07a241148bf5477c8aa2facf20a8395e (127.11.178.65) to 9f769c3d68bd4280978ac051e2350d68 (127.11.178.66). New cstate: current_term: 2 leader_uuid: "9f769c3d68bd4280978ac051e2350d68" committed_config { opid_index: -1 OBSOLETE_local: false peers { permanent_uuid: "07a241148bf5477c8aa2facf20a8395e" member_type: VOTER last_known_addr { host: "127.11.178.65" port: 42141 } health_report { overall_health: UNKNOWN } } peers { permanent_uuid: "9f769c3d68bd4280978ac051e2350d68" member_type: VOTER last_known_addr { host: "127.11.178.66" port: 40199 } health_report { overall_health: HEALTHY } } peers { permanent_uuid: "9218055e19d7435da1d517ad852f9977" member_type: VOTER last_known_addr { host: "127.11.178.67" port: 32953 } health_report { overall_health: UNKNOWN } } }
I20260709 14:48:28.556098 12825 raft_consensus.cc:993] T 7c12335ff098407caef81e9685858023 P 9f769c3d68bd4280978ac051e2350d68: : Instructing follower 07a241148bf5477c8aa2facf20a8395e to start an election
I20260709 14:48:28.556536 12824 raft_consensus.cc:1081] T 7c12335ff098407caef81e9685858023 P 9f769c3d68bd4280978ac051e2350d68 [term 1 LEADER]: Signalling peer 07a241148bf5477c8aa2facf20a8395e to start an election
I20260709 14:48:28.557958 12594 tablet_service.cc:2044] Received Run Leader Election RPC: tablet_id: "7c12335ff098407caef81e9685858023"
dest_uuid: "07a241148bf5477c8aa2facf20a8395e"
 from {username='slave'} at 127.0.0.1:55332
I20260709 14:48:28.558471 12594 raft_consensus.cc:493] T 7c12335ff098407caef81e9685858023 P 07a241148bf5477c8aa2facf20a8395e [term 1 FOLLOWER]: Starting forced leader election (received explicit request)
I20260709 14:48:28.558749 12594 raft_consensus.cc:3060] T 7c12335ff098407caef81e9685858023 P 07a241148bf5477c8aa2facf20a8395e [term 1 FOLLOWER]: Advancing to term 2
I20260709 14:48:28.563237 12594 raft_consensus.cc:515] T 7c12335ff098407caef81e9685858023 P 07a241148bf5477c8aa2facf20a8395e [term 2 FOLLOWER]: Starting forced leader election with config: opid_index: -1 OBSOLETE_local: false peers { permanent_uuid: "07a241148bf5477c8aa2facf20a8395e" member_type: VOTER last_known_addr { host: "127.11.178.65" port: 42141 } } peers { permanent_uuid: "9f769c3d68bd4280978ac051e2350d68" member_type: VOTER last_known_addr { host: "127.11.178.66" port: 40199 } } peers { permanent_uuid: "9218055e19d7435da1d517ad852f9977" member_type: VOTER last_known_addr { host: "127.11.178.67" port: 32953 } }
I20260709 14:48:28.564865 12594 leader_election.cc:290] T 7c12335ff098407caef81e9685858023 P 07a241148bf5477c8aa2facf20a8395e [CANDIDATE]: Term 2 election: Requested vote from peers 9f769c3d68bd4280978ac051e2350d68 (127.11.178.66:40199), 9218055e19d7435da1d517ad852f9977 (127.11.178.67:32953)
I20260709 14:48:28.565698 12667 tablet_service.cc:1917] Received RequestConsensusVote() RPC: tablet_id: "7c12335ff098407caef81e9685858023" candidate_uuid: "07a241148bf5477c8aa2facf20a8395e" candidate_term: 2 candidate_status { last_received { term: 1 index: 1 } } ignore_live_leader: true dest_uuid: "9f769c3d68bd4280978ac051e2350d68"
I20260709 14:48:28.565948 12742 tablet_service.cc:1917] Received RequestConsensusVote() RPC: tablet_id: "7c12335ff098407caef81e9685858023" candidate_uuid: "07a241148bf5477c8aa2facf20a8395e" candidate_term: 2 candidate_status { last_received { term: 1 index: 1 } } ignore_live_leader: true dest_uuid: "9218055e19d7435da1d517ad852f9977"
I20260709 14:48:28.566296 12667 raft_consensus.cc:3055] T 7c12335ff098407caef81e9685858023 P 9f769c3d68bd4280978ac051e2350d68 [term 1 LEADER]: Stepping down as leader of term 1
I20260709 14:48:28.566457 12742 raft_consensus.cc:3060] T 7c12335ff098407caef81e9685858023 P 9218055e19d7435da1d517ad852f9977 [term 1 FOLLOWER]: Advancing to term 2
I20260709 14:48:28.566642 12667 raft_consensus.cc:740] T 7c12335ff098407caef81e9685858023 P 9f769c3d68bd4280978ac051e2350d68 [term 1 LEADER]: Becoming Follower/Learner. State: Replica: 9f769c3d68bd4280978ac051e2350d68, State: Running, Role: LEADER
I20260709 14:48:28.567444 12667 consensus_queue.cc:260] T 7c12335ff098407caef81e9685858023 P 9f769c3d68bd4280978ac051e2350d68 [NON_LEADER]: Queue going to NON_LEADER mode. State: All replicated index: 0, Majority replicated index: 1, Committed index: 1, Last appended: 1.1, Last appended by leader: 1, Current term: 1, Majority size: -1, State: 0, Mode: NON_LEADER, active raft config: opid_index: -1 OBSOLETE_local: false peers { permanent_uuid: "07a241148bf5477c8aa2facf20a8395e" member_type: VOTER last_known_addr { host: "127.11.178.65" port: 42141 } } peers { permanent_uuid: "9f769c3d68bd4280978ac051e2350d68" member_type: VOTER last_known_addr { host: "127.11.178.66" port: 40199 } } peers { permanent_uuid: "9218055e19d7435da1d517ad852f9977" member_type: VOTER last_known_addr { host: "127.11.178.67" port: 32953 } }
I20260709 14:48:28.568589 12667 raft_consensus.cc:3060] T 7c12335ff098407caef81e9685858023 P 9f769c3d68bd4280978ac051e2350d68 [term 1 FOLLOWER]: Advancing to term 2
I20260709 14:48:28.572978 12742 raft_consensus.cc:2468] T 7c12335ff098407caef81e9685858023 P 9218055e19d7435da1d517ad852f9977 [term 2 FOLLOWER]: Leader election vote request: Granting yes vote for candidate 07a241148bf5477c8aa2facf20a8395e in term 2.
I20260709 14:48:28.574259 12557 leader_election.cc:304] T 7c12335ff098407caef81e9685858023 P 07a241148bf5477c8aa2facf20a8395e [CANDIDATE]: Term 2 election: Election decided. Result: candidate won. Election summary: received 2 responses out of 3 voters: 2 yes votes; 0 no votes. yes voters: 07a241148bf5477c8aa2facf20a8395e, 9218055e19d7435da1d517ad852f9977; no voters: 
I20260709 14:48:28.574579 12667 raft_consensus.cc:2468] T 7c12335ff098407caef81e9685858023 P 9f769c3d68bd4280978ac051e2350d68 [term 2 FOLLOWER]: Leader election vote request: Granting yes vote for candidate 07a241148bf5477c8aa2facf20a8395e in term 2.
I20260709 14:48:28.574901 12790 raft_consensus.cc:2804] T 7c12335ff098407caef81e9685858023 P 07a241148bf5477c8aa2facf20a8395e [term 2 FOLLOWER]: Leader election won for term 2
I20260709 14:48:28.575383 12790 raft_consensus.cc:697] T 7c12335ff098407caef81e9685858023 P 07a241148bf5477c8aa2facf20a8395e [term 2 LEADER]: Becoming Leader. State: Replica: 07a241148bf5477c8aa2facf20a8395e, State: Running, Role: LEADER
I20260709 14:48:28.576107 12790 consensus_queue.cc:237] T 7c12335ff098407caef81e9685858023 P 07a241148bf5477c8aa2facf20a8395e [LEADER]: Queue going to LEADER mode. State: All replicated index: 0, Majority replicated index: 1, Committed index: 1, Last appended: 1.1, Last appended by leader: 1, Current term: 2, Majority size: 2, State: 0, Mode: LEADER, active raft config: opid_index: -1 OBSOLETE_local: false peers { permanent_uuid: "07a241148bf5477c8aa2facf20a8395e" member_type: VOTER last_known_addr { host: "127.11.178.65" port: 42141 } } peers { permanent_uuid: "9f769c3d68bd4280978ac051e2350d68" member_type: VOTER last_known_addr { host: "127.11.178.66" port: 40199 } } peers { permanent_uuid: "9218055e19d7435da1d517ad852f9977" member_type: VOTER last_known_addr { host: "127.11.178.67" port: 32953 } }
I20260709 14:48:28.581897 12490 catalog_manager.cc:5697] T 7c12335ff098407caef81e9685858023 P 07a241148bf5477c8aa2facf20a8395e reported cstate change: term changed from 1 to 2, leader changed from 9f769c3d68bd4280978ac051e2350d68 (127.11.178.66) to 07a241148bf5477c8aa2facf20a8395e (127.11.178.65). New cstate: current_term: 2 leader_uuid: "07a241148bf5477c8aa2facf20a8395e" committed_config { opid_index: -1 OBSOLETE_local: false peers { permanent_uuid: "07a241148bf5477c8aa2facf20a8395e" member_type: VOTER last_known_addr { host: "127.11.178.65" port: 42141 } health_report { overall_health: HEALTHY } } peers { permanent_uuid: "9f769c3d68bd4280978ac051e2350d68" member_type: VOTER last_known_addr { host: "127.11.178.66" port: 40199 } health_report { overall_health: UNKNOWN } } peers { permanent_uuid: "9218055e19d7435da1d517ad852f9977" member_type: VOTER last_known_addr { host: "127.11.178.67" port: 32953 } health_report { overall_health: UNKNOWN } } }
I20260709 14:48:28.664011 12667 raft_consensus.cc:1275] T 907d66439fc94b6d8501d25456482f72 P 9f769c3d68bd4280978ac051e2350d68 [term 2 FOLLOWER]: Refusing update from remote peer 07a241148bf5477c8aa2facf20a8395e: Log matching property violated. Preceding OpId in replica: term: 1 index: 1. Preceding OpId from leader: term: 2 index: 2. (index mismatch)
I20260709 14:48:28.665184 12790 consensus_queue.cc:1048] T 907d66439fc94b6d8501d25456482f72 P 07a241148bf5477c8aa2facf20a8395e [LEADER]: Connected to new peer: Peer: permanent_uuid: "9f769c3d68bd4280978ac051e2350d68" member_type: VOTER last_known_addr { host: "127.11.178.66" port: 40199 }, Status: LMP_MISMATCH, Last received: 0.0, Next index: 2, Last known committed idx: 1, Time since last communication: 0.000s
I20260709 14:48:28.671972 12742 raft_consensus.cc:1275] T 907d66439fc94b6d8501d25456482f72 P 9218055e19d7435da1d517ad852f9977 [term 2 FOLLOWER]: Refusing update from remote peer 07a241148bf5477c8aa2facf20a8395e: Log matching property violated. Preceding OpId in replica: term: 1 index: 1. Preceding OpId from leader: term: 2 index: 2. (index mismatch)
I20260709 14:48:28.673735 12837 consensus_queue.cc:1048] T 907d66439fc94b6d8501d25456482f72 P 07a241148bf5477c8aa2facf20a8395e [LEADER]: Connected to new peer: Peer: permanent_uuid: "9218055e19d7435da1d517ad852f9977" member_type: VOTER last_known_addr { host: "127.11.178.67" port: 32953 }, Status: LMP_MISMATCH, Last received: 0.0, Next index: 2, Last known committed idx: 1, Time since last communication: 0.000s
I20260709 14:48:28.740291 12742 raft_consensus.cc:1275] T 3e3febecd3d041d29201198170e40751 P 9218055e19d7435da1d517ad852f9977 [term 2 FOLLOWER]: Refusing update from remote peer 9f769c3d68bd4280978ac051e2350d68: Log matching property violated. Preceding OpId in replica: term: 1 index: 1. Preceding OpId from leader: term: 2 index: 2. (index mismatch)
I20260709 14:48:28.741456 12824 consensus_queue.cc:1048] T 3e3febecd3d041d29201198170e40751 P 9f769c3d68bd4280978ac051e2350d68 [LEADER]: Connected to new peer: Peer: permanent_uuid: "9218055e19d7435da1d517ad852f9977" member_type: VOTER last_known_addr { host: "127.11.178.67" port: 32953 }, Status: LMP_MISMATCH, Last received: 0.0, Next index: 2, Last known committed idx: 1, Time since last communication: 0.000s
I20260709 14:48:28.749117 12594 raft_consensus.cc:1275] T 3e3febecd3d041d29201198170e40751 P 07a241148bf5477c8aa2facf20a8395e [term 2 FOLLOWER]: Refusing update from remote peer 9f769c3d68bd4280978ac051e2350d68: Log matching property violated. Preceding OpId in replica: term: 1 index: 1. Preceding OpId from leader: term: 2 index: 2. (index mismatch)
I20260709 14:48:28.750761 12825 consensus_queue.cc:1048] T 3e3febecd3d041d29201198170e40751 P 9f769c3d68bd4280978ac051e2350d68 [LEADER]: Connected to new peer: Peer: permanent_uuid: "07a241148bf5477c8aa2facf20a8395e" member_type: VOTER last_known_addr { host: "127.11.178.65" port: 42141 }, Status: LMP_MISMATCH, Last received: 0.0, Next index: 2, Last known committed idx: 1, Time since last communication: 0.001s
I20260709 14:48:28.811792 12821 raft_consensus.cc:993] T 65ea64d038144da680adbf6f299f46e0 P 9218055e19d7435da1d517ad852f9977: : Instructing follower 9f769c3d68bd4280978ac051e2350d68 to start an election
I20260709 14:48:28.812234 12862 raft_consensus.cc:1081] T 65ea64d038144da680adbf6f299f46e0 P 9218055e19d7435da1d517ad852f9977 [term 1 LEADER]: Signalling peer 9f769c3d68bd4280978ac051e2350d68 to start an election
I20260709 14:48:28.813545 12667 tablet_service.cc:2044] Received Run Leader Election RPC: tablet_id: "65ea64d038144da680adbf6f299f46e0"
dest_uuid: "9f769c3d68bd4280978ac051e2350d68"
 from {username='slave'} at 127.0.0.1:41206
I20260709 14:48:28.814025 12667 raft_consensus.cc:493] T 65ea64d038144da680adbf6f299f46e0 P 9f769c3d68bd4280978ac051e2350d68 [term 1 FOLLOWER]: Starting forced leader election (received explicit request)
I20260709 14:48:28.814306 12667 raft_consensus.cc:3060] T 65ea64d038144da680adbf6f299f46e0 P 9f769c3d68bd4280978ac051e2350d68 [term 1 FOLLOWER]: Advancing to term 2
I20260709 14:48:28.818652 12667 raft_consensus.cc:515] T 65ea64d038144da680adbf6f299f46e0 P 9f769c3d68bd4280978ac051e2350d68 [term 2 FOLLOWER]: Starting forced leader election with config: opid_index: -1 OBSOLETE_local: false peers { permanent_uuid: "07a241148bf5477c8aa2facf20a8395e" member_type: VOTER last_known_addr { host: "127.11.178.65" port: 42141 } } peers { permanent_uuid: "9f769c3d68bd4280978ac051e2350d68" member_type: VOTER last_known_addr { host: "127.11.178.66" port: 40199 } } peers { permanent_uuid: "9218055e19d7435da1d517ad852f9977" member_type: VOTER last_known_addr { host: "127.11.178.67" port: 32953 } }
I20260709 14:48:28.820138 12667 leader_election.cc:290] T 65ea64d038144da680adbf6f299f46e0 P 9f769c3d68bd4280978ac051e2350d68 [CANDIDATE]: Term 2 election: Requested vote from peers 07a241148bf5477c8aa2facf20a8395e (127.11.178.65:42141), 9218055e19d7435da1d517ad852f9977 (127.11.178.67:32953)
I20260709 14:48:28.820990 12594 tablet_service.cc:1917] Received RequestConsensusVote() RPC: tablet_id: "65ea64d038144da680adbf6f299f46e0" candidate_uuid: "9f769c3d68bd4280978ac051e2350d68" candidate_term: 2 candidate_status { last_received { term: 1 index: 1 } } ignore_live_leader: true dest_uuid: "07a241148bf5477c8aa2facf20a8395e"
I20260709 14:48:28.821141 12742 tablet_service.cc:1917] Received RequestConsensusVote() RPC: tablet_id: "65ea64d038144da680adbf6f299f46e0" candidate_uuid: "9f769c3d68bd4280978ac051e2350d68" candidate_term: 2 candidate_status { last_received { term: 1 index: 1 } } ignore_live_leader: true dest_uuid: "9218055e19d7435da1d517ad852f9977"
I20260709 14:48:28.821511 12594 raft_consensus.cc:3060] T 65ea64d038144da680adbf6f299f46e0 P 07a241148bf5477c8aa2facf20a8395e [term 1 FOLLOWER]: Advancing to term 2
I20260709 14:48:28.821610 12742 raft_consensus.cc:3055] T 65ea64d038144da680adbf6f299f46e0 P 9218055e19d7435da1d517ad852f9977 [term 1 LEADER]: Stepping down as leader of term 1
I20260709 14:48:28.821969 12742 raft_consensus.cc:740] T 65ea64d038144da680adbf6f299f46e0 P 9218055e19d7435da1d517ad852f9977 [term 1 LEADER]: Becoming Follower/Learner. State: Replica: 9218055e19d7435da1d517ad852f9977, State: Running, Role: LEADER
I20260709 14:48:28.822661 12742 consensus_queue.cc:260] T 65ea64d038144da680adbf6f299f46e0 P 9218055e19d7435da1d517ad852f9977 [NON_LEADER]: Queue going to NON_LEADER mode. State: All replicated index: 0, Majority replicated index: 1, Committed index: 1, Last appended: 1.1, Last appended by leader: 1, Current term: 1, Majority size: -1, State: 0, Mode: NON_LEADER, active raft config: opid_index: -1 OBSOLETE_local: false peers { permanent_uuid: "07a241148bf5477c8aa2facf20a8395e" member_type: VOTER last_known_addr { host: "127.11.178.65" port: 42141 } } peers { permanent_uuid: "9f769c3d68bd4280978ac051e2350d68" member_type: VOTER last_known_addr { host: "127.11.178.66" port: 40199 } } peers { permanent_uuid: "9218055e19d7435da1d517ad852f9977" member_type: VOTER last_known_addr { host: "127.11.178.67" port: 32953 } }
I20260709 14:48:28.823508 12742 raft_consensus.cc:3060] T 65ea64d038144da680adbf6f299f46e0 P 9218055e19d7435da1d517ad852f9977 [term 1 FOLLOWER]: Advancing to term 2
I20260709 14:48:28.826076 12594 raft_consensus.cc:2468] T 65ea64d038144da680adbf6f299f46e0 P 07a241148bf5477c8aa2facf20a8395e [term 2 FOLLOWER]: Leader election vote request: Granting yes vote for candidate 9f769c3d68bd4280978ac051e2350d68 in term 2.
I20260709 14:48:28.826957 12635 leader_election.cc:304] T 65ea64d038144da680adbf6f299f46e0 P 9f769c3d68bd4280978ac051e2350d68 [CANDIDATE]: Term 2 election: Election decided. Result: candidate won. Election summary: received 2 responses out of 3 voters: 2 yes votes; 0 no votes. yes voters: 07a241148bf5477c8aa2facf20a8395e, 9f769c3d68bd4280978ac051e2350d68; no voters: 
I20260709 14:48:28.827684 12825 raft_consensus.cc:2804] T 65ea64d038144da680adbf6f299f46e0 P 9f769c3d68bd4280978ac051e2350d68 [term 2 FOLLOWER]: Leader election won for term 2
I20260709 14:48:28.828004 12742 raft_consensus.cc:2468] T 65ea64d038144da680adbf6f299f46e0 P 9218055e19d7435da1d517ad852f9977 [term 2 FOLLOWER]: Leader election vote request: Granting yes vote for candidate 9f769c3d68bd4280978ac051e2350d68 in term 2.
I20260709 14:48:28.828079 12825 raft_consensus.cc:697] T 65ea64d038144da680adbf6f299f46e0 P 9f769c3d68bd4280978ac051e2350d68 [term 2 LEADER]: Becoming Leader. State: Replica: 9f769c3d68bd4280978ac051e2350d68, State: Running, Role: LEADER
I20260709 14:48:28.828878 12825 consensus_queue.cc:237] T 65ea64d038144da680adbf6f299f46e0 P 9f769c3d68bd4280978ac051e2350d68 [LEADER]: Queue going to LEADER mode. State: All replicated index: 0, Majority replicated index: 1, Committed index: 1, Last appended: 1.1, Last appended by leader: 1, Current term: 2, Majority size: 2, State: 0, Mode: LEADER, active raft config: opid_index: -1 OBSOLETE_local: false peers { permanent_uuid: "07a241148bf5477c8aa2facf20a8395e" member_type: VOTER last_known_addr { host: "127.11.178.65" port: 42141 } } peers { permanent_uuid: "9f769c3d68bd4280978ac051e2350d68" member_type: VOTER last_known_addr { host: "127.11.178.66" port: 40199 } } peers { permanent_uuid: "9218055e19d7435da1d517ad852f9977" member_type: VOTER last_known_addr { host: "127.11.178.67" port: 32953 } }
I20260709 14:48:28.834767 12489 catalog_manager.cc:5697] T 65ea64d038144da680adbf6f299f46e0 P 9f769c3d68bd4280978ac051e2350d68 reported cstate change: term changed from 1 to 2, leader changed from 9218055e19d7435da1d517ad852f9977 (127.11.178.67) to 9f769c3d68bd4280978ac051e2350d68 (127.11.178.66). New cstate: current_term: 2 leader_uuid: "9f769c3d68bd4280978ac051e2350d68" committed_config { opid_index: -1 OBSOLETE_local: false peers { permanent_uuid: "07a241148bf5477c8aa2facf20a8395e" member_type: VOTER last_known_addr { host: "127.11.178.65" port: 42141 } health_report { overall_health: UNKNOWN } } peers { permanent_uuid: "9f769c3d68bd4280978ac051e2350d68" member_type: VOTER last_known_addr { host: "127.11.178.66" port: 40199 } health_report { overall_health: HEALTHY } } peers { permanent_uuid: "9218055e19d7435da1d517ad852f9977" member_type: VOTER last_known_addr { host: "127.11.178.67" port: 32953 } health_report { overall_health: UNKNOWN } } }
I20260709 14:48:28.903661 12667 raft_consensus.cc:1275] T 0cfc384e4e3447d6bea25791ac80987f P 9f769c3d68bd4280978ac051e2350d68 [term 2 FOLLOWER]: Refusing update from remote peer 07a241148bf5477c8aa2facf20a8395e: Log matching property violated. Preceding OpId in replica: term: 1 index: 1. Preceding OpId from leader: term: 2 index: 2. (index mismatch)
I20260709 14:48:28.904815 12837 consensus_queue.cc:1048] T 0cfc384e4e3447d6bea25791ac80987f P 07a241148bf5477c8aa2facf20a8395e [LEADER]: Connected to new peer: Peer: permanent_uuid: "9f769c3d68bd4280978ac051e2350d68" member_type: VOTER last_known_addr { host: "127.11.178.66" port: 40199 }, Status: LMP_MISMATCH, Last received: 0.0, Next index: 2, Last known committed idx: 1, Time since last communication: 0.000s
I20260709 14:48:28.911597 12742 raft_consensus.cc:1275] T 0cfc384e4e3447d6bea25791ac80987f P 9218055e19d7435da1d517ad852f9977 [term 2 FOLLOWER]: Refusing update from remote peer 07a241148bf5477c8aa2facf20a8395e: Log matching property violated. Preceding OpId in replica: term: 1 index: 1. Preceding OpId from leader: term: 2 index: 2. (index mismatch)
I20260709 14:48:28.912957 12837 consensus_queue.cc:1048] T 0cfc384e4e3447d6bea25791ac80987f P 07a241148bf5477c8aa2facf20a8395e [LEADER]: Connected to new peer: Peer: permanent_uuid: "9218055e19d7435da1d517ad852f9977" member_type: VOTER last_known_addr { host: "127.11.178.67" port: 32953 }, Status: LMP_MISMATCH, Last received: 0.0, Next index: 2, Last known committed idx: 1, Time since last communication: 0.000s
I20260709 14:48:28.966769 12594 raft_consensus.cc:1275] T 2bb5423399fd4468a2f8ea1a2a93079d P 07a241148bf5477c8aa2facf20a8395e [term 2 FOLLOWER]: Refusing update from remote peer 9218055e19d7435da1d517ad852f9977: Log matching property violated. Preceding OpId in replica: term: 1 index: 1. Preceding OpId from leader: term: 2 index: 2. (index mismatch)
I20260709 14:48:28.967937 12862 consensus_queue.cc:1048] T 2bb5423399fd4468a2f8ea1a2a93079d P 9218055e19d7435da1d517ad852f9977 [LEADER]: Connected to new peer: Peer: permanent_uuid: "07a241148bf5477c8aa2facf20a8395e" member_type: VOTER last_known_addr { host: "127.11.178.65" port: 42141 }, Status: LMP_MISMATCH, Last received: 0.0, Next index: 2, Last known committed idx: 1, Time since last communication: 0.000s
I20260709 14:48:28.976011 12667 raft_consensus.cc:1275] T 2bb5423399fd4468a2f8ea1a2a93079d P 9f769c3d68bd4280978ac051e2350d68 [term 2 FOLLOWER]: Refusing update from remote peer 9218055e19d7435da1d517ad852f9977: Log matching property violated. Preceding OpId in replica: term: 1 index: 1. Preceding OpId from leader: term: 2 index: 2. (index mismatch)
I20260709 14:48:28.977380 12862 consensus_queue.cc:1048] T 2bb5423399fd4468a2f8ea1a2a93079d P 9218055e19d7435da1d517ad852f9977 [LEADER]: Connected to new peer: Peer: permanent_uuid: "9f769c3d68bd4280978ac051e2350d68" member_type: VOTER last_known_addr { host: "127.11.178.66" port: 40199 }, Status: LMP_MISMATCH, Last received: 0.0, Next index: 2, Last known committed idx: 1, Time since last communication: 0.000s
I20260709 14:48:29.067958 12742 raft_consensus.cc:1275] T 7c12335ff098407caef81e9685858023 P 9218055e19d7435da1d517ad852f9977 [term 2 FOLLOWER]: Refusing update from remote peer 07a241148bf5477c8aa2facf20a8395e: Log matching property violated. Preceding OpId in replica: term: 1 index: 1. Preceding OpId from leader: term: 2 index: 2. (index mismatch)
I20260709 14:48:29.069064 12837 consensus_queue.cc:1048] T 7c12335ff098407caef81e9685858023 P 07a241148bf5477c8aa2facf20a8395e [LEADER]: Connected to new peer: Peer: permanent_uuid: "9218055e19d7435da1d517ad852f9977" member_type: VOTER last_known_addr { host: "127.11.178.67" port: 32953 }, Status: LMP_MISMATCH, Last received: 0.0, Next index: 2, Last known committed idx: 1, Time since last communication: 0.000s
I20260709 14:48:29.077183 12667 raft_consensus.cc:1275] T 7c12335ff098407caef81e9685858023 P 9f769c3d68bd4280978ac051e2350d68 [term 2 FOLLOWER]: Refusing update from remote peer 07a241148bf5477c8aa2facf20a8395e: Log matching property violated. Preceding OpId in replica: term: 1 index: 1. Preceding OpId from leader: term: 2 index: 2. (index mismatch)
I20260709 14:48:29.078557 12837 consensus_queue.cc:1048] T 7c12335ff098407caef81e9685858023 P 07a241148bf5477c8aa2facf20a8395e [LEADER]: Connected to new peer: Peer: permanent_uuid: "9f769c3d68bd4280978ac051e2350d68" member_type: VOTER last_known_addr { host: "127.11.178.66" port: 40199 }, Status: LMP_MISMATCH, Last received: 0.0, Next index: 2, Last known committed idx: 1, Time since last communication: 0.000s
I20260709 14:48:29.135857 12594 raft_consensus.cc:1275] T c5fe5ba1dff04956a7260637fb499403 P 07a241148bf5477c8aa2facf20a8395e [term 2 FOLLOWER]: Refusing update from remote peer 9f769c3d68bd4280978ac051e2350d68: Log matching property violated. Preceding OpId in replica: term: 1 index: 1. Preceding OpId from leader: term: 2 index: 2. (index mismatch)
I20260709 14:48:29.137020 12825 consensus_queue.cc:1048] T c5fe5ba1dff04956a7260637fb499403 P 9f769c3d68bd4280978ac051e2350d68 [LEADER]: Connected to new peer: Peer: permanent_uuid: "07a241148bf5477c8aa2facf20a8395e" member_type: VOTER last_known_addr { host: "127.11.178.65" port: 42141 }, Status: LMP_MISMATCH, Last received: 0.0, Next index: 2, Last known committed idx: 1, Time since last communication: 0.000s
I20260709 14:48:29.143324 12742 raft_consensus.cc:3060] T c5fe5ba1dff04956a7260637fb499403 P 9218055e19d7435da1d517ad852f9977 [term 1 FOLLOWER]: Advancing to term 2
I20260709 14:48:29.150421 12742 raft_consensus.cc:1275] T c5fe5ba1dff04956a7260637fb499403 P 9218055e19d7435da1d517ad852f9977 [term 2 FOLLOWER]: Refusing update from remote peer 9f769c3d68bd4280978ac051e2350d68: Log matching property violated. Preceding OpId in replica: term: 1 index: 1. Preceding OpId from leader: term: 2 index: 2. (index mismatch)
I20260709 14:48:29.151556 12824 consensus_queue.cc:1048] T c5fe5ba1dff04956a7260637fb499403 P 9f769c3d68bd4280978ac051e2350d68 [LEADER]: Connected to new peer: Peer: permanent_uuid: "9218055e19d7435da1d517ad852f9977" member_type: VOTER last_known_addr { host: "127.11.178.67" port: 32953 }, Status: LMP_MISMATCH, Last received: 0.0, Next index: 2, Last known committed idx: 1, Time since last communication: 0.000s
I20260709 14:48:29.443037 12742 raft_consensus.cc:1275] T 65ea64d038144da680adbf6f299f46e0 P 9218055e19d7435da1d517ad852f9977 [term 2 FOLLOWER]: Refusing update from remote peer 9f769c3d68bd4280978ac051e2350d68: Log matching property violated. Preceding OpId in replica: term: 1 index: 1. Preceding OpId from leader: term: 2 index: 2. (index mismatch)
I20260709 14:48:29.444100 12794 consensus_queue.cc:1048] T 65ea64d038144da680adbf6f299f46e0 P 9f769c3d68bd4280978ac051e2350d68 [LEADER]: Connected to new peer: Peer: permanent_uuid: "9218055e19d7435da1d517ad852f9977" member_type: VOTER last_known_addr { host: "127.11.178.67" port: 32953 }, Status: LMP_MISMATCH, Last received: 0.0, Next index: 2, Last known committed idx: 1, Time since last communication: 0.000s
I20260709 14:48:29.449366 12594 raft_consensus.cc:1275] T 65ea64d038144da680adbf6f299f46e0 P 07a241148bf5477c8aa2facf20a8395e [term 2 FOLLOWER]: Refusing update from remote peer 9f769c3d68bd4280978ac051e2350d68: Log matching property violated. Preceding OpId in replica: term: 1 index: 1. Preceding OpId from leader: term: 2 index: 2. (index mismatch)
I20260709 14:48:29.450870 12794 consensus_queue.cc:1048] T 65ea64d038144da680adbf6f299f46e0 P 9f769c3d68bd4280978ac051e2350d68 [LEADER]: Connected to new peer: Peer: permanent_uuid: "07a241148bf5477c8aa2facf20a8395e" member_type: VOTER last_known_addr { host: "127.11.178.65" port: 42141 }, Status: LMP_MISMATCH, Last received: 0.0, Next index: 2, Last known committed idx: 1, Time since last communication: 0.000s
I20260709 14:48:31.360270 11977 auto_leader_rebalancer-test.cc:410] The leader distribution is 
I20260709 14:48:31.360926 11977 auto_leader_rebalancer.cc:141] leader rebalance for table test-workload
I20260709 14:48:31.376565 12594 tablet_service.cc:2072] Received LeaderStepDown RPC: tablet_id: "7c12335ff098407caef81e9685858023"
dest_uuid: "07a241148bf5477c8aa2facf20a8395e"
mode: GRACEFUL
new_leader_uuid: "9218055e19d7435da1d517ad852f9977"
 from {username='slave'} at 127.0.0.1:55350
I20260709 14:48:31.377029 12594 raft_consensus.cc:606] T 7c12335ff098407caef81e9685858023 P 07a241148bf5477c8aa2facf20a8395e [term 2 LEADER]: Received request to transfer leadership to TS 9218055e19d7435da1d517ad852f9977
I20260709 14:48:31.379446 12594 tablet_service.cc:2072] Received LeaderStepDown RPC: tablet_id: "907d66439fc94b6d8501d25456482f72"
dest_uuid: "07a241148bf5477c8aa2facf20a8395e"
mode: GRACEFUL
new_leader_uuid: "9218055e19d7435da1d517ad852f9977"
 from {username='slave'} at 127.0.0.1:55350
I20260709 14:48:31.379861 12594 raft_consensus.cc:606] T 907d66439fc94b6d8501d25456482f72 P 07a241148bf5477c8aa2facf20a8395e [term 2 LEADER]: Received request to transfer leadership to TS 9218055e19d7435da1d517ad852f9977
I20260709 14:48:31.380858 11977 auto_leader_rebalancer.cc:452] table: test-workload, leader rebalance finish, leader transfer count: 2
I20260709 14:48:31.381220 11977 auto_leader_rebalancer.cc:527] All tables' leader rebalancing finished this round
I20260709 14:48:31.540568 12837 raft_consensus.cc:993] T 907d66439fc94b6d8501d25456482f72 P 07a241148bf5477c8aa2facf20a8395e: : Instructing follower 9218055e19d7435da1d517ad852f9977 to start an election
I20260709 14:48:31.540951 12837 raft_consensus.cc:1081] T 907d66439fc94b6d8501d25456482f72 P 07a241148bf5477c8aa2facf20a8395e [term 2 LEADER]: Signalling peer 9218055e19d7435da1d517ad852f9977 to start an election
I20260709 14:48:31.542325 12742 tablet_service.cc:2044] Received Run Leader Election RPC: tablet_id: "907d66439fc94b6d8501d25456482f72"
dest_uuid: "9218055e19d7435da1d517ad852f9977"
 from {username='slave'} at 127.0.0.1:53870
I20260709 14:48:31.542725 12742 raft_consensus.cc:493] T 907d66439fc94b6d8501d25456482f72 P 9218055e19d7435da1d517ad852f9977 [term 2 FOLLOWER]: Starting forced leader election (received explicit request)
I20260709 14:48:31.542954 12742 raft_consensus.cc:3060] T 907d66439fc94b6d8501d25456482f72 P 9218055e19d7435da1d517ad852f9977 [term 2 FOLLOWER]: Advancing to term 3
I20260709 14:48:31.546598 12742 raft_consensus.cc:515] T 907d66439fc94b6d8501d25456482f72 P 9218055e19d7435da1d517ad852f9977 [term 3 FOLLOWER]: Starting forced leader election with config: opid_index: -1 OBSOLETE_local: false peers { permanent_uuid: "07a241148bf5477c8aa2facf20a8395e" member_type: VOTER last_known_addr { host: "127.11.178.65" port: 42141 } } peers { permanent_uuid: "9f769c3d68bd4280978ac051e2350d68" member_type: VOTER last_known_addr { host: "127.11.178.66" port: 40199 } } peers { permanent_uuid: "9218055e19d7435da1d517ad852f9977" member_type: VOTER last_known_addr { host: "127.11.178.67" port: 32953 } }
I20260709 14:48:31.547915 12742 leader_election.cc:290] T 907d66439fc94b6d8501d25456482f72 P 9218055e19d7435da1d517ad852f9977 [CANDIDATE]: Term 3 election: Requested vote from peers 07a241148bf5477c8aa2facf20a8395e (127.11.178.65:42141), 9f769c3d68bd4280978ac051e2350d68 (127.11.178.66:40199)
I20260709 14:48:31.548767 12591 tablet_service.cc:1917] Received RequestConsensusVote() RPC: tablet_id: "907d66439fc94b6d8501d25456482f72" candidate_uuid: "9218055e19d7435da1d517ad852f9977" candidate_term: 3 candidate_status { last_received { term: 2 index: 2 } } ignore_live_leader: true dest_uuid: "07a241148bf5477c8aa2facf20a8395e"
I20260709 14:48:31.548899 12667 tablet_service.cc:1917] Received RequestConsensusVote() RPC: tablet_id: "907d66439fc94b6d8501d25456482f72" candidate_uuid: "9218055e19d7435da1d517ad852f9977" candidate_term: 3 candidate_status { last_received { term: 2 index: 2 } } ignore_live_leader: true dest_uuid: "9f769c3d68bd4280978ac051e2350d68"
I20260709 14:48:31.549321 12591 raft_consensus.cc:3055] T 907d66439fc94b6d8501d25456482f72 P 07a241148bf5477c8aa2facf20a8395e [term 2 LEADER]: Stepping down as leader of term 2
I20260709 14:48:31.549393 12667 raft_consensus.cc:3060] T 907d66439fc94b6d8501d25456482f72 P 9f769c3d68bd4280978ac051e2350d68 [term 2 FOLLOWER]: Advancing to term 3
I20260709 14:48:31.549593 12591 raft_consensus.cc:740] T 907d66439fc94b6d8501d25456482f72 P 07a241148bf5477c8aa2facf20a8395e [term 2 LEADER]: Becoming Follower/Learner. State: Replica: 07a241148bf5477c8aa2facf20a8395e, State: Running, Role: LEADER
I20260709 14:48:31.550282 12591 consensus_queue.cc:260] T 907d66439fc94b6d8501d25456482f72 P 07a241148bf5477c8aa2facf20a8395e [NON_LEADER]: Queue going to NON_LEADER mode. State: All replicated index: 0, Majority replicated index: 2, Committed index: 2, Last appended: 2.2, Last appended by leader: 2, Current term: 2, Majority size: -1, State: 0, Mode: NON_LEADER, active raft config: opid_index: -1 OBSOLETE_local: false peers { permanent_uuid: "07a241148bf5477c8aa2facf20a8395e" member_type: VOTER last_known_addr { host: "127.11.178.65" port: 42141 } } peers { permanent_uuid: "9f769c3d68bd4280978ac051e2350d68" member_type: VOTER last_known_addr { host: "127.11.178.66" port: 40199 } } peers { permanent_uuid: "9218055e19d7435da1d517ad852f9977" member_type: VOTER last_known_addr { host: "127.11.178.67" port: 32953 } }
I20260709 14:48:31.551159 12591 raft_consensus.cc:3060] T 907d66439fc94b6d8501d25456482f72 P 07a241148bf5477c8aa2facf20a8395e [term 2 FOLLOWER]: Advancing to term 3
I20260709 14:48:31.554039 12667 raft_consensus.cc:2468] T 907d66439fc94b6d8501d25456482f72 P 9f769c3d68bd4280978ac051e2350d68 [term 3 FOLLOWER]: Leader election vote request: Granting yes vote for candidate 9218055e19d7435da1d517ad852f9977 in term 3.
I20260709 14:48:31.555251 12708 leader_election.cc:304] T 907d66439fc94b6d8501d25456482f72 P 9218055e19d7435da1d517ad852f9977 [CANDIDATE]: Term 3 election: Election decided. Result: candidate won. Election summary: received 2 responses out of 3 voters: 2 yes votes; 0 no votes. yes voters: 9218055e19d7435da1d517ad852f9977, 9f769c3d68bd4280978ac051e2350d68; no voters: 
I20260709 14:48:31.556018 12879 raft_consensus.cc:2804] T 907d66439fc94b6d8501d25456482f72 P 9218055e19d7435da1d517ad852f9977 [term 3 FOLLOWER]: Leader election won for term 3
I20260709 14:48:31.555950 12591 raft_consensus.cc:2468] T 907d66439fc94b6d8501d25456482f72 P 07a241148bf5477c8aa2facf20a8395e [term 3 FOLLOWER]: Leader election vote request: Granting yes vote for candidate 9218055e19d7435da1d517ad852f9977 in term 3.
I20260709 14:48:31.557583 12879 raft_consensus.cc:697] T 907d66439fc94b6d8501d25456482f72 P 9218055e19d7435da1d517ad852f9977 [term 3 LEADER]: Becoming Leader. State: Replica: 9218055e19d7435da1d517ad852f9977, State: Running, Role: LEADER
