I20260709 14:49:10.772523  1741 raft_consensus.cc:359] T 4acf5bbc958d46ff8ce39c5231e24458 P 7a610746586a45e7842f67a6cee0c771 [term 0 FOLLOWER]: Replica starting. Triggering 0 pending ops. Active config: opid_index: -1 OBSOLETE_local: false peers { permanent_uuid: "52b119a8c4c64d008cd2b88237ba4d8e" member_type: VOTER last_known_addr { host: "127.0.107.193" port: 44543 } } peers { permanent_uuid: "1bbe929980e44e57b216136ddba81a72" member_type: VOTER last_known_addr { host: "127.0.107.194" port: 37945 } } peers { permanent_uuid: "7a610746586a45e7842f67a6cee0c771" member_type: VOTER last_known_addr { host: "127.0.107.195" port: 36135 } }
I20260709 14:49:10.772998  1741 raft_consensus.cc:385] T 4acf5bbc958d46ff8ce39c5231e24458 P 7a610746586a45e7842f67a6cee0c771 [term 0 FOLLOWER]: Consensus starting up: Expiring failure detector timer to make a prompt election more likely
I20260709 14:49:10.773224  1741 raft_consensus.cc:740] T 4acf5bbc958d46ff8ce39c5231e24458 P 7a610746586a45e7842f67a6cee0c771 [term 0 FOLLOWER]: Becoming Follower/Learner. State: Replica: 7a610746586a45e7842f67a6cee0c771, State: Initialized, Role: FOLLOWER
I20260709 14:49:10.773865  1741 consensus_queue.cc:260] T 4acf5bbc958d46ff8ce39c5231e24458 P 7a610746586a45e7842f67a6cee0c771 [NON_LEADER]: Queue going to NON_LEADER mode. State: All replicated index: 0, Majority replicated index: 0, Committed index: 0, Last appended: 0.0, Last appended by leader: 0, Current term: 0, Majority size: -1, State: 0, Mode: NON_LEADER, active raft config: opid_index: -1 OBSOLETE_local: false peers { permanent_uuid: "52b119a8c4c64d008cd2b88237ba4d8e" member_type: VOTER last_known_addr { host: "127.0.107.193" port: 44543 } } peers { permanent_uuid: "1bbe929980e44e57b216136ddba81a72" member_type: VOTER last_known_addr { host: "127.0.107.194" port: 37945 } } peers { permanent_uuid: "7a610746586a45e7842f67a6cee0c771" member_type: VOTER last_known_addr { host: "127.0.107.195" port: 36135 } }
W20260709 14:49:10.780211  1935 log.cc:927] Time spent T 12ce968925ed489792b032a596a8e1a7 P 1bbe929980e44e57b216136ddba81a72: Append to log took a long time: real 0.085s	user 0.000s	sys 0.000s
W20260709 14:49:10.774642  1667 leader_election.cc:343] T 62f5b7d929304298a341451d3c8f976c P 7a610746586a45e7842f67a6cee0c771 [CANDIDATE]: Term 1 pre-election: Tablet error from VoteRequest() call to peer 1bbe929980e44e57b216136ddba81a72 (127.0.107.194:37945): Illegal state: must be running to vote when last-logged opid is not known
I20260709 14:49:10.773837  1841 leader_election.cc:290] T d210b3b5615148b68a38c552aa7999df P 52b119a8c4c64d008cd2b88237ba4d8e [CANDIDATE]: Term 1 election: Requested vote from peers 1bbe929980e44e57b216136ddba81a72 (127.0.107.194:37945), 7a610746586a45e7842f67a6cee0c771 (127.0.107.195:36135)
I20260709 14:49:10.784615  1890 raft_consensus.cc:493] T 32b589fcd78e45a08b795dd9d0118c29 P 7a610746586a45e7842f67a6cee0c771 [term 0 FOLLOWER]: Starting pre-election (no leader contacted us within the election timeout)
I20260709 14:49:10.785073  1890 raft_consensus.cc:515] T 32b589fcd78e45a08b795dd9d0118c29 P 7a610746586a45e7842f67a6cee0c771 [term 0 FOLLOWER]: Starting pre-election with config: opid_index: -1 OBSOLETE_local: false peers { permanent_uuid: "52b119a8c4c64d008cd2b88237ba4d8e" member_type: VOTER last_known_addr { host: "127.0.107.193" port: 44543 } } peers { permanent_uuid: "1bbe929980e44e57b216136ddba81a72" member_type: VOTER last_known_addr { host: "127.0.107.194" port: 37945 } } peers { permanent_uuid: "7a610746586a45e7842f67a6cee0c771" member_type: VOTER last_known_addr { host: "127.0.107.195" port: 36135 } }
I20260709 14:49:10.787479  1890 leader_election.cc:290] T 32b589fcd78e45a08b795dd9d0118c29 P 7a610746586a45e7842f67a6cee0c771 [CANDIDATE]: Term 1 pre-election: Requested pre-vote from peers 52b119a8c4c64d008cd2b88237ba4d8e (127.0.107.193:44543), 1bbe929980e44e57b216136ddba81a72 (127.0.107.194:37945)
I20260709 14:49:10.788280  1623 tablet_service.cc:1917] Received RequestConsensusVote() RPC: tablet_id: "d210b3b5615148b68a38c552aa7999df" candidate_uuid: "52b119a8c4c64d008cd2b88237ba4d8e" candidate_term: 1 candidate_status { last_received { term: 0 index: 0 } } ignore_live_leader: false dest_uuid: "1bbe929980e44e57b216136ddba81a72"
I20260709 14:49:10.788715  1623 raft_consensus.cc:3060] T d210b3b5615148b68a38c552aa7999df P 1bbe929980e44e57b216136ddba81a72 [term 0 FOLLOWER]: Advancing to term 1
I20260709 14:49:10.788964  1701 tablet_service.cc:1917] Received RequestConsensusVote() RPC: tablet_id: "d210b3b5615148b68a38c552aa7999df" candidate_uuid: "52b119a8c4c64d008cd2b88237ba4d8e" candidate_term: 1 candidate_status { last_received { term: 0 index: 0 } } ignore_live_leader: false dest_uuid: "7a610746586a45e7842f67a6cee0c771"
I20260709 14:49:10.791906  1741 ts_tablet_manager.cc:1434] T 4acf5bbc958d46ff8ce39c5231e24458 P 7a610746586a45e7842f67a6cee0c771: Time spent starting tablet: real 0.123s	user 0.005s	sys 0.000s
I20260709 14:49:10.792618  1741 tablet_bootstrap.cc:492] T 21ad953562944b769d814dbfe33fea8e P 7a610746586a45e7842f67a6cee0c771: Bootstrap starting.
I20260709 14:49:10.789551  1701 raft_consensus.cc:3060] T d210b3b5615148b68a38c552aa7999df P 7a610746586a45e7842f67a6cee0c771 [term 0 FOLLOWER]: Advancing to term 1
I20260709 14:49:10.797497  1549 tablet_service.cc:1917] Received RequestConsensusVote() RPC: tablet_id: "877aea2ea07945a0a45f972e894e87a2" candidate_uuid: "1bbe929980e44e57b216136ddba81a72" candidate_term: 1 candidate_status { last_received { term: 0 index: 0 } } ignore_live_leader: false dest_uuid: "52b119a8c4c64d008cd2b88237ba4d8e" is_pre_election: true
W20260709 14:49:10.806398  1592 leader_election.cc:343] T 877aea2ea07945a0a45f972e894e87a2 P 1bbe929980e44e57b216136ddba81a72 [CANDIDATE]: Term 1 pre-election: Tablet error from VoteRequest() call to peer 52b119a8c4c64d008cd2b88237ba4d8e (127.0.107.193:44543): Illegal state: must be running to vote when last-logged opid is not known
I20260709 14:49:10.807698  1592 leader_election.cc:304] T 877aea2ea07945a0a45f972e894e87a2 P 1bbe929980e44e57b216136ddba81a72 [CANDIDATE]: Term 1 pre-election: Election decided. Result: candidate lost. Election summary: received 3 responses out of 3 voters: 1 yes votes; 2 no votes. yes voters: 1bbe929980e44e57b216136ddba81a72; no voters: 52b119a8c4c64d008cd2b88237ba4d8e, 7a610746586a45e7842f67a6cee0c771
I20260709 14:49:10.809857  1772 raft_consensus.cc:2749] T 877aea2ea07945a0a45f972e894e87a2 P 1bbe929980e44e57b216136ddba81a72 [term 0 FOLLOWER]: Leader pre-election lost for term 1. Reason: could not achieve majority
I20260709 14:49:10.812568  1627 tablet_service.cc:1917] Received RequestConsensusVote() RPC: tablet_id: "32b589fcd78e45a08b795dd9d0118c29" candidate_uuid: "7a610746586a45e7842f67a6cee0c771" candidate_term: 1 candidate_status { last_received { term: 0 index: 0 } } ignore_live_leader: false dest_uuid: "1bbe929980e44e57b216136ddba81a72" is_pre_election: true
W20260709 14:49:10.819164  1667 leader_election.cc:343] T 32b589fcd78e45a08b795dd9d0118c29 P 7a610746586a45e7842f67a6cee0c771 [CANDIDATE]: Term 1 pre-election: Tablet error from VoteRequest() call to peer 1bbe929980e44e57b216136ddba81a72 (127.0.107.194:37945): Illegal state: must be running to vote when last-logged opid is not known
I20260709 14:49:10.804744  1931 raft_consensus.cc:515] T 21ad953562944b769d814dbfe33fea8e P 1bbe929980e44e57b216136ddba81a72 [term 1 FOLLOWER]: Starting leader election with config: opid_index: -1 OBSOLETE_local: false peers { permanent_uuid: "52b119a8c4c64d008cd2b88237ba4d8e" member_type: VOTER last_known_addr { host: "127.0.107.193" port: 44543 } } peers { permanent_uuid: "1bbe929980e44e57b216136ddba81a72" member_type: VOTER last_known_addr { host: "127.0.107.194" port: 37945 } } peers { permanent_uuid: "7a610746586a45e7842f67a6cee0c771" member_type: VOTER last_known_addr { host: "127.0.107.195" port: 36135 } }
I20260709 14:49:10.829440  1890 consensus_queue.cc:1048] T cc550d750b84464cb35bc9a26ef178ba P 7a610746586a45e7842f67a6cee0c771 [LEADER]: Connected to new peer: Peer: permanent_uuid: "52b119a8c4c64d008cd2b88237ba4d8e" member_type: VOTER last_known_addr { host: "127.0.107.193" port: 44543 }, Status: LMP_MISMATCH, Last received: 0.0, Next index: 1, Last known committed idx: 0, Time since last communication: 0.000s
I20260709 14:49:10.831203  1741 tablet_bootstrap.cc:654] T 21ad953562944b769d814dbfe33fea8e P 7a610746586a45e7842f67a6cee0c771: Neither blocks nor log segments found. Creating new log.
I20260709 14:49:10.831537  1931 leader_election.cc:290] T 21ad953562944b769d814dbfe33fea8e P 1bbe929980e44e57b216136ddba81a72 [CANDIDATE]: Term 1 election: Requested vote from peers 52b119a8c4c64d008cd2b88237ba4d8e (127.0.107.193:44543), 7a610746586a45e7842f67a6cee0c771 (127.0.107.195:36135)
I20260709 14:49:10.832712  1701 raft_consensus.cc:2468] T d210b3b5615148b68a38c552aa7999df P 7a610746586a45e7842f67a6cee0c771 [term 1 FOLLOWER]: Leader election vote request: Granting yes vote for candidate 52b119a8c4c64d008cd2b88237ba4d8e in term 1.
I20260709 14:49:10.830340  1699 tablet_service.cc:1917] Received RequestConsensusVote() RPC: tablet_id: "21ad953562944b769d814dbfe33fea8e" candidate_uuid: "1bbe929980e44e57b216136ddba81a72" candidate_term: 1 candidate_status { last_received { term: 0 index: 0 } } ignore_live_leader: false dest_uuid: "7a610746586a45e7842f67a6cee0c771"
W20260709 14:49:10.844822  1591 leader_election.cc:343] T 21ad953562944b769d814dbfe33fea8e P 1bbe929980e44e57b216136ddba81a72 [CANDIDATE]: Term 1 election: Tablet error from VoteRequest() call to peer 7a610746586a45e7842f67a6cee0c771 (127.0.107.195:36135): Illegal state: must be running to vote when last-logged opid is not known
I20260709 14:49:10.857131  1741 tablet_bootstrap.cc:492] T 21ad953562944b769d814dbfe33fea8e P 7a610746586a45e7842f67a6cee0c771: No bootstrap required, opened a new log
I20260709 14:49:10.857610  1741 ts_tablet_manager.cc:1403] T 21ad953562944b769d814dbfe33fea8e P 7a610746586a45e7842f67a6cee0c771: Time spent bootstrapping tablet: real 0.065s	user 0.009s	sys 0.005s
I20260709 14:49:10.860011  1741 raft_consensus.cc:359] T 21ad953562944b769d814dbfe33fea8e P 7a610746586a45e7842f67a6cee0c771 [term 0 FOLLOWER]: Replica starting. Triggering 0 pending ops. Active config: opid_index: -1 OBSOLETE_local: false peers { permanent_uuid: "52b119a8c4c64d008cd2b88237ba4d8e" member_type: VOTER last_known_addr { host: "127.0.107.193" port: 44543 } } peers { permanent_uuid: "1bbe929980e44e57b216136ddba81a72" member_type: VOTER last_known_addr { host: "127.0.107.194" port: 37945 } } peers { permanent_uuid: "7a610746586a45e7842f67a6cee0c771" member_type: VOTER last_known_addr { host: "127.0.107.195" port: 36135 } }
I20260709 14:49:10.860630  1741 raft_consensus.cc:385] T 21ad953562944b769d814dbfe33fea8e P 7a610746586a45e7842f67a6cee0c771 [term 0 FOLLOWER]: Consensus starting up: Expiring failure detector timer to make a prompt election more likely
I20260709 14:49:10.860880  1741 raft_consensus.cc:740] T 21ad953562944b769d814dbfe33fea8e P 7a610746586a45e7842f67a6cee0c771 [term 0 FOLLOWER]: Becoming Follower/Learner. State: Replica: 7a610746586a45e7842f67a6cee0c771, State: Initialized, Role: FOLLOWER
W20260709 14:49:10.861253  1592 outbound_call.cc:321] RPC callback for RPC call kudu.consensus.ConsensusService.UpdateConsensus -> {remote=127.0.107.193:44543, user_credentials={real_user=slave}} blocked reactor thread for 51347.9us
I20260709 14:49:10.861506  1741 consensus_queue.cc:260] T 21ad953562944b769d814dbfe33fea8e P 7a610746586a45e7842f67a6cee0c771 [NON_LEADER]: Queue going to NON_LEADER mode. State: All replicated index: 0, Majority replicated index: 0, Committed index: 0, Last appended: 0.0, Last appended by leader: 0, Current term: 0, Majority size: -1, State: 0, Mode: NON_LEADER, active raft config: opid_index: -1 OBSOLETE_local: false peers { permanent_uuid: "52b119a8c4c64d008cd2b88237ba4d8e" member_type: VOTER last_known_addr { host: "127.0.107.193" port: 44543 } } peers { permanent_uuid: "1bbe929980e44e57b216136ddba81a72" member_type: VOTER last_known_addr { host: "127.0.107.194" port: 37945 } } peers { permanent_uuid: "7a610746586a45e7842f67a6cee0c771" member_type: VOTER last_known_addr { host: "127.0.107.195" port: 36135 } }
I20260709 14:49:10.867153  1741 ts_tablet_manager.cc:1434] T 21ad953562944b769d814dbfe33fea8e P 7a610746586a45e7842f67a6cee0c771: Time spent starting tablet: real 0.009s	user 0.005s	sys 0.000s
I20260709 14:49:10.867473  1623 raft_consensus.cc:2468] T d210b3b5615148b68a38c552aa7999df P 1bbe929980e44e57b216136ddba81a72 [term 1 FOLLOWER]: Leader election vote request: Granting yes vote for candidate 52b119a8c4c64d008cd2b88237ba4d8e in term 1.
I20260709 14:49:10.867811  1741 tablet_bootstrap.cc:492] T 0788a6df9d484f5f94d811c90b2279d3 P 7a610746586a45e7842f67a6cee0c771: Bootstrap starting.
I20260709 14:49:10.869302  1547 tablet_service.cc:1917] Received RequestConsensusVote() RPC: tablet_id: "62f5b7d929304298a341451d3c8f976c" candidate_uuid: "7a610746586a45e7842f67a6cee0c771" candidate_term: 1 candidate_status { last_received { term: 0 index: 0 } } ignore_live_leader: false dest_uuid: "52b119a8c4c64d008cd2b88237ba4d8e" is_pre_election: true
I20260709 14:49:10.869423  1516 leader_election.cc:304] T d210b3b5615148b68a38c552aa7999df P 52b119a8c4c64d008cd2b88237ba4d8e [CANDIDATE]: Term 1 election: Election decided. Result: candidate won. Election summary: received 2 responses out of 3 voters: 2 yes votes; 0 no votes. yes voters: 52b119a8c4c64d008cd2b88237ba4d8e, 7a610746586a45e7842f67a6cee0c771; no voters: 
I20260709 14:49:10.871062  1841 raft_consensus.cc:2804] T d210b3b5615148b68a38c552aa7999df P 52b119a8c4c64d008cd2b88237ba4d8e [term 1 FOLLOWER]: Leader election won for term 1
I20260709 14:49:10.871968  1841 raft_consensus.cc:697] T d210b3b5615148b68a38c552aa7999df P 52b119a8c4c64d008cd2b88237ba4d8e [term 1 LEADER]: Becoming Leader. State: Replica: 52b119a8c4c64d008cd2b88237ba4d8e, State: Running, Role: LEADER
I20260709 14:49:10.872824  1841 consensus_queue.cc:237] T d210b3b5615148b68a38c552aa7999df P 52b119a8c4c64d008cd2b88237ba4d8e [LEADER]: Queue going to LEADER mode. State: All replicated index: 0, Majority replicated index: 0, Committed index: 0, Last appended: 0.0, Last appended by leader: 0, Current term: 1, Majority size: 2, State: 0, Mode: LEADER, active raft config: opid_index: -1 OBSOLETE_local: false peers { permanent_uuid: "52b119a8c4c64d008cd2b88237ba4d8e" member_type: VOTER last_known_addr { host: "127.0.107.193" port: 44543 } } peers { permanent_uuid: "1bbe929980e44e57b216136ddba81a72" member_type: VOTER last_known_addr { host: "127.0.107.194" port: 37945 } } peers { permanent_uuid: "7a610746586a45e7842f67a6cee0c771" member_type: VOTER last_known_addr { host: "127.0.107.195" port: 36135 } }
I20260709 14:49:10.874209  1742 tablet_bootstrap.cc:492] T 62f5b7d929304298a341451d3c8f976c P 1bbe929980e44e57b216136ddba81a72: No bootstrap required, opened a new log
I20260709 14:49:10.877758  1742 ts_tablet_manager.cc:1403] T 62f5b7d929304298a341451d3c8f976c P 1bbe929980e44e57b216136ddba81a72: Time spent bootstrapping tablet: real 0.117s	user 0.009s	sys 0.009s
I20260709 14:49:10.873484  1547 raft_consensus.cc:2468] T 62f5b7d929304298a341451d3c8f976c P 52b119a8c4c64d008cd2b88237ba4d8e [term 0 FOLLOWER]: Leader pre-election vote request: Granting yes vote for candidate 7a610746586a45e7842f67a6cee0c771 in term 0.
I20260709 14:49:10.879667  1742 raft_consensus.cc:359] T 62f5b7d929304298a341451d3c8f976c P 1bbe929980e44e57b216136ddba81a72 [term 0 FOLLOWER]: Replica starting. Triggering 0 pending ops. Active config: opid_index: -1 OBSOLETE_local: false peers { permanent_uuid: "52b119a8c4c64d008cd2b88237ba4d8e" member_type: VOTER last_known_addr { host: "127.0.107.193" port: 44543 } } peers { permanent_uuid: "1bbe929980e44e57b216136ddba81a72" member_type: VOTER last_known_addr { host: "127.0.107.194" port: 37945 } } peers { permanent_uuid: "7a610746586a45e7842f67a6cee0c771" member_type: VOTER last_known_addr { host: "127.0.107.195" port: 36135 } }
I20260709 14:49:10.880136  1742 raft_consensus.cc:385] T 62f5b7d929304298a341451d3c8f976c P 1bbe929980e44e57b216136ddba81a72 [term 0 FOLLOWER]: Consensus starting up: Expiring failure detector timer to make a prompt election more likely
I20260709 14:49:10.880340  1742 raft_consensus.cc:740] T 62f5b7d929304298a341451d3c8f976c P 1bbe929980e44e57b216136ddba81a72 [term 0 FOLLOWER]: Becoming Follower/Learner. State: Replica: 1bbe929980e44e57b216136ddba81a72, State: Initialized, Role: FOLLOWER
I20260709 14:49:10.880860  1742 consensus_queue.cc:260] T 62f5b7d929304298a341451d3c8f976c P 1bbe929980e44e57b216136ddba81a72 [NON_LEADER]: Queue going to NON_LEADER mode. State: All replicated index: 0, Majority replicated index: 0, Committed index: 0, Last appended: 0.0, Last appended by leader: 0, Current term: 0, Majority size: -1, State: 0, Mode: NON_LEADER, active raft config: opid_index: -1 OBSOLETE_local: false peers { permanent_uuid: "52b119a8c4c64d008cd2b88237ba4d8e" member_type: VOTER last_known_addr { host: "127.0.107.193" port: 44543 } } peers { permanent_uuid: "1bbe929980e44e57b216136ddba81a72" member_type: VOTER last_known_addr { host: "127.0.107.194" port: 37945 } } peers { permanent_uuid: "7a610746586a45e7842f67a6cee0c771" member_type: VOTER last_known_addr { host: "127.0.107.195" port: 36135 } }
I20260709 14:49:10.872169  1552 tablet_service.cc:1917] Received RequestConsensusVote() RPC: tablet_id: "32b589fcd78e45a08b795dd9d0118c29" candidate_uuid: "7a610746586a45e7842f67a6cee0c771" candidate_term: 1 candidate_status { last_received { term: 0 index: 0 } } ignore_live_leader: false dest_uuid: "52b119a8c4c64d008cd2b88237ba4d8e" is_pre_election: true
I20260709 14:49:10.885592  1547 tablet_service.cc:1917] Received RequestConsensusVote() RPC: tablet_id: "21ad953562944b769d814dbfe33fea8e" candidate_uuid: "1bbe929980e44e57b216136ddba81a72" candidate_term: 1 candidate_status { last_received { term: 0 index: 0 } } ignore_live_leader: false dest_uuid: "52b119a8c4c64d008cd2b88237ba4d8e"
I20260709 14:49:10.887315  1743 tablet_bootstrap.cc:492] T 32b589fcd78e45a08b795dd9d0118c29 P 52b119a8c4c64d008cd2b88237ba4d8e: No bootstrap required, opened a new log
I20260709 14:49:10.887801  1743 ts_tablet_manager.cc:1403] T 32b589fcd78e45a08b795dd9d0118c29 P 52b119a8c4c64d008cd2b88237ba4d8e: Time spent bootstrapping tablet: real 0.123s	user 0.006s	sys 0.003s
I20260709 14:49:10.886166  1547 raft_consensus.cc:3060] T 21ad953562944b769d814dbfe33fea8e P 52b119a8c4c64d008cd2b88237ba4d8e [term 0 FOLLOWER]: Advancing to term 1
I20260709 14:49:10.893051  1742 ts_tablet_manager.cc:1434] T 62f5b7d929304298a341451d3c8f976c P 1bbe929980e44e57b216136ddba81a72: Time spent starting tablet: real 0.015s	user 0.005s	sys 0.000s
I20260709 14:49:10.894172  1742 tablet_bootstrap.cc:492] T 3e763bc51062454fbac0ebf9ed062a6f P 1bbe929980e44e57b216136ddba81a72: Bootstrap starting.
I20260709 14:49:10.894589  1666 leader_election.cc:304] T 62f5b7d929304298a341451d3c8f976c P 7a610746586a45e7842f67a6cee0c771 [CANDIDATE]: Term 1 pre-election: Election decided. Result: candidate won. Election summary: received 3 responses out of 3 voters: 2 yes votes; 1 no votes. yes voters: 52b119a8c4c64d008cd2b88237ba4d8e, 7a610746586a45e7842f67a6cee0c771; no voters: 1bbe929980e44e57b216136ddba81a72
W20260709 14:49:10.895701  1666 leader_election.cc:343] T 32b589fcd78e45a08b795dd9d0118c29 P 7a610746586a45e7842f67a6cee0c771 [CANDIDATE]: Term 1 pre-election: Tablet error from VoteRequest() call to peer 52b119a8c4c64d008cd2b88237ba4d8e (127.0.107.193:44543): Illegal state: must be running to vote when last-logged opid is not known
I20260709 14:49:10.896113  1666 leader_election.cc:304] T 32b589fcd78e45a08b795dd9d0118c29 P 7a610746586a45e7842f67a6cee0c771 [CANDIDATE]: Term 1 pre-election: Election decided. Result: candidate lost. Election summary: received 3 responses out of 3 voters: 1 yes votes; 2 no votes. yes voters: 7a610746586a45e7842f67a6cee0c771; no voters: 1bbe929980e44e57b216136ddba81a72, 52b119a8c4c64d008cd2b88237ba4d8e
I20260709 14:49:10.897615  1851 raft_consensus.cc:2749] T 32b589fcd78e45a08b795dd9d0118c29 P 7a610746586a45e7842f67a6cee0c771 [term 0 FOLLOWER]: Leader pre-election lost for term 1. Reason: could not achieve majority
I20260709 14:49:10.897398  1890 raft_consensus.cc:2804] T 62f5b7d929304298a341451d3c8f976c P 7a610746586a45e7842f67a6cee0c771 [term 0 FOLLOWER]: Leader pre-election won for term 1
I20260709 14:49:10.898563  1890 raft_consensus.cc:493] T 62f5b7d929304298a341451d3c8f976c P 7a610746586a45e7842f67a6cee0c771 [term 0 FOLLOWER]: Starting leader election (no leader contacted us within the election timeout)
I20260709 14:49:10.898897  1890 raft_consensus.cc:3060] T 62f5b7d929304298a341451d3c8f976c P 7a610746586a45e7842f67a6cee0c771 [term 0 FOLLOWER]: Advancing to term 1
I20260709 14:49:10.901333  1743 raft_consensus.cc:359] T 32b589fcd78e45a08b795dd9d0118c29 P 52b119a8c4c64d008cd2b88237ba4d8e [term 0 FOLLOWER]: Replica starting. Triggering 0 pending ops. Active config: opid_index: -1 OBSOLETE_local: false peers { permanent_uuid: "52b119a8c4c64d008cd2b88237ba4d8e" member_type: VOTER last_known_addr { host: "127.0.107.193" port: 44543 } } peers { permanent_uuid: "1bbe929980e44e57b216136ddba81a72" member_type: VOTER last_known_addr { host: "127.0.107.194" port: 37945 } } peers { permanent_uuid: "7a610746586a45e7842f67a6cee0c771" member_type: VOTER last_known_addr { host: "127.0.107.195" port: 36135 } }
I20260709 14:49:10.902148  1743 raft_consensus.cc:385] T 32b589fcd78e45a08b795dd9d0118c29 P 52b119a8c4c64d008cd2b88237ba4d8e [term 0 FOLLOWER]: Consensus starting up: Expiring failure detector timer to make a prompt election more likely
I20260709 14:49:10.902624  1743 raft_consensus.cc:740] T 32b589fcd78e45a08b795dd9d0118c29 P 52b119a8c4c64d008cd2b88237ba4d8e [term 0 FOLLOWER]: Becoming Follower/Learner. State: Replica: 52b119a8c4c64d008cd2b88237ba4d8e, State: Initialized, Role: FOLLOWER
I20260709 14:49:10.903834  1743 consensus_queue.cc:260] T 32b589fcd78e45a08b795dd9d0118c29 P 52b119a8c4c64d008cd2b88237ba4d8e [NON_LEADER]: Queue going to NON_LEADER mode. State: All replicated index: 0, Majority replicated index: 0, Committed index: 0, Last appended: 0.0, Last appended by leader: 0, Current term: 0, Majority size: -1, State: 0, Mode: NON_LEADER, active raft config: opid_index: -1 OBSOLETE_local: false peers { permanent_uuid: "52b119a8c4c64d008cd2b88237ba4d8e" member_type: VOTER last_known_addr { host: "127.0.107.193" port: 44543 } } peers { permanent_uuid: "1bbe929980e44e57b216136ddba81a72" member_type: VOTER last_known_addr { host: "127.0.107.194" port: 37945 } } peers { permanent_uuid: "7a610746586a45e7842f67a6cee0c771" member_type: VOTER last_known_addr { host: "127.0.107.195" port: 36135 } }
I20260709 14:49:10.907718  1743 ts_tablet_manager.cc:1434] T 32b589fcd78e45a08b795dd9d0118c29 P 52b119a8c4c64d008cd2b88237ba4d8e: Time spent starting tablet: real 0.020s	user 0.005s	sys 0.000s
I20260709 14:49:10.908620  1743 tablet_bootstrap.cc:492] T 8d0542045be34af8a75168752015b6c6 P 52b119a8c4c64d008cd2b88237ba4d8e: Bootstrap starting.
I20260709 14:49:10.909605  1890 raft_consensus.cc:515] T 62f5b7d929304298a341451d3c8f976c P 7a610746586a45e7842f67a6cee0c771 [term 1 FOLLOWER]: Starting leader election with config: opid_index: -1 OBSOLETE_local: false peers { permanent_uuid: "52b119a8c4c64d008cd2b88237ba4d8e" member_type: VOTER last_known_addr { host: "127.0.107.193" port: 44543 } } peers { permanent_uuid: "1bbe929980e44e57b216136ddba81a72" member_type: VOTER last_known_addr { host: "127.0.107.194" port: 37945 } } peers { permanent_uuid: "7a610746586a45e7842f67a6cee0c771" member_type: VOTER last_known_addr { host: "127.0.107.195" port: 36135 } }
I20260709 14:49:10.913062  1851 raft_consensus.cc:493] T 4acf5bbc958d46ff8ce39c5231e24458 P 7a610746586a45e7842f67a6cee0c771 [term 0 FOLLOWER]: Starting pre-election (no leader contacted us within the election timeout)
I20260709 14:49:10.915333  1851 raft_consensus.cc:515] T 4acf5bbc958d46ff8ce39c5231e24458 P 7a610746586a45e7842f67a6cee0c771 [term 0 FOLLOWER]: Starting pre-election with config: opid_index: -1 OBSOLETE_local: false peers { permanent_uuid: "52b119a8c4c64d008cd2b88237ba4d8e" member_type: VOTER last_known_addr { host: "127.0.107.193" port: 44543 } } peers { permanent_uuid: "1bbe929980e44e57b216136ddba81a72" member_type: VOTER last_known_addr { host: "127.0.107.194" port: 37945 } } peers { permanent_uuid: "7a610746586a45e7842f67a6cee0c771" member_type: VOTER last_known_addr { host: "127.0.107.195" port: 36135 } }
I20260709 14:49:10.918437  1851 leader_election.cc:290] T 4acf5bbc958d46ff8ce39c5231e24458 P 7a610746586a45e7842f67a6cee0c771 [CANDIDATE]: Term 1 pre-election: Requested pre-vote from peers 52b119a8c4c64d008cd2b88237ba4d8e (127.0.107.193:44543), 1bbe929980e44e57b216136ddba81a72 (127.0.107.194:37945)
I20260709 14:49:10.920024  1548 tablet_service.cc:1917] Received RequestConsensusVote() RPC: tablet_id: "4acf5bbc958d46ff8ce39c5231e24458" candidate_uuid: "7a610746586a45e7842f67a6cee0c771" candidate_term: 1 candidate_status { last_received { term: 0 index: 0 } } ignore_live_leader: false dest_uuid: "52b119a8c4c64d008cd2b88237ba4d8e" is_pre_election: true
I20260709 14:49:10.920670  1548 raft_consensus.cc:2468] T 4acf5bbc958d46ff8ce39c5231e24458 P 52b119a8c4c64d008cd2b88237ba4d8e [term 0 FOLLOWER]: Leader pre-election vote request: Granting yes vote for candidate 7a610746586a45e7842f67a6cee0c771 in term 0.
I20260709 14:49:10.921654  1623 tablet_service.cc:1917] Received RequestConsensusVote() RPC: tablet_id: "4acf5bbc958d46ff8ce39c5231e24458" candidate_uuid: "7a610746586a45e7842f67a6cee0c771" candidate_term: 1 candidate_status { last_received { term: 0 index: 0 } } ignore_live_leader: false dest_uuid: "1bbe929980e44e57b216136ddba81a72" is_pre_election: true
I20260709 14:49:10.922034  1743 tablet_bootstrap.cc:654] T 8d0542045be34af8a75168752015b6c6 P 52b119a8c4c64d008cd2b88237ba4d8e: Neither blocks nor log segments found. Creating new log.
I20260709 14:49:10.923161  1666 leader_election.cc:304] T 4acf5bbc958d46ff8ce39c5231e24458 P 7a610746586a45e7842f67a6cee0c771 [CANDIDATE]: Term 1 pre-election: Election decided. Result: candidate won. Election summary: received 2 responses out of 3 voters: 2 yes votes; 0 no votes. yes voters: 52b119a8c4c64d008cd2b88237ba4d8e, 7a610746586a45e7842f67a6cee0c771; no voters: 
W20260709 14:49:10.923981  1667 leader_election.cc:343] T 4acf5bbc958d46ff8ce39c5231e24458 P 7a610746586a45e7842f67a6cee0c771 [CANDIDATE]: Term 1 pre-election: Tablet error from VoteRequest() call to peer 1bbe929980e44e57b216136ddba81a72 (127.0.107.194:37945): Illegal state: must be running to vote when last-logged opid is not known
I20260709 14:49:10.924224  1890 leader_election.cc:290] T 62f5b7d929304298a341451d3c8f976c P 7a610746586a45e7842f67a6cee0c771 [CANDIDATE]: Term 1 election: Requested vote from peers 52b119a8c4c64d008cd2b88237ba4d8e (127.0.107.193:44543), 1bbe929980e44e57b216136ddba81a72 (127.0.107.194:37945)
I20260709 14:49:10.925485  1623 tablet_service.cc:1917] Received RequestConsensusVote() RPC: tablet_id: "62f5b7d929304298a341451d3c8f976c" candidate_uuid: "7a610746586a45e7842f67a6cee0c771" candidate_term: 1 candidate_status { last_received { term: 0 index: 0 } } ignore_live_leader: false dest_uuid: "1bbe929980e44e57b216136ddba81a72"
I20260709 14:49:10.927628  1623 raft_consensus.cc:3060] T 62f5b7d929304298a341451d3c8f976c P 1bbe929980e44e57b216136ddba81a72 [term 0 FOLLOWER]: Advancing to term 1
I20260709 14:49:10.930181  1742 tablet_bootstrap.cc:654] T 3e763bc51062454fbac0ebf9ed062a6f P 1bbe929980e44e57b216136ddba81a72: Neither blocks nor log segments found. Creating new log.
I20260709 14:49:10.930212  1890 raft_consensus.cc:2804] T 4acf5bbc958d46ff8ce39c5231e24458 P 7a610746586a45e7842f67a6cee0c771 [term 0 FOLLOWER]: Leader pre-election won for term 1
I20260709 14:49:10.931485  1890 raft_consensus.cc:493] T 4acf5bbc958d46ff8ce39c5231e24458 P 7a610746586a45e7842f67a6cee0c771 [term 0 FOLLOWER]: Starting leader election (no leader contacted us within the election timeout)
I20260709 14:49:10.931866  1890 raft_consensus.cc:3060] T 4acf5bbc958d46ff8ce39c5231e24458 P 7a610746586a45e7842f67a6cee0c771 [term 0 FOLLOWER]: Advancing to term 1
I20260709 14:49:10.935825  1548 tablet_service.cc:1917] Received RequestConsensusVote() RPC: tablet_id: "62f5b7d929304298a341451d3c8f976c" candidate_uuid: "7a610746586a45e7842f67a6cee0c771" candidate_term: 1 candidate_status { last_received { term: 0 index: 0 } } ignore_live_leader: false dest_uuid: "52b119a8c4c64d008cd2b88237ba4d8e"
I20260709 14:49:10.936424  1548 raft_consensus.cc:3060] T 62f5b7d929304298a341451d3c8f976c P 52b119a8c4c64d008cd2b88237ba4d8e [term 0 FOLLOWER]: Advancing to term 1
I20260709 14:49:10.947753  1548 raft_consensus.cc:2468] T 62f5b7d929304298a341451d3c8f976c P 52b119a8c4c64d008cd2b88237ba4d8e [term 1 FOLLOWER]: Leader election vote request: Granting yes vote for candidate 7a610746586a45e7842f67a6cee0c771 in term 1.
I20260709 14:49:10.949335  1666 leader_election.cc:304] T 62f5b7d929304298a341451d3c8f976c P 7a610746586a45e7842f67a6cee0c771 [CANDIDATE]: Term 1 election: Election decided. Result: candidate won. Election summary: received 2 responses out of 3 voters: 2 yes votes; 0 no votes. yes voters: 52b119a8c4c64d008cd2b88237ba4d8e, 7a610746586a45e7842f67a6cee0c771; no voters: 
I20260709 14:49:10.941701  1547 raft_consensus.cc:2468] T 21ad953562944b769d814dbfe33fea8e P 52b119a8c4c64d008cd2b88237ba4d8e [term 1 FOLLOWER]: Leader election vote request: Granting yes vote for candidate 1bbe929980e44e57b216136ddba81a72 in term 1.
I20260709 14:49:10.951514  1943 raft_consensus.cc:2804] T 62f5b7d929304298a341451d3c8f976c P 7a610746586a45e7842f67a6cee0c771 [term 1 FOLLOWER]: Leader election won for term 1
I20260709 14:49:10.952306  1943 raft_consensus.cc:697] T 62f5b7d929304298a341451d3c8f976c P 7a610746586a45e7842f67a6cee0c771 [term 1 LEADER]: Becoming Leader. State: Replica: 7a610746586a45e7842f67a6cee0c771, State: Running, Role: LEADER
I20260709 14:49:10.952579  1592 leader_election.cc:304] T 21ad953562944b769d814dbfe33fea8e P 1bbe929980e44e57b216136ddba81a72 [CANDIDATE]: Term 1 election: Election decided. Result: candidate won. Election summary: received 3 responses out of 3 voters: 2 yes votes; 1 no votes. yes voters: 1bbe929980e44e57b216136ddba81a72, 52b119a8c4c64d008cd2b88237ba4d8e; no voters: 7a610746586a45e7842f67a6cee0c771
I20260709 14:49:10.952329  1623 raft_consensus.cc:2468] T 62f5b7d929304298a341451d3c8f976c P 1bbe929980e44e57b216136ddba81a72 [term 1 FOLLOWER]: Leader election vote request: Granting yes vote for candidate 7a610746586a45e7842f67a6cee0c771 in term 1.
I20260709 14:49:10.953576  1771 raft_consensus.cc:2804] T 21ad953562944b769d814dbfe33fea8e P 1bbe929980e44e57b216136ddba81a72 [term 1 FOLLOWER]: Leader election won for term 1
I20260709 14:49:10.953486  1943 consensus_queue.cc:237] T 62f5b7d929304298a341451d3c8f976c P 7a610746586a45e7842f67a6cee0c771 [LEADER]: Queue going to LEADER mode. State: All replicated index: 0, Majority replicated index: 0, Committed index: 0, Last appended: 0.0, Last appended by leader: 0, Current term: 1, Majority size: 2, State: 0, Mode: LEADER, active raft config: opid_index: -1 OBSOLETE_local: false peers { permanent_uuid: "52b119a8c4c64d008cd2b88237ba4d8e" member_type: VOTER last_known_addr { host: "127.0.107.193" port: 44543 } } peers { permanent_uuid: "1bbe929980e44e57b216136ddba81a72" member_type: VOTER last_known_addr { host: "127.0.107.194" port: 37945 } } peers { permanent_uuid: "7a610746586a45e7842f67a6cee0c771" member_type: VOTER last_known_addr { host: "127.0.107.195" port: 36135 } }
I20260709 14:49:10.956456  1771 raft_consensus.cc:697] T 21ad953562944b769d814dbfe33fea8e P 1bbe929980e44e57b216136ddba81a72 [term 1 LEADER]: Becoming Leader. State: Replica: 1bbe929980e44e57b216136ddba81a72, State: Running, Role: LEADER
I20260709 14:49:10.957372  1771 consensus_queue.cc:237] T 21ad953562944b769d814dbfe33fea8e P 1bbe929980e44e57b216136ddba81a72 [LEADER]: Queue going to LEADER mode. State: All replicated index: 0, Majority replicated index: 0, Committed index: 0, Last appended: 0.0, Last appended by leader: 0, Current term: 1, Majority size: 2, State: 0, Mode: LEADER, active raft config: opid_index: -1 OBSOLETE_local: false peers { permanent_uuid: "52b119a8c4c64d008cd2b88237ba4d8e" member_type: VOTER last_known_addr { host: "127.0.107.193" port: 44543 } } peers { permanent_uuid: "1bbe929980e44e57b216136ddba81a72" member_type: VOTER last_known_addr { host: "127.0.107.194" port: 37945 } } peers { permanent_uuid: "7a610746586a45e7842f67a6cee0c771" member_type: VOTER last_known_addr { host: "127.0.107.195" port: 36135 } }
I20260709 14:49:10.959134  1449 catalog_manager.cc:5697] T d210b3b5615148b68a38c552aa7999df P 52b119a8c4c64d008cd2b88237ba4d8e reported cstate change: term changed from 0 to 1, leader changed from <none> to 52b119a8c4c64d008cd2b88237ba4d8e (127.0.107.193). New cstate: current_term: 1 leader_uuid: "52b119a8c4c64d008cd2b88237ba4d8e" committed_config { opid_index: -1 OBSOLETE_local: false peers { permanent_uuid: "52b119a8c4c64d008cd2b88237ba4d8e" member_type: VOTER last_known_addr { host: "127.0.107.193" port: 44543 } health_report { overall_health: HEALTHY } } peers { permanent_uuid: "1bbe929980e44e57b216136ddba81a72" member_type: VOTER last_known_addr { host: "127.0.107.194" port: 37945 } health_report { overall_health: UNKNOWN } } peers { permanent_uuid: "7a610746586a45e7842f67a6cee0c771" member_type: VOTER last_known_addr { host: "127.0.107.195" port: 36135 } health_report { overall_health: UNKNOWN } } }
I20260709 14:49:10.960448  1741 tablet_bootstrap.cc:654] T 0788a6df9d484f5f94d811c90b2279d3 P 7a610746586a45e7842f67a6cee0c771: Neither blocks nor log segments found. Creating new log.
I20260709 14:49:10.963009  1743 tablet_bootstrap.cc:492] T 8d0542045be34af8a75168752015b6c6 P 52b119a8c4c64d008cd2b88237ba4d8e: No bootstrap required, opened a new log
I20260709 14:49:10.963491  1743 ts_tablet_manager.cc:1403] T 8d0542045be34af8a75168752015b6c6 P 52b119a8c4c64d008cd2b88237ba4d8e: Time spent bootstrapping tablet: real 0.055s	user 0.020s	sys 0.003s
I20260709 14:49:10.962531  1890 raft_consensus.cc:515] T 4acf5bbc958d46ff8ce39c5231e24458 P 7a610746586a45e7842f67a6cee0c771 [term 1 FOLLOWER]: Starting leader election with config: opid_index: -1 OBSOLETE_local: false peers { permanent_uuid: "52b119a8c4c64d008cd2b88237ba4d8e" member_type: VOTER last_known_addr { host: "127.0.107.193" port: 44543 } } peers { permanent_uuid: "1bbe929980e44e57b216136ddba81a72" member_type: VOTER last_known_addr { host: "127.0.107.194" port: 37945 } } peers { permanent_uuid: "7a610746586a45e7842f67a6cee0c771" member_type: VOTER last_known_addr { host: "127.0.107.195" port: 36135 } }
I20260709 14:49:10.968181  1743 raft_consensus.cc:359] T 8d0542045be34af8a75168752015b6c6 P 52b119a8c4c64d008cd2b88237ba4d8e [term 0 FOLLOWER]: Replica starting. Triggering 0 pending ops. Active config: opid_index: -1 OBSOLETE_local: false peers { permanent_uuid: "52b119a8c4c64d008cd2b88237ba4d8e" member_type: VOTER last_known_addr { host: "127.0.107.193" port: 44543 } } peers { permanent_uuid: "1bbe929980e44e57b216136ddba81a72" member_type: VOTER last_known_addr { host: "127.0.107.194" port: 37945 } } peers { permanent_uuid: "7a610746586a45e7842f67a6cee0c771" member_type: VOTER last_known_addr { host: "127.0.107.195" port: 36135 } }
I20260709 14:49:10.970010  1743 raft_consensus.cc:385] T 8d0542045be34af8a75168752015b6c6 P 52b119a8c4c64d008cd2b88237ba4d8e [term 0 FOLLOWER]: Consensus starting up: Expiring failure detector timer to make a prompt election more likely
I20260709 14:49:10.970345  1743 raft_consensus.cc:740] T 8d0542045be34af8a75168752015b6c6 P 52b119a8c4c64d008cd2b88237ba4d8e [term 0 FOLLOWER]: Becoming Follower/Learner. State: Replica: 52b119a8c4c64d008cd2b88237ba4d8e, State: Initialized, Role: FOLLOWER
I20260709 14:49:10.971119  1743 consensus_queue.cc:260] T 8d0542045be34af8a75168752015b6c6 P 52b119a8c4c64d008cd2b88237ba4d8e [NON_LEADER]: Queue going to NON_LEADER mode. State: All replicated index: 0, Majority replicated index: 0, Committed index: 0, Last appended: 0.0, Last appended by leader: 0, Current term: 0, Majority size: -1, State: 0, Mode: NON_LEADER, active raft config: opid_index: -1 OBSOLETE_local: false peers { permanent_uuid: "52b119a8c4c64d008cd2b88237ba4d8e" member_type: VOTER last_known_addr { host: "127.0.107.193" port: 44543 } } peers { permanent_uuid: "1bbe929980e44e57b216136ddba81a72" member_type: VOTER last_known_addr { host: "127.0.107.194" port: 37945 } } peers { permanent_uuid: "7a610746586a45e7842f67a6cee0c771" member_type: VOTER last_known_addr { host: "127.0.107.195" port: 36135 } }
I20260709 14:49:10.973906  1550 tablet_service.cc:1917] Received RequestConsensusVote() RPC: tablet_id: "4acf5bbc958d46ff8ce39c5231e24458" candidate_uuid: "7a610746586a45e7842f67a6cee0c771" candidate_term: 1 candidate_status { last_received { term: 0 index: 0 } } ignore_live_leader: false dest_uuid: "52b119a8c4c64d008cd2b88237ba4d8e"
I20260709 14:49:10.974478  1550 raft_consensus.cc:3060] T 4acf5bbc958d46ff8ce39c5231e24458 P 52b119a8c4c64d008cd2b88237ba4d8e [term 0 FOLLOWER]: Advancing to term 1
I20260709 14:49:10.975663  1742 tablet_bootstrap.cc:492] T 3e763bc51062454fbac0ebf9ed062a6f P 1bbe929980e44e57b216136ddba81a72: No bootstrap required, opened a new log
I20260709 14:49:10.976079  1742 ts_tablet_manager.cc:1403] T 3e763bc51062454fbac0ebf9ed062a6f P 1bbe929980e44e57b216136ddba81a72: Time spent bootstrapping tablet: real 0.082s	user 0.012s	sys 0.000s
I20260709 14:49:10.978034  1743 ts_tablet_manager.cc:1434] T 8d0542045be34af8a75168752015b6c6 P 52b119a8c4c64d008cd2b88237ba4d8e: Time spent starting tablet: real 0.014s	user 0.007s	sys 0.000s
I20260709 14:49:10.985421  1743 tablet_bootstrap.cc:492] T 877aea2ea07945a0a45f972e894e87a2 P 52b119a8c4c64d008cd2b88237ba4d8e: Bootstrap starting.
I20260709 14:49:10.986464  1742 raft_consensus.cc:359] T 3e763bc51062454fbac0ebf9ed062a6f P 1bbe929980e44e57b216136ddba81a72 [term 0 FOLLOWER]: Replica starting. Triggering 0 pending ops. Active config: opid_index: -1 OBSOLETE_local: false peers { permanent_uuid: "52b119a8c4c64d008cd2b88237ba4d8e" member_type: VOTER last_known_addr { host: "127.0.107.193" port: 44543 } } peers { permanent_uuid: "1bbe929980e44e57b216136ddba81a72" member_type: VOTER last_known_addr { host: "127.0.107.194" port: 37945 } } peers { permanent_uuid: "7a610746586a45e7842f67a6cee0c771" member_type: VOTER last_known_addr { host: "127.0.107.195" port: 36135 } }
I20260709 14:49:10.987210  1742 raft_consensus.cc:385] T 3e763bc51062454fbac0ebf9ed062a6f P 1bbe929980e44e57b216136ddba81a72 [term 0 FOLLOWER]: Consensus starting up: Expiring failure detector timer to make a prompt election more likely
I20260709 14:49:10.988095  1742 raft_consensus.cc:740] T 3e763bc51062454fbac0ebf9ed062a6f P 1bbe929980e44e57b216136ddba81a72 [term 0 FOLLOWER]: Becoming Follower/Learner. State: Replica: 1bbe929980e44e57b216136ddba81a72, State: Initialized, Role: FOLLOWER
I20260709 14:49:10.982510  1550 raft_consensus.cc:2468] T 4acf5bbc958d46ff8ce39c5231e24458 P 52b119a8c4c64d008cd2b88237ba4d8e [term 1 FOLLOWER]: Leader election vote request: Granting yes vote for candidate 7a610746586a45e7842f67a6cee0c771 in term 1.
I20260709 14:49:10.978790  1623 tablet_service.cc:1917] Received RequestConsensusVote() RPC: tablet_id: "4acf5bbc958d46ff8ce39c5231e24458" candidate_uuid: "7a610746586a45e7842f67a6cee0c771" candidate_term: 1 candidate_status { last_received { term: 0 index: 0 } } ignore_live_leader: false dest_uuid: "1bbe929980e44e57b216136ddba81a72"
I20260709 14:49:10.978899  1890 leader_election.cc:290] T 4acf5bbc958d46ff8ce39c5231e24458 P 7a610746586a45e7842f67a6cee0c771 [CANDIDATE]: Term 1 election: Requested vote from peers 52b119a8c4c64d008cd2b88237ba4d8e (127.0.107.193:44543), 1bbe929980e44e57b216136ddba81a72 (127.0.107.194:37945)
I20260709 14:49:10.991060  1666 leader_election.cc:304] T 4acf5bbc958d46ff8ce39c5231e24458 P 7a610746586a45e7842f67a6cee0c771 [CANDIDATE]: Term 1 election: Election decided. Result: candidate won. Election summary: received 2 responses out of 3 voters: 2 yes votes; 0 no votes. yes voters: 52b119a8c4c64d008cd2b88237ba4d8e, 7a610746586a45e7842f67a6cee0c771; no voters: 
I20260709 14:49:10.989396  1742 consensus_queue.cc:260] T 3e763bc51062454fbac0ebf9ed062a6f P 1bbe929980e44e57b216136ddba81a72 [NON_LEADER]: Queue going to NON_LEADER mode. State: All replicated index: 0, Majority replicated index: 0, Committed index: 0, Last appended: 0.0, Last appended by leader: 0, Current term: 0, Majority size: -1, State: 0, Mode: NON_LEADER, active raft config: opid_index: -1 OBSOLETE_local: false peers { permanent_uuid: "52b119a8c4c64d008cd2b88237ba4d8e" member_type: VOTER last_known_addr { host: "127.0.107.193" port: 44543 } } peers { permanent_uuid: "1bbe929980e44e57b216136ddba81a72" member_type: VOTER last_known_addr { host: "127.0.107.194" port: 37945 } } peers { permanent_uuid: "7a610746586a45e7842f67a6cee0c771" member_type: VOTER last_known_addr { host: "127.0.107.195" port: 36135 } }
I20260709 14:49:10.992841  1743 tablet_bootstrap.cc:654] T 877aea2ea07945a0a45f972e894e87a2 P 52b119a8c4c64d008cd2b88237ba4d8e: Neither blocks nor log segments found. Creating new log.
I20260709 14:49:10.994484  1742 ts_tablet_manager.cc:1434] T 3e763bc51062454fbac0ebf9ed062a6f P 1bbe929980e44e57b216136ddba81a72: Time spent starting tablet: real 0.018s	user 0.009s	sys 0.000s
I20260709 14:49:10.991868  1890 raft_consensus.cc:2804] T 4acf5bbc958d46ff8ce39c5231e24458 P 7a610746586a45e7842f67a6cee0c771 [term 1 FOLLOWER]: Leader election won for term 1
W20260709 14:49:10.995784  1667 leader_election.cc:343] T 4acf5bbc958d46ff8ce39c5231e24458 P 7a610746586a45e7842f67a6cee0c771 [CANDIDATE]: Term 1 election: Tablet error from VoteRequest() call to peer 1bbe929980e44e57b216136ddba81a72 (127.0.107.194:37945): Illegal state: must be running to vote when last-logged opid is not known
I20260709 14:49:10.995374  1742 tablet_bootstrap.cc:492] T 4acf5bbc958d46ff8ce39c5231e24458 P 1bbe929980e44e57b216136ddba81a72: Bootstrap starting.
I20260709 14:49:10.998463  1449 catalog_manager.cc:5697] T 21ad953562944b769d814dbfe33fea8e P 1bbe929980e44e57b216136ddba81a72 reported cstate change: term changed from 0 to 1, leader changed from <none> to 1bbe929980e44e57b216136ddba81a72 (127.0.107.194). New cstate: current_term: 1 leader_uuid: "1bbe929980e44e57b216136ddba81a72" committed_config { opid_index: -1 OBSOLETE_local: false peers { permanent_uuid: "52b119a8c4c64d008cd2b88237ba4d8e" member_type: VOTER last_known_addr { host: "127.0.107.193" port: 44543 } health_report { overall_health: UNKNOWN } } peers { permanent_uuid: "1bbe929980e44e57b216136ddba81a72" member_type: VOTER last_known_addr { host: "127.0.107.194" port: 37945 } health_report { overall_health: HEALTHY } } peers { permanent_uuid: "7a610746586a45e7842f67a6cee0c771" member_type: VOTER last_known_addr { host: "127.0.107.195" port: 36135 } health_report { overall_health: UNKNOWN } } }
I20260709 14:49:11.000736  1743 tablet_bootstrap.cc:492] T 877aea2ea07945a0a45f972e894e87a2 P 52b119a8c4c64d008cd2b88237ba4d8e: No bootstrap required, opened a new log
I20260709 14:49:11.001204  1743 ts_tablet_manager.cc:1403] T 877aea2ea07945a0a45f972e894e87a2 P 52b119a8c4c64d008cd2b88237ba4d8e: Time spent bootstrapping tablet: real 0.016s	user 0.004s	sys 0.007s
I20260709 14:49:11.002332  1741 tablet_bootstrap.cc:492] T 0788a6df9d484f5f94d811c90b2279d3 P 7a610746586a45e7842f67a6cee0c771: No bootstrap required, opened a new log
I20260709 14:49:11.002693  1741 ts_tablet_manager.cc:1403] T 0788a6df9d484f5f94d811c90b2279d3 P 7a610746586a45e7842f67a6cee0c771: Time spent bootstrapping tablet: real 0.135s	user 0.014s	sys 0.000s
I20260709 14:49:11.003597  1743 raft_consensus.cc:359] T 877aea2ea07945a0a45f972e894e87a2 P 52b119a8c4c64d008cd2b88237ba4d8e [term 0 FOLLOWER]: Replica starting. Triggering 0 pending ops. Active config: opid_index: -1 OBSOLETE_local: false peers { permanent_uuid: "52b119a8c4c64d008cd2b88237ba4d8e" member_type: VOTER last_known_addr { host: "127.0.107.193" port: 44543 } } peers { permanent_uuid: "1bbe929980e44e57b216136ddba81a72" member_type: VOTER last_known_addr { host: "127.0.107.194" port: 37945 } } peers { permanent_uuid: "7a610746586a45e7842f67a6cee0c771" member_type: VOTER last_known_addr { host: "127.0.107.195" port: 36135 } }
I20260709 14:49:11.004253  1743 raft_consensus.cc:385] T 877aea2ea07945a0a45f972e894e87a2 P 52b119a8c4c64d008cd2b88237ba4d8e [term 0 FOLLOWER]: Consensus starting up: Expiring failure detector timer to make a prompt election more likely
I20260709 14:49:11.004513  1743 raft_consensus.cc:740] T 877aea2ea07945a0a45f972e894e87a2 P 52b119a8c4c64d008cd2b88237ba4d8e [term 0 FOLLOWER]: Becoming Follower/Learner. State: Replica: 52b119a8c4c64d008cd2b88237ba4d8e, State: Initialized, Role: FOLLOWER
I20260709 14:49:10.997128  1890 raft_consensus.cc:697] T 4acf5bbc958d46ff8ce39c5231e24458 P 7a610746586a45e7842f67a6cee0c771 [term 1 LEADER]: Becoming Leader. State: Replica: 7a610746586a45e7842f67a6cee0c771, State: Running, Role: LEADER
I20260709 14:49:11.005260  1743 consensus_queue.cc:260] T 877aea2ea07945a0a45f972e894e87a2 P 52b119a8c4c64d008cd2b88237ba4d8e [NON_LEADER]: Queue going to NON_LEADER mode. State: All replicated index: 0, Majority replicated index: 0, Committed index: 0, Last appended: 0.0, Last appended by leader: 0, Current term: 0, Majority size: -1, State: 0, Mode: NON_LEADER, active raft config: opid_index: -1 OBSOLETE_local: false peers { permanent_uuid: "52b119a8c4c64d008cd2b88237ba4d8e" member_type: VOTER last_known_addr { host: "127.0.107.193" port: 44543 } } peers { permanent_uuid: "1bbe929980e44e57b216136ddba81a72" member_type: VOTER last_known_addr { host: "127.0.107.194" port: 37945 } } peers { permanent_uuid: "7a610746586a45e7842f67a6cee0c771" member_type: VOTER last_known_addr { host: "127.0.107.195" port: 36135 } }
I20260709 14:49:11.005497  1890 consensus_queue.cc:237] T 4acf5bbc958d46ff8ce39c5231e24458 P 7a610746586a45e7842f67a6cee0c771 [LEADER]: Queue going to LEADER mode. State: All replicated index: 0, Majority replicated index: 0, Committed index: 0, Last appended: 0.0, Last appended by leader: 0, Current term: 1, Majority size: 2, State: 0, Mode: LEADER, active raft config: opid_index: -1 OBSOLETE_local: false peers { permanent_uuid: "52b119a8c4c64d008cd2b88237ba4d8e" member_type: VOTER last_known_addr { host: "127.0.107.193" port: 44543 } } peers { permanent_uuid: "1bbe929980e44e57b216136ddba81a72" member_type: VOTER last_known_addr { host: "127.0.107.194" port: 37945 } } peers { permanent_uuid: "7a610746586a45e7842f67a6cee0c771" member_type: VOTER last_known_addr { host: "127.0.107.195" port: 36135 } }
I20260709 14:49:11.007323  1743 ts_tablet_manager.cc:1434] T 877aea2ea07945a0a45f972e894e87a2 P 52b119a8c4c64d008cd2b88237ba4d8e: Time spent starting tablet: real 0.006s	user 0.001s	sys 0.003s
I20260709 14:49:11.008119  1743 tablet_bootstrap.cc:492] T 12ce968925ed489792b032a596a8e1a7 P 52b119a8c4c64d008cd2b88237ba4d8e: Bootstrap starting.
I20260709 14:49:11.004499  1741 raft_consensus.cc:359] T 0788a6df9d484f5f94d811c90b2279d3 P 7a610746586a45e7842f67a6cee0c771 [term 0 FOLLOWER]: Replica starting. Triggering 0 pending ops. Active config: opid_index: -1 OBSOLETE_local: false peers { permanent_uuid: "52b119a8c4c64d008cd2b88237ba4d8e" member_type: VOTER last_known_addr { host: "127.0.107.193" port: 44543 } } peers { permanent_uuid: "1bbe929980e44e57b216136ddba81a72" member_type: VOTER last_known_addr { host: "127.0.107.194" port: 37945 } } peers { permanent_uuid: "7a610746586a45e7842f67a6cee0c771" member_type: VOTER last_known_addr { host: "127.0.107.195" port: 36135 } }
I20260709 14:49:11.013549  1741 raft_consensus.cc:385] T 0788a6df9d484f5f94d811c90b2279d3 P 7a610746586a45e7842f67a6cee0c771 [term 0 FOLLOWER]: Consensus starting up: Expiring failure detector timer to make a prompt election more likely
I20260709 14:49:11.013648  1743 tablet_bootstrap.cc:654] T 12ce968925ed489792b032a596a8e1a7 P 52b119a8c4c64d008cd2b88237ba4d8e: Neither blocks nor log segments found. Creating new log.
I20260709 14:49:11.015844  1742 tablet_bootstrap.cc:654] T 4acf5bbc958d46ff8ce39c5231e24458 P 1bbe929980e44e57b216136ddba81a72: Neither blocks nor log segments found. Creating new log.
I20260709 14:49:11.016130  1741 raft_consensus.cc:740] T 0788a6df9d484f5f94d811c90b2279d3 P 7a610746586a45e7842f67a6cee0c771 [term 0 FOLLOWER]: Becoming Follower/Learner. State: Replica: 7a610746586a45e7842f67a6cee0c771, State: Initialized, Role: FOLLOWER
I20260709 14:49:11.017077  1741 consensus_queue.cc:260] T 0788a6df9d484f5f94d811c90b2279d3 P 7a610746586a45e7842f67a6cee0c771 [NON_LEADER]: Queue going to NON_LEADER mode. State: All replicated index: 0, Majority replicated index: 0, Committed index: 0, Last appended: 0.0, Last appended by leader: 0, Current term: 0, Majority size: -1, State: 0, Mode: NON_LEADER, active raft config: opid_index: -1 OBSOLETE_local: false peers { permanent_uuid: "52b119a8c4c64d008cd2b88237ba4d8e" member_type: VOTER last_known_addr { host: "127.0.107.193" port: 44543 } } peers { permanent_uuid: "1bbe929980e44e57b216136ddba81a72" member_type: VOTER last_known_addr { host: "127.0.107.194" port: 37945 } } peers { permanent_uuid: "7a610746586a45e7842f67a6cee0c771" member_type: VOTER last_known_addr { host: "127.0.107.195" port: 36135 } }
I20260709 14:49:11.019384  1741 ts_tablet_manager.cc:1434] T 0788a6df9d484f5f94d811c90b2279d3 P 7a610746586a45e7842f67a6cee0c771: Time spent starting tablet: real 0.016s	user 0.006s	sys 0.000s
