I20260709 14:49:08.250167  1523 tablet_service.cc:1917] Received RequestConsensusVote() RPC: tablet_id: "678a9b914c964a22929bcd136e239035" candidate_uuid: "92a47d58f0634acb848cc0c4e4d2d8b2" candidate_term: 1 candidate_status { last_received { term: 0 index: 0 } } ignore_live_leader: false dest_uuid: "148437de320f424aa2af1ba3bd313e6e" is_pre_election: true
I20260709 14:49:08.251626  1604 tablet_service.cc:1917] Received RequestConsensusVote() RPC: tablet_id: "678a9b914c964a22929bcd136e239035" candidate_uuid: "92a47d58f0634acb848cc0c4e4d2d8b2" candidate_term: 1 candidate_status { last_received { term: 0 index: 0 } } ignore_live_leader: false dest_uuid: "72267919dbfe47e3a7b5fbf74b69a069" is_pre_election: true
I20260709 14:49:08.251977  1731 leader_election.cc:290] T cac18ee2bb2a4eb9a8ea0b77da57eb38 P 148437de320f424aa2af1ba3bd313e6e [CANDIDATE]: Term 1 election: Requested vote from peers 72267919dbfe47e3a7b5fbf74b69a069 (127.0.107.194:39189), 92a47d58f0634acb848cc0c4e4d2d8b2 (127.0.107.195:33635)
I20260709 14:49:08.252689  1603 tablet_service.cc:1917] Received RequestConsensusVote() RPC: tablet_id: "cac18ee2bb2a4eb9a8ea0b77da57eb38" candidate_uuid: "148437de320f424aa2af1ba3bd313e6e" candidate_term: 1 candidate_status { last_received { term: 0 index: 0 } } ignore_live_leader: false dest_uuid: "72267919dbfe47e3a7b5fbf74b69a069"
I20260709 14:49:08.253190  1603 raft_consensus.cc:3060] T cac18ee2bb2a4eb9a8ea0b77da57eb38 P 72267919dbfe47e3a7b5fbf74b69a069 [term 0 FOLLOWER]: Advancing to term 1
I20260709 14:49:08.254305  1675 tablet_service.cc:1917] Received RequestConsensusVote() RPC: tablet_id: "cac18ee2bb2a4eb9a8ea0b77da57eb38" candidate_uuid: "148437de320f424aa2af1ba3bd313e6e" candidate_term: 1 candidate_status { last_received { term: 0 index: 0 } } ignore_live_leader: false dest_uuid: "92a47d58f0634acb848cc0c4e4d2d8b2"
I20260709 14:49:08.254927  1675 raft_consensus.cc:3060] T cac18ee2bb2a4eb9a8ea0b77da57eb38 P 92a47d58f0634acb848cc0c4e4d2d8b2 [term 0 FOLLOWER]: Advancing to term 1
I20260709 14:49:08.258885  1718 tablet_bootstrap.cc:492] T 30ff3540ff474b66a407925996fef343 P 92a47d58f0634acb848cc0c4e4d2d8b2: No bootstrap required, opened a new log
I20260709 14:49:08.259572  1718 ts_tablet_manager.cc:1403] T 30ff3540ff474b66a407925996fef343 P 92a47d58f0634acb848cc0c4e4d2d8b2: Time spent bootstrapping tablet: real 0.077s	user 0.020s	sys 0.004s
W20260709 14:49:08.259572  1643 leader_election.cc:343] T 678a9b914c964a22929bcd136e239035 P 92a47d58f0634acb848cc0c4e4d2d8b2 [CANDIDATE]: Term 1 pre-election: Tablet error from VoteRequest() call to peer 72267919dbfe47e3a7b5fbf74b69a069 (127.0.107.194:39189): Illegal state: must be running to vote when last-logged opid is not known
W20260709 14:49:08.261795  1644 leader_election.cc:343] T 678a9b914c964a22929bcd136e239035 P 92a47d58f0634acb848cc0c4e4d2d8b2 [CANDIDATE]: Term 1 pre-election: Tablet error from VoteRequest() call to peer 148437de320f424aa2af1ba3bd313e6e (127.0.107.193:40639): Illegal state: must be running to vote when last-logged opid is not known
I20260709 14:49:08.264631  1644 leader_election.cc:304] T 678a9b914c964a22929bcd136e239035 P 92a47d58f0634acb848cc0c4e4d2d8b2 [CANDIDATE]: Term 1 pre-election: Election decided. Result: candidate lost. Election summary: received 3 responses out of 3 voters: 1 yes votes; 2 no votes. yes voters: 92a47d58f0634acb848cc0c4e4d2d8b2; no voters: 148437de320f424aa2af1ba3bd313e6e, 72267919dbfe47e3a7b5fbf74b69a069
I20260709 14:49:08.265751  1760 raft_consensus.cc:2749] T 678a9b914c964a22929bcd136e239035 P 92a47d58f0634acb848cc0c4e4d2d8b2 [term 0 FOLLOWER]: Leader pre-election lost for term 1. Reason: could not achieve majority
I20260709 14:49:08.272795  1718 raft_consensus.cc:359] T 30ff3540ff474b66a407925996fef343 P 92a47d58f0634acb848cc0c4e4d2d8b2 [term 0 FOLLOWER]: Replica starting. Triggering 0 pending ops. Active config: opid_index: -1 OBSOLETE_local: false peers { permanent_uuid: "148437de320f424aa2af1ba3bd313e6e" member_type: VOTER last_known_addr { host: "127.0.107.193" port: 40639 } } peers { permanent_uuid: "72267919dbfe47e3a7b5fbf74b69a069" member_type: VOTER last_known_addr { host: "127.0.107.194" port: 39189 } } peers { permanent_uuid: "92a47d58f0634acb848cc0c4e4d2d8b2" member_type: VOTER last_known_addr { host: "127.0.107.195" port: 33635 } }
I20260709 14:49:08.273504  1718 raft_consensus.cc:385] T 30ff3540ff474b66a407925996fef343 P 92a47d58f0634acb848cc0c4e4d2d8b2 [term 0 FOLLOWER]: Consensus starting up: Expiring failure detector timer to make a prompt election more likely
I20260709 14:49:08.273764  1718 raft_consensus.cc:740] T 30ff3540ff474b66a407925996fef343 P 92a47d58f0634acb848cc0c4e4d2d8b2 [term 0 FOLLOWER]: Becoming Follower/Learner. State: Replica: 92a47d58f0634acb848cc0c4e4d2d8b2, State: Initialized, Role: FOLLOWER
I20260709 14:49:08.274482  1718 consensus_queue.cc:260] T 30ff3540ff474b66a407925996fef343 P 92a47d58f0634acb848cc0c4e4d2d8b2 [NON_LEADER]: Queue going to NON_LEADER mode. State: All replicated index: 0, Majority replicated index: 0, Committed index: 0, Last appended: 0.0, Last appended by leader: 0, Current term: 0, Majority size: -1, State: 0, Mode: NON_LEADER, active raft config: opid_index: -1 OBSOLETE_local: false peers { permanent_uuid: "148437de320f424aa2af1ba3bd313e6e" member_type: VOTER last_known_addr { host: "127.0.107.193" port: 40639 } } peers { permanent_uuid: "72267919dbfe47e3a7b5fbf74b69a069" member_type: VOTER last_known_addr { host: "127.0.107.194" port: 39189 } } peers { permanent_uuid: "92a47d58f0634acb848cc0c4e4d2d8b2" member_type: VOTER last_known_addr { host: "127.0.107.195" port: 33635 } }
I20260709 14:49:08.270262  1423 catalog_manager.cc:5697] T 77c0433e476c428a8cab0d1397d99df8 P 148437de320f424aa2af1ba3bd313e6e reported cstate change: term changed from 0 to 1, leader changed from <none> to 148437de320f424aa2af1ba3bd313e6e (127.0.107.193). New cstate: current_term: 1 leader_uuid: "148437de320f424aa2af1ba3bd313e6e" committed_config { opid_index: -1 OBSOLETE_local: false peers { permanent_uuid: "148437de320f424aa2af1ba3bd313e6e" member_type: VOTER last_known_addr { host: "127.0.107.193" port: 40639 } health_report { overall_health: HEALTHY } } peers { permanent_uuid: "72267919dbfe47e3a7b5fbf74b69a069" member_type: VOTER last_known_addr { host: "127.0.107.194" port: 39189 } health_report { overall_health: UNKNOWN } } peers { permanent_uuid: "92a47d58f0634acb848cc0c4e4d2d8b2" member_type: VOTER last_known_addr { host: "127.0.107.195" port: 33635 } health_report { overall_health: UNKNOWN } } }
I20260709 14:49:08.278075  1603 raft_consensus.cc:2468] T cac18ee2bb2a4eb9a8ea0b77da57eb38 P 72267919dbfe47e3a7b5fbf74b69a069 [term 1 FOLLOWER]: Leader election vote request: Granting yes vote for candidate 148437de320f424aa2af1ba3bd313e6e in term 1.
I20260709 14:49:08.280329  1494 leader_election.cc:304] T cac18ee2bb2a4eb9a8ea0b77da57eb38 P 148437de320f424aa2af1ba3bd313e6e [CANDIDATE]: Term 1 election: Election decided. Result: candidate won. Election summary: received 2 responses out of 3 voters: 2 yes votes; 0 no votes. yes voters: 148437de320f424aa2af1ba3bd313e6e, 72267919dbfe47e3a7b5fbf74b69a069; no voters: 
I20260709 14:49:08.282035  1913 raft_consensus.cc:2804] T cac18ee2bb2a4eb9a8ea0b77da57eb38 P 148437de320f424aa2af1ba3bd313e6e [term 1 FOLLOWER]: Leader election won for term 1
I20260709 14:49:08.282582  1913 raft_consensus.cc:697] T cac18ee2bb2a4eb9a8ea0b77da57eb38 P 148437de320f424aa2af1ba3bd313e6e [term 1 LEADER]: Becoming Leader. State: Replica: 148437de320f424aa2af1ba3bd313e6e, State: Running, Role: LEADER
I20260709 14:49:08.282120  1423 catalog_manager.cc:5697] T 0a1f3a296cda473f9e9c2107c35e8649 P 148437de320f424aa2af1ba3bd313e6e reported cstate change: term changed from 0 to 1, leader changed from <none> to 148437de320f424aa2af1ba3bd313e6e (127.0.107.193). New cstate: current_term: 1 leader_uuid: "148437de320f424aa2af1ba3bd313e6e" committed_config { opid_index: -1 OBSOLETE_local: false peers { permanent_uuid: "148437de320f424aa2af1ba3bd313e6e" member_type: VOTER last_known_addr { host: "127.0.107.193" port: 40639 } health_report { overall_health: HEALTHY } } peers { permanent_uuid: "72267919dbfe47e3a7b5fbf74b69a069" member_type: VOTER last_known_addr { host: "127.0.107.194" port: 39189 } health_report { overall_health: UNKNOWN } } peers { permanent_uuid: "92a47d58f0634acb848cc0c4e4d2d8b2" member_type: VOTER last_known_addr { host: "127.0.107.195" port: 33635 } health_report { overall_health: UNKNOWN } } }
I20260709 14:49:08.283370  1913 consensus_queue.cc:237] T cac18ee2bb2a4eb9a8ea0b77da57eb38 P 148437de320f424aa2af1ba3bd313e6e [LEADER]: Queue going to LEADER mode. State: All replicated index: 0, Majority replicated index: 0, Committed index: 0, Last appended: 0.0, Last appended by leader: 0, Current term: 1, Majority size: 2, State: 0, Mode: LEADER, active raft config: opid_index: -1 OBSOLETE_local: false peers { permanent_uuid: "148437de320f424aa2af1ba3bd313e6e" member_type: VOTER last_known_addr { host: "127.0.107.193" port: 40639 } } peers { permanent_uuid: "72267919dbfe47e3a7b5fbf74b69a069" member_type: VOTER last_known_addr { host: "127.0.107.194" port: 39189 } } peers { permanent_uuid: "92a47d58f0634acb848cc0c4e4d2d8b2" member_type: VOTER last_known_addr { host: "127.0.107.195" port: 33635 } }
I20260709 14:49:08.278720  1718 ts_tablet_manager.cc:1434] T 30ff3540ff474b66a407925996fef343 P 92a47d58f0634acb848cc0c4e4d2d8b2: Time spent starting tablet: real 0.019s	user 0.006s	sys 0.000s
I20260709 14:49:08.286185  1718 tablet_bootstrap.cc:492] T 7ec883e2c2d24829835b47226f620ad9 P 92a47d58f0634acb848cc0c4e4d2d8b2: Bootstrap starting.
I20260709 14:49:08.302570  1675 raft_consensus.cc:2468] T cac18ee2bb2a4eb9a8ea0b77da57eb38 P 92a47d58f0634acb848cc0c4e4d2d8b2 [term 1 FOLLOWER]: Leader election vote request: Granting yes vote for candidate 148437de320f424aa2af1ba3bd313e6e in term 1.
I20260709 14:49:08.305655  1725 tablet_bootstrap.cc:492] T a85c1881b2a949a88f99c8e8697d0403 P 148437de320f424aa2af1ba3bd313e6e: No bootstrap required, opened a new log
I20260709 14:49:08.306102  1725 ts_tablet_manager.cc:1403] T a85c1881b2a949a88f99c8e8697d0403 P 148437de320f424aa2af1ba3bd313e6e: Time spent bootstrapping tablet: real 0.109s	user 0.018s	sys 0.029s
I20260709 14:49:08.308595  1725 raft_consensus.cc:359] T a85c1881b2a949a88f99c8e8697d0403 P 148437de320f424aa2af1ba3bd313e6e [term 0 FOLLOWER]: Replica starting. Triggering 0 pending ops. Active config: opid_index: -1 OBSOLETE_local: false peers { permanent_uuid: "148437de320f424aa2af1ba3bd313e6e" member_type: VOTER last_known_addr { host: "127.0.107.193" port: 40639 } } peers { permanent_uuid: "72267919dbfe47e3a7b5fbf74b69a069" member_type: VOTER last_known_addr { host: "127.0.107.194" port: 39189 } } peers { permanent_uuid: "92a47d58f0634acb848cc0c4e4d2d8b2" member_type: VOTER last_known_addr { host: "127.0.107.195" port: 33635 } }
I20260709 14:49:08.309234  1725 raft_consensus.cc:385] T a85c1881b2a949a88f99c8e8697d0403 P 148437de320f424aa2af1ba3bd313e6e [term 0 FOLLOWER]: Consensus starting up: Expiring failure detector timer to make a prompt election more likely
I20260709 14:49:08.309481  1725 raft_consensus.cc:740] T a85c1881b2a949a88f99c8e8697d0403 P 148437de320f424aa2af1ba3bd313e6e [term 0 FOLLOWER]: Becoming Follower/Learner. State: Replica: 148437de320f424aa2af1ba3bd313e6e, State: Initialized, Role: FOLLOWER
I20260709 14:49:08.310261  1720 tablet_bootstrap.cc:492] T 678a9b914c964a22929bcd136e239035 P 72267919dbfe47e3a7b5fbf74b69a069: No bootstrap required, opened a new log
I20260709 14:49:08.310153  1725 consensus_queue.cc:260] T a85c1881b2a949a88f99c8e8697d0403 P 148437de320f424aa2af1ba3bd313e6e [NON_LEADER]: Queue going to NON_LEADER mode. State: All replicated index: 0, Majority replicated index: 0, Committed index: 0, Last appended: 0.0, Last appended by leader: 0, Current term: 0, Majority size: -1, State: 0, Mode: NON_LEADER, active raft config: opid_index: -1 OBSOLETE_local: false peers { permanent_uuid: "148437de320f424aa2af1ba3bd313e6e" member_type: VOTER last_known_addr { host: "127.0.107.193" port: 40639 } } peers { permanent_uuid: "72267919dbfe47e3a7b5fbf74b69a069" member_type: VOTER last_known_addr { host: "127.0.107.194" port: 39189 } } peers { permanent_uuid: "92a47d58f0634acb848cc0c4e4d2d8b2" member_type: VOTER last_known_addr { host: "127.0.107.195" port: 33635 } }
I20260709 14:49:08.310678  1720 ts_tablet_manager.cc:1403] T 678a9b914c964a22929bcd136e239035 P 72267919dbfe47e3a7b5fbf74b69a069: Time spent bootstrapping tablet: real 0.103s	user 0.014s	sys 0.017s
I20260709 14:49:08.312083  1725 ts_tablet_manager.cc:1434] T a85c1881b2a949a88f99c8e8697d0403 P 148437de320f424aa2af1ba3bd313e6e: Time spent starting tablet: real 0.006s	user 0.007s	sys 0.001s
I20260709 14:49:08.312916  1725 tablet_bootstrap.cc:492] T c3f41b5b5bbd41f597724b575508c885 P 148437de320f424aa2af1ba3bd313e6e: Bootstrap starting.
I20260709 14:49:08.313022  1720 raft_consensus.cc:359] T 678a9b914c964a22929bcd136e239035 P 72267919dbfe47e3a7b5fbf74b69a069 [term 0 FOLLOWER]: Replica starting. Triggering 0 pending ops. Active config: opid_index: -1 OBSOLETE_local: false peers { permanent_uuid: "148437de320f424aa2af1ba3bd313e6e" member_type: VOTER last_known_addr { host: "127.0.107.193" port: 40639 } } peers { permanent_uuid: "72267919dbfe47e3a7b5fbf74b69a069" member_type: VOTER last_known_addr { host: "127.0.107.194" port: 39189 } } peers { permanent_uuid: "92a47d58f0634acb848cc0c4e4d2d8b2" member_type: VOTER last_known_addr { host: "127.0.107.195" port: 33635 } }
I20260709 14:49:08.313627  1720 raft_consensus.cc:385] T 678a9b914c964a22929bcd136e239035 P 72267919dbfe47e3a7b5fbf74b69a069 [term 0 FOLLOWER]: Consensus starting up: Expiring failure detector timer to make a prompt election more likely
I20260709 14:49:08.313880  1720 raft_consensus.cc:740] T 678a9b914c964a22929bcd136e239035 P 72267919dbfe47e3a7b5fbf74b69a069 [term 0 FOLLOWER]: Becoming Follower/Learner. State: Replica: 72267919dbfe47e3a7b5fbf74b69a069, State: Initialized, Role: FOLLOWER
I20260709 14:49:08.314483  1720 consensus_queue.cc:260] T 678a9b914c964a22929bcd136e239035 P 72267919dbfe47e3a7b5fbf74b69a069 [NON_LEADER]: Queue going to NON_LEADER mode. State: All replicated index: 0, Majority replicated index: 0, Committed index: 0, Last appended: 0.0, Last appended by leader: 0, Current term: 0, Majority size: -1, State: 0, Mode: NON_LEADER, active raft config: opid_index: -1 OBSOLETE_local: false peers { permanent_uuid: "148437de320f424aa2af1ba3bd313e6e" member_type: VOTER last_known_addr { host: "127.0.107.193" port: 40639 } } peers { permanent_uuid: "72267919dbfe47e3a7b5fbf74b69a069" member_type: VOTER last_known_addr { host: "127.0.107.194" port: 39189 } } peers { permanent_uuid: "92a47d58f0634acb848cc0c4e4d2d8b2" member_type: VOTER last_known_addr { host: "127.0.107.195" port: 33635 } }
I20260709 14:49:08.316310  1718 tablet_bootstrap.cc:654] T 7ec883e2c2d24829835b47226f620ad9 P 92a47d58f0634acb848cc0c4e4d2d8b2: Neither blocks nor log segments found. Creating new log.
I20260709 14:49:08.319016  1725 tablet_bootstrap.cc:654] T c3f41b5b5bbd41f597724b575508c885 P 148437de320f424aa2af1ba3bd313e6e: Neither blocks nor log segments found. Creating new log.
I20260709 14:49:08.321563  1720 ts_tablet_manager.cc:1434] T 678a9b914c964a22929bcd136e239035 P 72267919dbfe47e3a7b5fbf74b69a069: Time spent starting tablet: real 0.011s	user 0.005s	sys 0.001s
I20260709 14:49:08.322479  1720 tablet_bootstrap.cc:492] T 30ff3540ff474b66a407925996fef343 P 72267919dbfe47e3a7b5fbf74b69a069: Bootstrap starting.
I20260709 14:49:08.323379  1890 raft_consensus.cc:493] T 6582b89a6f914a1990701ad970f0d84d P 72267919dbfe47e3a7b5fbf74b69a069 [term 0 FOLLOWER]: Starting pre-election (no leader contacted us within the election timeout)
I20260709 14:49:08.323854  1890 raft_consensus.cc:515] T 6582b89a6f914a1990701ad970f0d84d P 72267919dbfe47e3a7b5fbf74b69a069 [term 0 FOLLOWER]: Starting pre-election with config: opid_index: -1 OBSOLETE_local: false peers { permanent_uuid: "148437de320f424aa2af1ba3bd313e6e" member_type: VOTER last_known_addr { host: "127.0.107.193" port: 40639 } } peers { permanent_uuid: "72267919dbfe47e3a7b5fbf74b69a069" member_type: VOTER last_known_addr { host: "127.0.107.194" port: 39189 } } peers { permanent_uuid: "92a47d58f0634acb848cc0c4e4d2d8b2" member_type: VOTER last_known_addr { host: "127.0.107.195" port: 33635 } }
I20260709 14:49:08.326519  1890 leader_election.cc:290] T 6582b89a6f914a1990701ad970f0d84d P 72267919dbfe47e3a7b5fbf74b69a069 [CANDIDATE]: Term 1 pre-election: Requested pre-vote from peers 148437de320f424aa2af1ba3bd313e6e (127.0.107.193:40639), 92a47d58f0634acb848cc0c4e4d2d8b2 (127.0.107.195:33635)
I20260709 14:49:08.326910  1890 raft_consensus.cc:493] T a85c1881b2a949a88f99c8e8697d0403 P 72267919dbfe47e3a7b5fbf74b69a069 [term 0 FOLLOWER]: Starting pre-election (no leader contacted us within the election timeout)
I20260709 14:49:08.327257  1890 raft_consensus.cc:515] T a85c1881b2a949a88f99c8e8697d0403 P 72267919dbfe47e3a7b5fbf74b69a069 [term 0 FOLLOWER]: Starting pre-election with config: opid_index: -1 OBSOLETE_local: false peers { permanent_uuid: "148437de320f424aa2af1ba3bd313e6e" member_type: VOTER last_known_addr { host: "127.0.107.193" port: 40639 } } peers { permanent_uuid: "72267919dbfe47e3a7b5fbf74b69a069" member_type: VOTER last_known_addr { host: "127.0.107.194" port: 39189 } } peers { permanent_uuid: "92a47d58f0634acb848cc0c4e4d2d8b2" member_type: VOTER last_known_addr { host: "127.0.107.195" port: 33635 } }
I20260709 14:49:08.328516  1720 tablet_bootstrap.cc:654] T 30ff3540ff474b66a407925996fef343 P 72267919dbfe47e3a7b5fbf74b69a069: Neither blocks nor log segments found. Creating new log.
I20260709 14:49:08.330173  1523 tablet_service.cc:1917] Received RequestConsensusVote() RPC: tablet_id: "6582b89a6f914a1990701ad970f0d84d" candidate_uuid: "72267919dbfe47e3a7b5fbf74b69a069" candidate_term: 1 candidate_status { last_received { term: 0 index: 0 } } ignore_live_leader: false dest_uuid: "148437de320f424aa2af1ba3bd313e6e" is_pre_election: true
I20260709 14:49:08.330749  1523 raft_consensus.cc:2468] T 6582b89a6f914a1990701ad970f0d84d P 148437de320f424aa2af1ba3bd313e6e [term 0 FOLLOWER]: Leader pre-election vote request: Granting yes vote for candidate 72267919dbfe47e3a7b5fbf74b69a069 in term 0.
I20260709 14:49:08.332345  1570 leader_election.cc:304] T 6582b89a6f914a1990701ad970f0d84d P 72267919dbfe47e3a7b5fbf74b69a069 [CANDIDATE]: Term 1 pre-election: Election decided. Result: candidate won. Election summary: received 2 responses out of 3 voters: 2 yes votes; 0 no votes. yes voters: 148437de320f424aa2af1ba3bd313e6e, 72267919dbfe47e3a7b5fbf74b69a069; no voters: 
I20260709 14:49:08.333269  1834 raft_consensus.cc:2804] T 6582b89a6f914a1990701ad970f0d84d P 72267919dbfe47e3a7b5fbf74b69a069 [term 0 FOLLOWER]: Leader pre-election won for term 1
I20260709 14:49:08.333621  1834 raft_consensus.cc:493] T 6582b89a6f914a1990701ad970f0d84d P 72267919dbfe47e3a7b5fbf74b69a069 [term 0 FOLLOWER]: Starting leader election (no leader contacted us within the election timeout)
I20260709 14:49:08.333945  1834 raft_consensus.cc:3060] T 6582b89a6f914a1990701ad970f0d84d P 72267919dbfe47e3a7b5fbf74b69a069 [term 0 FOLLOWER]: Advancing to term 1
I20260709 14:49:08.338953  1718 tablet_bootstrap.cc:492] T 7ec883e2c2d24829835b47226f620ad9 P 92a47d58f0634acb848cc0c4e4d2d8b2: No bootstrap required, opened a new log
I20260709 14:49:08.339480  1720 tablet_bootstrap.cc:492] T 30ff3540ff474b66a407925996fef343 P 72267919dbfe47e3a7b5fbf74b69a069: No bootstrap required, opened a new log
I20260709 14:49:08.339937  1720 ts_tablet_manager.cc:1403] T 30ff3540ff474b66a407925996fef343 P 72267919dbfe47e3a7b5fbf74b69a069: Time spent bootstrapping tablet: real 0.018s	user 0.009s	sys 0.007s
I20260709 14:49:08.339504  1718 ts_tablet_manager.cc:1403] T 7ec883e2c2d24829835b47226f620ad9 P 92a47d58f0634acb848cc0c4e4d2d8b2: Time spent bootstrapping tablet: real 0.053s	user 0.012s	sys 0.004s
I20260709 14:49:08.342988  1720 raft_consensus.cc:359] T 30ff3540ff474b66a407925996fef343 P 72267919dbfe47e3a7b5fbf74b69a069 [term 0 FOLLOWER]: Replica starting. Triggering 0 pending ops. Active config: opid_index: -1 OBSOLETE_local: false peers { permanent_uuid: "148437de320f424aa2af1ba3bd313e6e" member_type: VOTER last_known_addr { host: "127.0.107.193" port: 40639 } } peers { permanent_uuid: "72267919dbfe47e3a7b5fbf74b69a069" member_type: VOTER last_known_addr { host: "127.0.107.194" port: 39189 } } peers { permanent_uuid: "92a47d58f0634acb848cc0c4e4d2d8b2" member_type: VOTER last_known_addr { host: "127.0.107.195" port: 33635 } }
I20260709 14:49:08.343679  1720 raft_consensus.cc:385] T 30ff3540ff474b66a407925996fef343 P 72267919dbfe47e3a7b5fbf74b69a069 [term 0 FOLLOWER]: Consensus starting up: Expiring failure detector timer to make a prompt election more likely
I20260709 14:49:08.343954  1720 raft_consensus.cc:740] T 30ff3540ff474b66a407925996fef343 P 72267919dbfe47e3a7b5fbf74b69a069 [term 0 FOLLOWER]: Becoming Follower/Learner. State: Replica: 72267919dbfe47e3a7b5fbf74b69a069, State: Initialized, Role: FOLLOWER
I20260709 14:49:08.344594  1720 consensus_queue.cc:260] T 30ff3540ff474b66a407925996fef343 P 72267919dbfe47e3a7b5fbf74b69a069 [NON_LEADER]: Queue going to NON_LEADER mode. State: All replicated index: 0, Majority replicated index: 0, Committed index: 0, Last appended: 0.0, Last appended by leader: 0, Current term: 0, Majority size: -1, State: 0, Mode: NON_LEADER, active raft config: opid_index: -1 OBSOLETE_local: false peers { permanent_uuid: "148437de320f424aa2af1ba3bd313e6e" member_type: VOTER last_known_addr { host: "127.0.107.193" port: 40639 } } peers { permanent_uuid: "72267919dbfe47e3a7b5fbf74b69a069" member_type: VOTER last_known_addr { host: "127.0.107.194" port: 39189 } } peers { permanent_uuid: "92a47d58f0634acb848cc0c4e4d2d8b2" member_type: VOTER last_known_addr { host: "127.0.107.195" port: 33635 } }
I20260709 14:49:08.344982  1423 catalog_manager.cc:5697] T cac18ee2bb2a4eb9a8ea0b77da57eb38 P 148437de320f424aa2af1ba3bd313e6e reported cstate change: term changed from 0 to 1, leader changed from <none> to 148437de320f424aa2af1ba3bd313e6e (127.0.107.193). New cstate: current_term: 1 leader_uuid: "148437de320f424aa2af1ba3bd313e6e" committed_config { opid_index: -1 OBSOLETE_local: false peers { permanent_uuid: "148437de320f424aa2af1ba3bd313e6e" member_type: VOTER last_known_addr { host: "127.0.107.193" port: 40639 } health_report { overall_health: HEALTHY } } peers { permanent_uuid: "72267919dbfe47e3a7b5fbf74b69a069" member_type: VOTER last_known_addr { host: "127.0.107.194" port: 39189 } health_report { overall_health: UNKNOWN } } peers { permanent_uuid: "92a47d58f0634acb848cc0c4e4d2d8b2" member_type: VOTER last_known_addr { host: "127.0.107.195" port: 33635 } health_report { overall_health: UNKNOWN } } }
I20260709 14:49:08.346510  1720 ts_tablet_manager.cc:1434] T 30ff3540ff474b66a407925996fef343 P 72267919dbfe47e3a7b5fbf74b69a069: Time spent starting tablet: real 0.006s	user 0.003s	sys 0.000s
I20260709 14:49:08.347446  1720 tablet_bootstrap.cc:492] T a753fc208e634393aa3332de38d6b080 P 72267919dbfe47e3a7b5fbf74b69a069: Bootstrap starting.
I20260709 14:49:08.349829  1523 tablet_service.cc:1917] Received RequestConsensusVote() RPC: tablet_id: "a85c1881b2a949a88f99c8e8697d0403" candidate_uuid: "72267919dbfe47e3a7b5fbf74b69a069" candidate_term: 1 candidate_status { last_received { term: 0 index: 0 } } ignore_live_leader: false dest_uuid: "148437de320f424aa2af1ba3bd313e6e" is_pre_election: true
I20260709 14:49:08.350435  1523 raft_consensus.cc:2468] T a85c1881b2a949a88f99c8e8697d0403 P 148437de320f424aa2af1ba3bd313e6e [term 0 FOLLOWER]: Leader pre-election vote request: Granting yes vote for candidate 72267919dbfe47e3a7b5fbf74b69a069 in term 0.
I20260709 14:49:08.351508  1570 leader_election.cc:304] T a85c1881b2a949a88f99c8e8697d0403 P 72267919dbfe47e3a7b5fbf74b69a069 [CANDIDATE]: Term 1 pre-election: Election decided. Result: candidate won. Election summary: received 2 responses out of 3 voters: 2 yes votes; 0 no votes. yes voters: 148437de320f424aa2af1ba3bd313e6e, 72267919dbfe47e3a7b5fbf74b69a069; no voters: 
I20260709 14:49:08.352634  1891 raft_consensus.cc:2804] T a85c1881b2a949a88f99c8e8697d0403 P 72267919dbfe47e3a7b5fbf74b69a069 [term 0 FOLLOWER]: Leader pre-election won for term 1
I20260709 14:49:08.352972  1891 raft_consensus.cc:493] T a85c1881b2a949a88f99c8e8697d0403 P 72267919dbfe47e3a7b5fbf74b69a069 [term 0 FOLLOWER]: Starting leader election (no leader contacted us within the election timeout)
I20260709 14:49:08.353382  1891 raft_consensus.cc:3060] T a85c1881b2a949a88f99c8e8697d0403 P 72267919dbfe47e3a7b5fbf74b69a069 [term 0 FOLLOWER]: Advancing to term 1
I20260709 14:49:08.354750  1834 raft_consensus.cc:515] T 6582b89a6f914a1990701ad970f0d84d P 72267919dbfe47e3a7b5fbf74b69a069 [term 1 FOLLOWER]: Starting leader election with config: opid_index: -1 OBSOLETE_local: false peers { permanent_uuid: "148437de320f424aa2af1ba3bd313e6e" member_type: VOTER last_known_addr { host: "127.0.107.193" port: 40639 } } peers { permanent_uuid: "72267919dbfe47e3a7b5fbf74b69a069" member_type: VOTER last_known_addr { host: "127.0.107.194" port: 39189 } } peers { permanent_uuid: "92a47d58f0634acb848cc0c4e4d2d8b2" member_type: VOTER last_known_addr { host: "127.0.107.195" port: 33635 } }
I20260709 14:49:08.361371  1718 raft_consensus.cc:359] T 7ec883e2c2d24829835b47226f620ad9 P 92a47d58f0634acb848cc0c4e4d2d8b2 [term 0 FOLLOWER]: Replica starting. Triggering 0 pending ops. Active config: opid_index: -1 OBSOLETE_local: false peers { permanent_uuid: "148437de320f424aa2af1ba3bd313e6e" member_type: VOTER last_known_addr { host: "127.0.107.193" port: 40639 } } peers { permanent_uuid: "72267919dbfe47e3a7b5fbf74b69a069" member_type: VOTER last_known_addr { host: "127.0.107.194" port: 39189 } } peers { permanent_uuid: "92a47d58f0634acb848cc0c4e4d2d8b2" member_type: VOTER last_known_addr { host: "127.0.107.195" port: 33635 } }
I20260709 14:49:08.362233  1718 raft_consensus.cc:385] T 7ec883e2c2d24829835b47226f620ad9 P 92a47d58f0634acb848cc0c4e4d2d8b2 [term 0 FOLLOWER]: Consensus starting up: Expiring failure detector timer to make a prompt election more likely
I20260709 14:49:08.362551  1718 raft_consensus.cc:740] T 7ec883e2c2d24829835b47226f620ad9 P 92a47d58f0634acb848cc0c4e4d2d8b2 [term 0 FOLLOWER]: Becoming Follower/Learner. State: Replica: 92a47d58f0634acb848cc0c4e4d2d8b2, State: Initialized, Role: FOLLOWER
I20260709 14:49:08.363343  1718 consensus_queue.cc:260] T 7ec883e2c2d24829835b47226f620ad9 P 92a47d58f0634acb848cc0c4e4d2d8b2 [NON_LEADER]: Queue going to NON_LEADER mode. State: All replicated index: 0, Majority replicated index: 0, Committed index: 0, Last appended: 0.0, Last appended by leader: 0, Current term: 0, Majority size: -1, State: 0, Mode: NON_LEADER, active raft config: opid_index: -1 OBSOLETE_local: false peers { permanent_uuid: "148437de320f424aa2af1ba3bd313e6e" member_type: VOTER last_known_addr { host: "127.0.107.193" port: 40639 } } peers { permanent_uuid: "72267919dbfe47e3a7b5fbf74b69a069" member_type: VOTER last_known_addr { host: "127.0.107.194" port: 39189 } } peers { permanent_uuid: "92a47d58f0634acb848cc0c4e4d2d8b2" member_type: VOTER last_known_addr { host: "127.0.107.195" port: 33635 } }
I20260709 14:49:08.365751  1718 ts_tablet_manager.cc:1434] T 7ec883e2c2d24829835b47226f620ad9 P 92a47d58f0634acb848cc0c4e4d2d8b2: Time spent starting tablet: real 0.025s	user 0.006s	sys 0.000s
I20260709 14:49:08.367517  1720 tablet_bootstrap.cc:654] T a753fc208e634393aa3332de38d6b080 P 72267919dbfe47e3a7b5fbf74b69a069: Neither blocks nor log segments found. Creating new log.
I20260709 14:49:08.368268  1890 leader_election.cc:290] T a85c1881b2a949a88f99c8e8697d0403 P 72267919dbfe47e3a7b5fbf74b69a069 [CANDIDATE]: Term 1 pre-election: Requested pre-vote from peers 148437de320f424aa2af1ba3bd313e6e (127.0.107.193:40639), 92a47d58f0634acb848cc0c4e4d2d8b2 (127.0.107.195:33635)
I20260709 14:49:08.371389  1675 tablet_service.cc:1917] Received RequestConsensusVote() RPC: tablet_id: "6582b89a6f914a1990701ad970f0d84d" candidate_uuid: "72267919dbfe47e3a7b5fbf74b69a069" candidate_term: 1 candidate_status { last_received { term: 0 index: 0 } } ignore_live_leader: false dest_uuid: "92a47d58f0634acb848cc0c4e4d2d8b2" is_pre_election: true
I20260709 14:49:08.375448  1675 raft_consensus.cc:2468] T 6582b89a6f914a1990701ad970f0d84d P 92a47d58f0634acb848cc0c4e4d2d8b2 [term 0 FOLLOWER]: Leader pre-election vote request: Granting yes vote for candidate 72267919dbfe47e3a7b5fbf74b69a069 in term 0.
I20260709 14:49:08.376425  1834 leader_election.cc:290] T 6582b89a6f914a1990701ad970f0d84d P 72267919dbfe47e3a7b5fbf74b69a069 [CANDIDATE]: Term 1 election: Requested vote from peers 148437de320f424aa2af1ba3bd313e6e (127.0.107.193:40639), 92a47d58f0634acb848cc0c4e4d2d8b2 (127.0.107.195:33635)
I20260709 14:49:08.377153  1523 tablet_service.cc:1917] Received RequestConsensusVote() RPC: tablet_id: "6582b89a6f914a1990701ad970f0d84d" candidate_uuid: "72267919dbfe47e3a7b5fbf74b69a069" candidate_term: 1 candidate_status { last_received { term: 0 index: 0 } } ignore_live_leader: false dest_uuid: "148437de320f424aa2af1ba3bd313e6e"
I20260709 14:49:08.377676  1523 raft_consensus.cc:3060] T 6582b89a6f914a1990701ad970f0d84d P 148437de320f424aa2af1ba3bd313e6e [term 0 FOLLOWER]: Advancing to term 1
I20260709 14:49:08.378137  1891 raft_consensus.cc:515] T a85c1881b2a949a88f99c8e8697d0403 P 72267919dbfe47e3a7b5fbf74b69a069 [term 1 FOLLOWER]: Starting leader election with config: opid_index: -1 OBSOLETE_local: false peers { permanent_uuid: "148437de320f424aa2af1ba3bd313e6e" member_type: VOTER last_known_addr { host: "127.0.107.193" port: 40639 } } peers { permanent_uuid: "72267919dbfe47e3a7b5fbf74b69a069" member_type: VOTER last_known_addr { host: "127.0.107.194" port: 39189 } } peers { permanent_uuid: "92a47d58f0634acb848cc0c4e4d2d8b2" member_type: VOTER last_known_addr { host: "127.0.107.195" port: 33635 } }
I20260709 14:49:08.379792  1725 tablet_bootstrap.cc:492] T c3f41b5b5bbd41f597724b575508c885 P 148437de320f424aa2af1ba3bd313e6e: No bootstrap required, opened a new log
I20260709 14:49:08.380245  1725 ts_tablet_manager.cc:1403] T c3f41b5b5bbd41f597724b575508c885 P 148437de320f424aa2af1ba3bd313e6e: Time spent bootstrapping tablet: real 0.068s	user 0.028s	sys 0.029s
I20260709 14:49:08.380756  1528 tablet_service.cc:1917] Received RequestConsensusVote() RPC: tablet_id: "a85c1881b2a949a88f99c8e8697d0403" candidate_uuid: "72267919dbfe47e3a7b5fbf74b69a069" candidate_term: 1 candidate_status { last_received { term: 0 index: 0 } } ignore_live_leader: false dest_uuid: "148437de320f424aa2af1ba3bd313e6e"
I20260709 14:49:08.381263  1528 raft_consensus.cc:3060] T a85c1881b2a949a88f99c8e8697d0403 P 148437de320f424aa2af1ba3bd313e6e [term 0 FOLLOWER]: Advancing to term 1
I20260709 14:49:08.382789  1891 leader_election.cc:290] T a85c1881b2a949a88f99c8e8697d0403 P 72267919dbfe47e3a7b5fbf74b69a069 [CANDIDATE]: Term 1 election: Requested vote from peers 148437de320f424aa2af1ba3bd313e6e (127.0.107.193:40639), 92a47d58f0634acb848cc0c4e4d2d8b2 (127.0.107.195:33635)
I20260709 14:49:08.382699  1725 raft_consensus.cc:359] T c3f41b5b5bbd41f597724b575508c885 P 148437de320f424aa2af1ba3bd313e6e [term 0 FOLLOWER]: Replica starting. Triggering 0 pending ops. Active config: opid_index: -1 OBSOLETE_local: false peers { permanent_uuid: "148437de320f424aa2af1ba3bd313e6e" member_type: VOTER last_known_addr { host: "127.0.107.193" port: 40639 } } peers { permanent_uuid: "72267919dbfe47e3a7b5fbf74b69a069" member_type: VOTER last_known_addr { host: "127.0.107.194" port: 39189 } } peers { permanent_uuid: "92a47d58f0634acb848cc0c4e4d2d8b2" member_type: VOTER last_known_addr { host: "127.0.107.195" port: 33635 } }
I20260709 14:49:08.374549  1677 tablet_service.cc:1917] Received RequestConsensusVote() RPC: tablet_id: "a85c1881b2a949a88f99c8e8697d0403" candidate_uuid: "72267919dbfe47e3a7b5fbf74b69a069" candidate_term: 1 candidate_status { last_received { term: 0 index: 0 } } ignore_live_leader: false dest_uuid: "92a47d58f0634acb848cc0c4e4d2d8b2" is_pre_election: true
I20260709 14:49:08.383375  1725 raft_consensus.cc:385] T c3f41b5b5bbd41f597724b575508c885 P 148437de320f424aa2af1ba3bd313e6e [term 0 FOLLOWER]: Consensus starting up: Expiring failure detector timer to make a prompt election more likely
I20260709 14:49:08.383236  1675 tablet_service.cc:1917] Received RequestConsensusVote() RPC: tablet_id: "6582b89a6f914a1990701ad970f0d84d" candidate_uuid: "72267919dbfe47e3a7b5fbf74b69a069" candidate_term: 1 candidate_status { last_received { term: 0 index: 0 } } ignore_live_leader: false dest_uuid: "92a47d58f0634acb848cc0c4e4d2d8b2"
I20260709 14:49:08.383687  1725 raft_consensus.cc:740] T c3f41b5b5bbd41f597724b575508c885 P 148437de320f424aa2af1ba3bd313e6e [term 0 FOLLOWER]: Becoming Follower/Learner. State: Replica: 148437de320f424aa2af1ba3bd313e6e, State: Initialized, Role: FOLLOWER
I20260709 14:49:08.383731  1677 raft_consensus.cc:2468] T a85c1881b2a949a88f99c8e8697d0403 P 92a47d58f0634acb848cc0c4e4d2d8b2 [term 0 FOLLOWER]: Leader pre-election vote request: Granting yes vote for candidate 72267919dbfe47e3a7b5fbf74b69a069 in term 0.
I20260709 14:49:08.383965  1675 raft_consensus.cc:3060] T 6582b89a6f914a1990701ad970f0d84d P 92a47d58f0634acb848cc0c4e4d2d8b2 [term 0 FOLLOWER]: Advancing to term 1
I20260709 14:49:08.384408  1725 consensus_queue.cc:260] T c3f41b5b5bbd41f597724b575508c885 P 148437de320f424aa2af1ba3bd313e6e [NON_LEADER]: Queue going to NON_LEADER mode. State: All replicated index: 0, Majority replicated index: 0, Committed index: 0, Last appended: 0.0, Last appended by leader: 0, Current term: 0, Majority size: -1, State: 0, Mode: NON_LEADER, active raft config: opid_index: -1 OBSOLETE_local: false peers { permanent_uuid: "148437de320f424aa2af1ba3bd313e6e" member_type: VOTER last_known_addr { host: "127.0.107.193" port: 40639 } } peers { permanent_uuid: "72267919dbfe47e3a7b5fbf74b69a069" member_type: VOTER last_known_addr { host: "127.0.107.194" port: 39189 } } peers { permanent_uuid: "92a47d58f0634acb848cc0c4e4d2d8b2" member_type: VOTER last_known_addr { host: "127.0.107.195" port: 33635 } }
I20260709 14:49:08.387984  1677 tablet_service.cc:1917] Received RequestConsensusVote() RPC: tablet_id: "a85c1881b2a949a88f99c8e8697d0403" candidate_uuid: "72267919dbfe47e3a7b5fbf74b69a069" candidate_term: 1 candidate_status { last_received { term: 0 index: 0 } } ignore_live_leader: false dest_uuid: "92a47d58f0634acb848cc0c4e4d2d8b2"
I20260709 14:49:08.387738  1725 ts_tablet_manager.cc:1434] T c3f41b5b5bbd41f597724b575508c885 P 148437de320f424aa2af1ba3bd313e6e: Time spent starting tablet: real 0.007s	user 0.006s	sys 0.000s
I20260709 14:49:08.389369  1677 raft_consensus.cc:3060] T a85c1881b2a949a88f99c8e8697d0403 P 92a47d58f0634acb848cc0c4e4d2d8b2 [term 0 FOLLOWER]: Advancing to term 1
I20260709 14:49:08.389783  1725 tablet_bootstrap.cc:492] T 7ec883e2c2d24829835b47226f620ad9 P 148437de320f424aa2af1ba3bd313e6e: Bootstrap starting.
I20260709 14:49:08.392676  1528 raft_consensus.cc:2468] T a85c1881b2a949a88f99c8e8697d0403 P 148437de320f424aa2af1ba3bd313e6e [term 1 FOLLOWER]: Leader election vote request: Granting yes vote for candidate 72267919dbfe47e3a7b5fbf74b69a069 in term 1.
I20260709 14:49:08.394129  1570 leader_election.cc:304] T a85c1881b2a949a88f99c8e8697d0403 P 72267919dbfe47e3a7b5fbf74b69a069 [CANDIDATE]: Term 1 election: Election decided. Result: candidate won. Election summary: received 2 responses out of 3 voters: 2 yes votes; 0 no votes. yes voters: 148437de320f424aa2af1ba3bd313e6e, 72267919dbfe47e3a7b5fbf74b69a069; no voters: 
I20260709 14:49:08.395156  1891 raft_consensus.cc:2804] T a85c1881b2a949a88f99c8e8697d0403 P 72267919dbfe47e3a7b5fbf74b69a069 [term 1 FOLLOWER]: Leader election won for term 1
I20260709 14:49:08.396282  1725 tablet_bootstrap.cc:654] T 7ec883e2c2d24829835b47226f620ad9 P 148437de320f424aa2af1ba3bd313e6e: Neither blocks nor log segments found. Creating new log.
I20260709 14:49:08.399668  1891 raft_consensus.cc:697] T a85c1881b2a949a88f99c8e8697d0403 P 72267919dbfe47e3a7b5fbf74b69a069 [term 1 LEADER]: Becoming Leader. State: Replica: 72267919dbfe47e3a7b5fbf74b69a069, State: Running, Role: LEADER
I20260709 14:49:08.400610  1891 consensus_queue.cc:237] T a85c1881b2a949a88f99c8e8697d0403 P 72267919dbfe47e3a7b5fbf74b69a069 [LEADER]: Queue going to LEADER mode. State: All replicated index: 0, Majority replicated index: 0, Committed index: 0, Last appended: 0.0, Last appended by leader: 0, Current term: 1, Majority size: 2, State: 0, Mode: LEADER, active raft config: opid_index: -1 OBSOLETE_local: false peers { permanent_uuid: "148437de320f424aa2af1ba3bd313e6e" member_type: VOTER last_known_addr { host: "127.0.107.193" port: 40639 } } peers { permanent_uuid: "72267919dbfe47e3a7b5fbf74b69a069" member_type: VOTER last_known_addr { host: "127.0.107.194" port: 39189 } } peers { permanent_uuid: "92a47d58f0634acb848cc0c4e4d2d8b2" member_type: VOTER last_known_addr { host: "127.0.107.195" port: 33635 } }
I20260709 14:49:08.408047  1523 raft_consensus.cc:2468] T 6582b89a6f914a1990701ad970f0d84d P 148437de320f424aa2af1ba3bd313e6e [term 1 FOLLOWER]: Leader election vote request: Granting yes vote for candidate 72267919dbfe47e3a7b5fbf74b69a069 in term 1.
I20260709 14:49:08.409164  1570 leader_election.cc:304] T 6582b89a6f914a1990701ad970f0d84d P 72267919dbfe47e3a7b5fbf74b69a069 [CANDIDATE]: Term 1 election: Election decided. Result: candidate won. Election summary: received 2 responses out of 3 voters: 2 yes votes; 0 no votes. yes voters: 148437de320f424aa2af1ba3bd313e6e, 72267919dbfe47e3a7b5fbf74b69a069; no voters: 
I20260709 14:49:08.411680  1675 raft_consensus.cc:2468] T 6582b89a6f914a1990701ad970f0d84d P 92a47d58f0634acb848cc0c4e4d2d8b2 [term 1 FOLLOWER]: Leader election vote request: Granting yes vote for candidate 72267919dbfe47e3a7b5fbf74b69a069 in term 1.
I20260709 14:49:08.412810  1848 raft_consensus.cc:493] T 30ff3540ff474b66a407925996fef343 P 92a47d58f0634acb848cc0c4e4d2d8b2 [term 0 FOLLOWER]: Starting pre-election (no leader contacted us within the election timeout)
I20260709 14:49:08.418562  1677 raft_consensus.cc:2468] T a85c1881b2a949a88f99c8e8697d0403 P 92a47d58f0634acb848cc0c4e4d2d8b2 [term 1 FOLLOWER]: Leader election vote request: Granting yes vote for candidate 72267919dbfe47e3a7b5fbf74b69a069 in term 1.
I20260709 14:49:08.422356  1776 raft_consensus.cc:2804] T 6582b89a6f914a1990701ad970f0d84d P 72267919dbfe47e3a7b5fbf74b69a069 [term 1 FOLLOWER]: Leader election won for term 1
I20260709 14:49:08.422843  1776 raft_consensus.cc:697] T 6582b89a6f914a1990701ad970f0d84d P 72267919dbfe47e3a7b5fbf74b69a069 [term 1 LEADER]: Becoming Leader. State: Replica: 72267919dbfe47e3a7b5fbf74b69a069, State: Running, Role: LEADER
I20260709 14:49:08.423969  1718 tablet_bootstrap.cc:492] T 351a944c6c5643369dc4f0755a1ac843 P 92a47d58f0634acb848cc0c4e4d2d8b2: Bootstrap starting.
I20260709 14:49:08.423607  1776 consensus_queue.cc:237] T 6582b89a6f914a1990701ad970f0d84d P 72267919dbfe47e3a7b5fbf74b69a069 [LEADER]: Queue going to LEADER mode. State: All replicated index: 0, Majority replicated index: 0, Committed index: 0, Last appended: 0.0, Last appended by leader: 0, Current term: 1, Majority size: 2, State: 0, Mode: LEADER, active raft config: opid_index: -1 OBSOLETE_local: false peers { permanent_uuid: "148437de320f424aa2af1ba3bd313e6e" member_type: VOTER last_known_addr { host: "127.0.107.193" port: 40639 } } peers { permanent_uuid: "72267919dbfe47e3a7b5fbf74b69a069" member_type: VOTER last_known_addr { host: "127.0.107.194" port: 39189 } } peers { permanent_uuid: "92a47d58f0634acb848cc0c4e4d2d8b2" member_type: VOTER last_known_addr { host: "127.0.107.195" port: 33635 } }
I20260709 14:49:08.418324  1848 raft_consensus.cc:515] T 30ff3540ff474b66a407925996fef343 P 92a47d58f0634acb848cc0c4e4d2d8b2 [term 0 FOLLOWER]: Starting pre-election with config: opid_index: -1 OBSOLETE_local: false peers { permanent_uuid: "148437de320f424aa2af1ba3bd313e6e" member_type: VOTER last_known_addr { host: "127.0.107.193" port: 40639 } } peers { permanent_uuid: "72267919dbfe47e3a7b5fbf74b69a069" member_type: VOTER last_known_addr { host: "127.0.107.194" port: 39189 } } peers { permanent_uuid: "92a47d58f0634acb848cc0c4e4d2d8b2" member_type: VOTER last_known_addr { host: "127.0.107.195" port: 33635 } }
I20260709 14:49:08.446449  1848 leader_election.cc:290] T 30ff3540ff474b66a407925996fef343 P 92a47d58f0634acb848cc0c4e4d2d8b2 [CANDIDATE]: Term 1 pre-election: Requested pre-vote from peers 148437de320f424aa2af1ba3bd313e6e (127.0.107.193:40639), 72267919dbfe47e3a7b5fbf74b69a069 (127.0.107.194:39189)
I20260709 14:49:08.447810  1427 catalog_manager.cc:5697] T a85c1881b2a949a88f99c8e8697d0403 P 72267919dbfe47e3a7b5fbf74b69a069 reported cstate change: term changed from 0 to 1, leader changed from <none> to 72267919dbfe47e3a7b5fbf74b69a069 (127.0.107.194). New cstate: current_term: 1 leader_uuid: "72267919dbfe47e3a7b5fbf74b69a069" committed_config { opid_index: -1 OBSOLETE_local: false peers { permanent_uuid: "148437de320f424aa2af1ba3bd313e6e" member_type: VOTER last_known_addr { host: "127.0.107.193" port: 40639 } health_report { overall_health: UNKNOWN } } peers { permanent_uuid: "72267919dbfe47e3a7b5fbf74b69a069" member_type: VOTER last_known_addr { host: "127.0.107.194" port: 39189 } health_report { overall_health: HEALTHY } } peers { permanent_uuid: "92a47d58f0634acb848cc0c4e4d2d8b2" member_type: VOTER last_known_addr { host: "127.0.107.195" port: 33635 } health_report { overall_health: UNKNOWN } } }
I20260709 14:49:08.451149  1528 tablet_service.cc:1917] Received RequestConsensusVote() RPC: tablet_id: "30ff3540ff474b66a407925996fef343" candidate_uuid: "92a47d58f0634acb848cc0c4e4d2d8b2" candidate_term: 1 candidate_status { last_received { term: 0 index: 0 } } ignore_live_leader: false dest_uuid: "148437de320f424aa2af1ba3bd313e6e" is_pre_election: true
I20260709 14:49:08.459065  1720 tablet_bootstrap.cc:492] T a753fc208e634393aa3332de38d6b080 P 72267919dbfe47e3a7b5fbf74b69a069: No bootstrap required, opened a new log
I20260709 14:49:08.459579  1720 ts_tablet_manager.cc:1403] T a753fc208e634393aa3332de38d6b080 P 72267919dbfe47e3a7b5fbf74b69a069: Time spent bootstrapping tablet: real 0.112s	user 0.025s	sys 0.012s
I20260709 14:49:08.462112  1718 tablet_bootstrap.cc:654] T 351a944c6c5643369dc4f0755a1ac843 P 92a47d58f0634acb848cc0c4e4d2d8b2: Neither blocks nor log segments found. Creating new log.
I20260709 14:49:08.462180  1720 raft_consensus.cc:359] T a753fc208e634393aa3332de38d6b080 P 72267919dbfe47e3a7b5fbf74b69a069 [term 0 FOLLOWER]: Replica starting. Triggering 0 pending ops. Active config: opid_index: -1 OBSOLETE_local: false peers { permanent_uuid: "148437de320f424aa2af1ba3bd313e6e" member_type: VOTER last_known_addr { host: "127.0.107.193" port: 40639 } } peers { permanent_uuid: "72267919dbfe47e3a7b5fbf74b69a069" member_type: VOTER last_known_addr { host: "127.0.107.194" port: 39189 } } peers { permanent_uuid: "92a47d58f0634acb848cc0c4e4d2d8b2" member_type: VOTER last_known_addr { host: "127.0.107.195" port: 33635 } }
I20260709 14:49:08.463047  1720 raft_consensus.cc:385] T a753fc208e634393aa3332de38d6b080 P 72267919dbfe47e3a7b5fbf74b69a069 [term 0 FOLLOWER]: Consensus starting up: Expiring failure detector timer to make a prompt election more likely
I20260709 14:49:08.463378  1720 raft_consensus.cc:740] T a753fc208e634393aa3332de38d6b080 P 72267919dbfe47e3a7b5fbf74b69a069 [term 0 FOLLOWER]: Becoming Follower/Learner. State: Replica: 72267919dbfe47e3a7b5fbf74b69a069, State: Initialized, Role: FOLLOWER
I20260709 14:49:08.464130  1720 consensus_queue.cc:260] T a753fc208e634393aa3332de38d6b080 P 72267919dbfe47e3a7b5fbf74b69a069 [NON_LEADER]: Queue going to NON_LEADER mode. State: All replicated index: 0, Majority replicated index: 0, Committed index: 0, Last appended: 0.0, Last appended by leader: 0, Current term: 0, Majority size: -1, State: 0, Mode: NON_LEADER, active raft config: opid_index: -1 OBSOLETE_local: false peers { permanent_uuid: "148437de320f424aa2af1ba3bd313e6e" member_type: VOTER last_known_addr { host: "127.0.107.193" port: 40639 } } peers { permanent_uuid: "72267919dbfe47e3a7b5fbf74b69a069" member_type: VOTER last_known_addr { host: "127.0.107.194" port: 39189 } } peers { permanent_uuid: "92a47d58f0634acb848cc0c4e4d2d8b2" member_type: VOTER last_known_addr { host: "127.0.107.195" port: 33635 } }
W20260709 14:49:08.456244  1644 leader_election.cc:343] T 30ff3540ff474b66a407925996fef343 P 92a47d58f0634acb848cc0c4e4d2d8b2 [CANDIDATE]: Term 1 pre-election: Tablet error from VoteRequest() call to peer 148437de320f424aa2af1ba3bd313e6e (127.0.107.193:40639): Illegal state: must be running to vote when last-logged opid is not known
I20260709 14:49:08.469877  1720 ts_tablet_manager.cc:1434] T a753fc208e634393aa3332de38d6b080 P 72267919dbfe47e3a7b5fbf74b69a069: Time spent starting tablet: real 0.010s	user 0.005s	sys 0.000s
I20260709 14:49:08.471024  1720 tablet_bootstrap.cc:492] T 82587f771ebe4abd92603ea0e3518636 P 72267919dbfe47e3a7b5fbf74b69a069: Bootstrap starting.
I20260709 14:49:08.463266  1603 tablet_service.cc:1917] Received RequestConsensusVote() RPC: tablet_id: "30ff3540ff474b66a407925996fef343" candidate_uuid: "92a47d58f0634acb848cc0c4e4d2d8b2" candidate_term: 1 candidate_status { last_received { term: 0 index: 0 } } ignore_live_leader: false dest_uuid: "72267919dbfe47e3a7b5fbf74b69a069" is_pre_election: true
I20260709 14:49:08.478863  1603 raft_consensus.cc:2468] T 30ff3540ff474b66a407925996fef343 P 72267919dbfe47e3a7b5fbf74b69a069 [term 0 FOLLOWER]: Leader pre-election vote request: Granting yes vote for candidate 92a47d58f0634acb848cc0c4e4d2d8b2 in term 0.
I20260709 14:49:08.480229  1643 leader_election.cc:304] T 30ff3540ff474b66a407925996fef343 P 92a47d58f0634acb848cc0c4e4d2d8b2 [CANDIDATE]: Term 1 pre-election: Election decided. Result: candidate won. Election summary: received 3 responses out of 3 voters: 2 yes votes; 1 no votes. yes voters: 72267919dbfe47e3a7b5fbf74b69a069, 92a47d58f0634acb848cc0c4e4d2d8b2; no voters: 148437de320f424aa2af1ba3bd313e6e
I20260709 14:49:08.488322  1848 raft_consensus.cc:2804] T 30ff3540ff474b66a407925996fef343 P 92a47d58f0634acb848cc0c4e4d2d8b2 [term 0 FOLLOWER]: Leader pre-election won for term 1
I20260709 14:49:08.487512  1890 consensus_queue.cc:1048] T 8f7d9d4dbd574075a87f5f5553586c62 P 72267919dbfe47e3a7b5fbf74b69a069 [LEADER]: Connected to new peer: Peer: permanent_uuid: "148437de320f424aa2af1ba3bd313e6e" member_type: VOTER last_known_addr { host: "127.0.107.193" port: 40639 }, Status: LMP_MISMATCH, Last received: 0.0, Next index: 1, Last known committed idx: 0, Time since last communication: 0.010s
I20260709 14:49:08.498203  1725 tablet_bootstrap.cc:492] T 7ec883e2c2d24829835b47226f620ad9 P 148437de320f424aa2af1ba3bd313e6e: No bootstrap required, opened a new log
I20260709 14:49:08.500488  1725 ts_tablet_manager.cc:1403] T 7ec883e2c2d24829835b47226f620ad9 P 148437de320f424aa2af1ba3bd313e6e: Time spent bootstrapping tablet: real 0.111s	user 0.029s	sys 0.026s
I20260709 14:49:08.498222  1848 raft_consensus.cc:493] T 30ff3540ff474b66a407925996fef343 P 92a47d58f0634acb848cc0c4e4d2d8b2 [term 0 FOLLOWER]: Starting leader election (no leader contacted us within the election timeout)
I20260709 14:49:08.505084  1848 raft_consensus.cc:3060] T 30ff3540ff474b66a407925996fef343 P 92a47d58f0634acb848cc0c4e4d2d8b2 [term 0 FOLLOWER]: Advancing to term 1
I20260709 14:49:08.519085  1725 raft_consensus.cc:359] T 7ec883e2c2d24829835b47226f620ad9 P 148437de320f424aa2af1ba3bd313e6e [term 0 FOLLOWER]: Replica starting. Triggering 0 pending ops. Active config: opid_index: -1 OBSOLETE_local: false peers { permanent_uuid: "148437de320f424aa2af1ba3bd313e6e" member_type: VOTER last_known_addr { host: "127.0.107.193" port: 40639 } } peers { permanent_uuid: "72267919dbfe47e3a7b5fbf74b69a069" member_type: VOTER last_known_addr { host: "127.0.107.194" port: 39189 } } peers { permanent_uuid: "92a47d58f0634acb848cc0c4e4d2d8b2" member_type: VOTER last_known_addr { host: "127.0.107.195" port: 33635 } }
I20260709 14:49:08.519899  1725 raft_consensus.cc:385] T 7ec883e2c2d24829835b47226f620ad9 P 148437de320f424aa2af1ba3bd313e6e [term 0 FOLLOWER]: Consensus starting up: Expiring failure detector timer to make a prompt election more likely
I20260709 14:49:08.520205  1725 raft_consensus.cc:740] T 7ec883e2c2d24829835b47226f620ad9 P 148437de320f424aa2af1ba3bd313e6e [term 0 FOLLOWER]: Becoming Follower/Learner. State: Replica: 148437de320f424aa2af1ba3bd313e6e, State: Initialized, Role: FOLLOWER
I20260709 14:49:08.522432  1725 consensus_queue.cc:260] T 7ec883e2c2d24829835b47226f620ad9 P 148437de320f424aa2af1ba3bd313e6e [NON_LEADER]: Queue going to NON_LEADER mode. State: All replicated index: 0, Majority replicated index: 0, Committed index: 0, Last appended: 0.0, Last appended by leader: 0, Current term: 0, Majority size: -1, State: 0, Mode: NON_LEADER, active raft config: opid_index: -1 OBSOLETE_local: false peers { permanent_uuid: "148437de320f424aa2af1ba3bd313e6e" member_type: VOTER last_known_addr { host: "127.0.107.193" port: 40639 } } peers { permanent_uuid: "72267919dbfe47e3a7b5fbf74b69a069" member_type: VOTER last_known_addr { host: "127.0.107.194" port: 39189 } } peers { permanent_uuid: "92a47d58f0634acb848cc0c4e4d2d8b2" member_type: VOTER last_known_addr { host: "127.0.107.195" port: 33635 } }
