I20260709 14:48:24.440940  8200 leader_election.cc:290] T aeade4e78b77486289826da50ead4022 P 983edee995184ff68e09eaa7371d0264 [CANDIDATE]: Term 1 pre-election: Requested pre-vote from peers 49c04415b6c94c4ab7fea4ff108eb56c (127.6.170.130:38651), a869609557ef46c1bfa0e452caa28ddd (127.6.170.131:36549)
I20260709 14:48:24.441677  8128 ts_tablet_manager.cc:1403] T 0efe24285429446ab75db4b8e19e6bd0 P 983edee995184ff68e09eaa7371d0264: Time spent bootstrapping tablet: real 0.018s	user 0.008s	sys 0.005s
I20260709 14:48:24.443025  8012 tablet_service.cc:1917] Received RequestConsensusVote() RPC: tablet_id: "aeade4e78b77486289826da50ead4022" candidate_uuid: "983edee995184ff68e09eaa7371d0264" candidate_term: 1 candidate_status { last_received { term: 0 index: 0 } } ignore_live_leader: false dest_uuid: "49c04415b6c94c4ab7fea4ff108eb56c" is_pre_election: true
I20260709 14:48:24.444828  8128 raft_consensus.cc:359] T 0efe24285429446ab75db4b8e19e6bd0 P 983edee995184ff68e09eaa7371d0264 [term 0 FOLLOWER]: Replica starting. Triggering 0 pending ops. Active config: opid_index: -1 OBSOLETE_local: false peers { permanent_uuid: "983edee995184ff68e09eaa7371d0264" member_type: VOTER last_known_addr { host: "127.6.170.129" port: 38719 } } peers { permanent_uuid: "49c04415b6c94c4ab7fea4ff108eb56c" member_type: VOTER last_known_addr { host: "127.6.170.130" port: 38651 } } peers { permanent_uuid: "a869609557ef46c1bfa0e452caa28ddd" member_type: VOTER last_known_addr { host: "127.6.170.131" port: 36549 } }
I20260709 14:48:24.445609  8128 raft_consensus.cc:385] T 0efe24285429446ab75db4b8e19e6bd0 P 983edee995184ff68e09eaa7371d0264 [term 0 FOLLOWER]: Consensus starting up: Expiring failure detector timer to make a prompt election more likely
I20260709 14:48:24.445464  8083 tablet_service.cc:1917] Received RequestConsensusVote() RPC: tablet_id: "aeade4e78b77486289826da50ead4022" candidate_uuid: "983edee995184ff68e09eaa7371d0264" candidate_term: 1 candidate_status { last_received { term: 0 index: 0 } } ignore_live_leader: false dest_uuid: "a869609557ef46c1bfa0e452caa28ddd" is_pre_election: true
I20260709 14:48:24.445971  8128 raft_consensus.cc:740] T 0efe24285429446ab75db4b8e19e6bd0 P 983edee995184ff68e09eaa7371d0264 [term 0 FOLLOWER]: Becoming Follower/Learner. State: Replica: 983edee995184ff68e09eaa7371d0264, State: Initialized, Role: FOLLOWER
I20260709 14:48:24.446213  8083 raft_consensus.cc:2468] T aeade4e78b77486289826da50ead4022 P a869609557ef46c1bfa0e452caa28ddd [term 0 FOLLOWER]: Leader pre-election vote request: Granting yes vote for candidate 983edee995184ff68e09eaa7371d0264 in term 0.
I20260709 14:48:24.446848  8128 consensus_queue.cc:260] T 0efe24285429446ab75db4b8e19e6bd0 P 983edee995184ff68e09eaa7371d0264 [NON_LEADER]: Queue going to NON_LEADER mode. State: All replicated index: 0, Majority replicated index: 0, Committed index: 0, Last appended: 0.0, Last appended by leader: 0, Current term: 0, Majority size: -1, State: 0, Mode: NON_LEADER, active raft config: opid_index: -1 OBSOLETE_local: false peers { permanent_uuid: "983edee995184ff68e09eaa7371d0264" member_type: VOTER last_known_addr { host: "127.6.170.129" port: 38719 } } peers { permanent_uuid: "49c04415b6c94c4ab7fea4ff108eb56c" member_type: VOTER last_known_addr { host: "127.6.170.130" port: 38651 } } peers { permanent_uuid: "a869609557ef46c1bfa0e452caa28ddd" member_type: VOTER last_known_addr { host: "127.6.170.131" port: 36549 } }
I20260709 14:48:24.447772  7900 leader_election.cc:304] T aeade4e78b77486289826da50ead4022 P 983edee995184ff68e09eaa7371d0264 [CANDIDATE]: Term 1 pre-election: Election decided. Result: candidate won. Election summary: received 2 responses out of 3 voters: 2 yes votes; 0 no votes. yes voters: 983edee995184ff68e09eaa7371d0264, a869609557ef46c1bfa0e452caa28ddd; no voters: 
I20260709 14:48:24.449234  8200 raft_consensus.cc:2804] T aeade4e78b77486289826da50ead4022 P 983edee995184ff68e09eaa7371d0264 [term 0 FOLLOWER]: Leader pre-election won for term 1
I20260709 14:48:24.449549  8128 ts_tablet_manager.cc:1434] T 0efe24285429446ab75db4b8e19e6bd0 P 983edee995184ff68e09eaa7371d0264: Time spent starting tablet: real 0.008s	user 0.007s	sys 0.000s
I20260709 14:48:24.449620  8200 raft_consensus.cc:493] T aeade4e78b77486289826da50ead4022 P 983edee995184ff68e09eaa7371d0264 [term 0 FOLLOWER]: Starting leader election (no leader contacted us within the election timeout)
I20260709 14:48:24.450192  8200 raft_consensus.cc:3060] T aeade4e78b77486289826da50ead4022 P 983edee995184ff68e09eaa7371d0264 [term 0 FOLLOWER]: Advancing to term 1
I20260709 14:48:24.450748  8128 tablet_bootstrap.cc:492] T b3cea9e8e9964bf7b291a885e0463397 P 983edee995184ff68e09eaa7371d0264: Bootstrap starting.
I20260709 14:48:24.457458  8128 tablet_bootstrap.cc:654] T b3cea9e8e9964bf7b291a885e0463397 P 983edee995184ff68e09eaa7371d0264: Neither blocks nor log segments found. Creating new log.
I20260709 14:48:24.457595  8200 raft_consensus.cc:515] T aeade4e78b77486289826da50ead4022 P 983edee995184ff68e09eaa7371d0264 [term 1 FOLLOWER]: Starting leader election with config: opid_index: -1 OBSOLETE_local: false peers { permanent_uuid: "983edee995184ff68e09eaa7371d0264" member_type: VOTER last_known_addr { host: "127.6.170.129" port: 38719 } } peers { permanent_uuid: "49c04415b6c94c4ab7fea4ff108eb56c" member_type: VOTER last_known_addr { host: "127.6.170.130" port: 38651 } } peers { permanent_uuid: "a869609557ef46c1bfa0e452caa28ddd" member_type: VOTER last_known_addr { host: "127.6.170.131" port: 36549 } }
W20260709 14:48:24.458879  7900 leader_election.cc:343] T aeade4e78b77486289826da50ead4022 P 983edee995184ff68e09eaa7371d0264 [CANDIDATE]: Term 1 pre-election: Tablet error from VoteRequest() call to peer 49c04415b6c94c4ab7fea4ff108eb56c (127.6.170.130:38651): Illegal state: must be running to vote when last-logged opid is not known
I20260709 14:48:24.438035  8126 raft_consensus.cc:740] T 23afae7e79d64bd5be2a72803dcee5eb P 49c04415b6c94c4ab7fea4ff108eb56c [term 0 FOLLOWER]: Becoming Follower/Learner. State: Replica: 49c04415b6c94c4ab7fea4ff108eb56c, State: Initialized, Role: FOLLOWER
I20260709 14:48:24.461066  8126 consensus_queue.cc:260] T 23afae7e79d64bd5be2a72803dcee5eb P 49c04415b6c94c4ab7fea4ff108eb56c [NON_LEADER]: Queue going to NON_LEADER mode. State: All replicated index: 0, Majority replicated index: 0, Committed index: 0, Last appended: 0.0, Last appended by leader: 0, Current term: 0, Majority size: -1, State: 0, Mode: NON_LEADER, active raft config: opid_index: -1 OBSOLETE_local: false peers { permanent_uuid: "983edee995184ff68e09eaa7371d0264" member_type: VOTER last_known_addr { host: "127.6.170.129" port: 38719 } } peers { permanent_uuid: "49c04415b6c94c4ab7fea4ff108eb56c" member_type: VOTER last_known_addr { host: "127.6.170.130" port: 38651 } } peers { permanent_uuid: "a869609557ef46c1bfa0e452caa28ddd" member_type: VOTER last_known_addr { host: "127.6.170.131" port: 36549 } }
I20260709 14:48:24.478097  8263 consensus_queue.cc:1048] T 77ee1726cf2c41449c97a0da223708df P a869609557ef46c1bfa0e452caa28ddd [LEADER]: Connected to new peer: Peer: permanent_uuid: "49c04415b6c94c4ab7fea4ff108eb56c" member_type: VOTER last_known_addr { host: "127.6.170.130" port: 38651 }, Status: LMP_MISMATCH, Last received: 0.0, Next index: 1, Last known committed idx: 0, Time since last communication: 0.001s
I20260709 14:48:24.498768  7835 catalog_manager.cc:5697] T d4ee3c3403ee4869a1b77735d04d0793 P 49c04415b6c94c4ab7fea4ff108eb56c reported cstate change: term changed from 0 to 1, leader changed from <none> to 49c04415b6c94c4ab7fea4ff108eb56c (127.6.170.130). New cstate: current_term: 1 leader_uuid: "49c04415b6c94c4ab7fea4ff108eb56c" committed_config { opid_index: -1 OBSOLETE_local: false peers { permanent_uuid: "983edee995184ff68e09eaa7371d0264" member_type: VOTER last_known_addr { host: "127.6.170.129" port: 38719 } health_report { overall_health: UNKNOWN } } peers { permanent_uuid: "49c04415b6c94c4ab7fea4ff108eb56c" member_type: VOTER last_known_addr { host: "127.6.170.130" port: 38651 } health_report { overall_health: HEALTHY } } peers { permanent_uuid: "a869609557ef46c1bfa0e452caa28ddd" member_type: VOTER last_known_addr { host: "127.6.170.131" port: 36549 } health_report { overall_health: UNKNOWN } } }
I20260709 14:48:24.502609  8175 raft_consensus.cc:2749] T 77ee1726cf2c41449c97a0da223708df P 983edee995184ff68e09eaa7371d0264 [term 1 FOLLOWER]: Leader pre-election lost for term 1. Reason: could not achieve majority
I20260709 14:48:24.509356  8129 tablet_bootstrap.cc:492] T 427035f7e0dd490dab1a3787fe2715fb P a869609557ef46c1bfa0e452caa28ddd: No bootstrap required, opened a new log
I20260709 14:48:24.510409  8129 ts_tablet_manager.cc:1403] T 427035f7e0dd490dab1a3787fe2715fb P a869609557ef46c1bfa0e452caa28ddd: Time spent bootstrapping tablet: real 0.159s	user 0.076s	sys 0.059s
I20260709 14:48:24.513089  8129 raft_consensus.cc:359] T 427035f7e0dd490dab1a3787fe2715fb P a869609557ef46c1bfa0e452caa28ddd [term 0 FOLLOWER]: Replica starting. Triggering 0 pending ops. Active config: opid_index: -1 OBSOLETE_local: false peers { permanent_uuid: "983edee995184ff68e09eaa7371d0264" member_type: VOTER last_known_addr { host: "127.6.170.129" port: 38719 } } peers { permanent_uuid: "49c04415b6c94c4ab7fea4ff108eb56c" member_type: VOTER last_known_addr { host: "127.6.170.130" port: 38651 } } peers { permanent_uuid: "a869609557ef46c1bfa0e452caa28ddd" member_type: VOTER last_known_addr { host: "127.6.170.131" port: 36549 } }
I20260709 14:48:24.513823  8129 raft_consensus.cc:385] T 427035f7e0dd490dab1a3787fe2715fb P a869609557ef46c1bfa0e452caa28ddd [term 0 FOLLOWER]: Consensus starting up: Expiring failure detector timer to make a prompt election more likely
I20260709 14:48:24.514110  8129 raft_consensus.cc:740] T 427035f7e0dd490dab1a3787fe2715fb P a869609557ef46c1bfa0e452caa28ddd [term 0 FOLLOWER]: Becoming Follower/Learner. State: Replica: a869609557ef46c1bfa0e452caa28ddd, State: Initialized, Role: FOLLOWER
I20260709 14:48:24.515055  8129 consensus_queue.cc:260] T 427035f7e0dd490dab1a3787fe2715fb P a869609557ef46c1bfa0e452caa28ddd [NON_LEADER]: Queue going to NON_LEADER mode. State: All replicated index: 0, Majority replicated index: 0, Committed index: 0, Last appended: 0.0, Last appended by leader: 0, Current term: 0, Majority size: -1, State: 0, Mode: NON_LEADER, active raft config: opid_index: -1 OBSOLETE_local: false peers { permanent_uuid: "983edee995184ff68e09eaa7371d0264" member_type: VOTER last_known_addr { host: "127.6.170.129" port: 38719 } } peers { permanent_uuid: "49c04415b6c94c4ab7fea4ff108eb56c" member_type: VOTER last_known_addr { host: "127.6.170.130" port: 38651 } } peers { permanent_uuid: "a869609557ef46c1bfa0e452caa28ddd" member_type: VOTER last_known_addr { host: "127.6.170.131" port: 36549 } }
I20260709 14:48:24.516630  8129 ts_tablet_manager.cc:1434] T 427035f7e0dd490dab1a3787fe2715fb P a869609557ef46c1bfa0e452caa28ddd: Time spent starting tablet: real 0.006s	user 0.004s	sys 0.000s
I20260709 14:48:24.520136  8200 leader_election.cc:290] T aeade4e78b77486289826da50ead4022 P 983edee995184ff68e09eaa7371d0264 [CANDIDATE]: Term 1 election: Requested vote from peers 49c04415b6c94c4ab7fea4ff108eb56c (127.6.170.130:38651), a869609557ef46c1bfa0e452caa28ddd (127.6.170.131:36549)
I20260709 14:48:24.521826  8083 tablet_service.cc:1917] Received RequestConsensusVote() RPC: tablet_id: "aeade4e78b77486289826da50ead4022" candidate_uuid: "983edee995184ff68e09eaa7371d0264" candidate_term: 1 candidate_status { last_received { term: 0 index: 0 } } ignore_live_leader: false dest_uuid: "a869609557ef46c1bfa0e452caa28ddd"
I20260709 14:48:24.522634  8083 raft_consensus.cc:3060] T aeade4e78b77486289826da50ead4022 P a869609557ef46c1bfa0e452caa28ddd [term 0 FOLLOWER]: Advancing to term 1
I20260709 14:48:24.524446  8129 tablet_bootstrap.cc:492] T 23afae7e79d64bd5be2a72803dcee5eb P a869609557ef46c1bfa0e452caa28ddd: Bootstrap starting.
I20260709 14:48:24.522545  8009 tablet_service.cc:1917] Received RequestConsensusVote() RPC: tablet_id: "aeade4e78b77486289826da50ead4022" candidate_uuid: "983edee995184ff68e09eaa7371d0264" candidate_term: 1 candidate_status { last_received { term: 0 index: 0 } } ignore_live_leader: false dest_uuid: "49c04415b6c94c4ab7fea4ff108eb56c"
I20260709 14:48:24.530690  8126 ts_tablet_manager.cc:1434] T 23afae7e79d64bd5be2a72803dcee5eb P 49c04415b6c94c4ab7fea4ff108eb56c: Time spent starting tablet: real 0.162s	user 0.006s	sys 0.002s
I20260709 14:48:24.531729  8126 tablet_bootstrap.cc:492] T 58bcb6211e2b4cd49aa3aebf6561b535 P 49c04415b6c94c4ab7fea4ff108eb56c: Bootstrap starting.
I20260709 14:48:24.535367  8261 raft_consensus.cc:493] T b3cea9e8e9964bf7b291a885e0463397 P 49c04415b6c94c4ab7fea4ff108eb56c [term 0 FOLLOWER]: Starting pre-election (no leader contacted us within the election timeout)
I20260709 14:48:24.535991  8261 raft_consensus.cc:515] T b3cea9e8e9964bf7b291a885e0463397 P 49c04415b6c94c4ab7fea4ff108eb56c [term 0 FOLLOWER]: Starting pre-election with config: opid_index: -1 OBSOLETE_local: false peers { permanent_uuid: "983edee995184ff68e09eaa7371d0264" member_type: VOTER last_known_addr { host: "127.6.170.129" port: 38719 } } peers { permanent_uuid: "49c04415b6c94c4ab7fea4ff108eb56c" member_type: VOTER last_known_addr { host: "127.6.170.130" port: 38651 } } peers { permanent_uuid: "a869609557ef46c1bfa0e452caa28ddd" member_type: VOTER last_known_addr { host: "127.6.170.131" port: 36549 } }
I20260709 14:48:24.539115  8261 leader_election.cc:290] T b3cea9e8e9964bf7b291a885e0463397 P 49c04415b6c94c4ab7fea4ff108eb56c [CANDIDATE]: Term 1 pre-election: Requested pre-vote from peers 983edee995184ff68e09eaa7371d0264 (127.6.170.129:38719), a869609557ef46c1bfa0e452caa28ddd (127.6.170.131:36549)
I20260709 14:48:24.540042  8086 tablet_service.cc:1917] Received RequestConsensusVote() RPC: tablet_id: "b3cea9e8e9964bf7b291a885e0463397" candidate_uuid: "49c04415b6c94c4ab7fea4ff108eb56c" candidate_term: 1 candidate_status { last_received { term: 0 index: 0 } } ignore_live_leader: false dest_uuid: "a869609557ef46c1bfa0e452caa28ddd" is_pre_election: true
I20260709 14:48:24.541105  8086 raft_consensus.cc:2468] T b3cea9e8e9964bf7b291a885e0463397 P a869609557ef46c1bfa0e452caa28ddd [term 0 FOLLOWER]: Leader pre-election vote request: Granting yes vote for candidate 49c04415b6c94c4ab7fea4ff108eb56c in term 0.
I20260709 14:48:24.543111  7975 leader_election.cc:304] T b3cea9e8e9964bf7b291a885e0463397 P 49c04415b6c94c4ab7fea4ff108eb56c [CANDIDATE]: Term 1 pre-election: Election decided. Result: candidate won. Election summary: received 2 responses out of 3 voters: 2 yes votes; 0 no votes. yes voters: 49c04415b6c94c4ab7fea4ff108eb56c, a869609557ef46c1bfa0e452caa28ddd; no voters: 
I20260709 14:48:24.544216  8260 raft_consensus.cc:2804] T b3cea9e8e9964bf7b291a885e0463397 P 49c04415b6c94c4ab7fea4ff108eb56c [term 0 FOLLOWER]: Leader pre-election won for term 1
I20260709 14:48:24.544584  8260 raft_consensus.cc:493] T b3cea9e8e9964bf7b291a885e0463397 P 49c04415b6c94c4ab7fea4ff108eb56c [term 0 FOLLOWER]: Starting leader election (no leader contacted us within the election timeout)
I20260709 14:48:24.544636  7934 tablet_service.cc:1917] Received RequestConsensusVote() RPC: tablet_id: "b3cea9e8e9964bf7b291a885e0463397" candidate_uuid: "49c04415b6c94c4ab7fea4ff108eb56c" candidate_term: 1 candidate_status { last_received { term: 0 index: 0 } } ignore_live_leader: false dest_uuid: "983edee995184ff68e09eaa7371d0264" is_pre_election: true
I20260709 14:48:24.544999  8129 tablet_bootstrap.cc:654] T 23afae7e79d64bd5be2a72803dcee5eb P a869609557ef46c1bfa0e452caa28ddd: Neither blocks nor log segments found. Creating new log.
I20260709 14:48:24.545018  8260 raft_consensus.cc:3060] T b3cea9e8e9964bf7b291a885e0463397 P 49c04415b6c94c4ab7fea4ff108eb56c [term 0 FOLLOWER]: Advancing to term 1
I20260709 14:48:24.547080  8126 tablet_bootstrap.cc:654] T 58bcb6211e2b4cd49aa3aebf6561b535 P 49c04415b6c94c4ab7fea4ff108eb56c: Neither blocks nor log segments found. Creating new log.
W20260709 14:48:24.548661  7900 leader_election.cc:343] T aeade4e78b77486289826da50ead4022 P 983edee995184ff68e09eaa7371d0264 [CANDIDATE]: Term 1 election: Tablet error from VoteRequest() call to peer 49c04415b6c94c4ab7fea4ff108eb56c (127.6.170.130:38651): Illegal state: must be running to vote when last-logged opid is not known
I20260709 14:48:24.552616  8260 raft_consensus.cc:515] T b3cea9e8e9964bf7b291a885e0463397 P 49c04415b6c94c4ab7fea4ff108eb56c [term 1 FOLLOWER]: Starting leader election with config: opid_index: -1 OBSOLETE_local: false peers { permanent_uuid: "983edee995184ff68e09eaa7371d0264" member_type: VOTER last_known_addr { host: "127.6.170.129" port: 38719 } } peers { permanent_uuid: "49c04415b6c94c4ab7fea4ff108eb56c" member_type: VOTER last_known_addr { host: "127.6.170.130" port: 38651 } } peers { permanent_uuid: "a869609557ef46c1bfa0e452caa28ddd" member_type: VOTER last_known_addr { host: "127.6.170.131" port: 36549 } }
W20260709 14:48:24.554792  7977 leader_election.cc:343] T b3cea9e8e9964bf7b291a885e0463397 P 49c04415b6c94c4ab7fea4ff108eb56c [CANDIDATE]: Term 1 pre-election: Tablet error from VoteRequest() call to peer 983edee995184ff68e09eaa7371d0264 (127.6.170.129:38719): Illegal state: must be running to vote when last-logged opid is not known
I20260709 14:48:24.557327  8260 leader_election.cc:290] T b3cea9e8e9964bf7b291a885e0463397 P 49c04415b6c94c4ab7fea4ff108eb56c [CANDIDATE]: Term 1 election: Requested vote from peers 983edee995184ff68e09eaa7371d0264 (127.6.170.129:38719), a869609557ef46c1bfa0e452caa28ddd (127.6.170.131:36549)
I20260709 14:48:24.555936  8128 tablet_bootstrap.cc:492] T b3cea9e8e9964bf7b291a885e0463397 P 983edee995184ff68e09eaa7371d0264: No bootstrap required, opened a new log
I20260709 14:48:24.558019  8086 tablet_service.cc:1917] Received RequestConsensusVote() RPC: tablet_id: "b3cea9e8e9964bf7b291a885e0463397" candidate_uuid: "49c04415b6c94c4ab7fea4ff108eb56c" candidate_term: 1 candidate_status { last_received { term: 0 index: 0 } } ignore_live_leader: false dest_uuid: "a869609557ef46c1bfa0e452caa28ddd"
I20260709 14:48:24.558748  8086 raft_consensus.cc:3060] T b3cea9e8e9964bf7b291a885e0463397 P a869609557ef46c1bfa0e452caa28ddd [term 0 FOLLOWER]: Advancing to term 1
I20260709 14:48:24.561599  8126 tablet_bootstrap.cc:492] T 58bcb6211e2b4cd49aa3aebf6561b535 P 49c04415b6c94c4ab7fea4ff108eb56c: No bootstrap required, opened a new log
I20260709 14:48:24.562201  8126 ts_tablet_manager.cc:1403] T 58bcb6211e2b4cd49aa3aebf6561b535 P 49c04415b6c94c4ab7fea4ff108eb56c: Time spent bootstrapping tablet: real 0.031s	user 0.006s	sys 0.007s
I20260709 14:48:24.558758  8128 ts_tablet_manager.cc:1403] T b3cea9e8e9964bf7b291a885e0463397 P 983edee995184ff68e09eaa7371d0264: Time spent bootstrapping tablet: real 0.108s	user 0.035s	sys 0.057s
I20260709 14:48:24.563107  7932 tablet_service.cc:1917] Received RequestConsensusVote() RPC: tablet_id: "b3cea9e8e9964bf7b291a885e0463397" candidate_uuid: "49c04415b6c94c4ab7fea4ff108eb56c" candidate_term: 1 candidate_status { last_received { term: 0 index: 0 } } ignore_live_leader: false dest_uuid: "983edee995184ff68e09eaa7371d0264"
I20260709 14:48:24.565299  8126 raft_consensus.cc:359] T 58bcb6211e2b4cd49aa3aebf6561b535 P 49c04415b6c94c4ab7fea4ff108eb56c [term 0 FOLLOWER]: Replica starting. Triggering 0 pending ops. Active config: opid_index: -1 OBSOLETE_local: false peers { permanent_uuid: "983edee995184ff68e09eaa7371d0264" member_type: VOTER last_known_addr { host: "127.6.170.129" port: 38719 } } peers { permanent_uuid: "49c04415b6c94c4ab7fea4ff108eb56c" member_type: VOTER last_known_addr { host: "127.6.170.130" port: 38651 } } peers { permanent_uuid: "a869609557ef46c1bfa0e452caa28ddd" member_type: VOTER last_known_addr { host: "127.6.170.131" port: 36549 } }
I20260709 14:48:24.566071  8126 raft_consensus.cc:385] T 58bcb6211e2b4cd49aa3aebf6561b535 P 49c04415b6c94c4ab7fea4ff108eb56c [term 0 FOLLOWER]: Consensus starting up: Expiring failure detector timer to make a prompt election more likely
I20260709 14:48:24.566524  8126 raft_consensus.cc:740] T 58bcb6211e2b4cd49aa3aebf6561b535 P 49c04415b6c94c4ab7fea4ff108eb56c [term 0 FOLLOWER]: Becoming Follower/Learner. State: Replica: 49c04415b6c94c4ab7fea4ff108eb56c, State: Initialized, Role: FOLLOWER
I20260709 14:48:24.567340  8126 consensus_queue.cc:260] T 58bcb6211e2b4cd49aa3aebf6561b535 P 49c04415b6c94c4ab7fea4ff108eb56c [NON_LEADER]: Queue going to NON_LEADER mode. State: All replicated index: 0, Majority replicated index: 0, Committed index: 0, Last appended: 0.0, Last appended by leader: 0, Current term: 0, Majority size: -1, State: 0, Mode: NON_LEADER, active raft config: opid_index: -1 OBSOLETE_local: false peers { permanent_uuid: "983edee995184ff68e09eaa7371d0264" member_type: VOTER last_known_addr { host: "127.6.170.129" port: 38719 } } peers { permanent_uuid: "49c04415b6c94c4ab7fea4ff108eb56c" member_type: VOTER last_known_addr { host: "127.6.170.130" port: 38651 } } peers { permanent_uuid: "a869609557ef46c1bfa0e452caa28ddd" member_type: VOTER last_known_addr { host: "127.6.170.131" port: 36549 } }
I20260709 14:48:24.568581  8086 raft_consensus.cc:2468] T b3cea9e8e9964bf7b291a885e0463397 P a869609557ef46c1bfa0e452caa28ddd [term 1 FOLLOWER]: Leader election vote request: Granting yes vote for candidate 49c04415b6c94c4ab7fea4ff108eb56c in term 1.
I20260709 14:48:24.569593  8126 ts_tablet_manager.cc:1434] T 58bcb6211e2b4cd49aa3aebf6561b535 P 49c04415b6c94c4ab7fea4ff108eb56c: Time spent starting tablet: real 0.007s	user 0.004s	sys 0.000s
I20260709 14:48:24.569777  7975 leader_election.cc:304] T b3cea9e8e9964bf7b291a885e0463397 P 49c04415b6c94c4ab7fea4ff108eb56c [CANDIDATE]: Term 1 election: Election decided. Result: candidate won. Election summary: received 2 responses out of 3 voters: 2 yes votes; 0 no votes. yes voters: 49c04415b6c94c4ab7fea4ff108eb56c, a869609557ef46c1bfa0e452caa28ddd; no voters: 
I20260709 14:48:24.570612  8126 tablet_bootstrap.cc:492] T 0efe24285429446ab75db4b8e19e6bd0 P 49c04415b6c94c4ab7fea4ff108eb56c: Bootstrap starting.
I20260709 14:48:24.570724  8260 raft_consensus.cc:2804] T b3cea9e8e9964bf7b291a885e0463397 P 49c04415b6c94c4ab7fea4ff108eb56c [term 1 FOLLOWER]: Leader election won for term 1
I20260709 14:48:24.571292  8260 raft_consensus.cc:697] T b3cea9e8e9964bf7b291a885e0463397 P 49c04415b6c94c4ab7fea4ff108eb56c [term 1 LEADER]: Becoming Leader. State: Replica: 49c04415b6c94c4ab7fea4ff108eb56c, State: Running, Role: LEADER
I20260709 14:48:24.572404  8260 consensus_queue.cc:237] T b3cea9e8e9964bf7b291a885e0463397 P 49c04415b6c94c4ab7fea4ff108eb56c [LEADER]: Queue going to LEADER mode. State: All replicated index: 0, Majority replicated index: 0, Committed index: 0, Last appended: 0.0, Last appended by leader: 0, Current term: 1, Majority size: 2, State: 0, Mode: LEADER, active raft config: opid_index: -1 OBSOLETE_local: false peers { permanent_uuid: "983edee995184ff68e09eaa7371d0264" member_type: VOTER last_known_addr { host: "127.6.170.129" port: 38719 } } peers { permanent_uuid: "49c04415b6c94c4ab7fea4ff108eb56c" member_type: VOTER last_known_addr { host: "127.6.170.130" port: 38651 } } peers { permanent_uuid: "a869609557ef46c1bfa0e452caa28ddd" member_type: VOTER last_known_addr { host: "127.6.170.131" port: 36549 } }
W20260709 14:48:24.573076  7977 leader_election.cc:343] T b3cea9e8e9964bf7b291a885e0463397 P 49c04415b6c94c4ab7fea4ff108eb56c [CANDIDATE]: Term 1 election: Tablet error from VoteRequest() call to peer 983edee995184ff68e09eaa7371d0264 (127.6.170.129:38719): Illegal state: must be running to vote when last-logged opid is not known
I20260709 14:48:24.577816  8128 raft_consensus.cc:359] T b3cea9e8e9964bf7b291a885e0463397 P 983edee995184ff68e09eaa7371d0264 [term 0 FOLLOWER]: Replica starting. Triggering 0 pending ops. Active config: opid_index: -1 OBSOLETE_local: false peers { permanent_uuid: "983edee995184ff68e09eaa7371d0264" member_type: VOTER last_known_addr { host: "127.6.170.129" port: 38719 } } peers { permanent_uuid: "49c04415b6c94c4ab7fea4ff108eb56c" member_type: VOTER last_known_addr { host: "127.6.170.130" port: 38651 } } peers { permanent_uuid: "a869609557ef46c1bfa0e452caa28ddd" member_type: VOTER last_known_addr { host: "127.6.170.131" port: 36549 } }
I20260709 14:48:24.578636  8128 raft_consensus.cc:385] T b3cea9e8e9964bf7b291a885e0463397 P 983edee995184ff68e09eaa7371d0264 [term 0 FOLLOWER]: Consensus starting up: Expiring failure detector timer to make a prompt election more likely
I20260709 14:48:24.578920  8128 raft_consensus.cc:740] T b3cea9e8e9964bf7b291a885e0463397 P 983edee995184ff68e09eaa7371d0264 [term 0 FOLLOWER]: Becoming Follower/Learner. State: Replica: 983edee995184ff68e09eaa7371d0264, State: Initialized, Role: FOLLOWER
I20260709 14:48:24.579645  8128 consensus_queue.cc:260] T b3cea9e8e9964bf7b291a885e0463397 P 983edee995184ff68e09eaa7371d0264 [NON_LEADER]: Queue going to NON_LEADER mode. State: All replicated index: 0, Majority replicated index: 0, Committed index: 0, Last appended: 0.0, Last appended by leader: 0, Current term: 0, Majority size: -1, State: 0, Mode: NON_LEADER, active raft config: opid_index: -1 OBSOLETE_local: false peers { permanent_uuid: "983edee995184ff68e09eaa7371d0264" member_type: VOTER last_known_addr { host: "127.6.170.129" port: 38719 } } peers { permanent_uuid: "49c04415b6c94c4ab7fea4ff108eb56c" member_type: VOTER last_known_addr { host: "127.6.170.130" port: 38651 } } peers { permanent_uuid: "a869609557ef46c1bfa0e452caa28ddd" member_type: VOTER last_known_addr { host: "127.6.170.131" port: 36549 } }
I20260709 14:48:24.580777  8200 raft_consensus.cc:493] T 0efe24285429446ab75db4b8e19e6bd0 P 983edee995184ff68e09eaa7371d0264 [term 0 FOLLOWER]: Starting pre-election (no leader contacted us within the election timeout)
I20260709 14:48:24.581245  8200 raft_consensus.cc:515] T 0efe24285429446ab75db4b8e19e6bd0 P 983edee995184ff68e09eaa7371d0264 [term 0 FOLLOWER]: Starting pre-election with config: opid_index: -1 OBSOLETE_local: false peers { permanent_uuid: "983edee995184ff68e09eaa7371d0264" member_type: VOTER last_known_addr { host: "127.6.170.129" port: 38719 } } peers { permanent_uuid: "49c04415b6c94c4ab7fea4ff108eb56c" member_type: VOTER last_known_addr { host: "127.6.170.130" port: 38651 } } peers { permanent_uuid: "a869609557ef46c1bfa0e452caa28ddd" member_type: VOTER last_known_addr { host: "127.6.170.131" port: 36549 } }
I20260709 14:48:24.581785  8128 ts_tablet_manager.cc:1434] T b3cea9e8e9964bf7b291a885e0463397 P 983edee995184ff68e09eaa7371d0264: Time spent starting tablet: real 0.019s	user 0.004s	sys 0.001s
I20260709 14:48:24.583557  8200 leader_election.cc:290] T 0efe24285429446ab75db4b8e19e6bd0 P 983edee995184ff68e09eaa7371d0264 [CANDIDATE]: Term 1 pre-election: Requested pre-vote from peers 49c04415b6c94c4ab7fea4ff108eb56c (127.6.170.130:38651), a869609557ef46c1bfa0e452caa28ddd (127.6.170.131:36549)
I20260709 14:48:24.585156  8128 tablet_bootstrap.cc:492] T 35d1b280c6654989a8cc829f626ab063 P 983edee995184ff68e09eaa7371d0264: Bootstrap starting.
I20260709 14:48:24.583801  8126 tablet_bootstrap.cc:654] T 0efe24285429446ab75db4b8e19e6bd0 P 49c04415b6c94c4ab7fea4ff108eb56c: Neither blocks nor log segments found. Creating new log.
I20260709 14:48:24.588691  8083 raft_consensus.cc:2468] T aeade4e78b77486289826da50ead4022 P a869609557ef46c1bfa0e452caa28ddd [term 1 FOLLOWER]: Leader election vote request: Granting yes vote for candidate 983edee995184ff68e09eaa7371d0264 in term 1.
I20260709 14:48:24.593748  8128 tablet_bootstrap.cc:654] T 35d1b280c6654989a8cc829f626ab063 P 983edee995184ff68e09eaa7371d0264: Neither blocks nor log segments found. Creating new log.
I20260709 14:48:24.598189  8126 tablet_bootstrap.cc:492] T 0efe24285429446ab75db4b8e19e6bd0 P 49c04415b6c94c4ab7fea4ff108eb56c: No bootstrap required, opened a new log
I20260709 14:48:24.598860  8126 ts_tablet_manager.cc:1403] T 0efe24285429446ab75db4b8e19e6bd0 P 49c04415b6c94c4ab7fea4ff108eb56c: Time spent bootstrapping tablet: real 0.028s	user 0.010s	sys 0.011s
I20260709 14:48:24.599359  8012 tablet_service.cc:1917] Received RequestConsensusVote() RPC: tablet_id: "0efe24285429446ab75db4b8e19e6bd0" candidate_uuid: "983edee995184ff68e09eaa7371d0264" candidate_term: 1 candidate_status { last_received { term: 0 index: 0 } } ignore_live_leader: false dest_uuid: "49c04415b6c94c4ab7fea4ff108eb56c" is_pre_election: true
I20260709 14:48:24.600412  8086 tablet_service.cc:1917] Received RequestConsensusVote() RPC: tablet_id: "0efe24285429446ab75db4b8e19e6bd0" candidate_uuid: "983edee995184ff68e09eaa7371d0264" candidate_term: 1 candidate_status { last_received { term: 0 index: 0 } } ignore_live_leader: false dest_uuid: "a869609557ef46c1bfa0e452caa28ddd" is_pre_election: true
I20260709 14:48:24.601076  8086 raft_consensus.cc:2468] T 0efe24285429446ab75db4b8e19e6bd0 P a869609557ef46c1bfa0e452caa28ddd [term 0 FOLLOWER]: Leader pre-election vote request: Granting yes vote for candidate 983edee995184ff68e09eaa7371d0264 in term 0.
I20260709 14:48:24.603119  8263 consensus_queue.cc:1048] T 77ee1726cf2c41449c97a0da223708df P a869609557ef46c1bfa0e452caa28ddd [LEADER]: Connected to new peer: Peer: permanent_uuid: "983edee995184ff68e09eaa7371d0264" member_type: VOTER last_known_addr { host: "127.6.170.129" port: 38719 }, Status: LMP_MISMATCH, Last received: 0.0, Next index: 1, Last known committed idx: 0, Time since last communication: 0.001s
I20260709 14:48:24.603163  8126 raft_consensus.cc:359] T 0efe24285429446ab75db4b8e19e6bd0 P 49c04415b6c94c4ab7fea4ff108eb56c [term 0 FOLLOWER]: Replica starting. Triggering 0 pending ops. Active config: opid_index: -1 OBSOLETE_local: false peers { permanent_uuid: "983edee995184ff68e09eaa7371d0264" member_type: VOTER last_known_addr { host: "127.6.170.129" port: 38719 } } peers { permanent_uuid: "49c04415b6c94c4ab7fea4ff108eb56c" member_type: VOTER last_known_addr { host: "127.6.170.130" port: 38651 } } peers { permanent_uuid: "a869609557ef46c1bfa0e452caa28ddd" member_type: VOTER last_known_addr { host: "127.6.170.131" port: 36549 } }
I20260709 14:48:24.604012  8126 raft_consensus.cc:385] T 0efe24285429446ab75db4b8e19e6bd0 P 49c04415b6c94c4ab7fea4ff108eb56c [term 0 FOLLOWER]: Consensus starting up: Expiring failure detector timer to make a prompt election more likely
I20260709 14:48:24.604305  8126 raft_consensus.cc:740] T 0efe24285429446ab75db4b8e19e6bd0 P 49c04415b6c94c4ab7fea4ff108eb56c [term 0 FOLLOWER]: Becoming Follower/Learner. State: Replica: 49c04415b6c94c4ab7fea4ff108eb56c, State: Initialized, Role: FOLLOWER
I20260709 14:48:24.605125  8126 consensus_queue.cc:260] T 0efe24285429446ab75db4b8e19e6bd0 P 49c04415b6c94c4ab7fea4ff108eb56c [NON_LEADER]: Queue going to NON_LEADER mode. State: All replicated index: 0, Majority replicated index: 0, Committed index: 0, Last appended: 0.0, Last appended by leader: 0, Current term: 0, Majority size: -1, State: 0, Mode: NON_LEADER, active raft config: opid_index: -1 OBSOLETE_local: false peers { permanent_uuid: "983edee995184ff68e09eaa7371d0264" member_type: VOTER last_known_addr { host: "127.6.170.129" port: 38719 } } peers { permanent_uuid: "49c04415b6c94c4ab7fea4ff108eb56c" member_type: VOTER last_known_addr { host: "127.6.170.130" port: 38651 } } peers { permanent_uuid: "a869609557ef46c1bfa0e452caa28ddd" member_type: VOTER last_known_addr { host: "127.6.170.131" port: 36549 } }
I20260709 14:48:24.605906  7900 leader_election.cc:304] T aeade4e78b77486289826da50ead4022 P 983edee995184ff68e09eaa7371d0264 [CANDIDATE]: Term 1 election: Election decided. Result: candidate won. Election summary: received 3 responses out of 3 voters: 2 yes votes; 1 no votes. yes voters: 983edee995184ff68e09eaa7371d0264, a869609557ef46c1bfa0e452caa28ddd; no voters: 49c04415b6c94c4ab7fea4ff108eb56c
I20260709 14:48:24.607331  8126 ts_tablet_manager.cc:1434] T 0efe24285429446ab75db4b8e19e6bd0 P 49c04415b6c94c4ab7fea4ff108eb56c: Time spent starting tablet: real 0.008s	user 0.005s	sys 0.002s
I20260709 14:48:24.607347  8175 raft_consensus.cc:2804] T aeade4e78b77486289826da50ead4022 P 983edee995184ff68e09eaa7371d0264 [term 1 FOLLOWER]: Leader election won for term 1
I20260709 14:48:24.608096  8175 raft_consensus.cc:697] T aeade4e78b77486289826da50ead4022 P 983edee995184ff68e09eaa7371d0264 [term 1 LEADER]: Becoming Leader. State: Replica: 983edee995184ff68e09eaa7371d0264, State: Running, Role: LEADER
I20260709 14:48:24.608528  8126 tablet_bootstrap.cc:492] T 35d1b280c6654989a8cc829f626ab063 P 49c04415b6c94c4ab7fea4ff108eb56c: Bootstrap starting.
I20260709 14:48:24.609002  8175 consensus_queue.cc:237] T aeade4e78b77486289826da50ead4022 P 983edee995184ff68e09eaa7371d0264 [LEADER]: Queue going to LEADER mode. State: All replicated index: 0, Majority replicated index: 0, Committed index: 0, Last appended: 0.0, Last appended by leader: 0, Current term: 1, Majority size: 2, State: 0, Mode: LEADER, active raft config: opid_index: -1 OBSOLETE_local: false peers { permanent_uuid: "983edee995184ff68e09eaa7371d0264" member_type: VOTER last_known_addr { host: "127.6.170.129" port: 38719 } } peers { permanent_uuid: "49c04415b6c94c4ab7fea4ff108eb56c" member_type: VOTER last_known_addr { host: "127.6.170.130" port: 38651 } } peers { permanent_uuid: "a869609557ef46c1bfa0e452caa28ddd" member_type: VOTER last_known_addr { host: "127.6.170.131" port: 36549 } }
I20260709 14:48:24.614198  8128 tablet_bootstrap.cc:492] T 35d1b280c6654989a8cc829f626ab063 P 983edee995184ff68e09eaa7371d0264: No bootstrap required, opened a new log
I20260709 14:48:24.614854  8128 ts_tablet_manager.cc:1403] T 35d1b280c6654989a8cc829f626ab063 P 983edee995184ff68e09eaa7371d0264: Time spent bootstrapping tablet: real 0.030s	user 0.013s	sys 0.000s
I20260709 14:48:24.615556  8126 tablet_bootstrap.cc:654] T 35d1b280c6654989a8cc829f626ab063 P 49c04415b6c94c4ab7fea4ff108eb56c: Neither blocks nor log segments found. Creating new log.
I20260709 14:48:24.616961  7900 leader_election.cc:304] T 0efe24285429446ab75db4b8e19e6bd0 P 983edee995184ff68e09eaa7371d0264 [CANDIDATE]: Term 1 pre-election: Election decided. Result: candidate won. Election summary: received 2 responses out of 3 voters: 2 yes votes; 0 no votes. yes voters: 983edee995184ff68e09eaa7371d0264, a869609557ef46c1bfa0e452caa28ddd; no voters: 
I20260709 14:48:24.618211  8128 raft_consensus.cc:359] T 35d1b280c6654989a8cc829f626ab063 P 983edee995184ff68e09eaa7371d0264 [term 0 FOLLOWER]: Replica starting. Triggering 0 pending ops. Active config: opid_index: -1 OBSOLETE_local: false peers { permanent_uuid: "983edee995184ff68e09eaa7371d0264" member_type: VOTER last_known_addr { host: "127.6.170.129" port: 38719 } } peers { permanent_uuid: "49c04415b6c94c4ab7fea4ff108eb56c" member_type: VOTER last_known_addr { host: "127.6.170.130" port: 38651 } } peers { permanent_uuid: "a869609557ef46c1bfa0e452caa28ddd" member_type: VOTER last_known_addr { host: "127.6.170.131" port: 36549 } }
I20260709 14:48:24.619200  8128 raft_consensus.cc:385] T 35d1b280c6654989a8cc829f626ab063 P 983edee995184ff68e09eaa7371d0264 [term 0 FOLLOWER]: Consensus starting up: Expiring failure detector timer to make a prompt election more likely
I20260709 14:48:24.619597  8128 raft_consensus.cc:740] T 35d1b280c6654989a8cc829f626ab063 P 983edee995184ff68e09eaa7371d0264 [term 0 FOLLOWER]: Becoming Follower/Learner. State: Replica: 983edee995184ff68e09eaa7371d0264, State: Initialized, Role: FOLLOWER
I20260709 14:48:24.620366  8200 raft_consensus.cc:2804] T 0efe24285429446ab75db4b8e19e6bd0 P 983edee995184ff68e09eaa7371d0264 [term 0 FOLLOWER]: Leader pre-election won for term 1
I20260709 14:48:24.620765  8200 raft_consensus.cc:493] T 0efe24285429446ab75db4b8e19e6bd0 P 983edee995184ff68e09eaa7371d0264 [term 0 FOLLOWER]: Starting leader election (no leader contacted us within the election timeout)
I20260709 14:48:24.621138  8200 raft_consensus.cc:3060] T 0efe24285429446ab75db4b8e19e6bd0 P 983edee995184ff68e09eaa7371d0264 [term 0 FOLLOWER]: Advancing to term 1
W20260709 14:48:24.620934  7900 leader_election.cc:343] T 0efe24285429446ab75db4b8e19e6bd0 P 983edee995184ff68e09eaa7371d0264 [CANDIDATE]: Term 1 pre-election: Tablet error from VoteRequest() call to peer 49c04415b6c94c4ab7fea4ff108eb56c (127.6.170.130:38651): Illegal state: must be running to vote when last-logged opid is not known
I20260709 14:48:24.622644  8223 consensus_queue.cc:1048] T 3ddb29134f694dc1962732cff41d8765 P 983edee995184ff68e09eaa7371d0264 [LEADER]: Connected to new peer: Peer: permanent_uuid: "49c04415b6c94c4ab7fea4ff108eb56c" member_type: VOTER last_known_addr { host: "127.6.170.130" port: 38651 }, Status: LMP_MISMATCH, Last received: 0.0, Next index: 1, Last known committed idx: 0, Time since last communication: 0.001s
I20260709 14:48:24.623893  8129 tablet_bootstrap.cc:492] T 23afae7e79d64bd5be2a72803dcee5eb P a869609557ef46c1bfa0e452caa28ddd: No bootstrap required, opened a new log
I20260709 14:48:24.624460  8129 ts_tablet_manager.cc:1403] T 23afae7e79d64bd5be2a72803dcee5eb P a869609557ef46c1bfa0e452caa28ddd: Time spent bootstrapping tablet: real 0.100s	user 0.014s	sys 0.007s
I20260709 14:48:24.624061  8128 consensus_queue.cc:260] T 35d1b280c6654989a8cc829f626ab063 P 983edee995184ff68e09eaa7371d0264 [NON_LEADER]: Queue going to NON_LEADER mode. State: All replicated index: 0, Majority replicated index: 0, Committed index: 0, Last appended: 0.0, Last appended by leader: 0, Current term: 0, Majority size: -1, State: 0, Mode: NON_LEADER, active raft config: opid_index: -1 OBSOLETE_local: false peers { permanent_uuid: "983edee995184ff68e09eaa7371d0264" member_type: VOTER last_known_addr { host: "127.6.170.129" port: 38719 } } peers { permanent_uuid: "49c04415b6c94c4ab7fea4ff108eb56c" member_type: VOTER last_known_addr { host: "127.6.170.130" port: 38651 } } peers { permanent_uuid: "a869609557ef46c1bfa0e452caa28ddd" member_type: VOTER last_known_addr { host: "127.6.170.131" port: 36549 } }
I20260709 14:48:24.632402  7835 catalog_manager.cc:5697] T b3cea9e8e9964bf7b291a885e0463397 P 49c04415b6c94c4ab7fea4ff108eb56c reported cstate change: term changed from 0 to 1, leader changed from <none> to 49c04415b6c94c4ab7fea4ff108eb56c (127.6.170.130). New cstate: current_term: 1 leader_uuid: "49c04415b6c94c4ab7fea4ff108eb56c" committed_config { opid_index: -1 OBSOLETE_local: false peers { permanent_uuid: "983edee995184ff68e09eaa7371d0264" member_type: VOTER last_known_addr { host: "127.6.170.129" port: 38719 } health_report { overall_health: UNKNOWN } } peers { permanent_uuid: "49c04415b6c94c4ab7fea4ff108eb56c" member_type: VOTER last_known_addr { host: "127.6.170.130" port: 38651 } health_report { overall_health: HEALTHY } } peers { permanent_uuid: "a869609557ef46c1bfa0e452caa28ddd" member_type: VOTER last_known_addr { host: "127.6.170.131" port: 36549 } health_report { overall_health: UNKNOWN } } }
I20260709 14:48:24.639035  8200 raft_consensus.cc:515] T 0efe24285429446ab75db4b8e19e6bd0 P 983edee995184ff68e09eaa7371d0264 [term 1 FOLLOWER]: Starting leader election with config: opid_index: -1 OBSOLETE_local: false peers { permanent_uuid: "983edee995184ff68e09eaa7371d0264" member_type: VOTER last_known_addr { host: "127.6.170.129" port: 38719 } } peers { permanent_uuid: "49c04415b6c94c4ab7fea4ff108eb56c" member_type: VOTER last_known_addr { host: "127.6.170.130" port: 38651 } } peers { permanent_uuid: "a869609557ef46c1bfa0e452caa28ddd" member_type: VOTER last_known_addr { host: "127.6.170.131" port: 36549 } }
I20260709 14:48:24.641813  8200 leader_election.cc:290] T 0efe24285429446ab75db4b8e19e6bd0 P 983edee995184ff68e09eaa7371d0264 [CANDIDATE]: Term 1 election: Requested vote from peers 49c04415b6c94c4ab7fea4ff108eb56c (127.6.170.130:38651), a869609557ef46c1bfa0e452caa28ddd (127.6.170.131:36549)
I20260709 14:48:24.645346  8129 raft_consensus.cc:359] T 23afae7e79d64bd5be2a72803dcee5eb P a869609557ef46c1bfa0e452caa28ddd [term 0 FOLLOWER]: Replica starting. Triggering 0 pending ops. Active config: opid_index: -1 OBSOLETE_local: false peers { permanent_uuid: "983edee995184ff68e09eaa7371d0264" member_type: VOTER last_known_addr { host: "127.6.170.129" port: 38719 } } peers { permanent_uuid: "49c04415b6c94c4ab7fea4ff108eb56c" member_type: VOTER last_known_addr { host: "127.6.170.130" port: 38651 } } peers { permanent_uuid: "a869609557ef46c1bfa0e452caa28ddd" member_type: VOTER last_known_addr { host: "127.6.170.131" port: 36549 } }
I20260709 14:48:24.646247  8129 raft_consensus.cc:385] T 23afae7e79d64bd5be2a72803dcee5eb P a869609557ef46c1bfa0e452caa28ddd [term 0 FOLLOWER]: Consensus starting up: Expiring failure detector timer to make a prompt election more likely
I20260709 14:48:24.646605  8129 raft_consensus.cc:740] T 23afae7e79d64bd5be2a72803dcee5eb P a869609557ef46c1bfa0e452caa28ddd [term 0 FOLLOWER]: Becoming Follower/Learner. State: Replica: a869609557ef46c1bfa0e452caa28ddd, State: Initialized, Role: FOLLOWER
I20260709 14:48:24.647431  8083 raft_consensus.cc:3060] T 3ddb29134f694dc1962732cff41d8765 P a869609557ef46c1bfa0e452caa28ddd [term 0 FOLLOWER]: Advancing to term 1
I20260709 14:48:24.650482  8012 tablet_service.cc:1917] Received RequestConsensusVote() RPC: tablet_id: "0efe24285429446ab75db4b8e19e6bd0" candidate_uuid: "983edee995184ff68e09eaa7371d0264" candidate_term: 1 candidate_status { last_received { term: 0 index: 0 } } ignore_live_leader: false dest_uuid: "49c04415b6c94c4ab7fea4ff108eb56c"
I20260709 14:48:24.651473  8012 raft_consensus.cc:3060] T 0efe24285429446ab75db4b8e19e6bd0 P 49c04415b6c94c4ab7fea4ff108eb56c [term 0 FOLLOWER]: Advancing to term 1
I20260709 14:48:24.647442  8129 consensus_queue.cc:260] T 23afae7e79d64bd5be2a72803dcee5eb P a869609557ef46c1bfa0e452caa28ddd [NON_LEADER]: Queue going to NON_LEADER mode. State: All replicated index: 0, Majority replicated index: 0, Committed index: 0, Last appended: 0.0, Last appended by leader: 0, Current term: 0, Majority size: -1, State: 0, Mode: NON_LEADER, active raft config: opid_index: -1 OBSOLETE_local: false peers { permanent_uuid: "983edee995184ff68e09eaa7371d0264" member_type: VOTER last_known_addr { host: "127.6.170.129" port: 38719 } } peers { permanent_uuid: "49c04415b6c94c4ab7fea4ff108eb56c" member_type: VOTER last_known_addr { host: "127.6.170.130" port: 38651 } } peers { permanent_uuid: "a869609557ef46c1bfa0e452caa28ddd" member_type: VOTER last_known_addr { host: "127.6.170.131" port: 36549 } }
I20260709 14:48:24.661870  7833 catalog_manager.cc:5697] T aeade4e78b77486289826da50ead4022 P 983edee995184ff68e09eaa7371d0264 reported cstate change: term changed from 0 to 1, leader changed from <none> to 983edee995184ff68e09eaa7371d0264 (127.6.170.129). New cstate: current_term: 1 leader_uuid: "983edee995184ff68e09eaa7371d0264" committed_config { opid_index: -1 OBSOLETE_local: false peers { permanent_uuid: "983edee995184ff68e09eaa7371d0264" member_type: VOTER last_known_addr { host: "127.6.170.129" port: 38719 } health_report { overall_health: HEALTHY } } peers { permanent_uuid: "49c04415b6c94c4ab7fea4ff108eb56c" member_type: VOTER last_known_addr { host: "127.6.170.130" port: 38651 } health_report { overall_health: UNKNOWN } } peers { permanent_uuid: "a869609557ef46c1bfa0e452caa28ddd" member_type: VOTER last_known_addr { host: "127.6.170.131" port: 36549 } health_report { overall_health: UNKNOWN } } }
I20260709 14:48:24.684013  8086 tablet_service.cc:1917] Received RequestConsensusVote() RPC: tablet_id: "0efe24285429446ab75db4b8e19e6bd0" candidate_uuid: "983edee995184ff68e09eaa7371d0264" candidate_term: 1 candidate_status { last_received { term: 0 index: 0 } } ignore_live_leader: false dest_uuid: "a869609557ef46c1bfa0e452caa28ddd"
I20260709 14:48:24.684710  8086 raft_consensus.cc:3060] T 0efe24285429446ab75db4b8e19e6bd0 P a869609557ef46c1bfa0e452caa28ddd [term 0 FOLLOWER]: Advancing to term 1
I20260709 14:48:24.731230  8129 ts_tablet_manager.cc:1434] T 23afae7e79d64bd5be2a72803dcee5eb P a869609557ef46c1bfa0e452caa28ddd: Time spent starting tablet: real 0.106s	user 0.010s	sys 0.005s
I20260709 14:48:24.732733  8129 tablet_bootstrap.cc:492] T 58bcb6211e2b4cd49aa3aebf6561b535 P a869609557ef46c1bfa0e452caa28ddd: Bootstrap starting.
I20260709 14:48:24.733379  8258 raft_consensus.cc:493] T 35d1b280c6654989a8cc829f626ab063 P a869609557ef46c1bfa0e452caa28ddd [term 0 FOLLOWER]: Starting pre-election (no leader contacted us within the election timeout)
I20260709 14:48:24.734018  8258 raft_consensus.cc:515] T 35d1b280c6654989a8cc829f626ab063 P a869609557ef46c1bfa0e452caa28ddd [term 0 FOLLOWER]: Starting pre-election with config: opid_index: -1 OBSOLETE_local: false peers { permanent_uuid: "983edee995184ff68e09eaa7371d0264" member_type: VOTER last_known_addr { host: "127.6.170.129" port: 38719 } } peers { permanent_uuid: "49c04415b6c94c4ab7fea4ff108eb56c" member_type: VOTER last_known_addr { host: "127.6.170.130" port: 38651 } } peers { permanent_uuid: "a869609557ef46c1bfa0e452caa28ddd" member_type: VOTER last_known_addr { host: "127.6.170.131" port: 36549 } }
I20260709 14:48:24.726781  8260 raft_consensus.cc:493] T 58bcb6211e2b4cd49aa3aebf6561b535 P 49c04415b6c94c4ab7fea4ff108eb56c [term 0 FOLLOWER]: Starting pre-election (no leader contacted us within the election timeout)
I20260709 14:48:24.740635  8128 ts_tablet_manager.cc:1434] T 35d1b280c6654989a8cc829f626ab063 P 983edee995184ff68e09eaa7371d0264: Time spent starting tablet: real 0.125s	user 0.034s	sys 0.024s
I20260709 14:48:24.741708  8128 tablet_bootstrap.cc:492] T 58bcb6211e2b4cd49aa3aebf6561b535 P 983edee995184ff68e09eaa7371d0264: Bootstrap starting.
I20260709 14:48:24.735958  7932 raft_consensus.cc:1275] T a196672efbb34b0a9bd633439a316475 P 983edee995184ff68e09eaa7371d0264 [term 2 FOLLOWER]: Refusing update from remote peer a869609557ef46c1bfa0e452caa28ddd: Log matching property violated. Preceding OpId in replica: term: 0 index: 0. Preceding OpId from leader: term: 2 index: 1. (index mismatch)
I20260709 14:48:24.754534  8258 leader_election.cc:290] T 35d1b280c6654989a8cc829f626ab063 P a869609557ef46c1bfa0e452caa28ddd [CANDIDATE]: Term 1 pre-election: Requested pre-vote from peers 983edee995184ff68e09eaa7371d0264 (127.6.170.129:38719), 49c04415b6c94c4ab7fea4ff108eb56c (127.6.170.130:38651)
I20260709 14:48:24.759541  8010 tablet_service.cc:1917] Received RequestConsensusVote() RPC: tablet_id: "35d1b280c6654989a8cc829f626ab063" candidate_uuid: "a869609557ef46c1bfa0e452caa28ddd" candidate_term: 1 candidate_status { last_received { term: 0 index: 0 } } ignore_live_leader: false dest_uuid: "49c04415b6c94c4ab7fea4ff108eb56c" is_pre_election: true
I20260709 14:48:24.760079  8126 tablet_bootstrap.cc:492] T 35d1b280c6654989a8cc829f626ab063 P 49c04415b6c94c4ab7fea4ff108eb56c: No bootstrap required, opened a new log
I20260709 14:48:24.760527  8126 ts_tablet_manager.cc:1403] T 35d1b280c6654989a8cc829f626ab063 P 49c04415b6c94c4ab7fea4ff108eb56c: Time spent bootstrapping tablet: real 0.152s	user 0.038s	sys 0.056s
W20260709 14:48:24.775460  8049 leader_election.cc:343] T 35d1b280c6654989a8cc829f626ab063 P a869609557ef46c1bfa0e452caa28ddd [CANDIDATE]: Term 1 pre-election: Tablet error from VoteRequest() call to peer 49c04415b6c94c4ab7fea4ff108eb56c (127.6.170.130:38651): Illegal state: must be running to vote when last-logged opid is not known
I20260709 14:48:24.777140  8263 raft_consensus.cc:493] T 3ddb29134f694dc1962732cff41d8765 P a869609557ef46c1bfa0e452caa28ddd [term 1 FOLLOWER]: Starting pre-election (no leader contacted us within the election timeout)
I20260709 14:48:24.777667  8263 raft_consensus.cc:515] T 3ddb29134f694dc1962732cff41d8765 P a869609557ef46c1bfa0e452caa28ddd [term 1 FOLLOWER]: Starting pre-election with config: opid_index: -1 OBSOLETE_local: false peers { permanent_uuid: "983edee995184ff68e09eaa7371d0264" member_type: VOTER last_known_addr { host: "127.6.170.129" port: 38719 } } peers { permanent_uuid: "49c04415b6c94c4ab7fea4ff108eb56c" member_type: VOTER last_known_addr { host: "127.6.170.130" port: 38651 } } peers { permanent_uuid: "a869609557ef46c1bfa0e452caa28ddd" member_type: VOTER last_known_addr { host: "127.6.170.131" port: 36549 } }
I20260709 14:48:24.743629  8260 raft_consensus.cc:515] T 58bcb6211e2b4cd49aa3aebf6561b535 P 49c04415b6c94c4ab7fea4ff108eb56c [term 0 FOLLOWER]: Starting pre-election with config: opid_index: -1 OBSOLETE_local: false peers { permanent_uuid: "983edee995184ff68e09eaa7371d0264" member_type: VOTER last_known_addr { host: "127.6.170.129" port: 38719 } } peers { permanent_uuid: "49c04415b6c94c4ab7fea4ff108eb56c" member_type: VOTER last_known_addr { host: "127.6.170.130" port: 38651 } } peers { permanent_uuid: "a869609557ef46c1bfa0e452caa28ddd" member_type: VOTER last_known_addr { host: "127.6.170.131" port: 36549 } }
I20260709 14:48:24.784950  8126 raft_consensus.cc:359] T 35d1b280c6654989a8cc829f626ab063 P 49c04415b6c94c4ab7fea4ff108eb56c [term 0 FOLLOWER]: Replica starting. Triggering 0 pending ops. Active config: opid_index: -1 OBSOLETE_local: false peers { permanent_uuid: "983edee995184ff68e09eaa7371d0264" member_type: VOTER last_known_addr { host: "127.6.170.129" port: 38719 } } peers { permanent_uuid: "49c04415b6c94c4ab7fea4ff108eb56c" member_type: VOTER last_known_addr { host: "127.6.170.130" port: 38651 } } peers { permanent_uuid: "a869609557ef46c1bfa0e452caa28ddd" member_type: VOTER last_known_addr { host: "127.6.170.131" port: 36549 } }
I20260709 14:48:24.785977  8126 raft_consensus.cc:385] T 35d1b280c6654989a8cc829f626ab063 P 49c04415b6c94c4ab7fea4ff108eb56c [term 0 FOLLOWER]: Consensus starting up: Expiring failure detector timer to make a prompt election more likely
I20260709 14:48:24.786159  8260 leader_election.cc:290] T 58bcb6211e2b4cd49aa3aebf6561b535 P 49c04415b6c94c4ab7fea4ff108eb56c [CANDIDATE]: Term 1 pre-election: Requested pre-vote from peers 983edee995184ff68e09eaa7371d0264 (127.6.170.129:38719), a869609557ef46c1bfa0e452caa28ddd (127.6.170.131:36549)
