I20260709 14:48:22.160308  7453 tablet_service.cc:1917] Received RequestConsensusVote() RPC: tablet_id: "632d6d5e613d4c689e31fa136064f90c" candidate_uuid: "189e1403d43e484f8a4bd2f083529b50" candidate_term: 1 candidate_status { last_received { term: 0 index: 0 } } ignore_live_leader: false dest_uuid: "f0a6f7c08b4b407193ab274db60a3318" is_pre_election: true
I20260709 14:48:22.160741  7499 raft_consensus.cc:385] T 19ffcd48256d4ecb859c42de4c3deafd P 4b6f14ee7957494fba0c9ba9fc9ad1c6 [term 0 FOLLOWER]: Consensus starting up: Expiring failure detector timer to make a prompt election more likely
I20260709 14:48:22.161024  7499 raft_consensus.cc:740] T 19ffcd48256d4ecb859c42de4c3deafd P 4b6f14ee7957494fba0c9ba9fc9ad1c6 [term 0 FOLLOWER]: Becoming Follower/Learner. State: Replica: 4b6f14ee7957494fba0c9ba9fc9ad1c6, State: Initialized, Role: FOLLOWER
I20260709 14:48:22.161552  7456 raft_consensus.cc:3060] T 88c913c303ba4247a017dba346ab09c6 P f0a6f7c08b4b407193ab274db60a3318 [term 0 FOLLOWER]: Advancing to term 1
I20260709 14:48:22.161643  7499 consensus_queue.cc:260] T 19ffcd48256d4ecb859c42de4c3deafd P 4b6f14ee7957494fba0c9ba9fc9ad1c6 [NON_LEADER]: Queue going to NON_LEADER mode. State: All replicated index: 0, Majority replicated index: 0, Committed index: 0, Last appended: 0.0, Last appended by leader: 0, Current term: 0, Majority size: -1, State: 0, Mode: NON_LEADER, active raft config: opid_index: -1 OBSOLETE_local: false peers { permanent_uuid: "4b6f14ee7957494fba0c9ba9fc9ad1c6" member_type: VOTER last_known_addr { host: "127.6.4.193" port: 44065 } } peers { permanent_uuid: "189e1403d43e484f8a4bd2f083529b50" member_type: VOTER last_known_addr { host: "127.6.4.194" port: 43409 } } peers { permanent_uuid: "f0a6f7c08b4b407193ab274db60a3318" member_type: VOTER last_known_addr { host: "127.6.4.195" port: 39767 } }
I20260709 14:48:22.162226  7500 tablet_bootstrap.cc:654] T 2a828ccdcf8d4c8596a0a22b930b9f61 P 189e1403d43e484f8a4bd2f083529b50: Neither blocks nor log segments found. Creating new log.
I20260709 14:48:22.164016  7499 ts_tablet_manager.cc:1434] T 19ffcd48256d4ecb859c42de4c3deafd P 4b6f14ee7957494fba0c9ba9fc9ad1c6: Time spent starting tablet: real 0.006s	user 0.003s	sys 0.000s
I20260709 14:48:22.164593  7383 tablet_service.cc:1917] Received RequestConsensusVote() RPC: tablet_id: "cdddc932334844b5a666d061f6988d73" candidate_uuid: "f0a6f7c08b4b407193ab274db60a3318" candidate_term: 1 candidate_status { last_received { term: 0 index: 0 } } ignore_live_leader: false dest_uuid: "189e1403d43e484f8a4bd2f083529b50" is_pre_election: true
I20260709 14:48:22.165052  7499 tablet_bootstrap.cc:492] T a06494080e2d44a595a3906495b1a4aa P 4b6f14ee7957494fba0c9ba9fc9ad1c6: Bootstrap starting.
W20260709 14:48:22.167892  7350 leader_election.cc:343] T 632d6d5e613d4c689e31fa136064f90c P 189e1403d43e484f8a4bd2f083529b50 [CANDIDATE]: Term 1 pre-election: Tablet error from VoteRequest() call to peer f0a6f7c08b4b407193ab274db60a3318 (127.6.4.195:39767): Illegal state: must be running to vote when last-logged opid is not known
I20260709 14:48:22.169061  7501 tablet_bootstrap.cc:492] T 19ffcd48256d4ecb859c42de4c3deafd P f0a6f7c08b4b407193ab274db60a3318: No bootstrap required, opened a new log
I20260709 14:48:22.166337  7383 raft_consensus.cc:2393] T cdddc932334844b5a666d061f6988d73 P 189e1403d43e484f8a4bd2f083529b50 [term 1 FOLLOWER]: Leader pre-election vote request: Denying vote to candidate f0a6f7c08b4b407193ab274db60a3318 in current term 1: Already voted for candidate 4b6f14ee7957494fba0c9ba9fc9ad1c6 in this term.
I20260709 14:48:22.169940  7501 ts_tablet_manager.cc:1403] T 19ffcd48256d4ecb859c42de4c3deafd P f0a6f7c08b4b407193ab274db60a3318: Time spent bootstrapping tablet: real 0.032s	user 0.007s	sys 0.005s
I20260709 14:48:22.174625  7380 tablet_service.cc:1917] Received RequestConsensusVote() RPC: tablet_id: "16b5c6ba85dd4ff79bc3d389ba93e917" candidate_uuid: "f0a6f7c08b4b407193ab274db60a3318" candidate_term: 1 candidate_status { last_received { term: 0 index: 0 } } ignore_live_leader: false dest_uuid: "189e1403d43e484f8a4bd2f083529b50" is_pre_election: true
I20260709 14:48:22.175197  7380 raft_consensus.cc:2468] T 16b5c6ba85dd4ff79bc3d389ba93e917 P 189e1403d43e484f8a4bd2f083529b50 [term 0 FOLLOWER]: Leader pre-election vote request: Granting yes vote for candidate f0a6f7c08b4b407193ab274db60a3318 in term 0.
I20260709 14:48:22.176481  7629 raft_consensus.cc:493] T a37e98092d3d409ba31393dff46a478e P 4b6f14ee7957494fba0c9ba9fc9ad1c6 [term 0 FOLLOWER]: Starting pre-election (no leader contacted us within the election timeout)
I20260709 14:48:22.182880  7629 raft_consensus.cc:515] T a37e98092d3d409ba31393dff46a478e P 4b6f14ee7957494fba0c9ba9fc9ad1c6 [term 0 FOLLOWER]: Starting pre-election with config: opid_index: -1 OBSOLETE_local: false peers { permanent_uuid: "4b6f14ee7957494fba0c9ba9fc9ad1c6" member_type: VOTER last_known_addr { host: "127.6.4.193" port: 44065 } } peers { permanent_uuid: "189e1403d43e484f8a4bd2f083529b50" member_type: VOTER last_known_addr { host: "127.6.4.194" port: 43409 } } peers { permanent_uuid: "f0a6f7c08b4b407193ab274db60a3318" member_type: VOTER last_known_addr { host: "127.6.4.195" port: 39767 } }
I20260709 14:48:22.185276  7380 tablet_service.cc:1917] Received RequestConsensusVote() RPC: tablet_id: "16b5c6ba85dd4ff79bc3d389ba93e917" candidate_uuid: "f0a6f7c08b4b407193ab274db60a3318" candidate_term: 1 candidate_status { last_received { term: 0 index: 0 } } ignore_live_leader: false dest_uuid: "189e1403d43e484f8a4bd2f083529b50"
I20260709 14:48:22.185786  7380 raft_consensus.cc:3060] T 16b5c6ba85dd4ff79bc3d389ba93e917 P 189e1403d43e484f8a4bd2f083529b50 [term 0 FOLLOWER]: Advancing to term 1
I20260709 14:48:22.185685  7383 tablet_service.cc:1917] Received RequestConsensusVote() RPC: tablet_id: "eab342737e5344859d5df8bec05ee249" candidate_uuid: "f0a6f7c08b4b407193ab274db60a3318" candidate_term: 1 candidate_status { last_received { term: 0 index: 0 } } ignore_live_leader: false dest_uuid: "189e1403d43e484f8a4bd2f083529b50" is_pre_election: true
I20260709 14:48:22.186630  7383 raft_consensus.cc:2468] T eab342737e5344859d5df8bec05ee249 P 189e1403d43e484f8a4bd2f083529b50 [term 0 FOLLOWER]: Leader pre-election vote request: Granting yes vote for candidate f0a6f7c08b4b407193ab274db60a3318 in term 0.
I20260709 14:48:22.188038  7348 leader_election.cc:304] T 16b5c6ba85dd4ff79bc3d389ba93e917 P 189e1403d43e484f8a4bd2f083529b50 [CANDIDATE]: Term 1 pre-election: Election decided. Result: candidate lost. Election summary: received 3 responses out of 3 voters: 1 yes votes; 2 no votes. yes voters: 189e1403d43e484f8a4bd2f083529b50; no voters: 4b6f14ee7957494fba0c9ba9fc9ad1c6, f0a6f7c08b4b407193ab274db60a3318
I20260709 14:48:22.191854  7629 leader_election.cc:290] T a37e98092d3d409ba31393dff46a478e P 4b6f14ee7957494fba0c9ba9fc9ad1c6 [CANDIDATE]: Term 1 pre-election: Requested pre-vote from peers 189e1403d43e484f8a4bd2f083529b50 (127.6.4.194:43409), f0a6f7c08b4b407193ab274db60a3318 (127.6.4.195:39767)
I20260709 14:48:22.191896  7309 tablet_service.cc:1917] Received RequestConsensusVote() RPC: tablet_id: "632d6d5e613d4c689e31fa136064f90c" candidate_uuid: "189e1403d43e484f8a4bd2f083529b50" candidate_term: 1 candidate_status { last_received { term: 0 index: 0 } } ignore_live_leader: false dest_uuid: "4b6f14ee7957494fba0c9ba9fc9ad1c6" is_pre_election: true
I20260709 14:48:22.184453  7566 consensus_queue.cc:1048] T cdddc932334844b5a666d061f6988d73 P 4b6f14ee7957494fba0c9ba9fc9ad1c6 [LEADER]: Connected to new peer: Peer: permanent_uuid: "189e1403d43e484f8a4bd2f083529b50" member_type: VOTER last_known_addr { host: "127.6.4.194" port: 43409 }, Status: LMP_MISMATCH, Last received: 0.0, Next index: 1, Last known committed idx: 0, Time since last communication: 0.008s
I20260709 14:48:22.192775  7424 leader_election.cc:304] T cdddc932334844b5a666d061f6988d73 P f0a6f7c08b4b407193ab274db60a3318 [CANDIDATE]: Term 1 pre-election: Election decided. Result: candidate lost. Election summary: received 3 responses out of 3 voters: 1 yes votes; 2 no votes. yes voters: f0a6f7c08b4b407193ab274db60a3318; no voters: 189e1403d43e484f8a4bd2f083529b50, 4b6f14ee7957494fba0c9ba9fc9ad1c6
I20260709 14:48:22.193178  7624 raft_consensus.cc:493] T 09ae00257fc647e8aa25b10e0cfd2c29 P f0a6f7c08b4b407193ab274db60a3318 [term 0 FOLLOWER]: Starting pre-election (no leader contacted us within the election timeout)
I20260709 14:48:22.193766  7624 raft_consensus.cc:515] T 09ae00257fc647e8aa25b10e0cfd2c29 P f0a6f7c08b4b407193ab274db60a3318 [term 0 FOLLOWER]: Starting pre-election with config: opid_index: -1 OBSOLETE_local: false peers { permanent_uuid: "4b6f14ee7957494fba0c9ba9fc9ad1c6" member_type: VOTER last_known_addr { host: "127.6.4.193" port: 44065 } } peers { permanent_uuid: "189e1403d43e484f8a4bd2f083529b50" member_type: VOTER last_known_addr { host: "127.6.4.194" port: 43409 } } peers { permanent_uuid: "f0a6f7c08b4b407193ab274db60a3318" member_type: VOTER last_known_addr { host: "127.6.4.195" port: 39767 } }
I20260709 14:48:22.194952  7514 raft_consensus.cc:3060] T cdddc932334844b5a666d061f6988d73 P f0a6f7c08b4b407193ab274db60a3318 [term 0 FOLLOWER]: Advancing to term 1
I20260709 14:48:22.196262  7624 leader_election.cc:290] T 09ae00257fc647e8aa25b10e0cfd2c29 P f0a6f7c08b4b407193ab274db60a3318 [CANDIDATE]: Term 1 pre-election: Requested pre-vote from peers 4b6f14ee7957494fba0c9ba9fc9ad1c6 (127.6.4.193:44065), 189e1403d43e484f8a4bd2f083529b50 (127.6.4.194:43409)
I20260709 14:48:22.201566  7424 leader_election.cc:304] T eab342737e5344859d5df8bec05ee249 P f0a6f7c08b4b407193ab274db60a3318 [CANDIDATE]: Term 1 pre-election: Election decided. Result: candidate won. Election summary: received 3 responses out of 3 voters: 2 yes votes; 1 no votes. yes voters: 189e1403d43e484f8a4bd2f083529b50, f0a6f7c08b4b407193ab274db60a3318; no voters: 4b6f14ee7957494fba0c9ba9fc9ad1c6
I20260709 14:48:22.201932  7514 raft_consensus.cc:2749] T cdddc932334844b5a666d061f6988d73 P f0a6f7c08b4b407193ab274db60a3318 [term 1 FOLLOWER]: Leader pre-election lost for term 1. Reason: could not achieve majority
I20260709 14:48:22.202565  7624 raft_consensus.cc:2804] T eab342737e5344859d5df8bec05ee249 P f0a6f7c08b4b407193ab274db60a3318 [term 0 FOLLOWER]: Leader pre-election won for term 1
I20260709 14:48:22.202960  7624 raft_consensus.cc:493] T eab342737e5344859d5df8bec05ee249 P f0a6f7c08b4b407193ab274db60a3318 [term 0 FOLLOWER]: Starting leader election (no leader contacted us within the election timeout)
I20260709 14:48:22.203339  7624 raft_consensus.cc:3060] T eab342737e5344859d5df8bec05ee249 P f0a6f7c08b4b407193ab274db60a3318 [term 0 FOLLOWER]: Advancing to term 1
I20260709 14:48:22.208619  7454 tablet_service.cc:1917] Received RequestConsensusVote() RPC: tablet_id: "a37e98092d3d409ba31393dff46a478e" candidate_uuid: "4b6f14ee7957494fba0c9ba9fc9ad1c6" candidate_term: 1 candidate_status { last_received { term: 0 index: 0 } } ignore_live_leader: false dest_uuid: "f0a6f7c08b4b407193ab274db60a3318" is_pre_election: true
I20260709 14:48:22.213760  7610 consensus_queue.cc:1048] T a37e98092d3d409ba31393dff46a478e P f0a6f7c08b4b407193ab274db60a3318 [LEADER]: Connected to new peer: Peer: permanent_uuid: "189e1403d43e484f8a4bd2f083529b50" member_type: VOTER last_known_addr { host: "127.6.4.194" port: 43409 }, Status: LMP_MISMATCH, Last received: 0.0, Next index: 1, Last known committed idx: 0, Time since last communication: 0.000s
I20260709 14:48:22.209735  7381 tablet_service.cc:1917] Received RequestConsensusVote() RPC: tablet_id: "a37e98092d3d409ba31393dff46a478e" candidate_uuid: "4b6f14ee7957494fba0c9ba9fc9ad1c6" candidate_term: 1 candidate_status { last_received { term: 0 index: 0 } } ignore_live_leader: false dest_uuid: "189e1403d43e484f8a4bd2f083529b50" is_pre_election: true
I20260709 14:48:22.214742  7381 raft_consensus.cc:2393] T a37e98092d3d409ba31393dff46a478e P 189e1403d43e484f8a4bd2f083529b50 [term 1 FOLLOWER]: Leader pre-election vote request: Denying vote to candidate 4b6f14ee7957494fba0c9ba9fc9ad1c6 in current term 1: Already voted for candidate f0a6f7c08b4b407193ab274db60a3318 in this term.
I20260709 14:48:22.209631  7308 tablet_service.cc:1917] Received RequestConsensusVote() RPC: tablet_id: "09ae00257fc647e8aa25b10e0cfd2c29" candidate_uuid: "f0a6f7c08b4b407193ab274db60a3318" candidate_term: 1 candidate_status { last_received { term: 0 index: 0 } } ignore_live_leader: false dest_uuid: "4b6f14ee7957494fba0c9ba9fc9ad1c6" is_pre_election: true
I20260709 14:48:22.218518  7275 leader_election.cc:304] T a37e98092d3d409ba31393dff46a478e P 4b6f14ee7957494fba0c9ba9fc9ad1c6 [CANDIDATE]: Term 1 pre-election: Election decided. Result: candidate lost. Election summary: received 3 responses out of 3 voters: 1 yes votes; 2 no votes. yes voters: 4b6f14ee7957494fba0c9ba9fc9ad1c6; no voters: 189e1403d43e484f8a4bd2f083529b50, f0a6f7c08b4b407193ab274db60a3318
I20260709 14:48:22.219272  7566 raft_consensus.cc:3060] T a37e98092d3d409ba31393dff46a478e P 4b6f14ee7957494fba0c9ba9fc9ad1c6 [term 0 FOLLOWER]: Advancing to term 1
I20260709 14:48:22.219888  7308 raft_consensus.cc:2393] T 09ae00257fc647e8aa25b10e0cfd2c29 P 4b6f14ee7957494fba0c9ba9fc9ad1c6 [term 1 FOLLOWER]: Leader pre-election vote request: Denying vote to candidate f0a6f7c08b4b407193ab274db60a3318 in current term 1: Already voted for candidate 189e1403d43e484f8a4bd2f083529b50 in this term.
I20260709 14:48:22.221001  7629 consensus_queue.cc:1048] T 88c913c303ba4247a017dba346ab09c6 P 4b6f14ee7957494fba0c9ba9fc9ad1c6 [LEADER]: Connected to new peer: Peer: permanent_uuid: "f0a6f7c08b4b407193ab274db60a3318" member_type: VOTER last_known_addr { host: "127.6.4.195" port: 39767 }, Status: LMP_MISMATCH, Last received: 0.0, Next index: 1, Last known committed idx: 0, Time since last communication: 0.000s
I20260709 14:48:22.224426  7624 raft_consensus.cc:515] T eab342737e5344859d5df8bec05ee249 P f0a6f7c08b4b407193ab274db60a3318 [term 1 FOLLOWER]: Starting leader election with config: opid_index: -1 OBSOLETE_local: false peers { permanent_uuid: "4b6f14ee7957494fba0c9ba9fc9ad1c6" member_type: VOTER last_known_addr { host: "127.6.4.193" port: 44065 } } peers { permanent_uuid: "189e1403d43e484f8a4bd2f083529b50" member_type: VOTER last_known_addr { host: "127.6.4.194" port: 43409 } } peers { permanent_uuid: "f0a6f7c08b4b407193ab274db60a3318" member_type: VOTER last_known_addr { host: "127.6.4.195" port: 39767 } }
I20260709 14:48:22.215860  7380 raft_consensus.cc:2468] T 16b5c6ba85dd4ff79bc3d389ba93e917 P 189e1403d43e484f8a4bd2f083529b50 [term 1 FOLLOWER]: Leader election vote request: Granting yes vote for candidate f0a6f7c08b4b407193ab274db60a3318 in term 1.
I20260709 14:48:22.226689  7566 raft_consensus.cc:2749] T a37e98092d3d409ba31393dff46a478e P 4b6f14ee7957494fba0c9ba9fc9ad1c6 [term 1 FOLLOWER]: Leader pre-election lost for term 1. Reason: could not achieve majority
I20260709 14:48:22.226375  7627 raft_consensus.cc:2749] T 16b5c6ba85dd4ff79bc3d389ba93e917 P 189e1403d43e484f8a4bd2f083529b50 [term 1 FOLLOWER]: Leader pre-election lost for term 1. Reason: could not achieve majority
I20260709 14:48:22.230104  7499 tablet_bootstrap.cc:654] T a06494080e2d44a595a3906495b1a4aa P 4b6f14ee7957494fba0c9ba9fc9ad1c6: Neither blocks nor log segments found. Creating new log.
I20260709 14:48:22.239267  7624 leader_election.cc:290] T eab342737e5344859d5df8bec05ee249 P f0a6f7c08b4b407193ab274db60a3318 [CANDIDATE]: Term 1 election: Requested vote from peers 4b6f14ee7957494fba0c9ba9fc9ad1c6 (127.6.4.193:44065), 189e1403d43e484f8a4bd2f083529b50 (127.6.4.194:43409)
I20260709 14:48:22.240272  7309 tablet_service.cc:1917] Received RequestConsensusVote() RPC: tablet_id: "eab342737e5344859d5df8bec05ee249" candidate_uuid: "f0a6f7c08b4b407193ab274db60a3318" candidate_term: 1 candidate_status { last_received { term: 0 index: 0 } } ignore_live_leader: false dest_uuid: "4b6f14ee7957494fba0c9ba9fc9ad1c6"
I20260709 14:48:22.241864  7500 tablet_bootstrap.cc:492] T 2a828ccdcf8d4c8596a0a22b930b9f61 P 189e1403d43e484f8a4bd2f083529b50: No bootstrap required, opened a new log
I20260709 14:48:22.242506  7500 ts_tablet_manager.cc:1403] T 2a828ccdcf8d4c8596a0a22b930b9f61 P 189e1403d43e484f8a4bd2f083529b50: Time spent bootstrapping tablet: real 0.105s	user 0.018s	sys 0.015s
I20260709 14:48:22.238489  7514 consensus_queue.cc:1048] T a37e98092d3d409ba31393dff46a478e P f0a6f7c08b4b407193ab274db60a3318 [LEADER]: Connected to new peer: Peer: permanent_uuid: "4b6f14ee7957494fba0c9ba9fc9ad1c6" member_type: VOTER last_known_addr { host: "127.6.4.193" port: 44065 }, Status: LMP_MISMATCH, Last received: 0.0, Next index: 1, Last known committed idx: 0, Time since last communication: 0.000s
W20260709 14:48:22.252841  7422 leader_election.cc:343] T eab342737e5344859d5df8bec05ee249 P f0a6f7c08b4b407193ab274db60a3318 [CANDIDATE]: Term 1 election: Tablet error from VoteRequest() call to peer 4b6f14ee7957494fba0c9ba9fc9ad1c6 (127.6.4.193:44065): Illegal state: must be running to vote when last-logged opid is not known
I20260709 14:48:22.240522  7566 consensus_queue.cc:1048] T cdddc932334844b5a666d061f6988d73 P 4b6f14ee7957494fba0c9ba9fc9ad1c6 [LEADER]: Connected to new peer: Peer: permanent_uuid: "f0a6f7c08b4b407193ab274db60a3318" member_type: VOTER last_known_addr { host: "127.6.4.195" port: 39767 }, Status: LMP_MISMATCH, Last received: 0.0, Next index: 1, Last known committed idx: 0, Time since last communication: 0.005s
I20260709 14:48:22.255797  7501 raft_consensus.cc:359] T 19ffcd48256d4ecb859c42de4c3deafd P f0a6f7c08b4b407193ab274db60a3318 [term 0 FOLLOWER]: Replica starting. Triggering 0 pending ops. Active config: opid_index: -1 OBSOLETE_local: false peers { permanent_uuid: "4b6f14ee7957494fba0c9ba9fc9ad1c6" member_type: VOTER last_known_addr { host: "127.6.4.193" port: 44065 } } peers { permanent_uuid: "189e1403d43e484f8a4bd2f083529b50" member_type: VOTER last_known_addr { host: "127.6.4.194" port: 43409 } } peers { permanent_uuid: "f0a6f7c08b4b407193ab274db60a3318" member_type: VOTER last_known_addr { host: "127.6.4.195" port: 39767 } }
I20260709 14:48:22.256567  7501 raft_consensus.cc:385] T 19ffcd48256d4ecb859c42de4c3deafd P f0a6f7c08b4b407193ab274db60a3318 [term 0 FOLLOWER]: Consensus starting up: Expiring failure detector timer to make a prompt election more likely
I20260709 14:48:22.256919  7501 raft_consensus.cc:740] T 19ffcd48256d4ecb859c42de4c3deafd P f0a6f7c08b4b407193ab274db60a3318 [term 0 FOLLOWER]: Becoming Follower/Learner. State: Replica: f0a6f7c08b4b407193ab274db60a3318, State: Initialized, Role: FOLLOWER
I20260709 14:48:22.258005  7380 tablet_service.cc:1917] Received RequestConsensusVote() RPC: tablet_id: "09ae00257fc647e8aa25b10e0cfd2c29" candidate_uuid: "f0a6f7c08b4b407193ab274db60a3318" candidate_term: 1 candidate_status { last_received { term: 0 index: 0 } } ignore_live_leader: false dest_uuid: "189e1403d43e484f8a4bd2f083529b50" is_pre_election: true
I20260709 14:48:22.261245  7207 catalog_manager.cc:5697] T 16b5c6ba85dd4ff79bc3d389ba93e917 P f0a6f7c08b4b407193ab274db60a3318 reported cstate change: term changed from 0 to 1, leader changed from <none> to f0a6f7c08b4b407193ab274db60a3318 (127.6.4.195). New cstate: current_term: 1 leader_uuid: "f0a6f7c08b4b407193ab274db60a3318" committed_config { opid_index: -1 OBSOLETE_local: false peers { permanent_uuid: "4b6f14ee7957494fba0c9ba9fc9ad1c6" member_type: VOTER last_known_addr { host: "127.6.4.193" port: 44065 } health_report { overall_health: UNKNOWN } } peers { permanent_uuid: "189e1403d43e484f8a4bd2f083529b50" member_type: VOTER last_known_addr { host: "127.6.4.194" port: 43409 } health_report { overall_health: UNKNOWN } } peers { permanent_uuid: "f0a6f7c08b4b407193ab274db60a3318" member_type: VOTER last_known_addr { host: "127.6.4.195" port: 39767 } health_report { overall_health: HEALTHY } } }
I20260709 14:48:22.263176  7566 consensus_queue.cc:1048] T 88c913c303ba4247a017dba346ab09c6 P 4b6f14ee7957494fba0c9ba9fc9ad1c6 [LEADER]: Connected to new peer: Peer: permanent_uuid: "189e1403d43e484f8a4bd2f083529b50" member_type: VOTER last_known_addr { host: "127.6.4.194" port: 43409 }, Status: LMP_MISMATCH, Last received: 0.0, Next index: 1, Last known committed idx: 0, Time since last communication: 0.000s
I20260709 14:48:22.264474  7500 raft_consensus.cc:359] T 2a828ccdcf8d4c8596a0a22b930b9f61 P 189e1403d43e484f8a4bd2f083529b50 [term 0 FOLLOWER]: Replica starting. Triggering 0 pending ops. Active config: opid_index: -1 OBSOLETE_local: false peers { permanent_uuid: "4b6f14ee7957494fba0c9ba9fc9ad1c6" member_type: VOTER last_known_addr { host: "127.6.4.193" port: 44065 } } peers { permanent_uuid: "189e1403d43e484f8a4bd2f083529b50" member_type: VOTER last_known_addr { host: "127.6.4.194" port: 43409 } } peers { permanent_uuid: "f0a6f7c08b4b407193ab274db60a3318" member_type: VOTER last_known_addr { host: "127.6.4.195" port: 39767 } }
I20260709 14:48:22.265034  7500 raft_consensus.cc:385] T 2a828ccdcf8d4c8596a0a22b930b9f61 P 189e1403d43e484f8a4bd2f083529b50 [term 0 FOLLOWER]: Consensus starting up: Expiring failure detector timer to make a prompt election more likely
I20260709 14:48:22.265321  7500 raft_consensus.cc:740] T 2a828ccdcf8d4c8596a0a22b930b9f61 P 189e1403d43e484f8a4bd2f083529b50 [term 0 FOLLOWER]: Becoming Follower/Learner. State: Replica: 189e1403d43e484f8a4bd2f083529b50, State: Initialized, Role: FOLLOWER
I20260709 14:48:22.261947  7501 consensus_queue.cc:260] T 19ffcd48256d4ecb859c42de4c3deafd P f0a6f7c08b4b407193ab274db60a3318 [NON_LEADER]: Queue going to NON_LEADER mode. State: All replicated index: 0, Majority replicated index: 0, Committed index: 0, Last appended: 0.0, Last appended by leader: 0, Current term: 0, Majority size: -1, State: 0, Mode: NON_LEADER, active raft config: opid_index: -1 OBSOLETE_local: false peers { permanent_uuid: "4b6f14ee7957494fba0c9ba9fc9ad1c6" member_type: VOTER last_known_addr { host: "127.6.4.193" port: 44065 } } peers { permanent_uuid: "189e1403d43e484f8a4bd2f083529b50" member_type: VOTER last_known_addr { host: "127.6.4.194" port: 43409 } } peers { permanent_uuid: "f0a6f7c08b4b407193ab274db60a3318" member_type: VOTER last_known_addr { host: "127.6.4.195" port: 39767 } }
I20260709 14:48:22.270112  7566 consensus_queue.cc:1048] T 1467d877ead04bfcb9fa89b29538c51c P 4b6f14ee7957494fba0c9ba9fc9ad1c6 [LEADER]: Connected to new peer: Peer: permanent_uuid: "f0a6f7c08b4b407193ab274db60a3318" member_type: VOTER last_known_addr { host: "127.6.4.195" port: 39767 }, Status: LMP_MISMATCH, Last received: 0.0, Next index: 1, Last known committed idx: 0, Time since last communication: 0.001s
W20260709 14:48:22.257185  7348 leader_election.cc:343] T 632d6d5e613d4c689e31fa136064f90c P 189e1403d43e484f8a4bd2f083529b50 [CANDIDATE]: Term 1 pre-election: Tablet error from VoteRequest() call to peer 4b6f14ee7957494fba0c9ba9fc9ad1c6 (127.6.4.193:44065): Illegal state: must be running to vote when last-logged opid is not known
I20260709 14:48:22.272300  7348 leader_election.cc:304] T 632d6d5e613d4c689e31fa136064f90c P 189e1403d43e484f8a4bd2f083529b50 [CANDIDATE]: Term 1 pre-election: Election decided. Result: candidate lost. Election summary: received 3 responses out of 3 voters: 1 yes votes; 2 no votes. yes voters: 189e1403d43e484f8a4bd2f083529b50; no voters: 4b6f14ee7957494fba0c9ba9fc9ad1c6, f0a6f7c08b4b407193ab274db60a3318
I20260709 14:48:22.273933  7501 ts_tablet_manager.cc:1434] T 19ffcd48256d4ecb859c42de4c3deafd P f0a6f7c08b4b407193ab274db60a3318: Time spent starting tablet: real 0.104s	user 0.004s	sys 0.002s
I20260709 14:48:22.275079  7501 tablet_bootstrap.cc:492] T 2a828ccdcf8d4c8596a0a22b930b9f61 P f0a6f7c08b4b407193ab274db60a3318: Bootstrap starting.
I20260709 14:48:22.265844  7500 consensus_queue.cc:260] T 2a828ccdcf8d4c8596a0a22b930b9f61 P 189e1403d43e484f8a4bd2f083529b50 [NON_LEADER]: Queue going to NON_LEADER mode. State: All replicated index: 0, Majority replicated index: 0, Committed index: 0, Last appended: 0.0, Last appended by leader: 0, Current term: 0, Majority size: -1, State: 0, Mode: NON_LEADER, active raft config: opid_index: -1 OBSOLETE_local: false peers { permanent_uuid: "4b6f14ee7957494fba0c9ba9fc9ad1c6" member_type: VOTER last_known_addr { host: "127.6.4.193" port: 44065 } } peers { permanent_uuid: "189e1403d43e484f8a4bd2f083529b50" member_type: VOTER last_known_addr { host: "127.6.4.194" port: 43409 } } peers { permanent_uuid: "f0a6f7c08b4b407193ab274db60a3318" member_type: VOTER last_known_addr { host: "127.6.4.195" port: 39767 } }
I20260709 14:48:22.273484  7628 raft_consensus.cc:2749] T 632d6d5e613d4c689e31fa136064f90c P 189e1403d43e484f8a4bd2f083529b50 [term 0 FOLLOWER]: Leader pre-election lost for term 1. Reason: could not achieve majority
I20260709 14:48:22.283499  7500 ts_tablet_manager.cc:1434] T 2a828ccdcf8d4c8596a0a22b930b9f61 P 189e1403d43e484f8a4bd2f083529b50: Time spent starting tablet: real 0.041s	user 0.005s	sys 0.000s
I20260709 14:48:22.287034  7500 tablet_bootstrap.cc:492] T 205a9f43df94462a822d4fc3436abffb P 189e1403d43e484f8a4bd2f083529b50: Bootstrap starting.
I20260709 14:48:22.315634  7424 leader_election.cc:304] T 09ae00257fc647e8aa25b10e0cfd2c29 P f0a6f7c08b4b407193ab274db60a3318 [CANDIDATE]: Term 1 pre-election: Election decided. Result: candidate lost. Election summary: received 3 responses out of 3 voters: 1 yes votes; 2 no votes. yes voters: f0a6f7c08b4b407193ab274db60a3318; no voters: 189e1403d43e484f8a4bd2f083529b50, 4b6f14ee7957494fba0c9ba9fc9ad1c6
I20260709 14:48:22.316838  7624 raft_consensus.cc:3060] T 09ae00257fc647e8aa25b10e0cfd2c29 P f0a6f7c08b4b407193ab274db60a3318 [term 0 FOLLOWER]: Advancing to term 1
I20260709 14:48:22.318207  7503 consensus_queue.cc:1048] T 1467d877ead04bfcb9fa89b29538c51c P 4b6f14ee7957494fba0c9ba9fc9ad1c6 [LEADER]: Connected to new peer: Peer: permanent_uuid: "189e1403d43e484f8a4bd2f083529b50" member_type: VOTER last_known_addr { host: "127.6.4.194" port: 43409 }, Status: LMP_MISMATCH, Last received: 0.0, Next index: 1, Last known committed idx: 0, Time since last communication: 0.000s
I20260709 14:48:22.318871  7382 tablet_service.cc:1917] Received RequestConsensusVote() RPC: tablet_id: "eab342737e5344859d5df8bec05ee249" candidate_uuid: "f0a6f7c08b4b407193ab274db60a3318" candidate_term: 1 candidate_status { last_received { term: 0 index: 0 } } ignore_live_leader: false dest_uuid: "189e1403d43e484f8a4bd2f083529b50"
I20260709 14:48:22.319608  7382 raft_consensus.cc:3060] T eab342737e5344859d5df8bec05ee249 P 189e1403d43e484f8a4bd2f083529b50 [term 0 FOLLOWER]: Advancing to term 1
I20260709 14:48:22.323114  7624 raft_consensus.cc:2749] T 09ae00257fc647e8aa25b10e0cfd2c29 P f0a6f7c08b4b407193ab274db60a3318 [term 1 FOLLOWER]: Leader pre-election lost for term 1. Reason: could not achieve majority
I20260709 14:48:22.332355  7499 tablet_bootstrap.cc:492] T a06494080e2d44a595a3906495b1a4aa P 4b6f14ee7957494fba0c9ba9fc9ad1c6: No bootstrap required, opened a new log
I20260709 14:48:22.332808  7499 ts_tablet_manager.cc:1403] T a06494080e2d44a595a3906495b1a4aa P 4b6f14ee7957494fba0c9ba9fc9ad1c6: Time spent bootstrapping tablet: real 0.168s	user 0.008s	sys 0.012s
I20260709 14:48:22.356673  7382 raft_consensus.cc:2468] T eab342737e5344859d5df8bec05ee249 P 189e1403d43e484f8a4bd2f083529b50 [term 1 FOLLOWER]: Leader election vote request: Granting yes vote for candidate f0a6f7c08b4b407193ab274db60a3318 in term 1.
I20260709 14:48:22.360914  7628 consensus_queue.cc:1048] T 09ae00257fc647e8aa25b10e0cfd2c29 P 189e1403d43e484f8a4bd2f083529b50 [LEADER]: Connected to new peer: Peer: permanent_uuid: "f0a6f7c08b4b407193ab274db60a3318" member_type: VOTER last_known_addr { host: "127.6.4.195" port: 39767 }, Status: LMP_MISMATCH, Last received: 0.0, Next index: 1, Last known committed idx: 0, Time since last communication: 0.000s
I20260709 14:48:22.363699  7499 raft_consensus.cc:359] T a06494080e2d44a595a3906495b1a4aa P 4b6f14ee7957494fba0c9ba9fc9ad1c6 [term 0 FOLLOWER]: Replica starting. Triggering 0 pending ops. Active config: opid_index: -1 OBSOLETE_local: false peers { permanent_uuid: "4b6f14ee7957494fba0c9ba9fc9ad1c6" member_type: VOTER last_known_addr { host: "127.6.4.193" port: 44065 } } peers { permanent_uuid: "189e1403d43e484f8a4bd2f083529b50" member_type: VOTER last_known_addr { host: "127.6.4.194" port: 43409 } } peers { permanent_uuid: "f0a6f7c08b4b407193ab274db60a3318" member_type: VOTER last_known_addr { host: "127.6.4.195" port: 39767 } }
I20260709 14:48:22.364470  7499 raft_consensus.cc:385] T a06494080e2d44a595a3906495b1a4aa P 4b6f14ee7957494fba0c9ba9fc9ad1c6 [term 0 FOLLOWER]: Consensus starting up: Expiring failure detector timer to make a prompt election more likely
I20260709 14:48:22.364749  7499 raft_consensus.cc:740] T a06494080e2d44a595a3906495b1a4aa P 4b6f14ee7957494fba0c9ba9fc9ad1c6 [term 0 FOLLOWER]: Becoming Follower/Learner. State: Replica: 4b6f14ee7957494fba0c9ba9fc9ad1c6, State: Initialized, Role: FOLLOWER
I20260709 14:48:22.365406  7499 consensus_queue.cc:260] T a06494080e2d44a595a3906495b1a4aa P 4b6f14ee7957494fba0c9ba9fc9ad1c6 [NON_LEADER]: Queue going to NON_LEADER mode. State: All replicated index: 0, Majority replicated index: 0, Committed index: 0, Last appended: 0.0, Last appended by leader: 0, Current term: 0, Majority size: -1, State: 0, Mode: NON_LEADER, active raft config: opid_index: -1 OBSOLETE_local: false peers { permanent_uuid: "4b6f14ee7957494fba0c9ba9fc9ad1c6" member_type: VOTER last_known_addr { host: "127.6.4.193" port: 44065 } } peers { permanent_uuid: "189e1403d43e484f8a4bd2f083529b50" member_type: VOTER last_known_addr { host: "127.6.4.194" port: 43409 } } peers { permanent_uuid: "f0a6f7c08b4b407193ab274db60a3318" member_type: VOTER last_known_addr { host: "127.6.4.195" port: 39767 } }
I20260709 14:48:22.371670  7424 leader_election.cc:304] T eab342737e5344859d5df8bec05ee249 P f0a6f7c08b4b407193ab274db60a3318 [CANDIDATE]: Term 1 election: Election decided. Result: candidate won. Election summary: received 3 responses out of 3 voters: 2 yes votes; 1 no votes. yes voters: 189e1403d43e484f8a4bd2f083529b50, f0a6f7c08b4b407193ab274db60a3318; no voters: 4b6f14ee7957494fba0c9ba9fc9ad1c6
I20260709 14:48:22.373420  7624 raft_consensus.cc:2804] T eab342737e5344859d5df8bec05ee249 P f0a6f7c08b4b407193ab274db60a3318 [term 1 FOLLOWER]: Leader election won for term 1
I20260709 14:48:22.373864  7624 raft_consensus.cc:697] T eab342737e5344859d5df8bec05ee249 P f0a6f7c08b4b407193ab274db60a3318 [term 1 LEADER]: Becoming Leader. State: Replica: f0a6f7c08b4b407193ab274db60a3318, State: Running, Role: LEADER
I20260709 14:48:22.374714  7624 consensus_queue.cc:237] T eab342737e5344859d5df8bec05ee249 P f0a6f7c08b4b407193ab274db60a3318 [LEADER]: Queue going to LEADER mode. State: All replicated index: 0, Majority replicated index: 0, Committed index: 0, Last appended: 0.0, Last appended by leader: 0, Current term: 1, Majority size: 2, State: 0, Mode: LEADER, active raft config: opid_index: -1 OBSOLETE_local: false peers { permanent_uuid: "4b6f14ee7957494fba0c9ba9fc9ad1c6" member_type: VOTER last_known_addr { host: "127.6.4.193" port: 44065 } } peers { permanent_uuid: "189e1403d43e484f8a4bd2f083529b50" member_type: VOTER last_known_addr { host: "127.6.4.194" port: 43409 } } peers { permanent_uuid: "f0a6f7c08b4b407193ab274db60a3318" member_type: VOTER last_known_addr { host: "127.6.4.195" port: 39767 } }
I20260709 14:48:22.401031  7500 tablet_bootstrap.cc:654] T 205a9f43df94462a822d4fc3436abffb P 189e1403d43e484f8a4bd2f083529b50: Neither blocks nor log segments found. Creating new log.
I20260709 14:48:22.403074  7501 tablet_bootstrap.cc:654] T 2a828ccdcf8d4c8596a0a22b930b9f61 P f0a6f7c08b4b407193ab274db60a3318: Neither blocks nor log segments found. Creating new log.
I20260709 14:48:22.400939  7628 consensus_queue.cc:1048] T 09ae00257fc647e8aa25b10e0cfd2c29 P 189e1403d43e484f8a4bd2f083529b50 [LEADER]: Connected to new peer: Peer: permanent_uuid: "4b6f14ee7957494fba0c9ba9fc9ad1c6" member_type: VOTER last_known_addr { host: "127.6.4.193" port: 44065 }, Status: LMP_MISMATCH, Last received: 0.0, Next index: 1, Last known committed idx: 0, Time since last communication: 0.019s
I20260709 14:48:22.424458  7627 raft_consensus.cc:493] T a8f81da3dffd4c98ba47131bfef07f6a P 189e1403d43e484f8a4bd2f083529b50 [term 0 FOLLOWER]: Starting pre-election (no leader contacted us within the election timeout)
I20260709 14:48:22.427939  7627 raft_consensus.cc:515] T a8f81da3dffd4c98ba47131bfef07f6a P 189e1403d43e484f8a4bd2f083529b50 [term 0 FOLLOWER]: Starting pre-election with config: opid_index: -1 OBSOLETE_local: false peers { permanent_uuid: "4b6f14ee7957494fba0c9ba9fc9ad1c6" member_type: VOTER last_known_addr { host: "127.6.4.193" port: 44065 } } peers { permanent_uuid: "189e1403d43e484f8a4bd2f083529b50" member_type: VOTER last_known_addr { host: "127.6.4.194" port: 43409 } } peers { permanent_uuid: "f0a6f7c08b4b407193ab274db60a3318" member_type: VOTER last_known_addr { host: "127.6.4.195" port: 39767 } }
I20260709 14:48:22.429848  7627 leader_election.cc:290] T a8f81da3dffd4c98ba47131bfef07f6a P 189e1403d43e484f8a4bd2f083529b50 [CANDIDATE]: Term 1 pre-election: Requested pre-vote from peers 4b6f14ee7957494fba0c9ba9fc9ad1c6 (127.6.4.193:44065), f0a6f7c08b4b407193ab274db60a3318 (127.6.4.195:39767)
I20260709 14:48:22.440699  7456 tablet_service.cc:1917] Received RequestConsensusVote() RPC: tablet_id: "a8f81da3dffd4c98ba47131bfef07f6a" candidate_uuid: "189e1403d43e484f8a4bd2f083529b50" candidate_term: 1 candidate_status { last_received { term: 0 index: 0 } } ignore_live_leader: false dest_uuid: "f0a6f7c08b4b407193ab274db60a3318" is_pre_election: true
W20260709 14:48:22.445045  7350 leader_election.cc:343] T a8f81da3dffd4c98ba47131bfef07f6a P 189e1403d43e484f8a4bd2f083529b50 [CANDIDATE]: Term 1 pre-election: Tablet error from VoteRequest() call to peer f0a6f7c08b4b407193ab274db60a3318 (127.6.4.195:39767): Illegal state: must be running to vote when last-logged opid is not known
I20260709 14:48:22.435592  7748 raft_consensus.cc:493] T 74677b27b0b84bcb99f2faea594603dc P 4b6f14ee7957494fba0c9ba9fc9ad1c6 [term 0 FOLLOWER]: Starting pre-election (no leader contacted us within the election timeout)
I20260709 14:48:22.447997  7748 raft_consensus.cc:515] T 74677b27b0b84bcb99f2faea594603dc P 4b6f14ee7957494fba0c9ba9fc9ad1c6 [term 0 FOLLOWER]: Starting pre-election with config: opid_index: -1 OBSOLETE_local: false peers { permanent_uuid: "4b6f14ee7957494fba0c9ba9fc9ad1c6" member_type: VOTER last_known_addr { host: "127.6.4.193" port: 44065 } } peers { permanent_uuid: "189e1403d43e484f8a4bd2f083529b50" member_type: VOTER last_known_addr { host: "127.6.4.194" port: 43409 } } peers { permanent_uuid: "f0a6f7c08b4b407193ab274db60a3318" member_type: VOTER last_known_addr { host: "127.6.4.195" port: 39767 } }
I20260709 14:48:22.448812  7627 raft_consensus.cc:493] T 2a828ccdcf8d4c8596a0a22b930b9f61 P 189e1403d43e484f8a4bd2f083529b50 [term 0 FOLLOWER]: Starting pre-election (no leader contacted us within the election timeout)
I20260709 14:48:22.449360  7627 raft_consensus.cc:515] T 2a828ccdcf8d4c8596a0a22b930b9f61 P 189e1403d43e484f8a4bd2f083529b50 [term 0 FOLLOWER]: Starting pre-election with config: opid_index: -1 OBSOLETE_local: false peers { permanent_uuid: "4b6f14ee7957494fba0c9ba9fc9ad1c6" member_type: VOTER last_known_addr { host: "127.6.4.193" port: 44065 } } peers { permanent_uuid: "189e1403d43e484f8a4bd2f083529b50" member_type: VOTER last_known_addr { host: "127.6.4.194" port: 43409 } } peers { permanent_uuid: "f0a6f7c08b4b407193ab274db60a3318" member_type: VOTER last_known_addr { host: "127.6.4.195" port: 39767 } }
I20260709 14:48:22.450109  7748 leader_election.cc:290] T 74677b27b0b84bcb99f2faea594603dc P 4b6f14ee7957494fba0c9ba9fc9ad1c6 [CANDIDATE]: Term 1 pre-election: Requested pre-vote from peers 189e1403d43e484f8a4bd2f083529b50 (127.6.4.194:43409), f0a6f7c08b4b407193ab274db60a3318 (127.6.4.195:39767)
I20260709 14:48:22.451299  7309 tablet_service.cc:1917] Received RequestConsensusVote() RPC: tablet_id: "a8f81da3dffd4c98ba47131bfef07f6a" candidate_uuid: "189e1403d43e484f8a4bd2f083529b50" candidate_term: 1 candidate_status { last_received { term: 0 index: 0 } } ignore_live_leader: false dest_uuid: "4b6f14ee7957494fba0c9ba9fc9ad1c6" is_pre_election: true
I20260709 14:48:22.451763  7627 leader_election.cc:290] T 2a828ccdcf8d4c8596a0a22b930b9f61 P 189e1403d43e484f8a4bd2f083529b50 [CANDIDATE]: Term 1 pre-election: Requested pre-vote from peers 4b6f14ee7957494fba0c9ba9fc9ad1c6 (127.6.4.193:44065), f0a6f7c08b4b407193ab274db60a3318 (127.6.4.195:39767)
I20260709 14:48:22.451898  7309 raft_consensus.cc:2468] T a8f81da3dffd4c98ba47131bfef07f6a P 4b6f14ee7957494fba0c9ba9fc9ad1c6 [term 0 FOLLOWER]: Leader pre-election vote request: Granting yes vote for candidate 189e1403d43e484f8a4bd2f083529b50 in term 0.
I20260709 14:48:22.452626  7456 tablet_service.cc:1917] Received RequestConsensusVote() RPC: tablet_id: "2a828ccdcf8d4c8596a0a22b930b9f61" candidate_uuid: "189e1403d43e484f8a4bd2f083529b50" candidate_term: 1 candidate_status { last_received { term: 0 index: 0 } } ignore_live_leader: false dest_uuid: "f0a6f7c08b4b407193ab274db60a3318" is_pre_election: true
W20260709 14:48:22.453940  7350 leader_election.cc:343] T 2a828ccdcf8d4c8596a0a22b930b9f61 P 189e1403d43e484f8a4bd2f083529b50 [CANDIDATE]: Term 1 pre-election: Tablet error from VoteRequest() call to peer f0a6f7c08b4b407193ab274db60a3318 (127.6.4.195:39767): Illegal state: must be running to vote when last-logged opid is not known
I20260709 14:48:22.455418  7308 tablet_service.cc:1917] Received RequestConsensusVote() RPC: tablet_id: "2a828ccdcf8d4c8596a0a22b930b9f61" candidate_uuid: "189e1403d43e484f8a4bd2f083529b50" candidate_term: 1 candidate_status { last_received { term: 0 index: 0 } } ignore_live_leader: false dest_uuid: "4b6f14ee7957494fba0c9ba9fc9ad1c6" is_pre_election: true
I20260709 14:48:22.456622  7348 leader_election.cc:304] T a8f81da3dffd4c98ba47131bfef07f6a P 189e1403d43e484f8a4bd2f083529b50 [CANDIDATE]: Term 1 pre-election: Election decided. Result: candidate won. Election summary: received 3 responses out of 3 voters: 2 yes votes; 1 no votes. yes voters: 189e1403d43e484f8a4bd2f083529b50, 4b6f14ee7957494fba0c9ba9fc9ad1c6; no voters: f0a6f7c08b4b407193ab274db60a3318
I20260709 14:48:22.457682  7627 raft_consensus.cc:2804] T a8f81da3dffd4c98ba47131bfef07f6a P 189e1403d43e484f8a4bd2f083529b50 [term 0 FOLLOWER]: Leader pre-election won for term 1
I20260709 14:48:22.457927  7499 ts_tablet_manager.cc:1434] T a06494080e2d44a595a3906495b1a4aa P 4b6f14ee7957494fba0c9ba9fc9ad1c6: Time spent starting tablet: real 0.125s	user 0.012s	sys 0.007s
I20260709 14:48:22.458213  7627 raft_consensus.cc:493] T a8f81da3dffd4c98ba47131bfef07f6a P 189e1403d43e484f8a4bd2f083529b50 [term 0 FOLLOWER]: Starting leader election (no leader contacted us within the election timeout)
I20260709 14:48:22.459820  7499 tablet_bootstrap.cc:492] T 205a9f43df94462a822d4fc3436abffb P 4b6f14ee7957494fba0c9ba9fc9ad1c6: Bootstrap starting.
I20260709 14:48:22.460081  7501 tablet_bootstrap.cc:492] T 2a828ccdcf8d4c8596a0a22b930b9f61 P f0a6f7c08b4b407193ab274db60a3318: No bootstrap required, opened a new log
I20260709 14:48:22.460497  7501 ts_tablet_manager.cc:1403] T 2a828ccdcf8d4c8596a0a22b930b9f61 P f0a6f7c08b4b407193ab274db60a3318: Time spent bootstrapping tablet: real 0.186s	user 0.004s	sys 0.014s
W20260709 14:48:22.460507  7348 leader_election.cc:343] T 2a828ccdcf8d4c8596a0a22b930b9f61 P 189e1403d43e484f8a4bd2f083529b50 [CANDIDATE]: Term 1 pre-election: Tablet error from VoteRequest() call to peer 4b6f14ee7957494fba0c9ba9fc9ad1c6 (127.6.4.193:44065): Illegal state: must be running to vote when last-logged opid is not known
I20260709 14:48:22.461126  7348 leader_election.cc:304] T 2a828ccdcf8d4c8596a0a22b930b9f61 P 189e1403d43e484f8a4bd2f083529b50 [CANDIDATE]: Term 1 pre-election: Election decided. Result: candidate lost. Election summary: received 3 responses out of 3 voters: 1 yes votes; 2 no votes. yes voters: 189e1403d43e484f8a4bd2f083529b50; no voters: 4b6f14ee7957494fba0c9ba9fc9ad1c6, f0a6f7c08b4b407193ab274db60a3318
I20260709 14:48:22.461792  7626 raft_consensus.cc:2749] T 2a828ccdcf8d4c8596a0a22b930b9f61 P 189e1403d43e484f8a4bd2f083529b50 [term 0 FOLLOWER]: Leader pre-election lost for term 1. Reason: could not achieve majority
I20260709 14:48:22.459766  7627 raft_consensus.cc:3060] T a8f81da3dffd4c98ba47131bfef07f6a P 189e1403d43e484f8a4bd2f083529b50 [term 0 FOLLOWER]: Advancing to term 1
I20260709 14:48:22.463047  7501 raft_consensus.cc:359] T 2a828ccdcf8d4c8596a0a22b930b9f61 P f0a6f7c08b4b407193ab274db60a3318 [term 0 FOLLOWER]: Replica starting. Triggering 0 pending ops. Active config: opid_index: -1 OBSOLETE_local: false peers { permanent_uuid: "4b6f14ee7957494fba0c9ba9fc9ad1c6" member_type: VOTER last_known_addr { host: "127.6.4.193" port: 44065 } } peers { permanent_uuid: "189e1403d43e484f8a4bd2f083529b50" member_type: VOTER last_known_addr { host: "127.6.4.194" port: 43409 } } peers { permanent_uuid: "f0a6f7c08b4b407193ab274db60a3318" member_type: VOTER last_known_addr { host: "127.6.4.195" port: 39767 } }
I20260709 14:48:22.463734  7501 raft_consensus.cc:385] T 2a828ccdcf8d4c8596a0a22b930b9f61 P f0a6f7c08b4b407193ab274db60a3318 [term 0 FOLLOWER]: Consensus starting up: Expiring failure detector timer to make a prompt election more likely
I20260709 14:48:22.464020  7501 raft_consensus.cc:740] T 2a828ccdcf8d4c8596a0a22b930b9f61 P f0a6f7c08b4b407193ab274db60a3318 [term 0 FOLLOWER]: Becoming Follower/Learner. State: Replica: f0a6f7c08b4b407193ab274db60a3318, State: Initialized, Role: FOLLOWER
I20260709 14:48:22.466908  7500 tablet_bootstrap.cc:492] T 205a9f43df94462a822d4fc3436abffb P 189e1403d43e484f8a4bd2f083529b50: No bootstrap required, opened a new log
I20260709 14:48:22.467342  7499 tablet_bootstrap.cc:654] T 205a9f43df94462a822d4fc3436abffb P 4b6f14ee7957494fba0c9ba9fc9ad1c6: Neither blocks nor log segments found. Creating new log.
I20260709 14:48:22.467370  7500 ts_tablet_manager.cc:1403] T 205a9f43df94462a822d4fc3436abffb P 189e1403d43e484f8a4bd2f083529b50: Time spent bootstrapping tablet: real 0.181s	user 0.018s	sys 0.008s
I20260709 14:48:22.468081  7208 catalog_manager.cc:5697] T eab342737e5344859d5df8bec05ee249 P f0a6f7c08b4b407193ab274db60a3318 reported cstate change: term changed from 0 to 1, leader changed from <none> to f0a6f7c08b4b407193ab274db60a3318 (127.6.4.195). New cstate: current_term: 1 leader_uuid: "f0a6f7c08b4b407193ab274db60a3318" committed_config { opid_index: -1 OBSOLETE_local: false peers { permanent_uuid: "4b6f14ee7957494fba0c9ba9fc9ad1c6" member_type: VOTER last_known_addr { host: "127.6.4.193" port: 44065 } health_report { overall_health: UNKNOWN } } peers { permanent_uuid: "189e1403d43e484f8a4bd2f083529b50" member_type: VOTER last_known_addr { host: "127.6.4.194" port: 43409 } health_report { overall_health: UNKNOWN } } peers { permanent_uuid: "f0a6f7c08b4b407193ab274db60a3318" member_type: VOTER last_known_addr { host: "127.6.4.195" port: 39767 } health_report { overall_health: HEALTHY } } }
I20260709 14:48:22.470218  7500 raft_consensus.cc:359] T 205a9f43df94462a822d4fc3436abffb P 189e1403d43e484f8a4bd2f083529b50 [term 0 FOLLOWER]: Replica starting. Triggering 0 pending ops. Active config: opid_index: -1 OBSOLETE_local: false peers { permanent_uuid: "4b6f14ee7957494fba0c9ba9fc9ad1c6" member_type: VOTER last_known_addr { host: "127.6.4.193" port: 44065 } } peers { permanent_uuid: "189e1403d43e484f8a4bd2f083529b50" member_type: VOTER last_known_addr { host: "127.6.4.194" port: 43409 } } peers { permanent_uuid: "f0a6f7c08b4b407193ab274db60a3318" member_type: VOTER last_known_addr { host: "127.6.4.195" port: 39767 } }
I20260709 14:48:22.470844  7500 raft_consensus.cc:385] T 205a9f43df94462a822d4fc3436abffb P 189e1403d43e484f8a4bd2f083529b50 [term 0 FOLLOWER]: Consensus starting up: Expiring failure detector timer to make a prompt election more likely
I20260709 14:48:22.471104  7500 raft_consensus.cc:740] T 205a9f43df94462a822d4fc3436abffb P 189e1403d43e484f8a4bd2f083529b50 [term 0 FOLLOWER]: Becoming Follower/Learner. State: Replica: 189e1403d43e484f8a4bd2f083529b50, State: Initialized, Role: FOLLOWER
I20260709 14:48:22.471724  7500 consensus_queue.cc:260] T 205a9f43df94462a822d4fc3436abffb P 189e1403d43e484f8a4bd2f083529b50 [NON_LEADER]: Queue going to NON_LEADER mode. State: All replicated index: 0, Majority replicated index: 0, Committed index: 0, Last appended: 0.0, Last appended by leader: 0, Current term: 0, Majority size: -1, State: 0, Mode: NON_LEADER, active raft config: opid_index: -1 OBSOLETE_local: false peers { permanent_uuid: "4b6f14ee7957494fba0c9ba9fc9ad1c6" member_type: VOTER last_known_addr { host: "127.6.4.193" port: 44065 } } peers { permanent_uuid: "189e1403d43e484f8a4bd2f083529b50" member_type: VOTER last_known_addr { host: "127.6.4.194" port: 43409 } } peers { permanent_uuid: "f0a6f7c08b4b407193ab274db60a3318" member_type: VOTER last_known_addr { host: "127.6.4.195" port: 39767 } }
I20260709 14:48:22.474431  7500 ts_tablet_manager.cc:1434] T 205a9f43df94462a822d4fc3436abffb P 189e1403d43e484f8a4bd2f083529b50: Time spent starting tablet: real 0.006s	user 0.005s	sys 0.000s
I20260709 14:48:22.475265  7500 tablet_bootstrap.cc:492] T 74677b27b0b84bcb99f2faea594603dc P 189e1403d43e484f8a4bd2f083529b50: Bootstrap starting.
I20260709 14:48:22.464844  7501 consensus_queue.cc:260] T 2a828ccdcf8d4c8596a0a22b930b9f61 P f0a6f7c08b4b407193ab274db60a3318 [NON_LEADER]: Queue going to NON_LEADER mode. State: All replicated index: 0, Majority replicated index: 0, Committed index: 0, Last appended: 0.0, Last appended by leader: 0, Current term: 0, Majority size: -1, State: 0, Mode: NON_LEADER, active raft config: opid_index: -1 OBSOLETE_local: false peers { permanent_uuid: "4b6f14ee7957494fba0c9ba9fc9ad1c6" member_type: VOTER last_known_addr { host: "127.6.4.193" port: 44065 } } peers { permanent_uuid: "189e1403d43e484f8a4bd2f083529b50" member_type: VOTER last_known_addr { host: "127.6.4.194" port: 43409 } } peers { permanent_uuid: "f0a6f7c08b4b407193ab274db60a3318" member_type: VOTER last_known_addr { host: "127.6.4.195" port: 39767 } }
I20260709 14:48:22.478843  7501 ts_tablet_manager.cc:1434] T 2a828ccdcf8d4c8596a0a22b930b9f61 P f0a6f7c08b4b407193ab274db60a3318: Time spent starting tablet: real 0.018s	user 0.006s	sys 0.000s
I20260709 14:48:22.479672  7501 tablet_bootstrap.cc:492] T 632d6d5e613d4c689e31fa136064f90c P f0a6f7c08b4b407193ab274db60a3318: Bootstrap starting.
I20260709 14:48:22.487300  7501 tablet_bootstrap.cc:654] T 632d6d5e613d4c689e31fa136064f90c P f0a6f7c08b4b407193ab274db60a3318: Neither blocks nor log segments found. Creating new log.
I20260709 14:48:22.489396  7627 raft_consensus.cc:515] T a8f81da3dffd4c98ba47131bfef07f6a P 189e1403d43e484f8a4bd2f083529b50 [term 1 FOLLOWER]: Starting leader election with config: opid_index: -1 OBSOLETE_local: false peers { permanent_uuid: "4b6f14ee7957494fba0c9ba9fc9ad1c6" member_type: VOTER last_known_addr { host: "127.6.4.193" port: 44065 } } peers { permanent_uuid: "189e1403d43e484f8a4bd2f083529b50" member_type: VOTER last_known_addr { host: "127.6.4.194" port: 43409 } } peers { permanent_uuid: "f0a6f7c08b4b407193ab274db60a3318" member_type: VOTER last_known_addr { host: "127.6.4.195" port: 39767 } }
I20260709 14:48:22.487308  7500 tablet_bootstrap.cc:654] T 74677b27b0b84bcb99f2faea594603dc P 189e1403d43e484f8a4bd2f083529b50: Neither blocks nor log segments found. Creating new log.
I20260709 14:48:22.505281  7309 tablet_service.cc:1917] Received RequestConsensusVote() RPC: tablet_id: "a8f81da3dffd4c98ba47131bfef07f6a" candidate_uuid: "189e1403d43e484f8a4bd2f083529b50" candidate_term: 1 candidate_status { last_received { term: 0 index: 0 } } ignore_live_leader: false dest_uuid: "4b6f14ee7957494fba0c9ba9fc9ad1c6"
I20260709 14:48:22.505970  7309 raft_consensus.cc:3060] T a8f81da3dffd4c98ba47131bfef07f6a P 4b6f14ee7957494fba0c9ba9fc9ad1c6 [term 0 FOLLOWER]: Advancing to term 1
W20260709 14:48:22.506560  7275 outbound_call.cc:321] RPC callback for RPC call kudu.consensus.ConsensusService.UpdateConsensus -> {remote=127.6.4.195:39767, user_credentials={real_user=slave}} blocked reactor thread for 100403us
I20260709 14:48:22.512295  7453 tablet_service.cc:1917] Received RequestConsensusVote() RPC: tablet_id: "74677b27b0b84bcb99f2faea594603dc" candidate_uuid: "4b6f14ee7957494fba0c9ba9fc9ad1c6" candidate_term: 1 candidate_status { last_received { term: 0 index: 0 } } ignore_live_leader: false dest_uuid: "f0a6f7c08b4b407193ab274db60a3318" is_pre_election: true
I20260709 14:48:22.513827  7384 tablet_service.cc:1917] Received RequestConsensusVote() RPC: tablet_id: "74677b27b0b84bcb99f2faea594603dc" candidate_uuid: "4b6f14ee7957494fba0c9ba9fc9ad1c6" candidate_term: 1 candidate_status { last_received { term: 0 index: 0 } } ignore_live_leader: false dest_uuid: "189e1403d43e484f8a4bd2f083529b50" is_pre_election: true
I20260709 14:48:22.520071  7309 raft_consensus.cc:2468] T a8f81da3dffd4c98ba47131bfef07f6a P 4b6f14ee7957494fba0c9ba9fc9ad1c6 [term 1 FOLLOWER]: Leader election vote request: Granting yes vote for candidate 189e1403d43e484f8a4bd2f083529b50 in term 1.
I20260709 14:48:22.521302  7348 leader_election.cc:304] T a8f81da3dffd4c98ba47131bfef07f6a P 189e1403d43e484f8a4bd2f083529b50 [CANDIDATE]: Term 1 election: Election decided. Result: candidate won. Election summary: received 2 responses out of 3 voters: 2 yes votes; 0 no votes. yes voters: 189e1403d43e484f8a4bd2f083529b50, 4b6f14ee7957494fba0c9ba9fc9ad1c6; no voters: 
I20260709 14:48:22.522089  7628 raft_consensus.cc:2804] T a8f81da3dffd4c98ba47131bfef07f6a P 189e1403d43e484f8a4bd2f083529b50 [term 1 FOLLOWER]: Leader election won for term 1
